03-15 14:26:21.340 I/EPDG -- SIM1 [EpdgIntfCont](12923): sendInterfaceMessage, not mobile, ignore
03-15 14:26:21.340 I/EPDG -- SIM0 [EpdgIntfCont](12923): sendInterfaceMessage, not mobile, ignore
03-15 14:26:21.340 I/EPDG -- SIM1 [EpdgIntfCont](12923): sendInterfaceMessage, not mobile, ignore
03-15 14:26:21.340 I/EPDG -- SIM0 [EpdgIntfCont](12923): sendInterfaceMessage, not mobile, ignore
03-15 14:26:21.340 I/EPDG -- SIM1 [EpdgIntfCont](12923): sendInterfaceMessage, not mobile, ignore
03-15 14:26:21.341 D/IpClient/wlan0(12892): addressUpdated: fd00::1f48:ef84:bcb3:b7e1/64 on ifindex 53 flags 0x00000001 scope 0
03-15 14:26:21.341 W/AlarmManager(12892): Unrecognized alarm listener com.android.networkstack.android.net.ip.IpClientLinkObserver$Dhcp6PdPreferredPrefixAlarmListener@5c118d3
03-15 14:26:21.342 I/EPDG -- SIM0 [EpdgIntfCont](12923): sendInterfaceMessage, not mobile, ignore
03-15 14:26:21.342 I/EPDG -- SIM1 [EpdgIntfCont](12923): sendInterfaceMessage, not mobile, ignore
03-15 14:26:21.506 I/wpa_supplicant(12721): Heartbeat 867
03-15 14:26:21.509 I/ActivityManager(12320): Changes in 90001 17 to 17, 128 to 0
03-15 14:26:21.510 I/ActivityManager(12320): Changes in 90000 11 to 17, 128 to 0
03-15 14:26:21.511 I/ActivityManager(12320): Changes in 10304 11 to 16, 128 to 0
03-15 14:26:21.512 V/APM_AudioPolicyManager(12081): setAppState(portId:159, state:1)
03-15 14:26:21.512 V/APM_AudioPolicyManager(12081): setAppState(portId:159, state:1)
03-15 14:26:21.515 V/APM_AudioPolicyManager(12081): setAppState(portId:159, state:1)
03-15 14:26:21.518 I/ActivityManager(12320): Changes in 90001 17 to 17, 0 to 128
03-15 14:26:21.518 I/ActivityManager(12320): Changes in 90000 17 to 11, 0 to 128
03-15 14:26:21.519 I/ActivityManager(12320): Changes in 10304 16 to 11, 0 to 128
03-15 14:26:21.520 V/APM_AudioPolicyManager(12081): setAppState(portId:159, state:1)
03-15 14:26:21.520 V/APM_AudioPolicyManager(12081): setAppState(portId:159, state:1)
03-15 14:26:21.521 V/APM_AudioPolicyManager(12081): setAppState(portId:159, state:1)
03-15 14:26:21.522 I/VSyncReactor( 1567): Current= 90, Period= 90, hwcPeriod= 90
03-15 14:26:21.570 D/io_stats(  582): !@   8,32 r 7566921 164586600 w 5381494 70467756 d 598641 219329172 f 475150 529099 iot 2437236 0 th 0 0 0 pt 0 inp 0 0 118739.867
03-15 14:26:21.572 D/io_stats(  582): !@ Write_top(KB): kworker/u32:4:/(31822) 20 vendor.samsung.:normal(1528) 8
03-15 14:26:21.733 W/AudioALSACaptureDataProviderNormal(12088): readThread, latency_in_s,0.000002,0.022300,0.000129, totalTime 0.022430 > logTimeout 0.022000 TIMEOUT!!
03-15 14:26:21.790 D/SatelliteController(12732): isInCarrierRoamingNbIotNtn: satellite is disabled
03-15 14:26:22.358 D/IpClient/wlan0(12892): addressUpdated: fd00::a0f6:c6ff:fe62:b331/64 on ifindex 53 flags 0x00000100 scope 0
03-15 14:26:22.359 D/IpClient/wlan0(12892): addressUpdated: fd00::1f48:ef84:bcb3:b7e1/64 on ifindex 53 flags 0x00000001 scope 0
03-15 14:26:22.359 W/AlarmManager(12892): Unrecognized alarm listener com.android.networkstack.android.net.ip.IpClientLinkObserver$Dhcp6PdPreferredPrefixAlarmListener@5c118d3
03-15 14:26:22.360 D/IpClient/wlan0(12892): addressUpdated: fd00::a0f6:c6ff:fe62:b331/64 on ifindex 53 flags 0x00000100 scope 0
03-15 14:26:22.361 D/IpClient/wlan0(12892): addressUpdated: fd00::1f48:ef84:bcb3:b7e1/64 on ifindex 53 flags 0x00000001 scope 0
03-15 14:26:22.361 W/AlarmManager(12892): Unrecognized alarm listener com.android.networkstack.android.net.ip.IpClientLinkObserver$Dhcp6PdPreferredPrefixAlarmListener@5c118d3
03-15 14:26:22.362 I/EPDG -- SIM0 [EpdgIntfCont](12923): sendInterfaceMessage, not mobile, ignore
03-15 14:26:22.362 D/IpClient/wlan0(12892): addressUpdated: fd00::a0f6:c6ff:fe62:b331/64 on ifindex 53 flags 0x00000100 scope 0
03-15 14:26:22.362 I/EPDG -- SIM1 [EpdgIntfCont](12923): sendInterfaceMessage, not mobile, ignore
03-15 14:26:22.363 D/IpClient/wlan0(12892): addressUpdated: fd00::1f48:ef84:bcb3:b7e1/64 on ifindex 53 flags 0x00000001 scope 0
03-15 14:26:22.363 W/AlarmManager(12892): Unrecognized alarm listener com.android.networkstack.android.net.ip.IpClientLinkObserver$Dhcp6PdPreferredPrefixAlarmListener@5c118d3
03-15 14:26:22.364 D/IpClient/wlan0(12892): addressUpdated: fd00::a0f6:c6ff:fe62:b331/64 on ifindex 53 flags 0x00000100 scope 0
03-15 14:26:22.365 D/IpClient/wlan0(12892): addressUpdated: fd00::1f48:ef84:bcb3:b7e1/64 on ifindex 53 flags 0x00000001 scope 0
03-15 14:26:22.365 I/EPDG -- SIM1 [EpdgIntfCont](12923): sendInterfaceMessage, not mobile, ignore
03-15 14:26:22.366 I/EPDG -- SIM0 [EpdgIntfCont](12923): sendInterfaceMessage, not mobile, ignore
03-15 14:26:22.366 I/EPDG -- SIM1 [EpdgIntfCont](12923): sendInterfaceMessage, not mobile, ignore
03-15 14:26:22.366 W/AlarmManager(12892): Unrecognized alarm listener com.android.networkstack.android.net.ip.IpClientLinkObserver$Dhcp6PdPreferredPrefixAlarmListener@5c118d3
03-15 14:26:22.368 I/EPDG -- SIM1 [EpdgIntfCont](12923): sendInterfaceMessage, not mobile, ignore
03-15 14:26:22.369 I/EPDG -- SIM0 [EpdgIntfCont](12923): sendInterfaceMessage, not mobile, ignore
03-15 14:26:22.370 I/EPDG -- SIM1 [EpdgIntfCont](12923): sendInterfaceMessage, not mobile, ignore
03-15 14:26:22.370 I/EPDG -- SIM0 [EpdgIntfCont](12923): sendInterfaceMessage, not mobile, ignore
03-15 14:26:22.370 I/EPDG -- SIM0 [EpdgIntfCont](12923): sendInterfaceMessage, not mobile, ignore
03-15 14:26:22.370 I/EPDG -- SIM0 [EpdgIntfCont](12923): sendInterfaceMessage, not mobile, ignore
03-15 14:26:22.370 I/EPDG -- SIM0 [EpdgIntfCont](12923): sendInterfaceMessage, not mobile, ignore
03-15 14:26:22.370 I/EPDG -- SIM0 [EpdgIntfCont](12923): sendInterfaceMessage, not mobile, ignore
03-15 14:26:22.370 I/EPDG -- SIM1 [EpdgIntfCont](12923): sendInterfaceMessage, not mobile, ignore
03-15 14:26:22.370 I/EPDG -- SIM1 [EpdgIntfCont](12923): sendInterfaceMessage, not mobile, ignore
03-15 14:26:22.371 I/EPDG -- SIM1 [EpdgIntfCont](12923): sendInterfaceMessage, not mobile, ignore
03-15 14:26:22.529 I/ActivityManager(12320): Changes in 90001 17 to 17, 128 to 0
03-15 14:26:22.529 I/ActivityManager(12320): Changes in 90000 11 to 17, 128 to 0
03-15 14:26:22.530 I/ActivityManager(12320): Changes in 10304 11 to 16, 128 to 0
03-15 14:26:22.530 V/APM_AudioPolicyManager(12081): setAppState(portId:159, state:1)
03-15 14:26:22.531 V/APM_AudioPolicyManager(12081): setAppState(portId:159, state:1)
03-15 14:26:22.532 I/VSyncReactor( 1567): Current= 90, Period= 90, hwcPeriod= 90
03-15 14:26:22.533 V/APM_AudioPolicyManager(12081): setAppState(portId:159, state:1)
03-15 14:26:22.540 I/ActivityManager(12320): Changes in 90001 17 to 17, 0 to 128
03-15 14:26:22.541 I/ActivityManager(12320): Changes in 90000 17 to 11, 0 to 128
03-15 14:26:22.541 I/ActivityManager(12320): Changes in 10304 16 to 11, 0 to 128
03-15 14:26:22.543 V/APM_AudioPolicyManager(12081): setAppState(portId:159, state:1)
03-15 14:26:22.544 V/APM_AudioPolicyManager(12081): setAppState(portId:159, state:1)
03-15 14:26:22.544 V/APM_AudioPolicyManager(12081): setAppState(portId:159, state:1)
03-15 14:26:22.596 D/SemWifiUsabilityStatsMonitor(12320): onWifiUsabilityStats - seqNum 1635, isSameBssidAndFreq true
03-15 14:26:23.093 W/AudioALSACaptureDataProviderNormal(12088): readThread, latency_in_s,0.000001,0.022187,0.000127, totalTime 0.022315 > logTimeout 0.022000 TIMEOUT!!
03-15 14:26:23.133 W/AudioALSACaptureDataProviderNormal(12088): readThread, latency_in_s,0.000002,0.022066,0.000134, totalTime 0.022201 > logTimeout 0.022000 TIMEOUT!!
03-15 14:26:23.454 W/AudioALSACaptureDataProviderNormal(12088): readThread, latency_in_s,0.000002,0.022036,0.000106, totalTime 0.022144 > logTimeout 0.022000 TIMEOUT!!
03-15 14:26:23.484 D/IpClient/wlan0(12892): addressUpdated: fd00::a0f6:c6ff:fe62:b331/64 on ifindex 53 flags 0x00000100 scope 0
03-15 14:26:23.485 D/IpClient/wlan0(12892): addressUpdated: fd00::1f48:ef84:bcb3:b7e1/64 on ifindex 53 flags 0x00000001 scope 0
03-15 14:26:23.486 W/AlarmManager(12892): Unrecognized alarm listener com.android.networkstack.android.net.ip.IpClientLinkObserver$Dhcp6PdPreferredPrefixAlarmListener@5c118d3
03-15 14:26:23.487 D/IpClient/wlan0(12892): addressUpdated: fd00::a0f6:c6ff:fe62:b331/64 on ifindex 53 flags 0x00000100 scope 0
03-15 14:26:23.487 D/IpClient/wlan0(12892): addressUpdated: fd00::1f48:ef84:bcb3:b7e1/64 on ifindex 53 flags 0x00000001 scope 0
03-15 14:26:23.488 W/AlarmManager(12892): Unrecognized alarm listener com.android.networkstack.android.net.ip.IpClientLinkObserver$Dhcp6PdPreferredPrefixAlarmListener@5c118d3
03-15 14:26:23.489 D/IpClient/wlan0(12892): addressUpdated: fd00::a0f6:c6ff:fe62:b331/64 on ifindex 53 flags 0x00000100 scope 0
03-15 14:26:23.489 D/IpClient/wlan0(12892): addressUpdated: fd00::1f48:ef84:bcb3:b7e1/64 on ifindex 53 flags 0x00000001 scope 0
03-15 14:26:23.490 W/AlarmManager(12892): Unrecognized alarm listener com.android.networkstack.android.net.ip.IpClientLinkObserver$Dhcp6PdPreferredPrefixAlarmListener@5c118d3
03-15 14:26:23.490 I/EPDG -- SIM0 [EpdgIntfCont](12923): sendInterfaceMessage, not mobile, ignore
03-15 14:26:23.490 I/EPDG -- SIM0 [EpdgIntfCont](12923): sendInterfaceMessage, not mobile, ignore
03-15 14:26:23.490 I/EPDG -- SIM0 [EpdgIntfCont](12923): sendInterfaceMessage, not mobile, ignore
03-15 14:26:23.491 I/EPDG -- SIM0 [EpdgIntfCont](12923): sendInterfaceMessage, not mobile, ignore
03-15 14:26:23.491 D/IpClient/wlan0(12892): addressUpdated: fd00::a0f6:c6ff:fe62:b331/64 on ifindex 53 flags 0x00000100 scope 0
03-15 14:26:23.492 D/IpClient/wlan0(12892): addressUpdated: fd00::1f48:ef84:bcb3:b7e1/64 on ifindex 53 flags 0x00000001 scope 0
03-15 14:26:23.492 I/EPDG -- SIM1 [EpdgIntfCont](12923): sendInterfaceMessage, not mobile, ignore
03-15 14:26:23.492 W/AlarmManager(12892): Unrecognized alarm listener com.android.networkstack.android.net.ip.IpClientLinkObserver$Dhcp6PdPreferredPrefixAlarmListener@5c118d3
03-15 14:26:23.492 I/EPDG -- SIM1 [EpdgIntfCont](12923): sendInterfaceMessage, not mobile, ignore
03-15 14:26:23.492 I/EPDG -- SIM0 [EpdgIntfCont](12923): sendInterfaceMessage, not mobile, ignore
03-15 14:26:23.493 D/IpClient/wlan0(12892): addressUpdated: fd00::a0f6:c6ff:fe62:b331/64 on ifindex 53 flags 0x00000100 scope 0
03-15 14:26:23.494 D/IpClient/wlan0(12892): addressUpdated: fd00::1f48:ef84:bcb3:b7e1/64 on ifindex 53 flags 0x00000001 scope 0
03-15 14:26:23.494 I/EPDG -- SIM0 [EpdgIntfCont](12923): sendInterfaceMessage, not mobile, ignore
03-15 14:26:23.494 W/AlarmManager(12892): Unrecognized alarm listener com.android.networkstack.android.net.ip.IpClientLinkObserver$Dhcp6PdPreferredPrefixAlarmListener@5c118d3
03-15 14:26:23.495 I/EPDG -- SIM1 [EpdgIntfCont](12923): sendInterfaceMessage, not mobile, ignore
03-15 14:26:23.495 I/EPDG -- SIM1 [EpdgIntfCont](12923): sendInterfaceMessage, not mobile, ignore
03-15 14:26:23.495 I/EPDG -- SIM1 [EpdgIntfCont](12923): sendInterfaceMessage, not mobile, ignore
03-15 14:26:23.495 I/EPDG -- SIM1 [EpdgIntfCont](12923): sendInterfaceMessage, not mobile, ignore
03-15 14:26:23.495 I/EPDG -- SIM0 [EpdgIntfCont](12923): sendInterfaceMessage, not mobile, ignore
03-15 14:26:23.495 I/EPDG -- SIM1 [EpdgIntfCont](12923): sendInterfaceMessage, not mobile, ignore
03-15 14:26:23.495 I/EPDG -- SIM1 [EpdgIntfCont](12923): sendInterfaceMessage, not mobile, ignore
03-15 14:26:23.495 I/EPDG -- SIM1 [EpdgIntfCont](12923): sendInterfaceMessage, not mobile, ignore
03-15 14:26:23.496 I/EPDG -- SIM1 [EpdgIntfCont](12923): sendInterfaceMessage, not mobile, ignore
03-15 14:26:23.496 I/EPDG -- SIM0 [EpdgIntfCont](12923): sendInterfaceMessage, not mobile, ignore
03-15 14:26:23.497 I/EPDG -- SIM0 [EpdgIntfCont](12923): sendInterfaceMessage, not mobile, ignore
03-15 14:26:23.497 I/EPDG -- SIM0 [EpdgIntfCont](12923): sendInterfaceMessage, not mobile, ignore
03-15 14:26:23.549 I/ActivityManager(12320): Changes in 90001 17 to 17, 128 to 0
03-15 14:26:23.549 I/ActivityManager(12320): Changes in 90000 11 to 17, 128 to 0
03-15 14:26:23.550 I/ActivityManager(12320): Changes in 10304 11 to 16, 128 to 0
03-15 14:26:23.551 V/APM_AudioPolicyManager(12081): setAppState(portId:159, state:1)
03-15 14:26:23.551 V/APM_AudioPolicyManager(12081): setAppState(portId:159, state:1)
03-15 14:26:23.553 I/VSyncReactor( 1567): Current= 90, Period= 90, hwcPeriod= 90
03-15 14:26:23.554 V/APM_AudioPolicyManager(12081): setAppState(portId:159, state:1)
03-15 14:26:23.559 I/ActivityManager(12320): Changes in 90001 17 to 17, 0 to 128
03-15 14:26:23.560 I/ActivityManager(12320): Changes in 90000 17 to 11, 0 to 128
03-15 14:26:23.560 I/ActivityManager(12320): Changes in 10304 16 to 11, 0 to 128
03-15 14:26:23.561 V/APM_AudioPolicyManager(12081): setAppState(portId:159, state:1)
03-15 14:26:23.562 V/APM_AudioPolicyManager(12081): setAppState(portId:159, state:1)
03-15 14:26:23.562 V/APM_AudioPolicyManager(12081): setAppState(portId:159, state:1)
03-15 14:26:23.587 D/IpClient/wlan0(12892): addressUpdated: fd00::a0f6:c6ff:fe62:b331/64 on ifindex 53 flags 0x00000100 scope 0
03-15 14:26:23.588 D/IpClient/wlan0(12892): addressUpdated: fd00::1f48:ef84:bcb3:b7e1/64 on ifindex 53 flags 0x00000001 scope 0
03-15 14:26:23.588 W/AlarmManager(12892): Unrecognized alarm listener com.android.networkstack.android.net.ip.IpClientLinkObserver$Dhcp6PdPreferredPrefixAlarmListener@5c118d3
03-15 14:26:23.589 D/IpClient/wlan0(12892): addressUpdated: fd00::a0f6:c6ff:fe62:b331/64 on ifindex 53 flags 0x00000100 scope 0
03-15 14:26:23.589 D/IpClient/wlan0(12892): addressUpdated: fd00::1f48:ef84:bcb3:b7e1/64 on ifindex 53 flags 0x00000001 scope 0
03-15 14:26:23.589 W/AlarmManager(12892): Unrecognized alarm listener com.android.networkstack.android.net.ip.IpClientLinkObserver$Dhcp6PdPreferredPrefixAlarmListener@5c118d3
03-15 14:26:23.590 D/IpClient/wlan0(12892): addressUpdated: fd00::a0f6:c6ff:fe62:b331/64 on ifindex 53 flags 0x00000100 scope 0
03-15 14:26:23.591 D/IpClient/wlan0(12892): addressUpdated: fd00::1f48:ef84:bcb3:b7e1/64 on ifindex 53 flags 0x00000001 scope 0
03-15 14:26:23.591 W/AlarmManager(12892): Unrecognized alarm listener com.android.networkstack.android.net.ip.IpClientLinkObserver$Dhcp6PdPreferredPrefixAlarmListener@5c118d3
03-15 14:26:23.591 D/IpClient/wlan0(12892): addressUpdated: fd00::a0f6:c6ff:fe62:b331/64 on ifindex 53 flags 0x00000100 scope 0
03-15 14:26:23.592 D/IpClient/wlan0(12892): addressUpdated: fd00::1f48:ef84:bcb3:b7e1/64 on ifindex 53 flags 0x00000001 scope 0
03-15 14:26:23.592 W/AlarmManager(12892): Unrecognized alarm listener com.android.networkstack.android.net.ip.IpClientLinkObserver$Dhcp6PdPreferredPrefixAlarmListener@5c118d3
03-15 14:26:23.593 D/IpClient/wlan0(12892): addressUpdated: fd00::a0f6:c6ff:fe62:b331/64 on ifindex 53 flags 0x00000100 scope 0
03-15 14:26:23.593 D/IpClient/wlan0(12892): addressUpdated: fd00::1f48:ef84:bcb3:b7e1/64 on ifindex 53 flags 0x00000001 scope 0
03-15 14:26:23.593 W/AlarmManager(12892): Unrecognized alarm listener com.android.networkstack.android.net.ip.IpClientLinkObserver$Dhcp6PdPreferredPrefixAlarmListener@5c118d3
03-15 14:26:23.594 D/IpClient/wlan0(12892): addressUpdated: fd00::a0f6:c6ff:fe62:b331/64 on ifindex 53 flags 0x00000100 scope 0
03-15 14:26:23.594 I/EPDG -- SIM0 [EpdgIntfCont](12923): sendInterfaceMessage, not mobile, ignore
03-15 14:26:23.595 D/IpClient/wlan0(12892): addressUpdated: fd00::1f48:ef84:bcb3:b7e1/64 on ifindex 53 flags 0x00000001 scope 0
03-15 14:26:23.595 W/AlarmManager(12892): Unrecognized alarm listener com.android.networkstack.android.net.ip.IpClientLinkObserver$Dhcp6PdPreferredPrefixAlarmListener@5c118d3
03-15 14:26:23.598 I/EPDG -- SIM1 [EpdgIntfCont](12923): sendInterfaceMessage, not mobile, ignore
03-15 14:26:23.600 I/EPDG -- SIM0 [EpdgIntfCont](12923): sendInterfaceMessage, not mobile, ignore
03-15 14:26:23.600 I/EPDG -- SIM0 [EpdgIntfCont](12923): sendInterfaceMessage, not mobile, ignore
03-15 14:26:23.600 I/EPDG -- SIM0 [EpdgIntfCont](12923): sendInterfaceMessage, not mobile, ignore
03-15 14:26:23.600 I/EPDG -- SIM0 [EpdgIntfCont](12923): sendInterfaceMessage, not mobile, ignore
03-15 14:26:23.602 I/EPDG -- SIM1 [EpdgIntfCont](12923): sendInterfaceMessage, not mobile, ignore
03-15 14:26:23.602 I/EPDG -- SIM1 [EpdgIntfCont](12923): sendInterfaceMessage, not mobile, ignore
03-15 14:26:23.602 I/EPDG -- SIM1 [EpdgIntfCont](12923): sendInterfaceMessage, not mobile, ignore
03-15 14:26:23.602 I/EPDG -- SIM1 [EpdgIntfCont](12923): sendInterfaceMessage, not mobile, ignore
03-15 14:26:23.604 I/EPDG -- SIM1 [EpdgIntfCont](12923): sendInterfaceMessage, not mobile, ignore
03-15 14:26:23.604 I/EPDG -- SIM1 [EpdgIntfCont](12923): sendInterfaceMessage, not mobile, ignore
03-15 14:26:23.604 I/EPDG -- SIM1 [EpdgIntfCont](12923): sendInterfaceMessage, not mobile, ignore
03-15 14:26:23.604 I/EPDG -- SIM1 [EpdgIntfCont](12923): sendInterfaceMessage, not mobile, ignore
03-15 14:26:23.604 I/EPDG -- SIM1 [EpdgIntfCont](12923): sendInterfaceMessage, not mobile, ignore
03-15 14:26:23.604 I/EPDG -- SIM1 [EpdgIntfCont](12923): sendInterfaceMessage, not mobile, ignore
03-15 14:26:23.604 I/EPDG -- SIM1 [EpdgIntfCont](12923): sendInterfaceMessage, not mobile, ignore
03-15 14:26:23.604 I/EPDG -- SIM0 [EpdgIntfCont](12923): sendInterfaceMessage, not mobile, ignore
03-15 14:26:23.604 I/EPDG -- SIM0 [EpdgIntfCont](12923): sendInterfaceMessage, not mobile, ignore
03-15 14:26:23.604 I/EPDG -- SIM0 [EpdgIntfCont](12923): sendInterfaceMessage, not mobile, ignore
03-15 14:26:23.604 I/EPDG -- SIM0 [EpdgIntfCont](12923): sendInterfaceMessage, not mobile, ignore
03-15 14:26:23.604 I/EPDG -- SIM0 [EpdgIntfCont](12923): sendInterfaceMessage, not mobile, ignore
03-15 14:26:23.604 I/EPDG -- SIM0 [EpdgIntfCont](12923): sendInterfaceMessage, not mobile, ignore
03-15 14:26:23.605 I/EPDG -- SIM0 [EpdgIntfCont](12923): sendInterfaceMessage, not mobile, ignore
03-15 14:26:23.690 D/IpClient/wlan0(12892): addressUpdated: fd00::a0f6:c6ff:fe62:b331/64 on ifindex 53 flags 0x00000100 scope 0
03-15 14:26:23.691 D/IpClient/wlan0(12892): addressUpdated: fd00::1f48:ef84:bcb3:b7e1/64 on ifindex 53 flags 0x00000001 scope 0
03-15 14:26:23.692 W/AlarmManager(12892): Unrecognized alarm listener com.android.networkstack.android.net.ip.IpClientLinkObserver$Dhcp6PdPreferredPrefixAlarmListener@5c118d3
03-15 14:26:23.694 I/EPDG -- SIM1 [EpdgIntfCont](12923): sendInterfaceMessage, not mobile, ignore
03-15 14:26:23.694 I/EPDG -- SIM0 [EpdgIntfCont](12923): sendInterfaceMessage, not mobile, ignore
03-15 14:26:23.694 I/EPDG -- SIM0 [EpdgIntfCont](12923): sendInterfaceMessage, not mobile, ignore
03-15 14:26:23.694 I/EPDG -- SIM1 [EpdgIntfCont](12923): sendInterfaceMessage, not mobile, ignore
03-15 14:26:23.790 D/IpClient/wlan0(12892): addressUpdated: fd00::a0f6:c6ff:fe62:b331/64 on ifindex 53 flags 0x00000100 scope 0
03-15 14:26:23.791 D/IpClient/wlan0(12892): addressUpdated: fd00::1f48:ef84:bcb3:b7e1/64 on ifindex 53 flags 0x00000001 scope 0
03-15 14:26:23.791 W/AlarmManager(12892): Unrecognized alarm listener com.android.networkstack.android.net.ip.IpClientLinkObserver$Dhcp6PdPreferredPrefixAlarmListener@5c118d3
03-15 14:26:23.794 I/EPDG -- SIM0 [EpdgIntfCont](12923): sendInterfaceMessage, not mobile, ignore
03-15 14:26:23.795 I/EPDG -- SIM1 [EpdgIntfCont](12923): sendInterfaceMessage, not mobile, ignore
03-15 14:26:23.795 I/EPDG -- SIM0 [EpdgIntfCont](12923): sendInterfaceMessage, not mobile, ignore
03-15 14:26:23.796 I/EPDG -- SIM1 [EpdgIntfCont](12923): sendInterfaceMessage, not mobile, ignore
03-15 14:26:23.968 E/thermal_core( 1673): find_tz_idx_by_name:"Failed to find thermal zone index of ap_ntc\n"
03-15 14:26:23.968 E/thermal_core( 1673): find_tz_idx_by_name:"Failed to find thermal zone index of mtk-master-charger\n"
03-15 14:26:24.107 I/NSLocationMonitor(12320): getGPSUsingApps() called
03-15 14:26:24.108 I/NSLocationManager_FLP(13876): getGPSUsingApps, No change
03-15 14:26:24.121 D/FreecessHandler(12320): freeze com.instagram.android(10304) result : 33
03-15 14:26:24.293 W/AudioALSACaptureDataProviderNormal(12088): readThread, latency_in_s,0.000002,0.022226,0.000126, totalTime 0.022353 > logTimeout 0.022000 TIMEOUT!!
03-15 14:26:24.350 D/SatelliteController(12732): isInCarrierRoamingNbIotNtn: satellite is disabled
03-15 14:26:24.350 I/NSLocationMonitor(12320): getGPSUsingApps() called
03-15 14:26:24.351 I/NSLocationManager_FLP(13876): getGPSUsingApps, No change
03-15 14:26:24.382 D/FreecessController(12320): FZ : com.samsung.android.game.gamehome(10276) [19771, 15186, 5807] reason: Bg [cached:X
03-15 14:26:24.382 D/FreecessHandler(12320): freeze com.samsung.android.game.gamehome(10276) result : 0
03-15 14:26:24.384 W/LocationManagerService(12320): onFreezeStateChanged, uid[10276]=true
03-15 14:26:24.385 I/PowerManagerService(12320): [PWL] SetWakeLockEnableDisable uid = 10276 , disable= true
03-15 14:26:24.385 I/PowerManagerService(12320): [PWL] can not change uid =  10276
03-15 14:26:24.567 I/ActivityManager(12320): Changes in 90001 17 to 17, 128 to 0
03-15 14:26:24.568 I/ActivityManager(12320): Changes in 90000 11 to 17, 128 to 0
03-15 14:26:24.568 I/ActivityManager(12320): Changes in 10304 11 to 16, 128 to 0
03-15 14:26:24.569 V/APM_AudioPolicyManager(12081): setAppState(portId:159, state:1)
03-15 14:26:24.570 V/APM_AudioPolicyManager(12081): setAppState(portId:159, state:1)
03-15 14:26:24.571 V/APM_AudioPolicyManager(12081): setAppState(portId:159, state:1)
03-15 14:26:24.574 I/VSyncReactor( 1567): Current= 90, Period= 90, hwcPeriod= 90
03-15 14:26:24.577 I/ActivityManager(12320): Changes in 90001 17 to 17, 0 to 128
03-15 14:26:24.578 I/ActivityManager(12320): Changes in 90000 17 to 11, 0 to 128
03-15 14:26:24.578 I/ActivityManager(12320): Changes in 10304 16 to 11, 0 to 128
03-15 14:26:24.580 V/APM_AudioPolicyManager(12081): setAppState(portId:159, state:1)
03-15 14:26:24.580 V/APM_AudioPolicyManager(12081): setAppState(portId:159, state:1)
03-15 14:26:24.580 V/APM_AudioPolicyManager(12081): setAppState(portId:159, state:1)
03-15 14:26:25.054 W/AudioALSACaptureDataProviderNormal(12088): readThread, latency_in_s,0.000002,0.022435,0.000127, totalTime 0.022564 > logTimeout 0.022000 TIMEOUT!!
03-15 14:26:25.093 W/AudioALSACaptureDataProviderNormal(12088): readThread, latency_in_s,0.000002,0.021990,0.000127, totalTime 0.022119 > logTimeout 0.022000 TIMEOUT!!
03-15 14:26:25.133 W/AudioALSACaptureDataProviderNormal(12088): readThread, latency_in_s,0.000002,0.022060,0.000140, totalTime 0.022202 > logTimeout 0.022000 TIMEOUT!!
03-15 14:26:25.200 I/SDHMS:x (14190): SIOP:: AP:285 BAT:253 USB:261 CHG:288 PA:287 WIFI:286 BLK:0 SUBBAT:0 SKIN:280 SKINF:270 SKINB:280 LRP2:280 LRF2:270 LRB2:280 AP2:279 CHG2:270 MEM2:280 WIFI2:279 SPK2:259 VAP05:287 AVGCUR:514 AVGSYS:0 POWER:2220
03-15 14:26:25.226 D/IpClient/wlan0(12892): addressUpdated: fd00::a0f6:c6ff:fe62:b331/64 on ifindex 53 flags 0x00000100 scope 0
03-15 14:26:25.227 D/IpClient/wlan0(12892): addressUpdated: fd00::1f48:ef84:bcb3:b7e1/64 on ifindex 53 flags 0x00000001 scope 0
03-15 14:26:25.227 W/AlarmManager(12892): Unrecognized alarm listener com.android.networkstack.android.net.ip.IpClientLinkObserver$Dhcp6PdPreferredPrefixAlarmListener@5c118d3
03-15 14:26:25.229 D/IpClient/wlan0(12892): addressUpdated: fd00::a0f6:c6ff:fe62:b331/64 on ifindex 53 flags 0x00000100 scope 0
03-15 14:26:25.229 D/IpClient/wlan0(12892): addressUpdated: fd00::1f48:ef84:bcb3:b7e1/64 on ifindex 53 flags 0x00000001 scope 0
03-15 14:26:25.230 I/EPDG -- SIM0 [EpdgIntfCont](12923): sendInterfaceMessage, not mobile, ignore
03-15 14:26:25.231 W/AlarmManager(12892): Unrecognized alarm listener com.android.networkstack.android.net.ip.IpClientLinkObserver$Dhcp6PdPreferredPrefixAlarmListener@5c118d3
03-15 14:26:25.231 I/EPDG -- SIM1 [EpdgIntfCont](12923): sendInterfaceMessage, not mobile, ignore
03-15 14:26:25.231 I/EPDG -- SIM1 [EpdgIntfCont](12923): sendInterfaceMessage, not mobile, ignore
03-15 14:26:25.231 I/EPDG -- SIM0 [EpdgIntfCont](12923): sendInterfaceMessage, not mobile, ignore
03-15 14:26:25.231 I/EPDG -- SIM1 [EpdgIntfCont](12923): sendInterfaceMessage, not mobile, ignore
03-15 14:26:25.231 I/EPDG -- SIM0 [EpdgIntfCont](12923): sendInterfaceMessage, not mobile, ignore
03-15 14:26:25.232 D/IpClient/wlan0(12892): addressUpdated: fd00::a0f6:c6ff:fe62:b331/64 on ifindex 53 flags 0x00000100 scope 0
03-15 14:26:25.232 D/IpClient/wlan0(12892): addressUpdated: fd00::1f48:ef84:bcb3:b7e1/64 on ifindex 53 flags 0x00000001 scope 0
03-15 14:26:25.233 W/AlarmManager(12892): Unrecognized alarm listener com.android.networkstack.android.net.ip.IpClientLinkObserver$Dhcp6PdPreferredPrefixAlarmListener@5c118d3
03-15 14:26:25.233 I/EPDG -- SIM1 [EpdgIntfCont](12923): sendInterfaceMessage, not mobile, ignore
03-15 14:26:25.233 I/EPDG -- SIM1 [EpdgIntfCont](12923): sendInterfaceMessage, not mobile, ignore
03-15 14:26:25.233 I/EPDG -- SIM0 [EpdgIntfCont](12923): sendInterfaceMessage, not mobile, ignore
03-15 14:26:25.233 I/EPDG -- SIM0 [EpdgIntfCont](12923): sendInterfaceMessage, not mobile, ignore
03-15 14:26:25.234 I/EPDG -- SIM0 [EpdgIntfCont](12923): sendInterfaceMessage, not mobile, ignore
03-15 14:26:25.234 I/EPDG -- SIM1 [EpdgIntfCont](12923): sendInterfaceMessage, not mobile, ignore
03-15 14:26:25.328 D/IpClient/wlan0(12892): addressUpdated: fd00::a0f6:c6ff:fe62:b331/64 on ifindex 53 flags 0x00000100 scope 0
03-15 14:26:25.329 D/IpClient/wlan0(12892): addressUpdated: fd00::1f48:ef84:bcb3:b7e1/64 on ifindex 53 flags 0x00000001 scope 0
03-15 14:26:25.329 W/AlarmManager(12892): Unrecognized alarm listener com.android.networkstack.android.net.ip.IpClientLinkObserver$Dhcp6PdPreferredPrefixAlarmListener@5c118d3
03-15 14:26:25.330 I/EPDG -- SIM0 [EpdgIntfCont](12923): sendInterfaceMessage, not mobile, ignore
03-15 14:26:25.331 I/EPDG -- SIM1 [EpdgIntfCont](12923): sendInterfaceMessage, not mobile, ignore
03-15 14:26:25.331 I/EPDG -- SIM1 [EpdgIntfCont](12923): sendInterfaceMessage, not mobile, ignore
03-15 14:26:25.331 I/EPDG -- SIM0 [EpdgIntfCont](12923): sendInterfaceMessage, not mobile, ignore
03-15 14:26:25.383 E/FreecessController(12320): can't read /proc/19771/comm/proc/19771/comm: open failed: ENOENT (No such file or directory)
03-15 14:26:25.385 E/FreecessController(12320): can't read /proc/5807/comm/proc/5807/comm: open failed: ENOENT (No such file or directory)
03-15 14:26:25.453 W/AudioALSACaptureDataProviderNormal(12088): readThread, latency_in_s,0.000002,0.022038,0.000132, totalTime 0.022172 > logTimeout 0.022000 TIMEOUT!!
03-15 14:26:25.493 W/AudioALSACaptureDataProviderNormal(12088): readThread, latency_in_s,0.000002,0.022062,0.000136, totalTime 0.022199 > logTimeout 0.022000 TIMEOUT!!
03-15 14:26:25.585 I/ActivityManager(12320): Changes in 90001 17 to 17, 128 to 0
03-15 14:26:25.586 I/ActivityManager(12320): Changes in 90000 11 to 17, 128 to 0
03-15 14:26:25.587 I/ActivityManager(12320): Changes in 10304 11 to 16, 128 to 0
03-15 14:26:25.587 V/APM_AudioPolicyManager(12081): setAppState(portId:159, state:1)
03-15 14:26:25.589 V/APM_AudioPolicyManager(12081): setAppState(portId:159, state:1)
03-15 14:26:25.590 V/APM_AudioPolicyManager(12081): setAppState(portId:159, state:1)
03-15 14:26:25.595 I/VSyncReactor( 1567): Current= 90, Period= 90, hwcPeriod= 90
03-15 14:26:25.597 I/ActivityManager(12320): Changes in 90001 17 to 17, 0 to 128
03-15 14:26:25.598 I/ActivityManager(12320): Changes in 90000 17 to 11, 0 to 128
03-15 14:26:25.598 I/ActivityManager(12320): Changes in 10304 16 to 11, 0 to 128
03-15 14:26:25.600 V/APM_AudioPolicyManager(12081): setAppState(portId:159, state:1)
03-15 14:26:25.601 V/APM_AudioPolicyManager(12081): setAppState(portId:159, state:1)
03-15 14:26:25.601 V/APM_AudioPolicyManager(12081): setAppState(portId:159, state:1)
03-15 14:26:25.607 D/SemWifiUsabilityStatsMonitor(12320): onWifiUsabilityStats - seqNum 1636, isSameBssidAndFreq true
03-15 14:26:25.633 D/SatelliteController(12732): isInCarrierRoamingNbIotNtn: satellite is disabled
03-15 14:26:25.640 I/BufferQueueProducer( 1567): [StatusBar$_12757#28514](this:0xb400006f8846be38,id:-1,api:0,p:-1,c:1567) queueBuffer: fps=0.41 dur=7257.45 max=7024.89 min=33.35
03-15 14:26:25.646 I/hwcomposer( 1501): [HWCDisplay] (0 updateFps():4131), (type:1, mode:2) fps:0.688947,dur:7257.45,max:6966.93,min:31.35  
03-15 14:26:25.649 I/SurfaceFlinger( 1567): Capture layer list: 	 com.example.kutuphane/com.example.kutuphane.goster$_1328#34095(seamlessTransition:0)
03-15 14:26:25.711 I/hwcomposer( 1501): [HWC] (0)fire a callback of refresh to SF[4]  
03-15 14:26:25.724 I/BufferQueueProducer( 1567): [FramebufferSurface](this:0xb400006faf4f0370,id:-1,api:1,p:1567,c:1567) queueBuffer: fps=0.28 dur=7234.58 max=7046.09 min=188.49
03-15 14:26:25.750 I/SurfaceFlinger( 1567): Capture layer list: 	 com.example.kutuphane/com.example.kutuphane.goster$_1328#34095(seamlessTransition:0)
03-15 14:26:25.894 W/AudioALSACaptureDataProviderNormal(12088): readThread, latency_in_s,0.000001,0.022344,0.000135, totalTime 0.022481 > logTimeout 0.022000 TIMEOUT!!
03-15 14:26:26.413 W/AudioALSACaptureDataProviderNormal(12088): readThread, latency_in_s,0.000002,0.021593,0.000644, totalTime 0.022239 > logTimeout 0.022000 TIMEOUT!!
03-15 14:26:26.606 I/ActivityManager(12320): Changes in 90001 17 to 17, 128 to 0
03-15 14:26:26.607 I/ActivityManager(12320): Changes in 90000 11 to 17, 128 to 0
03-15 14:26:26.608 I/ActivityManager(12320): Changes in 10304 11 to 16, 128 to 0
03-15 14:26:26.608 V/APM_AudioPolicyManager(12081): setAppState(portId:159, state:1)
03-15 14:26:26.609 V/APM_AudioPolicyManager(12081): setAppState(portId:159, state:1)
03-15 14:26:26.611 V/APM_AudioPolicyManager(12081): setAppState(portId:159, state:1)
03-15 14:26:26.615 I/VSyncReactor( 1567): Current= 90, Period= 90, hwcPeriod= 90
03-15 14:26:26.617 I/ActivityManager(12320): Changes in 90001 17 to 17, 0 to 128
03-15 14:26:26.618 I/ActivityManager(12320): Changes in 90000 17 to 11, 0 to 128
03-15 14:26:26.618 I/ActivityManager(12320): Changes in 10304 16 to 11, 0 to 128
03-15 14:26:26.619 V/APM_AudioPolicyManager(12081): setAppState(portId:159, state:1)
03-15 14:26:26.621 V/APM_AudioPolicyManager(12081): setAppState(portId:159, state:1)
03-15 14:26:26.621 V/APM_AudioPolicyManager(12081): setAppState(portId:159, state:1)
03-15 14:26:26.833 I/SDHMS:LOAD(14190): type: LoadsFreqs, value: 0:0:0:725000:725000:725000:609000:1900000:500000:15:390:0
03-15 14:26:26.910 D/SatelliteController(12732): isInCarrierRoamingNbIotNtn: satellite is disabled
03-15 14:26:26.968 E/thermal_core( 1673): find_tz_idx_by_name:"Failed to find thermal zone index of ap_ntc\n"
03-15 14:26:26.968 E/thermal_core( 1673): find_tz_idx_by_name:"Failed to find thermal zone index of mtk-master-charger\n"
03-15 14:26:26.969 E/thermal_core( 1673): find_tz_idx_by_name:"Failed to find thermal zone index of camera0\n"
03-15 14:26:26.969 E/thermal_core( 1673): find_tz_idx_by_name:"Failed to find thermal zone index of mtk-master-charger\n"
03-15 14:26:26.969 E/thermal_core( 1673): find_tz_idx_by_name:"Failed to find thermal zone index of nrpa_ntc\n"
03-15 14:26:26.969 E/thermal_core( 1673): dump_thermal_log:"Error: sccanf error, ret=9\n"
03-15 14:26:26.970 E/thermal_core( 1673): node_read:"Failed to read /sys/class/thermal/thermal_zone2/temp: No data available\n"
03-15 14:26:26.970 I/thermal_core( 1673): "soc/nr/lte/ap_ntc/tpcb/conn/chg/cam/c_ttj/g_ttj/a_ttj=0/-274000/28333/-274000/46000/25000/-274000/-274000/85000/85000/85000\n"
03-15 14:26:26.971 I/thermal_core( 1673): "[C(l)(c)(i)][G(l)(c)][A(l)(c)][TH][D]=[(666666/666666/666666)(500/725/0)(0x0)][(666666)(666666)][(666666666)(666666666)][0][1600]\n"
03-15 14:26:26.971 E/thermal_core( 1673): node_read:"Failed to open /sys/kernel/helio-dvfsrc/dvfsrc_therm_info: No such file or directory\n"
03-15 14:26:26.971 I/thermal_core( 1673): "1600"
03-15 14:26:27.053 W/AudioALSACaptureDataProviderNormal(12088): readThread, latency_in_s,0.000002,0.022122,0.000127, totalTime 0.022250 > logTimeout 0.022000 TIMEOUT!!
03-15 14:26:27.094 W/AudioALSACaptureDataProviderNormal(12088): readThread, latency_in_s,0.000002,0.022093,0.000136, totalTime 0.022231 > logTimeout 0.022000 TIMEOUT!!
03-15 14:26:27.134 W/AudioALSACaptureDataProviderNormal(12088): readThread, latency_in_s,0.000002,0.021936,0.000144, totalTime 0.022081 > logTimeout 0.022000 TIMEOUT!!
03-15 14:26:27.254 W/AudioALSACaptureDataProviderNormal(12088): readThread, latency_in_s,0.000002,0.022009,0.000126, totalTime 0.022137 > logTimeout 0.022000 TIMEOUT!!
03-15 14:26:27.333 W/AudioALSACaptureDataProviderNormal(12088): readThread, latency_in_s,0.000002,0.021436,0.000629, totalTime 0.022066 > logTimeout 0.022000 TIMEOUT!!
03-15 14:26:27.454 W/AudioALSACaptureDataProviderNormal(12088): readThread, latency_in_s,0.000002,0.022329,0.000134, totalTime 0.022464 > logTimeout 0.022000 TIMEOUT!!
03-15 14:26:27.627 I/ActivityManager(12320): Changes in 90001 17 to 17, 128 to 0
03-15 14:26:27.628 I/ActivityManager(12320): Changes in 90000 11 to 17, 128 to 0
03-15 14:26:27.628 I/ActivityManager(12320): Changes in 10304 11 to 16, 128 to 0
03-15 14:26:27.628 V/APM_AudioPolicyManager(12081): setAppState(portId:159, state:1)
03-15 14:26:27.629 V/APM_AudioPolicyManager(12081): setAppState(portId:159, state:1)
03-15 14:26:27.631 V/APM_AudioPolicyManager(12081): setAppState(portId:159, state:1)
03-15 14:26:27.636 I/ActivityManager(12320): Changes in 90001 17 to 17, 0 to 128
03-15 14:26:27.636 I/ActivityManager(12320): Changes in 90000 17 to 11, 0 to 128
03-15 14:26:27.636 I/ActivityManager(12320): Changes in 10304 16 to 11, 0 to 128
03-15 14:26:27.637 V/APM_AudioPolicyManager(12081): setAppState(portId:159, state:1)
03-15 14:26:27.637 V/APM_AudioPolicyManager(12081): setAppState(portId:159, state:1)
03-15 14:26:27.637 I/VSyncReactor( 1567): Current= 90, Period= 90, hwcPeriod= 90
03-15 14:26:27.639 V/APM_AudioPolicyManager(12081): setAppState(portId:159, state:1)
03-15 14:26:27.773 W/AudioALSACaptureDataProviderNormal(12088): readThread, latency_in_s,0.000002,0.021970,0.000134, totalTime 0.022106 > logTimeout 0.022000 TIMEOUT!!
03-15 14:26:28.160 E/BatteryDump( 1528): !@new_battery_dump : 4320,503,3000,3150,97,253,261,288,0,0,280,288,0,Charging,NO_CHARGING,Normal,Good,PDIC,0,Normal,0,0,9600,0x0,0x10000,0x0,0,0,0000,0000,00000000,0,0,0,0,488,4201,9190,944,0,
03-15 14:26:28.170 I/seh_thermal_service(12107): getTemperaturesWithType SehTemperatureType: 3
03-15 14:26:28.170 I/sehhealth-service( 1528): updateLrpSysfs: write: 280
03-15 14:26:28.619 D/SemWifiUsabilityStatsMonitor(12320): onWifiUsabilityStats - seqNum 1637, isSameBssidAndFreq true
03-15 14:26:28.643 I/ActivityManager(12320): Changes in 90001 17 to 17, 128 to 0
03-15 14:26:28.643 I/ActivityManager(12320): Changes in 90000 11 to 17, 128 to 0
03-15 14:26:28.644 I/ActivityManager(12320): Changes in 10304 11 to 16, 128 to 0
03-15 14:26:28.645 V/APM_AudioPolicyManager(12081): setAppState(portId:159, state:1)
03-15 14:26:28.646 I/VSyncReactor( 1567): Current= 90, Period= 90, hwcPeriod= 90
03-15 14:26:28.647 V/APM_AudioPolicyManager(12081): setAppState(portId:159, state:1)
03-15 14:26:28.647 V/APM_AudioPolicyManager(12081): setAppState(portId:159, state:1)
03-15 14:26:28.652 I/ActivityManager(12320): Changes in 90001 17 to 17, 0 to 128
03-15 14:26:28.653 I/ActivityManager(12320): Changes in 90000 17 to 11, 0 to 128
03-15 14:26:28.654 I/ActivityManager(12320): Changes in 10304 16 to 11, 0 to 128
03-15 14:26:28.654 V/APM_AudioPolicyManager(12081): setAppState(portId:159, state:1)
03-15 14:26:28.655 V/APM_AudioPolicyManager(12081): setAppState(portId:159, state:1)
03-15 14:26:28.655 V/APM_AudioPolicyManager(12081): setAppState(portId:159, state:1)
03-15 14:26:28.934 W/AudioALSACaptureDataProviderNormal(12088): readThread, latency_in_s,0.000002,0.022187,0.000134, totalTime 0.022322 > logTimeout 0.022000 TIMEOUT!!
03-15 14:26:29.053 W/AudioALSACaptureDataProviderNormal(12088): readThread, latency_in_s,0.000002,0.022031,0.000123, totalTime 0.022156 > logTimeout 0.022000 TIMEOUT!!
03-15 14:26:29.174 W/AudioALSACaptureDataProviderNormal(12088): readThread, latency_in_s,0.000001,0.022128,0.000135, totalTime 0.022264 > logTimeout 0.022000 TIMEOUT!!
03-15 14:26:29.470 D/SatelliteController(12732): isInCarrierRoamingNbIotNtn: satellite is disabled
03-15 14:26:29.579 D/io_stats(  582): !@   8,32 r 7566921 164586600 w 5381707 70468620 d 598641 219329172 f 475156 529123 iot 2437252 0 th 0 0 0 pt 0 inp 0 0 118747.876
03-15 14:26:29.580 D/io_stats(  582): !@ Write_top(KB): kworker/7:1:/(31305) 456 f2fs_ckpt-254:6:/(3359) 348 stagram.android:low(12538) 44
03-15 14:26:29.660 I/ActivityManager(12320): Changes in 90001 17 to 17, 128 to 0
03-15 14:26:29.661 I/ActivityManager(12320): Changes in 90000 11 to 17, 128 to 0
03-15 14:26:29.661 I/ActivityManager(12320): Changes in 10304 11 to 16, 128 to 0
03-15 14:26:29.662 V/APM_AudioPolicyManager(12081): setAppState(portId:159, state:1)
03-15 14:26:29.663 V/APM_AudioPolicyManager(12081): setAppState(portId:159, state:1)
03-15 14:26:29.664 V/APM_AudioPolicyManager(12081): setAppState(portId:159, state:1)
03-15 14:26:29.669 I/VSyncReactor( 1567): Current= 90, Period= 90, hwcPeriod= 90
03-15 14:26:29.671 I/ActivityManager(12320): Changes in 90001 17 to 17, 0 to 128
03-15 14:26:29.672 I/ActivityManager(12320): Changes in 90000 17 to 11, 0 to 128
03-15 14:26:29.672 I/ActivityManager(12320): Changes in 10304 16 to 11, 0 to 128
03-15 14:26:29.675 V/APM_AudioPolicyManager(12081): setAppState(portId:159, state:1)
03-15 14:26:29.676 V/APM_AudioPolicyManager(12081): setAppState(portId:159, state:1)
03-15 14:26:29.676 V/APM_AudioPolicyManager(12081): setAppState(portId:159, state:1)
03-15 14:26:29.853 W/AudioALSACaptureDataProviderNormal(12088): readThread, latency_in_s,0.000002,0.022194,0.000127, totalTime 0.022322 > logTimeout 0.022000 TIMEOUT!!
03-15 14:26:29.971 E/thermal_core( 1673): find_tz_idx_by_name:"Failed to find thermal zone index of ap_ntc\n"
03-15 14:26:29.971 E/thermal_core( 1673): find_tz_idx_by_name:"Failed to find thermal zone index of mtk-master-charger\n"
03-15 14:26:30.014 W/AudioALSACaptureDataProviderNormal(12088): readThread, latency_in_s,0.000002,0.022220,0.000122, totalTime 0.022344 > logTimeout 0.022000 TIMEOUT!!
03-15 14:26:30.093 W/AudioALSACaptureDataProviderNormal(12088): readThread, latency_in_s,0.000002,0.021358,0.000697, totalTime 0.022057 > logTimeout 0.022000 TIMEOUT!!
03-15 14:26:30.123 I/NSLocationMonitor(12320): getGPSUsingApps() called
03-15 14:26:30.124 I/NSLocationManager_FLP(13876): getGPSUsingApps, No change
03-15 14:26:30.137 D/FreecessHandler(12320): freeze com.instagram.android(10304) result : 33
03-15 14:26:30.414 W/AudioALSACaptureDataProviderNormal(12088): readThread, latency_in_s,0.000002,0.022229,0.000107, totalTime 0.022337 > logTimeout 0.022000 TIMEOUT!!
03-15 14:26:30.680 I/ActivityManager(12320): Changes in 90001 17 to 17, 128 to 0
03-15 14:26:30.681 I/ActivityManager(12320): Changes in 90000 11 to 17, 128 to 0
03-15 14:26:30.681 I/ActivityManager(12320): Changes in 10304 11 to 16, 128 to 0
03-15 14:26:30.682 V/APM_AudioPolicyManager(12081): setAppState(portId:159, state:1)
03-15 14:26:30.683 V/APM_AudioPolicyManager(12081): setAppState(portId:159, state:1)
03-15 14:26:30.685 V/APM_AudioPolicyManager(12081): setAppState(portId:159, state:1)
03-15 14:26:30.688 I/VSyncReactor( 1567): Current= 90, Period= 90, hwcPeriod= 90
03-15 14:26:30.688 I/ActivityManager(12320): Changes in 90001 17 to 17, 0 to 128
03-15 14:26:30.689 I/ActivityManager(12320): Changes in 90000 17 to 11, 0 to 128
03-15 14:26:30.689 I/ActivityManager(12320): Changes in 10304 16 to 11, 0 to 128
03-15 14:26:30.690 V/APM_AudioPolicyManager(12081): setAppState(portId:159, state:1)
03-15 14:26:30.692 V/APM_AudioPolicyManager(12081): setAppState(portId:159, state:1)
03-15 14:26:30.692 V/APM_AudioPolicyManager(12081): setAppState(portId:159, state:1)
03-15 14:26:30.814 W/AudioALSACaptureDataProviderNormal(12088): readThread, latency_in_s,0.000002,0.022364,0.000126, totalTime 0.022491 > logTimeout 0.022000 TIMEOUT!!
03-15 14:26:30.828 D/BatteryExternalStatsWorker(12320): update stats : procstate-change (10)
03-15 14:26:30.828 D/BatteryExternalStatsWorker(12320): Update Rail Energy data
03-15 14:26:30.829 D/BatteryExternalStatsWorker(12320): mStats lock released
03-15 14:26:30.829 D/BatteryExternalStatsWorker(12320): done updateExternalStatsLocked
03-15 14:26:31.373 W/AudioALSACaptureDataProviderNormal(12088): readThread, latency_in_s,0.000002,0.021457,0.000615, totalTime 0.022074 > logTimeout 0.022000 TIMEOUT!!
03-15 14:26:31.510 I/wpa_supplicant(12721): Heartbeat 868
03-15 14:26:31.534 W/AudioALSACaptureDataProviderNormal(12088): readThread, latency_in_s,0.000002,0.022390,0.000135, totalTime 0.022527 > logTimeout 0.022000 TIMEOUT!!
03-15 14:26:31.631 D/SemWifiUsabilityStatsMonitor(12320): onWifiUsabilityStats - seqNum 1638, isSameBssidAndFreq true
03-15 14:26:31.642 I/VSyncReactor( 1567): Current= 90, Period= 90, hwcPeriod= 90
03-15 14:26:31.665 I/BufferQueueProducer( 1567): [StatusBar$_12757#28514](this:0xb400006f8846be38,id:-1,api:0,p:-1,c:1567) queueBuffer: fps=0.17 dur=6024.90 max=6024.90 min=6024.90
03-15 14:26:31.669 I/hwcomposer( 1501): [HWCDisplay] (0 updateFps():4131), (type:1, mode:2) fps:0.332032,dur:6023.52,max:5944.17,min:79.35  
03-15 14:26:31.673 I/SurfaceFlinger( 1567): Capture layer list: 	 com.example.kutuphane/com.example.kutuphane.goster$_1328#34095(seamlessTransition:0)
03-15 14:26:31.759 I/hwcomposer( 1501): [HWC] (0)fire a callback of refresh to SF[4]  
03-15 14:26:31.773 I/BufferQueueProducer( 1567): [FramebufferSurface](this:0xb400006faf4f0370,id:-1,api:1,p:1567,c:1567) queueBuffer: fps=0.17 dur=6048.59 max=6048.59 min=6048.59
03-15 14:26:31.777 I/SurfaceFlinger( 1567): Capture layer list: 	 com.example.kutuphane/com.example.kutuphane.goster$_1328#34095(seamlessTransition:0)
03-15 14:26:31.934 W/AudioALSACaptureDataProviderNormal(12088): readThread, latency_in_s,0.000001,0.022517,0.000135, totalTime 0.022653 > logTimeout 0.022000 TIMEOUT!!
