03-15 13:56:50.627 12320 12947 V WindowManager: Collecting in transition 293: ActivityRecord{206451061 u0 com.example.kutuphane/.kitapekle t609}, caller=com.android.server.wm.TransitionController.collect:7 com.android.server.wm.ActivityRecord.setVisibility:132 com.android.server.wm.TaskFragment.resumeTopActivity:1662 com.android.server.wm.Task.resumeTopActivityInnerLocked:138 com.android.server.wm.Task.resumeTopActivityUncheckedLocked:23 
03-15 13:56:50.627 12320 12947 V WindowManager: Setting visibility of Window{b7b0b62 u0 com.example.kutuphane/com.example.kutuphane.kitapekle}: true, caller=com.android.server.wm.WindowContainer.sendAppVisibilityToClients:19 com.android.server.wm.WindowToken.setClientVisible:48 com.android.server.wm.ActivityRecord.setVisibility:486 com.android.server.wm.TaskFragment.resumeTopActivity:1662 com.android.server.wm.Task.resumeTopActivityInnerLocked:138 
03-15 13:56:50.627 12320 12947 D SGM:FgCheckThread: TaskStackListener.onTaskFocusChanged(), taskId=593, focused=false
03-15 13:56:50.627 12320 12947 D SGM:FgCheckThread: TaskStackListener.onTaskFocusChanged(), taskId=609, focused=true
03-15 13:56:50.629 12320 12947 D SGM:FgCheckThread:   sendRunningComponentFocus(), pkgName: com.example.kutuphane, userId: 0
03-15 13:56:50.629 12320 12353 D SGM:FgCheckThread: notePauseComponent(), received pkgName: com.sec.android.app.launcher, userId: 0
03-15 13:56:50.629 12320 12947 D WindowManager: Changing focus from Window{7b4c344 u0 com.sec.android.app.launcher/com.sec.android.app.launcher.activities.LauncherActivity} to null displayId=0 Callers=com.android.server.wm.ActivityTaskManagerService.setLastResumedActivityUncheckLocked:264 com.android.server.wm.ActivityTaskSupervisor.updateTopResumedActivityIfNeeded:51 com.android.server.wm.TaskFragment.setResumedActivity:30 com.android.server.wm.ActivityRecord.setState:100 
03-15 13:56:50.629 12320 12947 I WindowManager: Cancelling animation restarting=true, leash=Surface(name=Surface(name=2aa07a4 StatusBar)/@0x2227e1b - animation-leash of insets_animation)/@0x4a8a82e
03-15 13:56:50.629 12320 12947 I WindowManager: Reparenting to original parent: Surface(name=WindowToken{df48736 type=2000 android.os.BinderProxy@5f2a3f8})/@0xefe1bb8, destroy=false, surface=Surface(name=2aa07a4 StatusBar)/@0x2227e1b
03-15 13:56:50.629 12320 12947 I WindowManager: Reparenting to leash, surface=Surface(name=2aa07a4 StatusBar)/@0x2227e1b, leashParent=Surface(name=WindowToken{df48736 type=2000 android.os.BinderProxy@5f2a3f8})/@0xefe1bb8
03-15 13:56:50.629 12320 12619 I CocktailBarManagerServiceContainer: handleMessage: entry what = 6
03-15 13:56:50.630 12320 12947 D WindowManager: makeSurface duration=0 leash=Surface(name=Surface(name=2aa07a4 StatusBar)/@0x2227e1b - animation-leash of insets_animation)/@0x3118f06
03-15 13:56:50.630 12320 12947 D InsetsSourceProvider: updateControlForTarget: control=InsetsSourceControl: {5cf20000 mType=statusBars initiallyVisible mSurfacePosition=Point(0, 0) mInsetsHint=Insets{left=0, top=80, right=0, bottom=0}}, target=Window{3df34fd u0 com.sec.android.app.launcher/com.sec.android.app.launcher.activities.LauncherActivity}, from=com.android.server.wm.InsetsStateController.onControlTargetChanged:83 com.android.server.wm.InsetsPolicy.updateBarControlTarget:212 com.android.server.wm.DisplayPolicy.updateSystemBarAttributes:262 com.android.server.wm.WindowManagerService.updateFocusedWindowLocked:372 com.android.server.wm.ActivityTaskManagerService.setLastResumedActivityUncheckLocked:264 
03-15 13:56:50.630 12320 12947 I WindowManager: Cancelling animation restarting=true, leash=Surface(name=Surface(name=3c1eb49 NavigationBar0)/@0x13224f6 - animation-leash of insets_animation)/@0xb50bd5c
03-15 13:56:50.630 12320 12947 I WindowManager: Reparenting to original parent: Surface(name=WindowToken{b67d50 type=2019 android.os.BinderProxy@b916202})/@0x5e0e0f7, destroy=false, surface=Surface(name=3c1eb49 NavigationBar0)/@0x13224f6
03-15 13:56:50.630 12320 12947 I WindowManager: Reparenting to leash, surface=Surface(name=3c1eb49 NavigationBar0)/@0x13224f6, leashParent=Surface(name=WindowToken{b67d50 type=2019 android.os.BinderProxy@b916202})/@0x5e0e0f7
03-15 13:56:50.631 12320 12947 D WindowManager: makeSurface duration=1 leash=Surface(name=Surface(name=3c1eb49 NavigationBar0)/@0x13224f6 - animation-leash of insets_animation)/@0x3e55bf4
03-15 13:56:50.631 12320 12947 D InsetsSourceProvider: updateControlForTarget: control=InsetsSourceControl: {c4460001 mType=navigationBars initiallyVisible mSurfacePosition=Point(0, 2214) mInsetsHint=Insets{left=0, top=0, right=0, bottom=39}}, target=Window{3df34fd u0 com.sec.android.app.launcher/com.sec.android.app.launcher.activities.LauncherActivity}, from=com.android.server.wm.InsetsStateController.onControlTargetChanged:83 com.android.server.wm.InsetsPolicy.updateBarControlTarget:225 com.android.server.wm.DisplayPolicy.updateSystemBarAttributes:262 com.android.server.wm.WindowManagerService.updateFocusedWindowLocked:372 com.android.server.wm.ActivityTaskManagerService.setLastResumedActivityUncheckLocked:264 
03-15 13:56:50.631 12757 12829 D WindowManagerShell: onActivityRestartAttempt: topActivity=ComponentInfo{com.example.kutuphane/com.example.kutuphane.kitapekle}, wasVisible=false
03-15 13:56:50.632 12320 12947 D WindowManager: updateSystemBarAttributes: displayId=0, focusedCanBeNavColorWin=false, win=Window{3df34fd u0 com.sec.android.app.launcher/com.sec.android.app.launcher.activities.LauncherActivity}, navColorWin=Window{3df34fd u0 com.sec.android.app.launcher/com.sec.android.app.launcher.activities.LauncherActivity}, caller=com.android.server.wm.WindowManagerService.updateFocusedWindowLocked:372 com.android.server.wm.ActivityTaskManagerService.setLastResumedActivityUncheckLocked:264 com.android.server.wm.ActivityTaskSupervisor.updateTopResumedActivityIfNeeded:51 
03-15 13:56:50.632 12320 12947 D WindowManager: updateSystemBarAttributes, bhv=2, apr=0, statusBarAprRegions=[AppearanceRegion{ bounds=[0,0][1080,2340]}], requestedVisibilities=-9
03-15 13:56:50.632 12320 12947 V SystemKeyManager: updateFocusedWindow() is called, 
03-15 13:56:50.632 12320 12510 D SGM:FgCheckThread: onLooperPrepared(), msg: MSG_TASK_FOCUSED, pkgName: com.example.kutuphane, userId: 0
03-15 13:56:50.632 12320 12510 D SGM:FgCheckThread: handleTaskFocused().
03-15 13:56:50.632 12320 12510 D SGM:FgCheckThread:   handleTaskFocused(), pkgName: com.example.kutuphane, userID:0 mResumedPkgMap does not containsKey.
03-15 13:56:50.632 12320 12947 D ActivityTaskManager: scheduleTopResumedActivityChanged, onTop=true, r=ActivityRecord{206451061 u0 com.example.kutuphane/.kitapekle t609}, caller=com.android.server.wm.ActivityTaskSupervisor.scheduleTopResumedActivityStateIfNeeded:18 com.android.server.wm.ActivityTaskSupervisor.updateTopResumedActivityIfNeeded:54 com.android.server.wm.TaskFragment.setResumedActivity:30 com.android.server.wm.ActivityRecord.setState:100 com.android.server.wm.TaskFragment.resumeTopActivity:1705 com.android.server.wm.Task.resumeTopActivityInnerLocked:138 
03-15 13:56:50.632 12320 12947 V WindowManager: Collecting in transition 293: ActivityRecord{70907090 u0 com.sec.android.app.launcher/.activities.LauncherActivity t593}, caller=com.android.server.wm.TransitionController.collect:7 com.android.server.wm.ActivityRecord.setVisibility:132 com.android.server.wm.ActivityRecord.makeInvisible:32 com.android.server.wm.EnsureActivitiesVisibleHelper.process:542 com.android.server.wm.TaskFragment.updateActivityVisibilities:12 
03-15 13:56:50.633 12320 12947 D WindowManager: prepareSync <SYNC_STATE_WAITING_FOR_DRAW>, mPrepareSyncSeqId=0, win=Window{7b4c344 u0 com.sec.android.app.launcher/com.sec.android.app.launcher.activities.LauncherActivity}
03-15 13:56:50.633 12320 12947 D WindowManager: prepareSync <SYNC_STATE_WAITING_FOR_DRAW>, mPrepareSyncSeqId=0, win=Window{3df34fd u0 com.sec.android.app.launcher/com.sec.android.app.launcher.activities.LauncherActivity}
03-15 13:56:50.633 12320 12947 V WindowManager: Collecting in transition 293: WallpaperWindowToken{86131fa showWhenLocked=true}_<lock>, caller=com.android.server.wm.Transition.collect:387 com.android.server.wm.TransitionController.collect:7 com.android.server.wm.ActivityRecord.setVisibility:132 com.android.server.wm.ActivityRecord.makeInvisible:32 com.android.server.wm.EnsureActivitiesVisibleHelper.process:542 
03-15 13:56:50.633 12320 12947 V WindowManager: Collecting in transition 293: WallpaperWindowToken{384c472 showWhenLocked=false}_<system>, caller=com.android.server.wm.Transition.collect:410 com.android.server.wm.TransitionController.collect:7 com.android.server.wm.ActivityRecord.setVisibility:132 com.android.server.wm.ActivityRecord.makeInvisible:32 com.android.server.wm.EnsureActivitiesVisibleHelper.process:542 
03-15 13:56:50.633 12320 12947 V WindowManager: Collecting in transition 293: ActivityRecord{48835708 u0 com.sec.android.app.launcher/com.android.quickstep.RecentsActivity t596}, caller=com.android.server.wm.TransitionController.collect:7 com.android.server.wm.ActivityRecord.setVisibility:132 com.android.server.wm.ActivityRecord.makeInvisible:32 com.android.server.wm.EnsureActivitiesVisibleHelper.process:542 com.android.server.wm.TaskFragment.updateActivityVisibilities:12 
03-15 13:56:50.633 12320 12947 D WindowManager: prepareSync <SYNC_STATE_WAITING_FOR_DRAW>, mPrepareSyncSeqId=0, win=Window{4dfb408 u0 com.sec.android.app.launcher/com.android.quickstep.RecentsActivity}
03-15 13:56:50.633 12320 12947 V WindowManager: Collecting in transition 293: WallpaperWindowToken{86131fa showWhenLocked=true}_<lock>, caller=com.android.server.wm.Transition.collect:387 com.android.server.wm.TransitionController.collect:7 com.android.server.wm.ActivityRecord.setVisibility:132 com.android.server.wm.ActivityRecord.makeInvisible:32 com.android.server.wm.EnsureActivitiesVisibleHelper.process:542 
03-15 13:56:50.633 12320 12947 V WindowManager: Collecting in transition 293: WallpaperWindowToken{384c472 showWhenLocked=false}_<system>, caller=com.android.server.wm.Transition.collect:410 com.android.server.wm.TransitionController.collect:7 com.android.server.wm.ActivityRecord.setVisibility:132 com.android.server.wm.ActivityRecord.makeInvisible:32 com.android.server.wm.EnsureActivitiesVisibleHelper.process:542 
03-15 13:56:50.634 12320 12947 V WindowManager: rotationForOrientation(orient=SCREEN_ORIENTATION_UNSPECIFIED (-1), last=ROTATION_0 (0)); user=ROTATION_0 (0) USER_ROTATION_LOCKED
03-15 13:56:50.634 12320 12947 D WindowManager: rotationForOrientation, orientationSource=ActivityRecord{206451061 u0 com.example.kutuphane/.kitapekle t609}
03-15 13:56:50.634 12320 12947 V WindowManager: Computed rotation=ROTATION_0 (0) for display id=0 based on lastOrientation=SCREEN_ORIENTATION_UNSPECIFIED (-1) and oldRotation=ROTATION_0 (0), caller=com.android.server.wm.DisplayRotation.updateOrientation:79 com.android.server.wm.DisplayContent.updateOrientation:41 com.android.server.wm.DisplayContent.updateOrientationAndComputeConfig:48 com.android.server.wm.RootWindowContainer.ensureVisibilityAndConfig:7 com.android.server.wm.TaskFragment.resumeTopActivity:1724 com.android.server.wm.Task.resumeTopActivityInnerLocked:138 
03-15 13:56:50.634 12320 12947 D BLASTSyncEngine: SyncGroup 293: Set ready true, caller=com.android.server.wm.BLASTSyncEngine.setReady:32 com.android.server.wm.Transition.applyReady:54 com.android.server.wm.Transition.setReady:72 com.android.server.wm.TransitionController.setReady:6 com.android.server.wm.DisplayContent.executeAppTransition:4 com.android.server.wm.ActivityRecord.completeResumeLocked:115 
03-15 13:56:50.634 12320 12947 D WindowManagerServiceExt: updateTaskbarTargetIfNeeded: cn=ComponentInfo{com.example.kutuphane/com.example.kutuphane.kitapekle} occludesParent=true isInSplitScreenMode=false
03-15 13:56:50.635 12320 12947 V WindowManager: Collecting in transition 293: WallpaperWindowToken{384c472 showWhenLocked=false}_<system>, caller=com.android.server.wm.TransitionController.collect:7 com.android.server.wm.WallpaperWindowToken.setVisibility:55 com.android.server.wm.WallpaperController.adjustWallpaperWindows:857 com.android.server.wm.RootWindowContainer.applySurfaceChangesTransaction$1:141 com.android.server.wm.RootWindowContainer.performSurfacePlacementNoTrace:59 
03-15 13:56:50.635 12320 12629 D BackgroundInstallControlService: Package event received: 0
03-15 13:56:50.636 12320 12947 D BLASTSyncEngine: SyncGroup 293:  Unfinished container: ActivityRecord{206451061 u0 com.example.kutuphane/.kitapekle t609} mSyncState=2
03-15 13:56:50.639 12320 12353 D SGM:FgCheckThread: noteResumeComponent(), received pkgName: com.example.kutuphane, userId: 0
03-15 13:56:50.639 14190 15940 I SDHMS:k : handleResumeComponent : put = com.example.kutuphane, userid = 0 instanceid =98231562
03-15 13:56:50.640 12320 12619 I CocktailBarManagerServiceContainer: handleMessage: entry what = 5
03-15 13:56:50.641 12320 12510 D SGM:FgCheckThread: onLooperPrepared(), msg: MSG_APP_RESUME, pkgName: com.example.kutuphane, userid: 0
03-15 13:56:50.641 12320 12510 D SGM:FgCheckThread: handleResume().
03-15 13:56:50.641 12320 12510 D SGM:FgCheckThread: sendFocusOutConditionally() - mPrevNotiPkg: (unknown), userId: 0
03-15 13:56:50.641 12320 12510 D SGM:FgCheckThread:   handleResume(). pkgName: com.example.kutuphane, userId: 0, category: non-game
03-15 13:56:50.641 12320 12510 D SGM:FgCheckThread: notifyFocusInOut(). of pkg: com.example.kutuphane, type: 4, isSecGameFamily: false, userId: 0
03-15 13:56:50.641 12320 12510 D SGM:FgCheckThread:   notifyFocusInOut(). unexpected mPrevNotiType: -1
03-15 13:56:50.641 12320 12510 D SGM:SystemHelper: callReleaseBlock needReleaseBlock:false
03-15 13:56:50.642 12320 12629 D BackgroundInstallControlService: Package event received: 0
03-15 13:56:50.643 12320 12353 D SGM:GameManager: identifyGamePackage. com.example.kutuphane, mCurrentUserId: 0, callingMethodInfo: com.samsung.android.game.SemGameManager.isGamePackage(SemGameManager.java:106)
03-15 13:56:50.643 12320 12353 D SGM:SemGameManager: isGamePackage(), pkgName=com.example.kutuphane, ret=false
03-15 13:56:50.644 12320 12353 I ActivityManager: Changes in 10286 15 to 2, 0 to 255
03-15 13:56:50.645 12320 12351 D SGM:GameManager: identifyForegroundApp. com.example.kutuphane, mCurrentUserId: 0, callerUserId: 0
03-15 13:56:50.645 12320 12351 D SGM:SemGameManager: isForegroundGame(), ret=false
03-15 13:56:50.646 12320 12947 D WindowManager: makeSurface duration=1 name=com.example.kutuphane/com.example.kutuphane.kitapekle$_23334
03-15 13:56:50.647 12320 12629 D BackgroundInstallControlService: Package event received: 0
03-15 13:56:50.647 12320 12629 D BackgroundInstallControlService: Package event received: 0
03-15 13:56:50.648 12320 12947 D BLASTSyncEngine: SyncGroup 293:  Unfinished container: ActivityRecord{206451061 u0 com.example.kutuphane/.kitapekle t609} mSyncState=2
03-15 13:56:50.648 12320 12947 D WindowManager: Changing focus from null to Window{b7b0b62 u0 com.example.kutuphane/com.example.kutuphane.kitapekle} displayId=0 Callers=com.android.server.wm.WindowManagerService.relayoutWindow:1350 com.android.server.wm.Session.relayout:27 android.view.IWindowSession$Stub.onTransact:829 com.android.server.wm.Session.onTransact:1 
03-15 13:56:50.648 12320 12947 D MARsPolicyManager: cancelDisablePolicy com.example.kutuphane(0) false|32|disablepolicy(8)
03-15 13:56:50.648 12320 12947 I WindowManager: Cancelling animation restarting=true, leash=Surface(name=Surface(name=2aa07a4 StatusBar)/@0x2227e1b - animation-leash of insets_animation)/@0x3118f06
03-15 13:56:50.648 12320 12947 I WindowManager: Reparenting to original parent: Surface(name=WindowToken{df48736 type=2000 android.os.BinderProxy@5f2a3f8})/@0xefe1bb8, destroy=false, surface=Surface(name=2aa07a4 StatusBar)/@0x2227e1b
03-15 13:56:50.648 12320 12947 I WindowManager: Reparenting to leash, surface=Surface(name=2aa07a4 StatusBar)/@0x2227e1b, leashParent=Surface(name=WindowToken{df48736 type=2000 android.os.BinderProxy@5f2a3f8})/@0xefe1bb8
03-15 13:56:50.649 12320 12947 D WindowManager: makeSurface duration=1 leash=Surface(name=Surface(name=2aa07a4 StatusBar)/@0x2227e1b - animation-leash of insets_animation)/@0xea79592
03-15 13:56:50.649 12320 12947 D InsetsSourceProvider: updateControlForTarget: control=InsetsSourceControl: {5cf20000 mType=statusBars initiallyVisible mSurfacePosition=Point(0, 0) mInsetsHint=Insets{left=0, top=80, right=0, bottom=0}}, target=Window{b7b0b62 u0 com.example.kutuphane/com.example.kutuphane.kitapekle}, from=com.android.server.wm.InsetsStateController.onControlTargetChanged:83 com.android.server.wm.InsetsPolicy.updateBarControlTarget:212 com.android.server.wm.DisplayPolicy.updateSystemBarAttributes:262 com.android.server.wm.WindowManagerService.updateFocusedWindowLocked:372 com.android.server.wm.WindowManagerService.relayoutWindow:1350 
03-15 13:56:50.650 12320 12947 I WindowManager: Cancelling animation restarting=true, leash=Surface(name=Surface(name=3c1eb49 NavigationBar0)/@0x13224f6 - animation-leash of insets_animation)/@0x3e55bf4
03-15 13:56:50.650 12320 12947 I WindowManager: Reparenting to original parent: Surface(name=WindowToken{b67d50 type=2019 android.os.BinderProxy@b916202})/@0x5e0e0f7, destroy=false, surface=Surface(name=3c1eb49 NavigationBar0)/@0x13224f6
03-15 13:56:50.650 12320 12947 I WindowManager: Reparenting to leash, surface=Surface(name=3c1eb49 NavigationBar0)/@0x13224f6, leashParent=Surface(name=WindowToken{b67d50 type=2019 android.os.BinderProxy@b916202})/@0x5e0e0f7
03-15 13:56:50.650 12320 12947 D WindowManager: makeSurface duration=1 leash=Surface(name=Surface(name=3c1eb49 NavigationBar0)/@0x13224f6 - animation-leash of insets_animation)/@0xf64360
03-15 13:56:50.651 12320 12947 D InsetsSourceProvider: updateControlForTarget: control=InsetsSourceControl: {c4460001 mType=navigationBars initiallyVisible mSurfacePosition=Point(0, 2214) mInsetsHint=Insets{left=0, top=0, right=0, bottom=39}}, target=Window{b7b0b62 u0 com.example.kutuphane/com.example.kutuphane.kitapekle}, from=com.android.server.wm.InsetsStateController.onControlTargetChanged:83 com.android.server.wm.InsetsPolicy.updateBarControlTarget:225 com.android.server.wm.DisplayPolicy.updateSystemBarAttributes:262 com.android.server.wm.WindowManagerService.updateFocusedWindowLocked:372 com.android.server.wm.WindowManagerService.relayoutWindow:1350 
03-15 13:56:50.651 12320 12947 D WindowManager: updateSystemBarAttributes: displayId=0, focusedCanBeNavColorWin=false, win=Window{b7b0b62 u0 com.example.kutuphane/com.example.kutuphane.kitapekle}, navColorWin=Window{3df34fd u0 com.sec.android.app.launcher/com.sec.android.app.launcher.activities.LauncherActivity}, caller=com.android.server.wm.WindowManagerService.updateFocusedWindowLocked:372 com.android.server.wm.WindowManagerService.relayoutWindow:1350 com.android.server.wm.Session.relayout:27 
03-15 13:56:50.651 12320 12947 D WindowManager: updateSystemBarAttributes, bhv=1, apr=0, statusBarAprRegions=[AppearanceRegion{ bounds=[0,0][1080,2340]}], requestedVisibilities=-1
03-15 13:56:50.651 12320 12947 V SystemKeyManager: updateFocusedWindow() is called, com.example.kutuphane/com.example.kutuphane.kitapekle
03-15 13:56:50.652 12320 12351 D SGM:GameManager: identifyForegroundApp. com.example.kutuphane, mCurrentUserId: 0, callerUserId: 0
03-15 13:56:50.652 12320 12351 D SGM:SemGameManager: isForegroundGame(), ret=false
03-15 13:56:50.666 12320 12902 D WindowManager: finishDrawingWindow: Window{b7b0b62 u0 com.example.kutuphane/com.example.kutuphane.kitapekle} mDrawState=DRAW_PENDING seqId=0
03-15 13:56:50.667 12320 12354 V WindowManager: SyncGroup 293: Finished!
03-15 13:56:50.668 12320 12354 D ActivityManagerPerformance: AMP_release() ACT_RESUME
03-15 13:56:50.668 12320 12354 V WindowManager: performShowLocked: mDrawState=HAS_DRAWN in Window{b7b0b62 u0 com.example.kutuphane/com.example.kutuphane.kitapekle}
03-15 13:56:50.668 12320 12354 D Transition: updateTaskbarTargetIfNeeded: defer to send callbackwhile on transient launch
03-15 13:56:50.668 12320 12354 D ChangeTransitionController: onTransactionReady: TransitionRecord{c3ad865 id=293 type=TO_FRONT flags=0x0 overrideAnimOptions={t=CUSTOM overrideTask=true enterResId=0 changeResId=0 exitResId=0 mUserId=0} c=[
03-15 13:56:50.668 12320 12354 D ChangeTransitionController:    ChangeInfo{61b193a container=DefaultTaskDisplayArea_d0@21689571 flags=0x0}
03-15 13:56:50.668 12320 12354 D ChangeTransitionController:    ChangeInfo{2578de container=ActivityRecord{48835708 u0 com.sec.android.app.launcher/com.android.quickstep.RecentsActivity t596} flags=0x0}
03-15 13:56:50.668 12320 12354 D ChangeTransitionController:    ChangeInfo{47c4abf container=WallpaperWindowToken{384c472 showWhenLocked=false}_<system> flags=0x0}
03-15 13:56:50.668 12320 12354 D ChangeTransitionController:    ChangeInfo{66c358c container=Task{3cba496 #1 type=home} flags=0x0}
03-15 13:56:50.668 12320 12354 D ChangeTransitionController:    ChangeInfo{aaba4d5 container=ActivityRecord{70907090 u0 com.sec.android.app.launcher/.activities.LauncherActivity t593} flags=0x0}
03-15 13:56:50.668 12320 12354 D ChangeTransitionController:    ChangeInfo{81599eb container=Task{5ede90c #609 type=standard A=10286:com.example.kutuphane} flags=0x0}
03-15 13:56:50.668 12320 12354 D ChangeTransitionController:    ChangeInfo{90c44ea container=WallpaperWindowToken{86131fa showWhenLocked=true}_<lock> flags=0x0}
03-15 13:56:50.668 12320 12354 D ChangeTransitionController:    ChangeInfo{cda5348 container=Display{#0 state=ON size=1080x2340 ROTATION_0} flags=0x0}
03-15 13:56:50.668 12320 12354 D ChangeTransitionController:    ChangeInfo{e34d3db container=ActivityRecord{206451061 u0 com.example.kutuphane/.kitapekle t609} flags=0x0}
03-15 13:56:50.668 12320 12354 D ChangeTransitionController:    ChangeInfo{b6d1e78 container=Task{cbde905 #596 type=recents I=com.sec.android.app.launcher/com.android.quickstep.RecentsActivity} flags=0x0}
03-15 13:56:50.668 12320 12354 D ChangeTransitionController:    ChangeInfo{58eb951 container=Task{fc17dcd #593 type=home I=com.sec.android.app.launcher/.activities.LauncherActivity} flags=0x0}
03-15 13:56:50.668 12320 12354 D ChangeTransitionController:    ChangeInfo{fe1c5b6 container=RemoteWallpaperAnim:1:1@264671916 flags=0x0}
03-15 13:56:50.668 12320 12354 D ChangeTransitionController: ]
03-15 13:56:50.668 12320 12354 D ChangeTransitionController: }
03-15 13:56:50.668 12320 12354 V WindowManager: Start calculating TransitionInfo based on participants: {ActivityRecord{48835708 u0 com.sec.android.app.launcher/com.android.quickstep.RecentsActivity t596}, WallpaperWindowToken{384c472 showWhenLocked=false}_<system>, ActivityRecord{70907090 u0 com.sec.android.app.launcher/.activities.LauncherActivity t593}, Task{5ede90c #609 type=standard A=10286:com.example.kutuphane}, WallpaperWindowToken{86131fa showWhenLocked=true}_<lock>, ActivityRecord{206451061 u0 com.example.kutuphane/.kitapekle t609}}
03-15 13:56:50.668 12320 12354 V WindowManager:   Final targets: [ChangeInfo{81599eb container=Task{5ede90c #609 type=standard A=10286:com.example.kutuphane} flags=0x30}, ChangeInfo{66c358c container=Task{3cba496 #1 type=home} flags=0x10}, ChangeInfo{b6d1e78 container=Task{cbde905 #596 type=recents I=com.sec.android.app.launcher/com.android.quickstep.RecentsActivity} flags=0x10}, ChangeInfo{47c4abf container=WallpaperWindowToken{384c472 showWhenLocked=false}_<system> flags=0x0}]
03-15 13:56:50.670 12320 12354 V WindowManager: Calling onTransitionReady: {id=293 t=TO_FRONT f=0x0 trk=0 r=[0@Point(0, 0)] c=[
03-15 13:56:50.670 12320 12354 V WindowManager:         {WCT{RemoteToken{2dc67f3 Task{5ede90c #609 type=standard A=10286:com.example.kutuphane}}} m=TO_FRONT f=MOVE_TO_TOP leash=Surface(name=Task=609)/@0xa252d sb=Rect(0, 0 - 1080, 2340) eb=Rect(0, 0 - 1080, 2340) epz=Point(1080, 2340) d=0 taskParent=-1 opt={t=CUSTOM overrideTask=true enterResId=0 changeResId=0 exitResId=0 mUserId=0} inset=Rect(0, 80 - 0, 39) dim=true},
03-15 13:56:50.670 12320 12354 V WindowManager:         {WCT{RemoteToken{9720ccf Task{3cba496 #1 type=home}}} m=TO_BACK f=SHOW_WALLPAPER|EDGE_EXTENSION_RESTRICTION leash=Surface(name=Task=1)/@0xd813e23 sb=Rect(0, 0 - 1080, 2340) eb=Rect(0, 0 - 1080, 2340) epz=Point(1080, 2340) d=0 taskParent=-1 opt={t=CUSTOM overrideTask=true enterResId=0 changeResId=0 exitResId=0 mUserId=0} inset=Rect(0, 80 - 0, 39)},
03-15 13:56:50.670 12320 12354 V WindowManager:         {WCT{RemoteToken{8e7b347 Task{cbde905 #596 type=recents I=com.sec.android.app.launcher/com.android.quickstep.RecentsActivity}}} m=TO_BACK f=SHOW_WALLPAPER|EDGE_EXTENSION_RESTRICTION leash=Surface(name=Task=596)/@0x9e4e361 sb=Rect(0, 0 - 1080, 2340) eb=Rect(0, 0 - 1080, 2340) epz=Point(1080, 2340) d=0 taskParent=-1 opt={t=CUSTOM overrideTask=true enterResId=0 changeResId=0 exitResId=0 mUserId=0} inset=Rect(0, 80 - 0, 39)},
03-15 13:56:50.670 12320 12354 V WindowManager:         {m=TO_BACK f=IS_WALLPAPER p=WCT{RemoteToken{e1c459c RemoteWallpaperAnim:1:1@264671916}} leash=Surface(name=WallpaperWindowToken{384c472 showWhenLocked=false})/@0xaa6efa9 sb=Rect(0, 0 - 1080, 2340) eb=Rect(0, 0 - 1080, 2340) epz=Point(1080, 2340) d=0 inset=Rect(0, 0 - 0, 0)}
03-15 13:56:50.670 12320 12354 V WindowManager:     ]}
03-15 13:56:50.672 12320 12354 D WindowManager: updateSystemBarAttributes: displayId=0, focusedCanBeNavColorWin=false, win=Window{b7b0b62 u0 com.example.kutuphane/com.example.kutuphane.kitapekle}, navColorWin=Window{b7b0b62 u0 com.example.kutuphane/com.example.kutuphane.kitapekle}, caller=com.android.server.wm.DisplayPolicy.finishPostLayoutPolicyLw:17 com.android.server.wm.RootWindowContainer.applySurfaceChangesTransaction$1:195 com.android.server.wm.RootWindowContainer.performSurfacePlacementNoTrace:59 
03-15 13:56:50.672 12320 12354 D WindowManager: updateSystemBarAttributes, bhv=1, apr=16, statusBarAprRegions=[AppearanceRegion{ bounds=[0,0][1080,2340]}], requestedVisibilities=-1
03-15 13:56:50.674 12757 23432 V WindowManagerShell: onTransitionReady(transaction=52913997108194)
03-15 13:56:50.674 12320 12353 D BBA2    : updateWindowVisible for pid : 23334, visible : 1
03-15 13:56:50.674 12320 12350 D [secipm]: mSecIpmManager report to nap
03-15 13:56:50.674 12320 12353 D PowerManagerService: [api] setScreenDimDurationOverrideFromWindowManagerInternal: timeoutMillis: -1
03-15 13:56:50.675 12757 12829 V WindowManagerShell: onTransitionReady (#293) android.os.BinderProxy@9ed693c: {id=293 t=TO_FRONT f=0x0 trk=0 r=[0@Point(0, 0)] c=[
03-15 13:56:50.675 12757 12829 V WindowManagerShell:         {m=TO_FRONT f=MOVE_TO_TOP leash=Surface(name=Task=609)/@0x7739f4b sb=Rect(0, 0 - 1080, 2340) eb=Rect(0, 0 - 1080, 2340) epz=Point(1080, 2340) d=0 taskParent=-1 opt={t=CUSTOM overrideTask=true enterResId=0 changeResId=0 exitResId=0 mUserId=0} inset=Rect(0, 80 - 0, 39) dim=true},
03-15 13:56:50.675 12757 12829 V WindowManagerShell:         {m=TO_BACK f=SHOW_WALLPAPER|EDGE_EXTENSION_RESTRICTION leash=Surface(name=Task=1)/@0x5c5dd28 sb=Rect(0, 0 - 1080, 2340) eb=Rect(0, 0 - 1080, 2340) epz=Point(1080, 2340) d=0 taskParent=-1 opt={t=CUSTOM overrideTask=true enterResId=0 changeResId=0 exitResId=0 mUserId=0} inset=Rect(0, 80 - 0, 39)},
03-15 13:56:50.675 12757 12829 V WindowManagerShell:         {m=TO_BACK f=SHOW_WALLPAPER|EDGE_EXTENSION_RESTRICTION leash=Surface(name=Task=596)/@0x3918a41 sb=Rect(0, 0 - 1080, 2340) eb=Rect(0, 0 - 1080, 2340) epz=Point(1080, 2340) d=0 taskParent=-1 opt={t=CUSTOM overrideTask=true enterResId=0 changeResId=0 exitResId=0 mUserId=0} inset=Rect(0, 80 - 0, 39)},
03-15 13:56:50.675 12757 12829 V WindowManagerShell:         {m=TO_BACK f=IS_WALLPAPER p=WCT{android.window.IWindowContainerToken$Stub$Proxy@2fa3d4} leash=Surface(name=WallpaperWindowToken{384c472 showWhenLocked=false})/@0xc5ddbe6 sb=Rect(0, 0 - 1080, 2340) eb=Rect(0, 0 - 1080, 2340) epz=Point(1080, 2340) d=0 inset=Rect(0, 0 - 0, 0)}
03-15 13:56:50.675 12757 12829 V WindowManagerShell:     ]}
03-15 13:56:50.677 12757 12829 V ShellDesktopMode: DesktopModeLogger: taskInfo map after processing changes 0
03-15 13:56:50.677 12757 12829 D ShellDesktopMode: DesktopTaskChangeListener: onTaskMovingToFront for taskId=609, displayId=0
03-15 13:56:50.677 12320 12350 V WindowManager: Sent Transition (#293) createdAt=03-15 13:56:50.618 via request=TransitionRequestInfo { type = TO_FRONT, triggerTask = TaskInfo{userId=0 taskId=609 effectiveUid=10286 displayId=0 isRunning=true baseIntent=Intent { act=android.intent.action.MAIN cat=[android.intent.category.LAUNCHER] flg=0x10200000 cmp=com.example.kutuphane/.MainActivity } baseActivity=ComponentInfo{com.example.kutuphane/com.example.kutuphane.goster} topActivity=ComponentInfo{com.example.kutuphane/com.example.kutuphane.kitapekle} origActivity=null realActivity=ComponentInfo{com.example.kutuphane/com.example.kutuphane.MainActivity} numActivities=3 lastActiveTime=241489221 supportsMultiWindow=true resizeMode=1 isResizeable=true minWidth=-1 minHeight=-1 maxWidth=-1 maxHeight=-1 defaultMinSize=220 desktopDefaultMinSize=304 token=WCT{RemoteToken{2dc67f3 Task{5ede90c #609 type=standard A=10286:com.example.kutuphane}}} topActivityType=1 pictureInPictureParams=null shouldDockBigOverlays=false launchIntoPipHostTaskId=-1 lastParentTaskIdBeforePip=-1 displayCutoutSafeInsets=Rect(0, 80 - 0, 0) topActivityInfo=ActivityInfo{9262747 com.example.kutuphane.kitapekle} launchCookies=[android.os.BinderProxy@8b4998d, android.os.BinderProxy@ad71aae] positionInParent=Point(0, 0) parentTaskId=-1 isFocused=false isVisible=false isVisibleRequested=false isTopActivityNoDisplay=false isSleeping=false locusId=null displayAreaFeatureId=1 isTopActivityTransparent=false isActivityStackTransparent=false lastNonFullscreenBounds=Rect(81, 605 - 999, 1775) capturedLink=null capturedLinkTimestamp=0 requestedVisibleTypes=-1 topActivityRequestOpenInBrowserEducationTimestamp=0 appCompatTaskInfo=AppCompatTaskInfo { topActivityInSizeCompat=false eligibleForLetterboxEducation= false isLetterboxEducationEnabled= false isLetterboxDoubleTapEnabled= false eligibleForUserAspectRatioButton= false topActivityBoundsLetterboxed= false isFromLetterboxDoubleTap= false topActivityLetterboxVerticalPosition= -1 topActivityLetterboxHorizontalPosition= -1 topActivityLetterboxWidth=-1 topActivityLetterboxHeight=-1 topActivityAppBounds=Rect(0, 80 - 1080, 2301) isUserFullscreenOverrideEnabled=false isSystemFullscreenOverrideEnabled=false hasMinAspectRatioOverride=false topActivityLetterboxBounds=null cameraCompatTaskInfo=CameraCompatTaskInfo { freeformCameraCompatMode=inactive} topActivityBounds=null topActivityInDisplayCompat=false singleTapFromLetterbox=false} topActivityMainWindowFrame=null originallySupportedMultiWindow=true hasWallpaper=false rootAffinity=10286:com.example.kutuphane isTopTaskInStage=false CoverLauncherWidgetTask=false LaunchedFromAppsCoverLauncherTask=false LaunchedFromMultistarCoverLauncherTask=false isAllowedSeamlessRotation=false isTopTransparentActivity=false isAliasManaged=false hasConfigChanged=false snappingGuideBounds=null isAiKeyRemoveAppTask=false lastDesktopWindowingBounds=null lastExternalDesktopWindowingBounds=null safeCutoutInsets=null}, pipChange = null, remoteTransition = null, displayChange = null, flags = 0, debugId = 293 }
03-15 13:56:50.677 12320 12350 V WindowManager:     startWCT=WindowContainerTransaction { changes= {} hops= [] errorCallbackToken=null taskFragmentOrganizer=null }
03-15 13:56:50.678 12320 12350 V WindowManager:     info={id=293 t=TO_FRONT f=0x0 trk=0 r=[0@Point(0, 0)] c=[
03-15 13:56:50.678 12320 12350 V WindowManager:         {WCT{RemoteToken{2dc67f3 Task{5ede90c #609 type=standard A=10286:com.example.kutuphane}}} m=TO_FRONT f=MOVE_TO_TOP leash=Surface(name=Task=609)/@0xa252d sb=Rect(0, 0 - 1080, 2340) eb=Rect(0, 0 - 1080, 2340) epz=Point(1080, 2340) d=0 taskParent=-1 opt={t=CUSTOM overrideTask=true enterResId=0 changeResId=0 exitResId=0 mUserId=0} inset=Rect(0, 80 - 0, 39) dim=true},
03-15 13:56:50.678 12320 12350 V WindowManager:         {WCT{RemoteToken{9720ccf Task{3cba496 #1 type=home}}} m=TO_BACK f=SHOW_WALLPAPER|EDGE_EXTENSION_RESTRICTION leash=Surface(name=Task=1)/@0xd813e23 sb=Rect(0, 0 - 1080, 2340) eb=Rect(0, 0 - 1080, 2340) epz=Point(1080, 2340) d=0 taskParent=-1 opt={t=CUSTOM overrideTask=true enterResId=0 changeResId=0 exitResId=0 mUserId=0} inset=Rect(0, 80 - 0, 39)},
03-15 13:56:50.678 12320 12350 V WindowManager:         {WCT{RemoteToken{8e7b347 Task{cbde905 #596 type=recents I=com.sec.android.app.launcher/com.android.quickstep.RecentsActivity}}} m=TO_BACK f=SHOW_WALLPAPER|EDGE_EXTENSION_RESTRICTION leash=Surface(name=Task=596)/@0x9e4e361 sb=Rect(0, 0 - 1080, 2340) eb=Rect(0, 0 - 1080, 2340) epz=Point(1080, 2340) d=0 taskParent=-1 opt={t=CUSTOM overrideTask=true enterResId=0 changeResId=0 exitResId=0 mUserId=0} inset=Rect(0, 80 - 0, 39)},
03-15 13:56:50.678 12320 12350 V WindowManager:         {m=TO_BACK f=IS_WALLPAPER p=WCT{RemoteToken{e1c459c RemoteWallpaperAnim:1:1@264671916}} leash=Surface(name=WallpaperWindowToken{384c472 showWhenLocked=false})/@0xaa6efa9 sb=Rect(0, 0 - 1080, 2340) eb=Rect(0, 0 - 1080, 2340) epz=Point(1080, 2340) d=0 inset=Rect(0, 0 - 0, 0)}
03-15 13:56:50.678 12320 12350 V WindowManager:     ]}
03-15 13:56:50.678 12757 12829 V WindowManagerShell: Transition (#293) android.os.BinderProxy@9ed693c@0 ready while (#292) android.os.BinderProxy@be55ac8@0 is still animating. Notify the animating transition in case they can be merged
03-15 13:56:50.678 12757 12829 V ShellRecents: [16828257] RecentsController.merge
03-15 13:56:50.678 12757 12829 V ShellRecents:   closing pausing taskId=1
03-15 13:56:50.680 12757 12829 V ShellRecents:   opening new leaf taskId=609 wasClosing=false
03-15 13:56:50.680 12757 12829 V ShellRecents: [16828257] RecentsController.merge: empty pausing tasks
03-15 13:56:50.680 12757 12829 V ShellRecents: [16828257] RecentsController.merge: consuming merge
03-15 13:56:50.681 12757 12829 V WindowManagerShell: Transition was merged: (#293) android.os.BinderProxy@9ed693c@0 into (#292) android.os.BinderProxy@be55ac8@0
03-15 13:56:50.682 12757 12829 V ShellRecents: [16828257] RecentsController.merge: calling onTasksAppeared
03-15 13:56:50.690 12757 12829 V ShellRecents: [16828257] RecentsController.finishInner: toHome=false userLeave=false willFinishToHome=false state=1 hasPausingTasks=true reason=requested
03-15 13:56:50.690 12757 12829 V ShellRecents:   switch task by recents on 3p home
03-15 13:56:50.690 12757 12829 V ShellRecents:   normal finish
03-15 13:56:50.691 12757 12829 V ShellRecents: [16828257] RecentsController.finishInner: Completing finish
03-15 13:56:50.691 12757 12829 V ShellRecents: [16828257] RecentsController.cleanup
03-15 13:56:50.691 12757 12829 V ShellDesktopMode: DesktopTasksController: Recents transition state changed: TRANSITION_STATE_NOT_RUNNING
03-15 13:56:50.692 12757 12829 V WindowManagerShell: Transition animation finished (aborted=false), notifying core (#292) android.os.BinderProxy@be55ac8@0
03-15 13:56:50.694 12320 12902 E TransitionChain: Can't collect into a chain with no transition
03-15 13:56:50.695 12320 12902 V WindowManager: Finish Transition: TransitionRecord{41a5b15 id=292 type=TO_FRONT flags=0x80 c=[
03-15 13:56:50.695 12320 12902 V WindowManager:    ChangeInfo{b4a3a0b container=DefaultTaskDisplayArea_d0@21689571 flags=0x0}
03-15 13:56:50.695 12320 12902 V WindowManager:    ChangeInfo{bcc40e8 container=ActivityRecord{48835708 u0 com.sec.android.app.launcher/com.android.quickstep.RecentsActivity t596} flags=0x0}
03-15 13:56:50.695 12320 12902 V WindowManager:    ChangeInfo{d2e8301 container=WallpaperWindowToken{384c472 showWhenLocked=false}_<system> flags=0x0}
03-15 13:56:50.695 12320 12902 V WindowManager:    ChangeInfo{c7e45a6 container=Task{3cba496 #1 type=home} flags=0x14}
03-15 13:56:50.695 12320 12902 V WindowManager:    ChangeInfo{f606be7 container=WallpaperWindowToken{86131fa showWhenLocked=true}_<lock> flags=0x0}
03-15 13:56:50.695 12320 12902 V WindowManager:    ChangeInfo{8988394 container=TransientLaunchOverlayToken{af55f9c token=android.os.BinderProxy@dc6930f} flags=0x0}
03-15 13:56:50.695 12320 12902 V WindowManager:    ChangeInfo{97f4e3d container=Display{#0 state=ON size=1080x2340 ROTATION_0} flags=0x0}
03-15 13:56:50.695 12320 12902 V WindowManager:    ChangeInfo{5391632 container=Task{cbde905 #596 type=recents I=com.sec.android.app.launcher/com.android.quickstep.RecentsActivity} flags=0x30}
03-15 13:56:50.695 12320 12902 V WindowManager:    ChangeInfo{abddf83 container=Task{fc17dcd #593 type=home I=com.sec.android.app.launcher/.activities.LauncherActivity} flags=0x4}
03-15 13:56:50.695 12320 12902 V WindowManager:    ChangeInfo{f444500 container=RemoteWallpaperAnim:1:1@264671916 flags=0x0}
03-15 13:56:50.695 12320 12902 V WindowManager: ]
03-15 13:56:50.695 12320 12902 V WindowManager: }, caller=com.android.server.wm.WindowOrganizerController.finishTransitionInner:31 com.android.server.wm.WindowOrganizerController.finishAllTransitions:60 android.window.IWindowOrganizerController$Stub.onTransact:283 
03-15 13:56:50.695 12320 12350 V WindowManager: Finish Transition (#292): created at 03-15 13:56:49.839 collect-started=0.47ms started=0.628ms ready=7.114ms sent=74.799ms commit=19.53ms finished=856.006ms
03-15 13:56:50.695 12320 12902 V WindowManager: Setting visibility of Window{7b4c344 u0 com.sec.android.app.launcher/com.sec.android.app.launcher.activities.LauncherActivity}: false, caller=com.android.server.wm.WindowContainer.sendAppVisibilityToClients:19 com.android.server.wm.WindowToken.setClientVisible:48 com.android.server.wm.ActivityRecord.commitVisibility:186 com.android.server.wm.TransitionController.finishTransition:846 com.android.server.wm.WindowOrganizerController.finishTransitionInner:31 
03-15 13:56:50.696 12320 12902 V WindowManager: Setting visibility of Window{3df34fd u0 com.sec.android.app.launcher/com.sec.android.app.launcher.activities.LauncherActivity}: false, caller=com.android.server.wm.WindowContainer.sendAppVisibilityToClients:19 com.android.server.wm.WindowToken.setClientVisible:48 com.android.server.wm.ActivityRecord.commitVisibility:186 com.android.server.wm.TransitionController.finishTransition:846 com.android.server.wm.WindowOrganizerController.finishTransitionInner:31 
03-15 13:56:50.696 12320 12902 I TransientLaunchOverlayToken: setVisibility, visible=false, t=TransientLaunchOverlayToken{af55f9c token=android.os.BinderProxy@dc6930f}, caller=com.android.server.wm.TransitionController.finishTransition:995 com.android.server.wm.WindowOrganizerController.finishTransitionInner:31 com.android.server.wm.WindowOrganizerController.finishAllTransitions:60 
03-15 13:56:50.696 12320 12902 D WindowManager: setActiveRecents, recents=null, task=null, caller=com.android.server.wm.InputMonitor.setActiveRecents:33 com.android.server.wm.TransitionController.finishTransition:1699 com.android.server.wm.WindowOrganizerController.finishTransitionInner:31 
03-15 13:56:50.696 12320 12505 V InputMethodManagerService: IME window vis: 0 active: 0 visible: 0 displayId: 0
03-15 13:56:50.696 12320 12505 D InputMethodManagerService: isImeSwitcherDisabledPackage : false
03-15 13:56:50.697 12320 12902 D ChangeTransitionController: onTransitionFinished: TransitionRecord{41a5b15 id=292 type=TO_FRONT flags=0x80 c=[
03-15 13:56:50.697 12320 12902 D ChangeTransitionController:    ChangeInfo{b4a3a0b container=DefaultTaskDisplayArea_d0@21689571 flags=0x0}
03-15 13:56:50.697 12320 12902 D ChangeTransitionController:    ChangeInfo{bcc40e8 container=ActivityRecord{48835708 u0 com.sec.android.app.launcher/com.android.quickstep.RecentsActivity t596} flags=0x0}
03-15 13:56:50.697 12320 12902 D ChangeTransitionController:    ChangeInfo{d2e8301 container=WallpaperWindowToken{384c472 showWhenLocked=false}_<system> flags=0x0}
03-15 13:56:50.697 12320 12902 D ChangeTransitionController:    ChangeInfo{c7e45a6 container=Task{3cba496 #1 type=home} flags=0x14}
03-15 13:56:50.697 12320 12902 D ChangeTransitionController:    ChangeInfo{f606be7 container=WallpaperWindowToken{86131fa showWhenLocked=true}_<lock> flags=0x0}
03-15 13:56:50.697 12320 12902 D ChangeTransitionController:    ChangeInfo{8988394 container=TransientLaunchOverlayToken{af55f9c token=android.os.BinderProxy@dc6930f} flags=0x0}
03-15 13:56:50.697 12320 12902 D ChangeTransitionController:    ChangeInfo{97f4e3d container=Display{#0 state=ON size=1080x2340 ROTATION_0} flags=0x0}
03-15 13:56:50.697 12320 12902 D ChangeTransitionController:    ChangeInfo{5391632 container=Task{cbde905 #596 type=recents I=com.sec.android.app.launcher/com.android.quickstep.RecentsActivity} flags=0x30}
03-15 13:56:50.697 12320 12902 D ChangeTransitionController:    ChangeInfo{abddf83 container=Task{fc17dcd #593 type=home I=com.sec.android.app.launcher/.activities.LauncherActivity} flags=0x4}
03-15 13:56:50.697 12320 12902 D ChangeTransitionController:    ChangeInfo{f444500 container=RemoteWallpaperAnim:1:1@264671916 flags=0x0}
03-15 13:56:50.697 12320 12902 D ChangeTransitionController: ]
03-15 13:56:50.697 12320 12902 D ChangeTransitionController: }
03-15 13:56:50.697 12320 12902 V WindowManager: Finish Transition: TransitionRecord{c3ad865 id=293 type=TO_FRONT flags=0x0 c=[
03-15 13:56:50.697 12320 12902 V WindowManager:    ChangeInfo{61b193a container=DefaultTaskDisplayArea_d0@21689571 flags=0x0}
03-15 13:56:50.697 12320 12902 V WindowManager:    ChangeInfo{2578de container=ActivityRecord{48835708 u0 com.sec.android.app.launcher/com.android.quickstep.RecentsActivity t596} flags=0x0}
03-15 13:56:50.697 12320 12902 V WindowManager:    ChangeInfo{47c4abf container=WallpaperWindowToken{384c472 showWhenLocked=false}_<system> flags=0x0}
03-15 13:56:50.697 12320 12902 V WindowManager:    ChangeInfo{66c358c container=Task{3cba496 #1 type=home} flags=0x10}
03-15 13:56:50.697 12320 12902 V WindowManager:    ChangeInfo{aaba4d5 container=ActivityRecord{70907090 u0 com.sec.android.app.launcher/.activities.LauncherActivity t593} flags=0x0}
03-15 13:56:50.697 12320 12902 V WindowManager:    ChangeInfo{81599eb container=Task{5ede90c #609 type=standard A=10286:com.example.kutuphane} flags=0x30}
03-15 13:56:50.697 12320 12902 V WindowManager:    ChangeInfo{90c44ea container=WallpaperWindowToken{86131fa showWhenLocked=true}_<lock> flags=0x0}
03-15 13:56:50.697 12320 12902 V WindowManager:    ChangeInfo{cda5348 container=Display{#0 state=ON size=1080x2340 ROTATION_0} flags=0x0}
03-15 13:56:50.697 12320 12902 V WindowManager:    ChangeInfo{e34d3db container=ActivityRecord{206451061 u0 com.example.kutuphane/.kitapekle t609} flags=0x0}
03-15 13:56:50.697 12320 12902 V WindowManager:    ChangeInfo{b6d1e78 container=Task{cbde905 #596 type=recents I=com.sec.android.app.launcher/com.android.quickstep.RecentsActivity} flags=0x10}
03-15 13:56:50.697 12320 12902 V WindowManager:    ChangeInfo{58eb951 container=Task{fc17dcd #593 type=home I=com.sec.android.app.launcher/.activities.LauncherActivity} flags=0x10}
03-15 13:56:50.697 12320 12902 V WindowManager:    ChangeInfo{fe1c5b6 container=RemoteWallpaperAnim:1:1@264671916 flags=0x0}
03-15 13:56:50.697 12320 12902 V WindowManager: ]
03-15 13:56:50.697 12320 12902 V WindowManager: }, caller=com.android.server.wm.WindowOrganizerController.finishTransitionInner:31 com.android.server.wm.WindowOrganizerController.finishAllTransitions:77 android.window.IWindowOrganizerController$Stub.onTransact:283 
03-15 13:56:50.697 12320 12350 V WindowManager: Finish Transition (#293): created at 03-15 13:56:50.618 collect-started=0.603ms request-sent=2.39ms started=7.057ms ready=16.737ms sent=52.822ms commit=16.424ms finished=79.325ms
03-15 13:56:50.699 12320 12902 V WindowManager: Setting visibility of Window{54ad81e u0 com.android.systemui.wallpapers.ImageWallpaper}: false, caller=com.android.server.wm.WindowContainer.sendAppVisibilityToClients:19 com.android.server.wm.WindowToken.setClientVisible:48 com.android.server.wm.WallpaperWindowToken.setVisible$1:3 com.android.server.wm.WallpaperWindowToken.commitVisibility:48 com.android.server.wm.TransitionController.finishTransition:1252 
03-15 13:56:50.700 12320 12902 D ChangeTransitionController: onTransitionFinished: TransitionRecord{c3ad865 id=293 type=TO_FRONT flags=0x0 c=[
03-15 13:56:50.700 12320 12902 D ChangeTransitionController:    ChangeInfo{61b193a container=DefaultTaskDisplayArea_d0@21689571 flags=0x0}
03-15 13:56:50.700 12320 12902 D ChangeTransitionController:    ChangeInfo{2578de container=ActivityRecord{48835708 u0 com.sec.android.app.launcher/com.android.quickstep.RecentsActivity t596} flags=0x0}
03-15 13:56:50.700 12320 12902 D ChangeTransitionController:    ChangeInfo{47c4abf container=WallpaperWindowToken{384c472 showWhenLocked=false}_<system> flags=0x0}
03-15 13:56:50.700 12320 12902 D ChangeTransitionController:    ChangeInfo{66c358c container=Task{3cba496 #1 type=home} flags=0x10}
03-15 13:56:50.700 12320 12902 D ChangeTransitionController:    ChangeInfo{aaba4d5 container=ActivityRecord{70907090 u0 com.sec.android.app.launcher/.activities.LauncherActivity t593} flags=0x0}
03-15 13:56:50.700 12320 12902 D ChangeTransitionController:    ChangeInfo{81599eb container=Task{5ede90c #609 type=standard A=10286:com.example.kutuphane} flags=0x30}
03-15 13:56:50.700 12320 12902 D ChangeTransitionController:    ChangeInfo{90c44ea container=WallpaperWindowToken{86131fa showWhenLocked=true}_<lock> flags=0x0}
03-15 13:56:50.700 12320 12902 D ChangeTransitionController:    ChangeInfo{cda5348 container=Display{#0 state=ON size=1080x2340 ROTATION_0} flags=0x0}
03-15 13:56:50.700 12320 12902 D ChangeTransitionController:    ChangeInfo{e34d3db container=ActivityRecord{206451061 u0 com.example.kutuphane/.kitapekle t609} flags=0x0}
03-15 13:56:50.700 12320 12902 D ChangeTransitionController:    ChangeInfo{b6d1e78 container=Task{cbde905 #596 type=recents I=com.sec.android.app.launcher/com.android.quickstep.RecentsActivity} flags=0x10}
03-15 13:56:50.700 12320 12902 D ChangeTransitionController:    ChangeInfo{58eb951 container=Task{fc17dcd #593 type=home I=com.sec.android.app.launcher/.activities.LauncherActivity} flags=0x10}
03-15 13:56:50.700 12320 12902 D ChangeTransitionController:    ChangeInfo{fe1c5b6 container=RemoteWallpaperAnim:1:1@264671916 flags=0x0}
03-15 13:56:50.700 12320 12902 D ChangeTransitionController: ]
03-15 13:56:50.700 12320 12902 D ChangeTransitionController: }
03-15 13:56:50.702 12757 12829 V WindowManagerShell: Track 0 became idle
03-15 13:56:50.702 12757 12829 V WindowManagerShell: All active transition animations finished
03-15 13:56:50.702 12757 12829 V ShellRecents: [16828257] RecentsController.finishInner: calling finish callback
03-15 13:56:50.703 12320 12347 D FreeformController: beginPostLayoutPolicyLw: forceHideRequester changed, old=Window{7e3512b u0 RecentsTransitionOverlay}, new=null
03-15 13:56:50.703 12320 12347 D FreeformController: setBlockToAddForceHideFreeformTasks: blockToAddForceHide=false, Caller=com.android.server.wm.DisplayPolicy.beginPostLayoutPolicyLw:142
03-15 13:56:50.716 12320 12505 V InputMethodManagerService: startInputOrWindowGainedFocusInternalLocked: reason=WINDOW_FOCUS_GAIN client=android.os.BinderProxy@9159e84 inputContext=com.android.internal.inputmethod.IRemoteInputConnection$Stub$Proxy@bbc8742 editorInfo=android.view.inputmethod.EditorInfo@f87e353 startInputFlags=VIEW_HAS_FOCUS|IS_TEXT_EDITOR|INITIAL_CONNECTION softInputMode=STATE_UNSPECIFIED|ADJUST_PAN|IS_FORWARD_NAVIGATION windowFlags=#81810100 unverifiedTargetSdkVersion=31 bindingController=com.android.server.inputmethod.InputMethodBindingController@1cc1bc1 imeDispatcher=android.window.ImeOnBackInvokedDispatcher@9514490 cs=ClientState{ad93295 mUid=10286 mPid=23334 mSelfReportedDisplayId=0} imeRequestedVisible=true
03-15 13:56:50.716 12320 12505 V InputMethodManagerService: startInputOrWindowGainedFocusInternalLocked: reason=WINDOW_FOCUS_GAIN clientState=ad93295 editorInfo=android.view.inputmethod.EditorInfo@f87e353 startInputFlags=VIEW_HAS_FOCUS|IS_TEXT_EDITOR|INITIAL_CONNECTION softInputMode=STATE_UNSPECIFIED|ADJUST_PAN|IS_FORWARD_NAVIGATION windowFlags=#81810100 sameWindowFocused=false
03-15 13:56:50.716 12320 12505 V InputMethodManagerService: setWindowStateInner, windowToken=android.os.BinderProxy@d481a2d, state=ImeTargetWindowState{ imeToken null imeFocusChanged true hasEditorFocused true requestedImeVisible true imeDisplayId 0 softInputModeState STATE_UNSPECIFIED|ADJUST_PAN|IS_FORWARD_NAVIGATION isStartInputByGainFocus true}
03-15 13:56:50.716 12320 12505 V InputMethodManagerService: Will show input to restore visibility
03-15 13:56:50.716 12320 12505 V InputMethodManagerService: setWindowStateInner, windowToken=android.os.BinderProxy@d481a2d, state=ImeTargetWindowState{ imeToken null imeFocusChanged true hasEditorFocused true requestedImeVisible true imeDisplayId 0 softInputModeState STATE_UNSPECIFIED|ADJUST_PAN|IS_FORWARD_NAVIGATION isStartInputByGainFocus true}
03-15 13:56:50.716 12320 12505 D SemInputMethodManagerServiceUtil: restorePreviousUsedInputMethod : failed to return the previous ime becuase the stored info is null or do not need restore
03-15 13:56:50.717 12320 12505 V InputMethodManagerService: semComputeImeDisplayIdForTarget: displayToShowIme=0
03-15 13:56:50.717 12320 12505 V InputMethodManagerService: unbindCurrentInputLocked: client=android.os.BinderProxy@469731a
03-15 13:56:50.717 12320 12505 V InputMethodManagerService: Creating new accessibility sessions for client ClientState{ad93295 mUid=10286 mPid=23334 mSelfReportedDisplayId=0}
03-15 13:56:50.718 12320 12505 D InputMethodManagerService: isImeSwitcherDisabledPackage : false
03-15 13:56:50.718 12320 12505 V InputMethodManagerService: Disabling: SessionState{uid=10135 pid=13277 method=655539e session=c02ee7f channel=ClientState{b6792a7 mUid=10135 mPid=13277 mSelfReportedDisplayId=0} userId=0}
