03-15 13:56:49.289 12320 12351 D ActivityTaskManager: TaskLaunchParamsModifier:task=null activity=ActivityRecord{6544733 u0 com.sec.android.app.launcher/.activities.LauncherActivity t-1} display-area-token-from-option=DefaultTaskDisplayArea_d0@21689571 display-id=0 task-display-area-windowing-mode=1 suggested-display-area=DefaultTaskDisplayArea_d0@21689571
03-15 13:56:49.290 12320 12351 D ActivityTaskManager: DesktopModeLaunchParamsModifier: task=Task{fc17dcd #593 type=home I=com.sec.android.app.launcher/.activities.LauncherActivity} activity=ActivityRecord{6544733 u0 com.sec.android.app.launcher/.activities.LauncherActivity t-1} non-desktop, skipping
03-15 13:56:49.290 12320 12351 D ActivityTaskManager: TaskLaunchParamsModifier:task=Task{fc17dcd #593 type=home I=com.sec.android.app.launcher/.activities.LauncherActivity} activity=ActivityRecord{6544733 u0 com.sec.android.app.launcher/.activities.LauncherActivity t-1} display-area-token-from-option=DefaultTaskDisplayArea_d0@21689571 display-id=0 task-display-area-windowing-mode=1 suggested-display-area=DefaultTaskDisplayArea_d0@21689571 non-freeform-task-display-area display-area=DefaultTaskDisplayArea_d0@21689571 default-portrait freeform-size-mismatch=Rect(81, 605 - 999, 1775)
03-15 13:56:49.290 12320 12351 D ActivityTaskManager: DesktopModeLaunchParamsModifier: task=Task{fc17dcd #593 type=home I=com.sec.android.app.launcher/.activities.LauncherActivity} activity=ActivityRecord{6544733 u0 com.sec.android.app.launcher/.activities.LauncherActivity t-1} non-desktop, skipping
03-15 13:56:49.291 12320 12351 D ActivityTaskManager: TaskLaunchParamsModifier:task=Task{fc17dcd #593 type=home I=com.sec.android.app.launcher/.activities.LauncherActivity} activity=ActivityRecord{6544733 u0 com.sec.android.app.launcher/.activities.LauncherActivity t-1} display-area-token-from-option=DefaultTaskDisplayArea_d0@21689571 display-id=0 task-display-area-windowing-mode=1 suggested-display-area=DefaultTaskDisplayArea_d0@21689571 non-freeform-task-display-area display-area=DefaultTaskDisplayArea_d0@21689571 default-portrait freeform-size-mismatch=Rect(81, 605 - 999, 1775)
03-15 13:56:49.292 12320 12351 D WindowManager: Aborting Transition: 291 in state 0 called from com.android.server.wm.ActivityStarter.handleStartResult:881
03-15 13:56:49.292 12320 12351 V WindowManager: SyncGroup 291: Finished!
03-15 13:56:49.292 12320 12351 D PhoneWindowManager: transition/occluded commit occluded=false changed=false
03-15 13:56:49.292 12320 12351 D PhoneWindowManager: setKeyguardOccluded occluded=false
03-15 13:56:49.293 12320 12351 I Pageboost: stop alp
03-15 13:56:49.294 12320 12351 I ActivityTaskManager: START u0 {act=android.intent.action.MAIN cat=[android.intent.category.HOME] flg=0x10000100 cmp=com.sec.android.app.launcher/.activities.LauncherActivity (has extras)} with LAUNCH_SINGLE_TASK from uid 0 (BAL_ALLOW_ALLOWLISTED_UID) result code=3
03-15 13:56:49.295 12757 12829 D WindowManagerShell: onActivityRestartAttempt: topActivity=ComponentInfo{com.sec.android.app.launcher/com.sec.android.app.launcher.Launcher}, wasVisible=true
03-15 13:56:49.304 12757 12757 V ShellDragAndDrop: Receive android.intent.action.CLOSE_SYSTEM_DIALOGS
03-15 13:56:49.305 12757 12829 V ShellDragAndDrop: Do not update drop target window visibility: window is already set to 4.
03-15 13:56:49.504 12320 12363 I ActivityManager: Changes in 10105 7 to 15, 128 to 0
03-15 13:56:49.724 12320 12485 D PowerManagerService: [api] userActivityFromNative : touch displayId=0 eventTime=117294152
03-15 13:56:49.775 12320 12581 W DeviceStorageMonitorService: updateBroadcasts(/data) oldLevel:0, newLevel:0, seq:1
03-15 13:56:49.776 12320 12581 D DeviceStorageMonitorService: Available File Node Number is [12579488]
03-15 13:56:49.776 12320 12581 W DeviceStorageMonitorService: updateBroadcasts_filenode(/data) fn_oldLevel:0, fn_newLevel:0, seq:1
03-15 13:56:49.837 12757 12829 V ShellDesktopMode: DesktopTasksController: Recents transition state changed: TRANSITION_STATE_REQUESTED
03-15 13:56:49.837 12757 12829 V ShellRecents: RecentsTransitionHandler.startRecentsTransition
03-15 13:56:49.838 12757 12829 V WindowManagerShell: Directly starting a new transition type=TO_FRONT wct=WindowContainerTransaction { changes= {} hops= [{pendingIntent: options=Bundle[{android.activity.splashScreenStyle=-1, android.activity.sourceInfo=Supplier{VAL_PARCELABLE@148+104}, android:activity.isMlLaunch=-1, android.activity.splitTaskDeferResume=false, android.pendingIntent.backgroundActivityAllowed=1, android:activity.isActiveLaunch=false, android.activity.launchTypeDnD=false, android:activity.startedFromWindowTypeLauncher=false, android.activity.launchDisplayId=0, android:activity.unhandledDropLaunch=false, android:activity.launchInFocusedStageRoot=false, android:activity.animAbortListener=null, android.activity.disableSplashScreen=false, android.activity.startAssistantActivity=false, android.activity.applySystemModalPolicy=false, android:activity.applyBigFreeformSize=false, android.activity.enterPipWhileLaunching=false, android.activity.splitPosition=0, android.activity.preserveTaskWindowingMode=false, android:activity.enterSplitSideWithAdjacentFlag=0, android.activity.transientLaunch=true}]}] errorCallbackToken=null taskFragmentOrganizer=null } handler=com.android.wm.shell.recents.RecentsTransitionHandler@f5163b0
03-15 13:56:49.839 12320 12347 D WindowManager: Transition is created, t=TransitionRecord{41a5b15 id=-1 type=TO_FRONT flags=0x0}, caller=com.android.server.wm.Transition.<init>:182 com.android.server.wm.WindowOrganizerController.startTransition:18 com.android.server.wm.WindowOrganizerController.startNewTransition:2 android.window.IWindowOrganizerController$Stub.onTransact:247 com.android.server.wm.WindowOrganizerController.onTransact:1 
03-15 13:56:49.839 12320 12347 V WindowManager: Starting a Recents transition which can be parallel.
03-15 13:56:49.839 12320 12347 D BLASTSyncEngine: SyncGroup is created, id=292, name=Transition-TO_FRONT, caller=com.android.server.wm.BLASTSyncEngine$SyncGroup.<init>:52 com.android.server.wm.TransitionController.moveToCollecting:79 com.android.server.wm.TransitionController.startCollectOrQueue:94 com.android.server.wm.WindowOrganizerController.startTransition:22 com.android.server.wm.WindowOrganizerController.startNewTransition:2 android.window.IWindowOrganizerController$Stub.onTransact:247 com.android.server.wm.WindowOrganizerController.onTransact:1 
03-15 13:56:49.839 12320 12347 W BLASTSyncEngine: setSyncMethod, id=292, method=0, caller=com.android.server.wm.TransitionController.moveToCollecting:91 com.android.server.wm.TransitionController.startCollectOrQueue:94 com.android.server.wm.WindowOrganizerController.startTransition:22 
03-15 13:56:49.839 12320 12347 V WindowManager: Start collecting in Transition: TransitionRecord{41a5b15 id=292 type=TO_FRONT flags=0x0}, caller=com.android.server.wm.TransitionController.startCollectOrQueue:94 com.android.server.wm.WindowOrganizerController.startTransition:22 com.android.server.wm.WindowOrganizerController.startNewTransition:2 android.window.IWindowOrganizerController$Stub.onTransact:247 com.android.server.wm.WindowOrganizerController.onTransact:1 
03-15 13:56:49.839 12320 12347 V WindowManager: Starting Transition 292, caller=com.android.server.wm.WindowOrganizerController$$ExternalSyntheticLambda5.onCollectStarted:16 com.android.server.wm.TransitionController.startCollectOrQueue:97 com.android.server.wm.WindowOrganizerController.startTransition:22 
03-15 13:56:49.840 12320 12347 V WindowManager: Collecting in transition 292: Task{fc17dcd #593 type=home I=com.sec.android.app.launcher/.activities.LauncherActivity}, caller=com.android.server.wm.Transition$$ExternalSyntheticLambda20.test:119 com.android.server.wm.Task.forAllTasks:4 com.android.server.wm.WindowContainer.forAllTasks:2 com.android.server.wm.Task.forAllTasks:3 com.android.server.wm.WindowContainer.forAllTasks:2 
03-15 13:56:49.840 12320 12347 D WindowManager: prepareSync <SYNC_STATE_WAITING_FOR_DRAW>, mPrepareSyncSeqId=0, win=Window{7b4c344 u0 com.sec.android.app.launcher/com.sec.android.app.launcher.activities.LauncherActivity}
03-15 13:56:49.840 12320 12347 D WindowManager: prepareSync <SYNC_STATE_WAITING_FOR_DRAW>, mPrepareSyncSeqId=0, win=Window{3df34fd u0 com.sec.android.app.launcher/com.sec.android.app.launcher.activities.LauncherActivity}
03-15 13:56:49.841 12320 12347 V WindowManager: Collecting in transition 292: WallpaperWindowToken{86131fa showWhenLocked=true}_<lock>, caller=com.android.server.wm.Transition.collect:387 com.android.server.wm.Transition$$ExternalSyntheticLambda20.test:119 com.android.server.wm.Task.forAllTasks:4 com.android.server.wm.WindowContainer.forAllTasks:2 com.android.server.wm.Task.forAllTasks:3 
03-15 13:56:49.841 12320 12347 V WindowManager: Collecting in transition 292: WallpaperWindowToken{384c472 showWhenLocked=false}_<system>, caller=com.android.server.wm.Transition.collect:410 com.android.server.wm.Transition$$ExternalSyntheticLambda20.test:119 com.android.server.wm.Task.forAllTasks:4 com.android.server.wm.WindowContainer.forAllTasks:2 com.android.server.wm.Task.forAllTasks:3 
03-15 13:56:49.841 12320 12347 V WindowManager: Transition 292: Set Task{3cba496 #1 type=home} as transient-hidden-task, caller=com.android.server.wm.Task.forAllTasks:4 com.android.server.wm.WindowContainer.forAllTasks:2 com.android.server.wm.DisplayArea.forAllTasks:9 
03-15 13:56:49.841 12320 12347 V WindowManager: Collecting in transition 292: TransientLaunchOverlayToken{af55f9c token=android.os.BinderProxy@dc6930f}, caller=com.android.server.wm.TransientLaunchOverlayToken.setVisibility:22 com.android.server.wm.Transition.setTransientLaunch:209 com.android.server.wm.ActivityStartController.startExistingRecents:191 com.android.server.wm.WindowOrganizerController.applyHierarchyOp:309 com.android.server.wm.WindowOrganizerController.applyTransaction:148 
03-15 13:56:49.841 12320 12347 D WindowManager: prepareSync <SYNC_STATE_WAITING_FOR_DRAW>, mPrepareSyncSeqId=0, win=Window{7e3512b u0 RecentsTransitionOverlay}
03-15 13:56:49.841 12320 12347 I TransientLaunchOverlayToken: setVisibility, visible=true, t=TransientLaunchOverlayToken{af55f9c token=android.os.BinderProxy@dc6930f}, caller=com.android.server.wm.Transition.setTransientLaunch:209 com.android.server.wm.ActivityStartController.startExistingRecents:191 com.android.server.wm.WindowOrganizerController.applyHierarchyOp:309 
03-15 13:56:49.841 12320 12347 V WindowManager: Transition 292: Set ActivityRecord{48835708 u0 com.sec.android.app.launcher/com.android.quickstep.RecentsActivity t596} as transient-launch, caller=com.android.server.wm.ActivityStartController.startExistingRecents:191 com.android.server.wm.WindowOrganizerController.applyHierarchyOp:309 com.android.server.wm.WindowOrganizerController.applyTransaction:148 
03-15 13:56:49.843 12320 12347 D ActivityManagerPerformance: AMP_acquire() ACT_RESUME
03-15 13:56:49.844 12320 12347 V WindowManager: Collecting in transition 292: ActivityRecord{48835708 u0 com.sec.android.app.launcher/com.android.quickstep.RecentsActivity t596}, caller=com.android.server.wm.TransitionController.collect:7 com.android.server.wm.ActivityRecord.setVisibility:132 com.android.server.wm.TaskFragment.resumeTopActivity:1662 com.android.server.wm.ActivityStartController.startExistingRecents:206 com.android.server.wm.WindowOrganizerController.applyHierarchyOp:309 
03-15 13:56:49.844 12320 12347 D WindowManager: prepareSync <SYNC_STATE_WAITING_FOR_DRAW>, mPrepareSyncSeqId=0, win=Window{4dfb408 u0 com.sec.android.app.launcher/com.android.quickstep.RecentsActivity}
03-15 13:56:49.844 12320 12347 V WindowManager: Setting visibility of Window{4dfb408 u0 com.sec.android.app.launcher/com.android.quickstep.RecentsActivity}: true, caller=com.android.server.wm.WindowContainer.sendAppVisibilityToClients:19 com.android.server.wm.WindowToken.setClientVisible:48 com.android.server.wm.ActivityRecord.setVisibility:486 com.android.server.wm.TaskFragment.resumeTopActivity:1662 com.android.server.wm.ActivityStartController.startExistingRecents:206 
03-15 13:56:49.844 12320 12347 V WindowManager: rotationForOrientation(orient=SCREEN_ORIENTATION_LOCKED (14), last=ROTATION_0 (0)); user=ROTATION_0 (0) USER_ROTATION_LOCKED
03-15 13:56:49.844 12320 12347 D WindowManager: rotationForOrientation, orientationSource=ActivityRecord{48835708 u0 com.sec.android.app.launcher/com.android.quickstep.RecentsActivity t596}
03-15 13:56:49.845 12320 12347 V WindowManager: Computed rotation=ROTATION_0 (0) for display id=0 based on lastOrientation=SCREEN_ORIENTATION_LOCKED (14) and oldRotation=ROTATION_0 (0), caller=com.android.server.wm.DisplayRotation.updateOrientation:79 com.android.server.wm.DisplayContent.updateOrientation:41 com.android.server.wm.DisplayContent.updateOrientationAndComputeConfig:48 com.android.server.wm.RootWindowContainer.ensureVisibilityAndConfig:7 com.android.server.wm.TaskFragment.resumeTopActivity:1724 com.android.server.wm.ActivityStartController.startExistingRecents:206 
03-15 13:56:49.846 12320 12347 D BLASTSyncEngine: SyncGroup 292: Set ready true, caller=com.android.server.wm.BLASTSyncEngine.setReady:32 com.android.server.wm.Transition.applyReady:54 com.android.server.wm.WindowOrganizerController.applyTransaction:175 com.android.server.wm.WindowOrganizerController.applyTransaction:16 com.android.server.wm.WindowOrganizerController$$ExternalSyntheticLambda5.onCollectStarted:27 com.android.server.wm.TransitionController.startCollectOrQueue:97 
03-15 13:56:49.846 12320 12347 D ActivityTaskManager: scheduleTopResumedActivityChanged, onTop=false, r=ActivityRecord{70907090 u0 com.sec.android.app.launcher/.activities.LauncherActivity t593}, caller=com.android.server.wm.ActivityTaskSupervisor.scheduleTopResumedActivityStateLossIfNeeded:19 com.android.server.wm.ActivityTaskSupervisor.endDeferResume:21 com.android.server.wm.WindowOrganizerController.applyTransaction:186 com.android.server.wm.WindowOrganizerController.applyTransaction:16 com.android.server.wm.WindowOrganizerController$$ExternalSyntheticLambda5.onCollectStarted:27 com.android.server.wm.TransitionController.startCollectOrQueue:97 
03-15 13:56:49.846 12320 12347 D FreeformController: beginPostLayoutPolicyLw: forceHideRequester changed, old=null, new=Window{7e3512b u0 RecentsTransitionOverlay}
03-15 13:56:49.847 12320 12347 D FreeformController: setBlockToAddForceHideFreeformTasks: blockToAddForceHide=true, Caller=com.android.server.wm.DisplayPolicy.finishPostLayoutPolicyLw:127
03-15 13:56:49.847 12320 12347 D BLASTSyncEngine: SyncGroup 292:  Unfinished container: ActivityRecord{48835708 u0 com.sec.android.app.launcher/com.android.quickstep.RecentsActivity t596} mSyncState=2
03-15 13:56:49.848 12757 12829 V ShellRecents: [16828257] RecentsController.setTransition: id=android.os.BinderProxy@be55ac8
03-15 13:56:49.849 12320 14299 D BLASTSyncEngine: SyncGroup 292:  Unfinished container: ActivityRecord{48835708 u0 com.sec.android.app.launcher/com.android.quickstep.RecentsActivity t596} mSyncState=2
03-15 13:56:49.853 12320 12353 D SGM:FgCheckThread: noteResumeComponent(), received pkgName: com.sec.android.app.launcher, userId: 0
03-15 13:56:49.854 14190 15781 I SDHMS:k : handleResumeComponent : put = com.sec.android.app.launcher, userid = 0 instanceid =146402650
03-15 13:56:49.854 12320 12629 D BackgroundInstallControlService: Package event received: 0
03-15 13:56:49.854 12320 12619 I CocktailBarManagerServiceContainer: handleMessage: entry what = 5
03-15 13:56:49.855 12320 12510 D SGM:FgCheckThread: onLooperPrepared(), msg: MSG_APP_RESUME, pkgName: com.sec.android.app.launcher, userid: 0
03-15 13:56:49.855 12320 12510 D SGM:FgCheckThread: handleResume().
03-15 13:56:49.855 12320 12510 D SGM:FgCheckThread: sendFocusOutConditionally() - mPrevNotiPkg: (unknown), userId: 0
03-15 13:56:49.855 12320 12510 D SGM:FgCheckThread:   handleResume(). pkgName: com.sec.android.app.launcher, userId: 0, category: non-game
03-15 13:56:49.855 12320 12510 D SGM:FgCheckThread: notifyFocusInOut(). of pkg: com.sec.android.app.launcher, type: 4, isSecGameFamily: false, userId: 0
03-15 13:56:49.855 12320 12510 D SGM:FgCheckThread:   notifyFocusInOut(). unexpected mPrevNotiType: -1
03-15 13:56:49.855 12320 12510 D SGM:SystemHelper: callReleaseBlock needReleaseBlock:false
03-15 13:56:49.859 12320 12629 D BackgroundInstallControlService: Package event received: 0
03-15 13:56:49.861 12320 12902 D BLASTSyncEngine: SyncGroup 292:  Unfinished container: ActivityRecord{48835708 u0 com.sec.android.app.launcher/com.android.quickstep.RecentsActivity t596} mSyncState=2
03-15 13:56:49.877 12320 14060 D ActivityTaskManager: scheduleTopResumedActivityChanged, onTop=true, r=ActivityRecord{48835708 u0 com.sec.android.app.launcher/com.android.quickstep.RecentsActivity t596}, caller=com.android.server.wm.ActivityTaskSupervisor.scheduleTopResumedActivityStateIfNeeded:18 com.android.server.wm.ActivityTaskSupervisor.handleTopResumedStateReleased:44 com.android.server.wm.ActivityClientController.activityTopResumedStateLost:14 android.app.IActivityClientController$Stub.onTransact:716 com.android.server.wm.ActivityClientController.onTransact:1 android.os.Binder.execTransactInternal:1457 
03-15 13:56:49.883 12320 14060 D WindowManager: makeSurface duration=1 name=com.sec.android.app.launcher/com.android.quickstep.RecentsActivity$_13277
03-15 13:56:49.884 12320 14060 D BLASTSyncEngine: SyncGroup 292:  Unfinished container: ActivityRecord{48835708 u0 com.sec.android.app.launcher/com.android.quickstep.RecentsActivity t596} mSyncState=2
03-15 13:56:49.890 12320 12354 D BLASTSyncEngine: SyncGroup 292:  Unfinished container: ActivityRecord{48835708 u0 com.sec.android.app.launcher/com.android.quickstep.RecentsActivity t596} mSyncState=2
03-15 13:56:49.905 12320 14336 D WindowManager: finishDrawingWindow: Window{4dfb408 u0 com.sec.android.app.launcher/com.android.quickstep.RecentsActivity} mDrawState=DRAW_PENDING seqId=0
03-15 13:56:49.908 12320 12354 V WindowManager: SyncGroup 292: Finished!
03-15 13:56:49.908 12320 12354 D ActivityManagerPerformance: AMP_release() ACT_RESUME
03-15 13:56:49.908 12320 12354 V WindowManager: performShowLocked: mDrawState=HAS_DRAWN in Window{4dfb408 u0 com.sec.android.app.launcher/com.android.quickstep.RecentsActivity}
03-15 13:56:49.909 12320 12354 D Transition: updateTaskbarTargetIfNeeded: defer to send callbackwhile on transient launch
03-15 13:56:49.909 12320 12354 D ChangeTransitionController: onTransactionReady: TransitionRecord{41a5b15 id=292 type=TO_FRONT flags=0x80 c=[
03-15 13:56:49.909 12320 12354 D ChangeTransitionController:    ChangeInfo{b4a3a0b container=DefaultTaskDisplayArea_d0@21689571 flags=0x0}
03-15 13:56:49.909 12320 12354 D ChangeTransitionController:    ChangeInfo{bcc40e8 container=ActivityRecord{48835708 u0 com.sec.android.app.launcher/com.android.quickstep.RecentsActivity t596} flags=0x0}
03-15 13:56:49.909 12320 12354 D ChangeTransitionController:    ChangeInfo{d2e8301 container=WallpaperWindowToken{384c472 showWhenLocked=false}_<system> flags=0x0}
03-15 13:56:49.909 12320 12354 D ChangeTransitionController:    ChangeInfo{c7e45a6 container=Task{3cba496 #1 type=home} flags=0x4}
03-15 13:56:49.909 12320 12354 D ChangeTransitionController:    ChangeInfo{f606be7 container=WallpaperWindowToken{86131fa showWhenLocked=true}_<lock> flags=0x0}
03-15 13:56:49.909 12320 12354 D ChangeTransitionController:    ChangeInfo{8988394 container=TransientLaunchOverlayToken{af55f9c token=android.os.BinderProxy@dc6930f} flags=0x0}
03-15 13:56:49.909 12320 12354 D ChangeTransitionController:    ChangeInfo{97f4e3d container=Display{#0 state=ON size=1080x2340 ROTATION_0} flags=0x0}
03-15 13:56:49.909 12320 12354 D ChangeTransitionController:    ChangeInfo{5391632 container=Task{cbde905 #596 type=recents I=com.sec.android.app.launcher/com.android.quickstep.RecentsActivity} flags=0x0}
03-15 13:56:49.909 12320 12354 D ChangeTransitionController:    ChangeInfo{abddf83 container=Task{fc17dcd #593 type=home I=com.sec.android.app.launcher/.activities.LauncherActivity} flags=0x4}
03-15 13:56:49.909 12320 12354 D ChangeTransitionController:    ChangeInfo{f444500 container=RemoteWallpaperAnim:1:1@264671916 flags=0x0}
03-15 13:56:49.909 12320 12354 D ChangeTransitionController: ]
03-15 13:56:49.909 12320 12354 D ChangeTransitionController: }
03-15 13:56:49.909 12320 12354 V WindowManager: Start calculating TransitionInfo based on participants: {ActivityRecord{48835708 u0 com.sec.android.app.launcher/com.android.quickstep.RecentsActivity t596}, WallpaperWindowToken{384c472 showWhenLocked=false}_<system>, WallpaperWindowToken{86131fa showWhenLocked=true}_<lock>, TransientLaunchOverlayToken{af55f9c token=android.os.BinderProxy@dc6930f}, Task{cbde905 #596 type=recents I=com.sec.android.app.launcher/com.android.quickstep.RecentsActivity}, Task{fc17dcd #593 type=home I=com.sec.android.app.launcher/.activities.LauncherActivity}}
03-15 13:56:49.909 12320 12354 V WindowManager:   Final targets: [ChangeInfo{8988394 container=TransientLaunchOverlayToken{af55f9c token=android.os.BinderProxy@dc6930f} flags=0x0}, ChangeInfo{5391632 container=Task{cbde905 #596 type=recents I=com.sec.android.app.launcher/com.android.quickstep.RecentsActivity} flags=0x30}, ChangeInfo{c7e45a6 container=Task{3cba496 #1 type=home} flags=0x14}]
03-15 13:56:49.913 12320 12354 V WindowManager: Calling onTransitionReady: {id=292 t=TO_FRONT f=0x80 trk=0 r=[0@Point(0, 0)] c=[
03-15 13:56:49.913 12320 12354 V WindowManager:         {m=TO_FRONT f=TRANSLUCENT|FLAG_IS_SYSTEM_WINDOW|TRANSIENT_LAUNCH_OVERLAY leash=Surface(name=TransientLaunchOverlayToken{af55f9c token=android.os.BinderProxy@dc6930f})/@0x377df45 sb=Rect(0, 0 - 1080, 2340) eb=Rect(0, 0 - 1080, 2340) epz=Point(1080, 2340) d=0 inset=Rect(0, 0 - 0, 0)},
03-15 13:56:49.913 12320 12354 V WindowManager:         {WCT{RemoteToken{8e7b347 Task{cbde905 #596 type=recents I=com.sec.android.app.launcher/com.android.quickstep.RecentsActivity}}} m=TO_FRONT f=SHOW_WALLPAPER|MOVE_TO_TOP|EDGE_EXTENSION_RESTRICTION leash=Surface(name=Task=596)/@0x9e4e361 sb=Rect(0, 0 - 1080, 2340) eb=Rect(0, 0 - 1080, 2340) epz=Point(1080, 2340) d=0 taskParent=-1 inset=Rect(0, 80 - 0, 39)},
03-15 13:56:49.913 12320 12354 V WindowManager:         {WCT{RemoteToken{9720ccf Task{3cba496 #1 type=home}}} m=TO_BACK f=SHOW_WALLPAPER|EDGE_EXTENSION_RESTRICTION leash=Surface(name=Task=1)/@0xd813e23 sb=Rect(0, 0 - 1080, 2340) eb=Rect(0, 0 - 1080, 2340) epz=Point(1080, 2340) d=0 taskParent=-1 inset=Rect(0, 80 - 0, 39)}
03-15 13:56:49.913 12320 12354 V WindowManager:     ]}
03-15 13:56:49.916 12320 12350 V WindowManager: Sent Transition (#292) createdAt=03-15 13:56:49.839
03-15 13:56:49.916 12320 12350 V WindowManager:     startWCT=WindowContainerTransaction { changes= {} hops= [{pendingIntent: options=Bundle[{android.activity.splashScreenStyle=-1, android.activity.sourceInfo=android.app.ActivityOptions$SourceInfo@661bbfb, android:activity.isMlLaunch=-1, android.activity.splitTaskDeferResume=false, android.pendingIntent.backgroundActivityAllowed=1, android:activity.isActiveLaunch=false, android.activity.launchTypeDnD=false, android:activity.startedFromWindowTypeLauncher=false, android.activity.launchDisplayId=0, android:activity.unhandledDropLaunch=false, android:activity.launchInFocusedStageRoot=false, android:activity.animAbortListener=null, android.activity.disableSplashScreen=false, android.activity.startAssistantActivity=false, android.activity.applySystemModalPolicy=false, android:activity.applyBigFreeformSize=false, android.activity.enterPipWhileLaunching=false, android.activity.splitPosition=0, android.activity.preserveTaskWindowingMode=false, android:activity.enterSplitSideWithAdjacentFlag=0, android.activity.transientLaunch=true}]}] errorCallbackToken=null taskFragmentOrganizer=null }
03-15 13:56:49.917 12320 12350 V WindowManager:     info={id=292 t=TO_FRONT f=0x80 trk=0 r=[0@Point(0, 0)] c=[
03-15 13:56:49.917 12320 12350 V WindowManager:         {m=TO_FRONT f=TRANSLUCENT|FLAG_IS_SYSTEM_WINDOW|TRANSIENT_LAUNCH_OVERLAY leash=Surface(name=TransientLaunchOverlayToken{af55f9c token=android.os.BinderProxy@dc6930f})/@0x377df45 sb=Rect(0, 0 - 1080, 2340) eb=Rect(0, 0 - 1080, 2340) epz=Point(1080, 2340) d=0 inset=Rect(0, 0 - 0, 0)},
03-15 13:56:49.917 12320 12350 V WindowManager:         {WCT{RemoteToken{8e7b347 Task{cbde905 #596 type=recents I=com.sec.android.app.launcher/com.android.quickstep.RecentsActivity}}} m=TO_FRONT f=SHOW_WALLPAPER|MOVE_TO_TOP|EDGE_EXTENSION_RESTRICTION leash=Surface(name=Task=596)/@0x9e4e361 sb=Rect(0, 0 - 1080, 2340) eb=Rect(0, 0 - 1080, 2340) epz=Point(1080, 2340) d=0 taskParent=-1 inset=Rect(0, 80 - 0, 39)},
03-15 13:56:49.917 12320 12350 V WindowManager:         {WCT{RemoteToken{9720ccf Task{3cba496 #1 type=home}}} m=TO_BACK f=SHOW_WALLPAPER|EDGE_EXTENSION_RESTRICTION leash=Surface(name=Task=1)/@0xd813e23 sb=Rect(0, 0 - 1080, 2340) eb=Rect(0, 0 - 1080, 2340) epz=Point(1080, 2340) d=0 taskParent=-1 inset=Rect(0, 80 - 0, 39)}
03-15 13:56:49.917 12320 12350 V WindowManager:     ]}
03-15 13:56:49.917 12757 17336 V WindowManagerShell: onTransitionReady(transaction=52913997108182)
03-15 13:56:49.917 12757 12829 V WindowManagerShell: onTransitionReady (#292) android.os.BinderProxy@be55ac8: {id=292 t=TO_FRONT f=0x80 trk=0 r=[0@Point(0, 0)] c=[
03-15 13:56:49.917 12757 12829 V WindowManagerShell:         {m=TO_FRONT f=TRANSLUCENT|FLAG_IS_SYSTEM_WINDOW|TRANSIENT_LAUNCH_OVERLAY leash=Surface(name=TransientLaunchOverlayToken{af55f9c token=android.os.BinderProxy@dc6930f})/@0x1aa286 sb=Rect(0, 0 - 1080, 2340) eb=Rect(0, 0 - 1080, 2340) epz=Point(1080, 2340) d=0 inset=Rect(0, 0 - 0, 0)},
03-15 13:56:49.917 12757 12829 V WindowManagerShell:         {m=TO_FRONT f=SHOW_WALLPAPER|MOVE_TO_TOP|EDGE_EXTENSION_RESTRICTION leash=Surface(name=Task=596)/@0x2803747 sb=Rect(0, 0 - 1080, 2340) eb=Rect(0, 0 - 1080, 2340) epz=Point(1080, 2340) d=0 taskParent=-1 inset=Rect(0, 80 - 0, 39)},
03-15 13:56:49.917 12757 12829 V WindowManagerShell:         {m=TO_BACK f=SHOW_WALLPAPER|EDGE_EXTENSION_RESTRICTION leash=Surface(name=Task=1)/@0x9595b74 sb=Rect(0, 0 - 1080, 2340) eb=Rect(0, 0 - 1080, 2340) epz=Point(1080, 2340) d=0 taskParent=-1 inset=Rect(0, 80 - 0, 39)}
03-15 13:56:49.917 12757 12829 V WindowManagerShell:     ]}
03-15 13:56:49.918 12757 12829 V ShellDesktopMode: DesktopModeLogger: Recents animation running, saving tasks for later
03-15 13:56:49.918 12757 12829 V ShellDesktopMode: DesktopModeLogger: taskInfo map after processing changes 0
03-15 13:56:49.918 12757 12829 D ShellDesktopMode: DesktopTaskChangeListener: onTaskMovingToFront for taskId=596, displayId=0
03-15 13:56:49.919 12757 12829 V WindowManagerShell: Playing animation for (#292) android.os.BinderProxy@be55ac8@0
03-15 13:56:49.920 12757 12829 V WindowManagerShell:  try firstHandler com.android.wm.shell.recents.RecentsTransitionHandler@f5163b0
03-15 13:56:49.920 12757 12829 V ShellRecents: [16828257] RecentsController.start
03-15 13:56:49.922 12320 12351 D WindowManager: requestTransientBars: swipeTarget=Window{3c1eb49 u0 NavigationBarView}, controlTarget=Window{3df34fd u0 com.sec.android.app.launcher/com.sec.android.app.launcher.activities.LauncherActivity}, canShowTransient=true, restorePositionTypes=0x3, from=com.android.server.wm.DisplayPolicy$1.onSwipeFromBottom:21 com.android.server.wm.SystemGesturesPointerEventListener.onPointerEvent:545 
03-15 13:56:49.922 12757 12829 V ShellRecents:   setting recents activity layer=5
03-15 13:56:49.923 12757 12829 V ShellRecents:   adding pausing leaf home taskId=1
03-15 13:56:49.924 12757 12829 V ShellRecents: Applying transaction=52913997108182
03-15 13:56:49.925 12757 12829 V ShellRecents: No matching remote found to takeover (#292)
03-15 13:56:49.925 12757 12829 V ShellSplitScreen: getSplitBoundsForTaskId: expected split bounds for taskId=1 but not found
03-15 13:56:49.925 12757 12829 V ShellRecents: [16828257] RecentsController.start: calling onAnimationStart with 3 apps
03-15 13:56:49.926 12757 12829 V ShellDesktopMode: DesktopTasksController: Recents transition state changed: TRANSITION_STATE_ANIMATING
03-15 13:56:49.927 12757 12829 V WindowManagerShell:  animated by firstHandler
03-15 13:56:49.938 12757 12829 V ShellRecents: [16828257] RecentsController.setInputConsumerEnabled: set focus to recents
03-15 13:56:49.938 12320 14336 D SGM:FgCheckThread: TaskStackListener.onTaskFocusChanged(), taskId=593, focused=false
03-15 13:56:49.938 12320 14336 D SGM:FgCheckThread: TaskStackListener.onTaskFocusChanged(), taskId=596, focused=true
03-15 13:56:49.939 12320 14336 D SGM:FgCheckThread:   sendRunningComponentFocus(), pkgName: com.sec.android.app.launcher, userId: 0
03-15 13:56:49.939 12320 12510 D SGM:FgCheckThread: onLooperPrepared(), msg: MSG_TASK_FOCUSED, pkgName: com.sec.android.app.launcher, userId: 0
03-15 13:56:49.939 12320 12510 D SGM:FgCheckThread: handleTaskFocused().
03-15 13:56:49.939 12320 12510 D SGM:FgCheckThread:   handleTaskFocused(), pkgName: com.sec.android.app.launcher, userID:0
03-15 13:56:49.940 12320 12510 D SGM:FgCheckThread: handleResume().
03-15 13:56:49.940 12320 12510 D SGM:FgCheckThread: sendFocusOutConditionally() - mPrevNotiPkg: (unknown), userId: 0
03-15 13:56:49.940 12320 12510 D SGM:FgCheckThread:   handleResume(). pkgName: com.sec.android.app.launcher, userId: 0, category: non-game
03-15 13:56:49.940 12320 12510 D SGM:FgCheckThread: notifyFocusInOut(). of pkg: com.sec.android.app.launcher, type: 4, isSecGameFamily: false, userId: 0
03-15 13:56:49.940 12320 12510 D SGM:FgCheckThread:   notifyFocusInOut(). unexpected mPrevNotiType: -1
03-15 13:56:49.940 12320 12510 D SGM:SystemHelper: callReleaseBlock needReleaseBlock:false
03-15 13:56:49.940 12320 14336 D WindowManager: Changing focus from Window{3df34fd u0 com.sec.android.app.launcher/com.sec.android.app.launcher.activities.LauncherActivity} to Window{4dfb408 u0 com.sec.android.app.launcher/com.android.quickstep.RecentsActivity} displayId=0 Callers=com.android.server.wm.ActivityTaskManagerService.setLastResumedActivityUncheckLocked:264 com.android.server.wm.ActivityTaskManagerService.setFocusedTask:19 com.android.server.wm.ActivityTaskManagerService.focusTopTask:53 android.app.IActivityTaskManager$Stub.onTransact:2020 
03-15 13:56:49.940 12320 14336 I WindowManager: Cancelling animation restarting=true, leash=Surface(name=Surface(name=2aa07a4 StatusBar)/@0x2227e1b - animation-leash of insets_animation)/@0x347376a
03-15 13:56:49.940 12320 14336 I WindowManager: Reparenting to original parent: Surface(name=WindowToken{df48736 type=2000 android.os.BinderProxy@5f2a3f8})/@0xefe1bb8, destroy=false, surface=Surface(name=2aa07a4 StatusBar)/@0x2227e1b
03-15 13:56:49.941 12320 14336 I WindowManager: Reparenting to leash, surface=Surface(name=2aa07a4 StatusBar)/@0x2227e1b, leashParent=Surface(name=WindowToken{df48736 type=2000 android.os.BinderProxy@5f2a3f8})/@0xefe1bb8
03-15 13:56:49.941 12320 14336 D WindowManager: makeSurface duration=1 leash=Surface(name=Surface(name=2aa07a4 StatusBar)/@0x2227e1b - animation-leash of insets_animation)/@0x1adf9c4
03-15 13:56:49.942 12320 14336 D InsetsSourceProvider: updateControlForTarget: control=InsetsSourceControl: {5cf20000 mType=statusBars initiallyVisible mSurfacePosition=Point(0, 0) mInsetsHint=Insets{left=0, top=80, right=0, bottom=0}}, target=Window{4dfb408 u0 com.sec.android.app.launcher/com.android.quickstep.RecentsActivity}, from=com.android.server.wm.InsetsStateController.onControlTargetChanged:83 com.android.server.wm.InsetsPolicy.updateBarControlTarget:212 com.android.server.wm.DisplayPolicy.updateSystemBarAttributes:262 com.android.server.wm.WindowManagerService.updateFocusedWindowLocked:372 com.android.server.wm.ActivityTaskManagerService.setLastResumedActivityUncheckLocked:264 
03-15 13:56:49.942 12320 14336 I WindowManager: Cancelling animation restarting=true, leash=Surface(name=Surface(name=3c1eb49 NavigationBar0)/@0x13224f6 - animation-leash of insets_animation)/@0x87b94f8
03-15 13:56:49.942 12320 14336 I WindowManager: Reparenting to original parent: Surface(name=WindowToken{b67d50 type=2019 android.os.BinderProxy@b916202})/@0x5e0e0f7, destroy=false, surface=Surface(name=3c1eb49 NavigationBar0)/@0x13224f6
03-15 13:56:49.942 12320 14336 I WindowManager: Reparenting to leash, surface=Surface(name=3c1eb49 NavigationBar0)/@0x13224f6, leashParent=Surface(name=WindowToken{b67d50 type=2019 android.os.BinderProxy@b916202})/@0x5e0e0f7
03-15 13:56:49.943 12320 14336 D WindowManager: makeSurface duration=0 leash=Surface(name=Surface(name=3c1eb49 NavigationBar0)/@0x13224f6 - animation-leash of insets_animation)/@0x27f6fe2
03-15 13:56:49.943 12320 14336 D InsetsSourceProvider: updateControlForTarget: control=InsetsSourceControl: {c4460001 mType=navigationBars initiallyVisible mSurfacePosition=Point(0, 2214) mInsetsHint=Insets{left=0, top=0, right=0, bottom=39}}, target=Window{4dfb408 u0 com.sec.android.app.launcher/com.android.quickstep.RecentsActivity}, from=com.android.server.wm.InsetsStateController.onControlTargetChanged:83 com.android.server.wm.InsetsPolicy.updateBarControlTarget:225 com.android.server.wm.DisplayPolicy.updateSystemBarAttributes:262 com.android.server.wm.WindowManagerService.updateFocusedWindowLocked:372 com.android.server.wm.ActivityTaskManagerService.setLastResumedActivityUncheckLocked:264 
03-15 13:56:49.943 12320 14336 V SystemKeyManager: updateFocusedWindow() is called, com.sec.android.app.launcher/com.android.quickstep.RecentsActivity
03-15 13:56:49.954 12320 12476 D ActivityManager: Received BROADCAST intent 0x3dfd780 Key{broadcastIntent pkg=com.google.android.gms/com.google.android.gms.location_base intent=act=com.google.android.location.ALARM_WAKEUP_ACTIVITY_DETECTION xflg=0x4 pkg=com.google.android.gms flags=0x4000000 u=0} requestCode=0 sent=0 from uid 1000
03-15 13:56:49.970 12320 14336 I InputMethodManagerService: isAccessoryKeyboard 0
03-15 13:56:50.039 12320 14336 I ActivityManager: Changes in 90001 17 to 17, 128 to 0
03-15 13:56:50.039 12320 14336 I ActivityManager: Changes in 90000 11 to 17, 128 to 0
03-15 13:56:50.039 12320 14336 I ActivityManager: Changes in 10304 11 to 16, 128 to 0
03-15 13:56:50.041 12320 12364 I ActivityManager: Changes in 90001 17 to 17, 0 to 128
03-15 13:56:50.041 12320 12364 I ActivityManager: Changes in 90000 17 to 11, 0 to 128
03-15 13:56:50.041 12320 12364 I ActivityManager: Changes in 10304 16 to 11, 0 to 128
03-15 13:56:50.132   582   582 D io_stats: !@   8,32 r 7528895 164002012 w 5335667 69984024 d 589826 219009640 f 469910 522507 iot 2418752 0 th 0 0 0 pt 0 inp 0 0 117294.561
03-15 13:56:50.132   582   582 D io_stats: !@ Read_top(KB): id.app.launcher:top(13277) 532 ndroid.systemui:high(12757) 44
03-15 13:56:50.132   582   582 D io_stats: !@ Write_top(KB): id.diagmonagent:high(14183) 104 in.sweatco.app:high(17922) 64 kworker/4:2:/(24541) 8
03-15 13:56:50.609 12320 12902 D ActivityTaskManager: scheduleTopResumedActivityChanged, onTop=false, r=ActivityRecord{48835708 u0 com.sec.android.app.launcher/com.android.quickstep.RecentsActivity t596}, caller=com.android.server.wm.ActivityTaskSupervisor.scheduleTopResumedActivityStateLossIfNeeded:19 com.android.server.wm.ActivityTaskSupervisor.updateTopResumedActivityIfNeeded:20 com.android.server.wm.TaskDisplayArea.positionChildAt:252 com.android.server.wm.Task.moveToFront:40 com.android.server.wm.TaskDisplayArea.moveHomeRootTaskToFront:9 com.android.server.wm.ActivityTaskSupervisor.startActivityFromRecents:583 
03-15 13:56:50.610 12320 12902 D SGM:FgCheckThread: TaskStackListener.onTaskFocusChanged(), taskId=596, focused=false
03-15 13:56:50.610 12320 12902 D SGM:FgCheckThread: TaskStackListener.onTaskFocusChanged(), taskId=593, focused=true
03-15 13:56:50.610 12320 12902 D SGM:FgCheckThread:   sendRunningComponentFocus(), pkgName: com.sec.android.app.launcher, userId: 0
03-15 13:56:50.610 12320 12510 D SGM:FgCheckThread: onLooperPrepared(), msg: MSG_TASK_FOCUSED, pkgName: com.sec.android.app.launcher, userId: 0
03-15 13:56:50.611 12320 12510 D SGM:FgCheckThread: handleTaskFocused().
03-15 13:56:50.611 12320 12510 D SGM:FgCheckThread:   handleTaskFocused(), pkgName: com.sec.android.app.launcher, userID:0
03-15 13:56:50.611 12320 12510 D SGM:FgCheckThread: handleResume().
03-15 13:56:50.611 12320 12510 D SGM:FgCheckThread: sendFocusOutConditionally() - mPrevNotiPkg: (unknown), userId: 0
03-15 13:56:50.611 12320 12510 D SGM:FgCheckThread:   handleResume(). pkgName: com.sec.android.app.launcher, userId: 0, category: non-game
03-15 13:56:50.611 12320 12510 D SGM:FgCheckThread: notifyFocusInOut(). of pkg: com.sec.android.app.launcher, type: 4, isSecGameFamily: false, userId: 0
03-15 13:56:50.611 12320 12510 D SGM:FgCheckThread:   notifyFocusInOut(). unexpected mPrevNotiType: -1
03-15 13:56:50.611 12320 12510 D SGM:SystemHelper: callReleaseBlock needReleaseBlock:false
03-15 13:56:50.612 12320 12902 D WindowManager: Changing focus from Window{4dfb408 u0 com.sec.android.app.launcher/com.android.quickstep.RecentsActivity} to Window{7b4c344 u0 com.sec.android.app.launcher/com.sec.android.app.launcher.activities.LauncherActivity} displayId=0 Callers=com.android.server.wm.ActivityTaskManagerService.setLastResumedActivityUncheckLocked:264 com.android.server.wm.ActivityTaskSupervisor.updateTopResumedActivityIfNeeded:51 com.android.server.wm.TaskDisplayArea.positionChildAt:252 com.android.server.wm.Task.moveToFront:40 
03-15 13:56:50.612 12320 12902 I WindowManager: Cancelling animation restarting=true, leash=Surface(name=Surface(name=2aa07a4 StatusBar)/@0x2227e1b - animation-leash of insets_animation)/@0x1adf9c4
03-15 13:56:50.612 12320 12902 I WindowManager: Reparenting to original parent: Surface(name=WindowToken{df48736 type=2000 android.os.BinderProxy@5f2a3f8})/@0xefe1bb8, destroy=false, surface=Surface(name=2aa07a4 StatusBar)/@0x2227e1b
03-15 13:56:50.612 12320 12902 I WindowManager: Reparenting to leash, surface=Surface(name=2aa07a4 StatusBar)/@0x2227e1b, leashParent=Surface(name=WindowToken{df48736 type=2000 android.os.BinderProxy@5f2a3f8})/@0xefe1bb8
03-15 13:56:50.613 12320 12902 D WindowManager: makeSurface duration=1 leash=Surface(name=Surface(name=2aa07a4 StatusBar)/@0x2227e1b - animation-leash of insets_animation)/@0x4a8a82e
03-15 13:56:50.614 12320 12902 D InsetsSourceProvider: updateControlForTarget: control=InsetsSourceControl: {5cf20000 mType=statusBars initiallyVisible mSurfacePosition=Point(0, 0) mInsetsHint=Insets{left=0, top=80, right=0, bottom=0}}, target=Window{7b4c344 u0 com.sec.android.app.launcher/com.sec.android.app.launcher.activities.LauncherActivity}, from=com.android.server.wm.InsetsStateController.onControlTargetChanged:83 com.android.server.wm.InsetsPolicy.updateBarControlTarget:212 com.android.server.wm.DisplayPolicy.updateSystemBarAttributes:262 com.android.server.wm.WindowManagerService.updateFocusedWindowLocked:372 com.android.server.wm.ActivityTaskManagerService.setLastResumedActivityUncheckLocked:264 
03-15 13:56:50.614 12320 12902 I WindowManager: Cancelling animation restarting=true, leash=Surface(name=Surface(name=3c1eb49 NavigationBar0)/@0x13224f6 - animation-leash of insets_animation)/@0x27f6fe2
03-15 13:56:50.614 12320 12902 I WindowManager: Reparenting to original parent: Surface(name=WindowToken{b67d50 type=2019 android.os.BinderProxy@b916202})/@0x5e0e0f7, destroy=false, surface=Surface(name=3c1eb49 NavigationBar0)/@0x13224f6
03-15 13:56:50.614 12320 12902 I WindowManager: Reparenting to leash, surface=Surface(name=3c1eb49 NavigationBar0)/@0x13224f6, leashParent=Surface(name=WindowToken{b67d50 type=2019 android.os.BinderProxy@b916202})/@0x5e0e0f7
03-15 13:56:50.615 12320 12902 D WindowManager: makeSurface duration=1 leash=Surface(name=Surface(name=3c1eb49 NavigationBar0)/@0x13224f6 - animation-leash of insets_animation)/@0xb50bd5c
03-15 13:56:50.615 12320 12902 D InsetsSourceProvider: updateControlForTarget: control=InsetsSourceControl: {c4460001 mType=navigationBars initiallyVisible mSurfacePosition=Point(0, 2214) mInsetsHint=Insets{left=0, top=0, right=0, bottom=39}}, target=Window{7b4c344 u0 com.sec.android.app.launcher/com.sec.android.app.launcher.activities.LauncherActivity}, from=com.android.server.wm.InsetsStateController.onControlTargetChanged:83 com.android.server.wm.InsetsPolicy.updateBarControlTarget:225 com.android.server.wm.DisplayPolicy.updateSystemBarAttributes:262 com.android.server.wm.WindowManagerService.updateFocusedWindowLocked:372 com.android.server.wm.ActivityTaskManagerService.setLastResumedActivityUncheckLocked:264 
03-15 13:56:50.616 12320 12902 D WindowManager: updateSystemBarAttributes: displayId=0, focusedCanBeNavColorWin=false, win=Window{7b4c344 u0 com.sec.android.app.launcher/com.sec.android.app.launcher.activities.LauncherActivity}, navColorWin=Window{3df34fd u0 com.sec.android.app.launcher/com.sec.android.app.launcher.activities.LauncherActivity}, caller=com.android.server.wm.WindowManagerService.updateFocusedWindowLocked:372 com.android.server.wm.ActivityTaskManagerService.setLastResumedActivityUncheckLocked:264 com.android.server.wm.ActivityTaskSupervisor.updateTopResumedActivityIfNeeded:51 
03-15 13:56:50.616 12320 12902 D WindowManager: updateSystemBarAttributes, bhv=1, apr=0, statusBarAprRegions=[AppearanceRegion{ bounds=[0,0][1080,2340]}], requestedVisibilities=-9
03-15 13:56:50.616 12320 12902 V SystemKeyManager: updateFocusedWindow() is called, com.sec.android.app.launcher/com.sec.android.app.launcher.activities.LauncherActivity
03-15 13:56:50.617 12320 12902 W ActivityTaskManager: callingPackage for (uid=-1, pid=-1) has no WPC
03-15 13:56:50.618 12320 12902 D WindowManager: Transition is created, t=TransitionRecord{c3ad865 id=-1 type=TO_FRONT flags=0x0}, caller=com.android.server.wm.Transition.<init>:182 com.android.server.wm.TransitionController.createTransition:17 com.android.server.wm.ActivityTaskSupervisor.findTaskToMoveToFront:96 com.android.server.wm.ActivityTaskManagerService.moveTaskToFrontLocked:200 com.android.server.wm.ActivityTaskSupervisor.startActivityFromRecents:719 
03-15 13:56:50.618 12320 12902 D BLASTSyncEngine: SyncGroup is created, id=293, name=Transition-TO_FRONT, caller=com.android.server.wm.BLASTSyncEngine$SyncGroup.<init>:52 com.android.server.wm.TransitionController.moveToCollecting:79 com.android.server.wm.TransitionController.createTransition:46 com.android.server.wm.ActivityTaskSupervisor.findTaskToMoveToFront:96 com.android.server.wm.ActivityTaskManagerService.moveTaskToFrontLocked:200 com.android.server.wm.ActivityTaskSupervisor.startActivityFromRecents:719 com.android.server.wm.ActivityTaskManagerService.startActivityFromRecents:32 
03-15 13:56:50.618 12320 12902 W BLASTSyncEngine: setSyncMethod, id=293, method=0, caller=com.android.server.wm.TransitionController.moveToCollecting:91 com.android.server.wm.TransitionController.createTransition:46 com.android.server.wm.ActivityTaskSupervisor.findTaskToMoveToFront:96 
03-15 13:56:50.618 12320 12902 V WindowManager: Start collecting in Transition: TransitionRecord{c3ad865 id=293 type=TO_FRONT flags=0x0}, caller=com.android.server.wm.TransitionController.createTransition:46 com.android.server.wm.ActivityTaskSupervisor.findTaskToMoveToFront:96 com.android.server.wm.ActivityTaskManagerService.moveTaskToFrontLocked:200 com.android.server.wm.ActivityTaskSupervisor.startActivityFromRecents:719 com.android.server.wm.ActivityTaskManagerService.startActivityFromRecents:32 
03-15 13:56:50.618 12320 12902 V WindowManager: Collecting in transition 293: Task{5ede90c #609 type=standard A=10286:com.example.kutuphane}, caller=com.android.server.wm.TransitionController.collect:7 com.android.server.wm.ActivityTaskSupervisor.findTaskToMoveToFront:120 com.android.server.wm.ActivityTaskManagerService.moveTaskToFrontLocked:200 com.android.server.wm.ActivityTaskSupervisor.startActivityFromRecents:719 com.android.server.wm.ActivityTaskManagerService.startActivityFromRecents:32 
03-15 13:56:50.619 12320 12902 D WindowManager: prepareSync <SYNC_STATE_WAITING_FOR_DRAW>, mPrepareSyncSeqId=0, win=Window{b7b0b62 u0 com.example.kutuphane/com.example.kutuphane.kitapekle}
03-15 13:56:50.619 12320 12902 D WindowManager: prepareSync <SYNC_STATE_WAITING_FOR_DRAW>, mPrepareSyncSeqId=0, win=Window{140b44d u0 com.example.kutuphane/com.example.kutuphane.kitapIslemleri}
03-15 13:56:50.619 12320 12902 D WindowManager: prepareSync <SYNC_STATE_WAITING_FOR_DRAW>, mPrepareSyncSeqId=0, win=Window{4f001df u0 com.example.kutuphane/com.example.kutuphane.goster}
03-15 13:56:50.619 12320 12902 I Pageboost: moveTaskToFront : 10286:com.example.kutuphane
03-15 13:56:50.620 12320 12902 V WindowManager: Requesting StartTransition: TransitionRecord{c3ad865 id=293 type=TO_FRONT flags=0x0 c=[
03-15 13:56:50.620 12320 12902 V WindowManager:    ChangeInfo{61b193a container=DefaultTaskDisplayArea_d0@21689571 flags=0x0}
03-15 13:56:50.620 12320 12902 V WindowManager:    ChangeInfo{81599eb container=Task{5ede90c #609 type=standard A=10286:com.example.kutuphane} flags=0x0}
03-15 13:56:50.620 12320 12902 V WindowManager:    ChangeInfo{cda5348 container=Display{#0 state=ON size=1080x2340 ROTATION_0} flags=0x0}
03-15 13:56:50.620 12320 12902 V WindowManager: ]
03-15 13:56:50.620 12320 12902 V WindowManager: }, caller=com.android.server.wm.ActivityTaskSupervisor.findTaskToMoveToFront:405 com.android.server.wm.ActivityTaskManagerService.moveTaskToFrontLocked:200 com.android.server.wm.ActivityTaskSupervisor.startActivityFromRecents:719 com.android.server.wm.ActivityTaskManagerService.startActivityFromRecents:32 android.app.IActivityTaskManager$Stub.onTransact:1759 
03-15 13:56:50.622 12757 12829 V WindowManagerShell: Transition requested (#293): android.os.BinderProxy@9ed693c TransitionRequestInfo { type = TO_FRONT, triggerTask = TaskInfo{userId=0 taskId=609 effectiveUid=10286 displayId=0 isRunning=true baseIntent=Intent { act=android.intent.action.MAIN cat=[android.intent.category.LAUNCHER] flg=0x10200000 cmp=com.example.kutuphane/.MainActivity } baseActivity=ComponentInfo{com.example.kutuphane/com.example.kutuphane.goster} topActivity=ComponentInfo{com.example.kutuphane/com.example.kutuphane.kitapekle} origActivity=null realActivity=ComponentInfo{com.example.kutuphane/com.example.kutuphane.MainActivity} numActivities=3 lastActiveTime=241489221 supportsMultiWindow=true resizeMode=1 isResizeable=true minWidth=-1 minHeight=-1 maxWidth=-1 maxHeight=-1 defaultMinSize=220 desktopDefaultMinSize=304 token=WCT{android.window.IWindowContainerToken$Stub$Proxy@8e46c5} topActivityType=1 pictureInPictureParams=null shouldDockBigOverlays=false launchIntoPipHostTaskId=-1 lastParentTaskIdBeforePip=-1 displayCutoutSafeInsets=Rect(0, 80 - 0, 0) topActivityInfo=ActivityInfo{782581a com.example.kutuphane.kitapekle} launchCookies=[android.os.BinderProxy@3fa89d3, android.os.BinderProxy@e6499d3] positionInParent=Point(0, 0) parentTaskId=-1 isFocused=false isVisible=false isVisibleRequested=false isTopActivityNoDisplay=false isSleeping=false locusId=null displayAreaFeatureId=1 isTopActivityTransparent=false isActivityStackTransparent=false lastNonFullscreenBounds=Rect(81, 605 - 999, 1775) capturedLink=null capturedLinkTimestamp=0 requestedVisibleTypes=-1 topActivityRequestOpenInBrowserEducationTimestamp=0 appCompatTaskInfo=AppCompatTaskInfo { topActivityInSizeCompat=false eligibleForLetterboxEducation= false isLetterboxEducationEnabled= false isLetterboxDoubleTapEnabled= false eligibleForUserAspectRatioButton= false topActivityBoundsLetterboxed= false isFromLetterboxDoubleTap= false topActivityLetterboxVerticalPosition= -1 topActivityLetterboxHorizontalPosition= -1 topActivityLetterboxWidth=-1 topActivityLetterboxHeight=-1 topActivityAppBounds=Rect(0, 80 - 1080, 2301) isUserFullscreenOverrideEnabled=false isSystemFullscreenOverrideEnabled=false hasMinAspectRatioOverride=false topActivityLetterboxBounds=null cameraCompatTaskInfo=CameraCompatTaskInfo { freeformCameraCompatMode=inactive} topActivityBounds=null topActivityInDisplayCompat=false singleTapFromLetterbox=false} topActivityMainWindowFrame=null originallySupportedMultiWindow=true hasWallpaper=false rootAffinity=10286:com.example.kutuphane isTopTaskInStage=false CoverLauncherWidgetTask=false LaunchedFromAppsCoverLauncherTask=false LaunchedFromMultistarCoverLauncherTask=false isAllowedSeamlessRotation=false isTopTransparentActivity=false isAliasManaged=false hasConfigChanged=false snappingGuideBounds=null isAiKeyRemoveAppTask=false lastDesktopWindowingBounds=null lastExternalDesktopWindowingBounds=null safeCutoutInsets=null}, pipChange = null, remoteTransition = null, displayChange = null, flags = 0, debugId = 293 }
03-15 13:56:50.622 12757 12829 V ShellDesktopMode: DesktopTasksController: isDesktopModeShowing: hasVisibleTasks=false hasTopTransparentFullscreenTask=false
03-15 13:56:50.622 12757 12829 V ShellDesktopMode: DesktopTasksController: isDesktopModeShowing: hasVisibleTasks=false hasTopTransparentFullscreenTask=false
03-15 13:56:50.622 12757 12829 D ShellSplitScreen: logExit: no-op, mLoggerSessionId is null
03-15 13:56:50.622 12757 12829 V ShellDesktopMode: DesktopTasksController: skipping handleRequest reason=recents animation is running
03-15 13:56:50.625 12320 12902 V WindowManager: Starting Transition 293, caller=com.android.server.wm.WindowOrganizerController.startTransition:47 com.android.server.wm.WindowOrganizerController.startTransition:1 android.window.IWindowOrganizerController$Stub.onTransact:259 
03-15 13:56:50.626 12320 12947 D MARsPolicyManager: cancelDisablePolicy com.example.kutuphane(0) false|32|disablepolicy(8)
03-15 13:56:50.626 12320 12947 D ActivityManagerPerformance: AMP_acquire() ACT_RESUME
