03-15 13:55:26.316 12320 12510 D SGM:FgCheckThread: sendFocusOutConditionally() - mPrevNotiPkg: (unknown), userId: 0
03-15 13:55:26.317 12320 12510 D SGM:FgCheckThread:   handleResume(). pkgName: com.sec.android.app.launcher, userId: 0, category: non-game
03-15 13:55:26.317 12320 12510 D SGM:FgCheckThread: notifyFocusInOut(). of pkg: com.sec.android.app.launcher, type: 4, isSecGameFamily: false, userId: 0
03-15 13:55:26.317 12320 12510 D SGM:FgCheckThread:   notifyFocusInOut(). unexpected mPrevNotiType: -1
03-15 13:55:26.317 12320 12510 D SGM:SystemHelper: callReleaseBlock needReleaseBlock:false
03-15 13:55:26.317 12320 12902 V WindowManager: Collecting in transition 273: ActivityRecord{209078714 u0 com.sec.android.app.launcher/com.android.quickstep.RecentsActivity t-1}, caller=com.android.server.wm.Transition.collectExistenceChange:40 com.android.server.wm.ActivityStarter.handleStartResult:761 com.android.server.wm.ActivityStarter.startActivityUnchecked:124 com.android.server.wm.ActivityStarter.executeRequest:3651 com.android.server.wm.ActivityStarter.execute:1752 
03-15 13:55:26.317 12320 12902 V WindowManager: Requesting StartTransition: TransitionRecord{3a7ae5 id=273 type=OPEN flags=0x0 c=[
03-15 13:55:26.317 12320 12902 V WindowManager:    ChangeInfo{46e37c8 container=DefaultTaskDisplayArea_d0@21689571 flags=0x0}
03-15 13:55:26.317 12320 12902 V WindowManager:    ChangeInfo{49ce061 container=ActivityRecord{48835708 u0 com.sec.android.app.launcher/com.android.quickstep.RecentsActivity t596} flags=0x0}
03-15 13:55:26.317 12320 12902 V WindowManager:    ChangeInfo{f2f4786 container=WallpaperWindowToken{384c472 showWhenLocked=false}_<system> flags=0x0}
03-15 13:55:26.317 12320 12902 V WindowManager:    ChangeInfo{6907847 container=Task{3cba496 #1 type=home} flags=0x0}
03-15 13:55:26.317 12320 12902 V WindowManager:    ChangeInfo{e130874 container=ActivityRecord{70907090 u0 com.sec.android.app.launcher/.activities.LauncherActivity t593} flags=0x0}
03-15 13:55:26.317 12320 12902 V WindowManager:    ChangeInfo{866219d container=WallpaperWindowToken{86131fa showWhenLocked=true}_<lock> flags=0x0}
03-15 13:55:26.317 12320 12902 V WindowManager:    ChangeInfo{e285612 container=Display{#0 state=ON size=1080x2340 ROTATION_0} flags=0x0}
03-15 13:55:26.317 12320 12902 V WindowManager:    ChangeInfo{55251e3 container=ActivityRecord{209078714 u0 com.sec.android.app.launcher/com.android.quickstep.RecentsActivity t-1} flags=0x0}
03-15 13:55:26.317 12320 12902 V WindowManager:    ChangeInfo{19237e0 container=Task{cbde905 #596 type=recents I=com.sec.android.app.launcher/com.android.quickstep.RecentsActivity} flags=0x0}
03-15 13:55:26.317 12320 12902 V WindowManager:    ChangeInfo{f883a99 container=Task{fc17dcd #593 type=home I=com.sec.android.app.launcher/.activities.LauncherActivity} flags=0x0}
03-15 13:55:26.317 12320 12902 V WindowManager:    ChangeInfo{a31c15e container=RemoteWallpaperAnim:1:1@264671916 flags=0x0}
03-15 13:55:26.317 12320 12902 V WindowManager: ]
03-15 13:55:26.317 12320 12902 V WindowManager: }, caller=com.android.server.wm.ActivityStarter.handleStartResult:982 com.android.server.wm.ActivityStarter.startActivityUnchecked:124 com.android.server.wm.ActivityStarter.executeRequest:3651 com.android.server.wm.ActivityStarter.execute:1752 com.android.server.wm.ActivityTaskManagerService.startActivityAsUser:95 
03-15 13:55:26.318 12320 12902 V WindowManager: Collecting in transition 273: WallpaperWindowToken{384c472 showWhenLocked=false}_<system>, caller=com.android.server.wm.TransitionController.collect:7 com.android.server.wm.WallpaperWindowToken.setVisibility:55 com.android.server.wm.WallpaperController.adjustWallpaperWindows:857 com.android.server.wm.RootWindowContainer.applySurfaceChangesTransaction$1:141 com.android.server.wm.RootWindowContainer.performSurfacePlacementNoTrace:59 
03-15 13:55:26.318 12320 12902 D FreeformController: beginPostLayoutPolicyLw: forceHideRequester changed, old=null, new=Window{4dfb408 u0 com.sec.android.app.launcher/com.android.quickstep.RecentsActivity}
03-15 13:55:26.319 12320 12902 D FreeformController: setBlockToAddForceHideFreeformTasks: blockToAddForceHide=true, Caller=com.android.server.wm.DisplayPolicy.finishPostLayoutPolicyLw:127
03-15 13:55:26.319 12757 12829 V WindowManagerShell: Transition requested (#273): android.os.BinderProxy@67dbb1c TransitionRequestInfo { type = OPEN, triggerTask = TaskInfo{userId=0 taskId=596 effectiveUid=10135 displayId=0 isRunning=true baseIntent=Intent { act=android.intent.action.MAIN cat=[android.intent.category.DEFAULT] flg=0x10800000 cmp=com.sec.android.app.launcher/com.android.quickstep.RecentsActivity } baseActivity=ComponentInfo{com.sec.android.app.launcher/com.android.quickstep.RecentsActivity} topActivity=ComponentInfo{com.sec.android.app.launcher/com.android.quickstep.RecentsActivity} origActivity=null realActivity=ComponentInfo{com.sec.android.app.launcher/com.android.quickstep.RecentsActivity} numActivities=1 lastActiveTime=241412333 supportsMultiWindow=true resizeMode=2 isResizeable=true minWidth=-1 minHeight=-1 maxWidth=-1 maxHeight=-1 defaultMinSize=220 desktopDefaultMinSize=304 token=WCT{android.window.IWindowContainerToken$Stub$Proxy@6336325} topActivityType=3 pictureInPictureParams=null shouldDockBigOverlays=false launchIntoPipHostTaskId=-1 lastParentTaskIdBeforePip=-1 displayCutoutSafeInsets=Rect(0, 0 - 0, 0) topActivityInfo=ActivityInfo{fb4acfa com.android.quickstep.RecentsActivity} launchCookies=[android.os.BinderProxy@ffe02ab] positionInParent=Point(0, 0) parentTaskId=-1 isFocused=true isVisible=false isVisibleRequested=true isTopActivityNoDisplay=false isSleeping=false locusId=null displayAreaFeatureId=1 isTopActivityTransparent=false isActivityStackTransparent=false lastNonFullscreenBounds=Rect(81, 605 - 999, 1775) capturedLink=null capturedLinkTimestamp=0 requestedVisibleTypes=-9 topActivityRequestOpenInBrowserEducationTimestamp=0 appCompatTaskInfo=AppCompatTaskInfo { topActivityInSizeCompat=false eligibleForLetterboxEducation= false isLetterboxEducationEnabled= false isLetterboxDoubleTapEnabled= false eligibleForUserAspectRatioButton= false topActivityBoundsLetterboxed= false isFromLetterboxDoubleTap= false topActivityLetterboxVerticalPosition= -1 topActivityLetterboxHorizontalPosition= -1 topActivityLetterboxWidth=-1 topActivityLetterboxHeight=-1 topActivityAppBounds=Rect(0, 0 - 1080, 2340) isUserFullscreenOverrideEnabled=false isSystemFullscreenOverrideEnabled=false hasMinAspectRatioOverride=false topActivityLetterboxBounds=null cameraCompatTaskInfo=CameraCompatTaskInfo { freeformCameraCompatMode=inactive} topActivityBounds=null topActivityInDisplayCompat=false singleTapFromLetterbox=false} topActivityMainWindowFrame=null originallySupportedMultiWindow=true hasWallpaper=false rootAffinity=null isTopTaskInStage=false CoverLauncherWidgetTask=false LaunchedFromAppsCoverLauncherTask=false LaunchedFromMultistarCoverLauncherTask=false isAllowedSeamlessRotation=false isTopTransparentActivity=true isAliasManaged=false hasConfigChanged=false snappingGuideBounds=null isAiKeyRemoveAppTask=false lastDesktopWindowingBounds=null lastExternalDesktopWindowingBounds=null safeCutoutInsets=null}, pipChange = null, remoteTransition = RemoteTransition { remoteTransition = android.window.IRemoteTransition$Stub$Proxy@f396d08, appThread = android.app.IApplicationThread$Stub$Proxy@6dc0ca1, debugName = QuickstepLaunchflags =NONE }, displayChange = null, flags = 0, debugId = 273 }
03-15 13:55:26.319 12757 12829 V ShellDesktopMode: DesktopTasksController: isDesktopModeShowing: hasVisibleTasks=false hasTopTransparentFullscreenTask=false
03-15 13:55:26.320 12757 12829 V ShellDesktopMode: DesktopTasksController: isDesktopModeShowing: hasVisibleTasks=false hasTopTransparentFullscreenTask=false
03-15 13:55:26.320 12757 12829 D ShellSplitScreen: logExit: no-op, mLoggerSessionId is null
03-15 13:55:26.320 12757 12829 V ShellDesktopMode: DesktopTasksController: skipping handleRequest reason=activityType not handled (3)
03-15 13:55:26.320 12320 12902 I Pageboost: stop alp
03-15 13:55:26.320 12757 12829 V WindowManagerShell: RemoteTransition directly requested for (#273) android.os.BinderProxy@67dbb1c: RemoteTransition { remoteTransition = android.window.IRemoteTransition$Stub$Proxy@f396d08, appThread = android.app.IApplicationThread$Stub$Proxy@6dc0ca1, debugName = QuickstepLaunchflags =NONE }
03-15 13:55:26.320 12320 12902 I ActivityTaskManager: START u0 {act=android.intent.action.MAIN cat=[android.intent.category.DEFAULT] flg=0x10000000 xflg=0x4 cmp=com.sec.android.app.launcher/com.android.quickstep.RecentsActivity bnds=[0,0][0,0]} with LAUNCH_SINGLE_TASK from uid 10135 (BAL_ALLOW_VISIBLE_WINDOW) result code=2
03-15 13:55:26.320 12757 12829 V WindowManagerShell: Transition (#273): request handled by RemoteTransitionHandler
03-15 13:55:26.321 12320 12902 V WindowManager: Starting Transition 273, caller=com.android.server.wm.WindowOrganizerController.startTransition:47 com.android.server.wm.WindowOrganizerController.startTransition:1 android.window.IWindowOrganizerController$Stub.onTransact:259 
03-15 13:55:26.321 12320 12902 D BLASTSyncEngine: SyncGroup 273: Set ready true, caller=com.android.server.wm.BLASTSyncEngine.setReady:32 com.android.server.wm.Transition.applyReady:54 com.android.server.wm.Transition.start:105 com.android.server.wm.WindowOrganizerController.startTransition:47 com.android.server.wm.WindowOrganizerController.startTransition:1 android.window.IWindowOrganizerController$Stub.onTransact:259 
03-15 13:55:26.322 12320 12345 D ActivityTaskManager: scheduleTopResumedActivityChanged, onTop=true, r=ActivityRecord{48835708 u0 com.sec.android.app.launcher/com.android.quickstep.RecentsActivity t596}, caller=com.android.server.wm.ActivityTaskSupervisor.scheduleTopResumedActivityStateIfNeeded:18 com.android.server.wm.ActivityTaskSupervisor.handleTopResumedStateReleased:44 com.android.server.wm.ActivityClientController.activityTopResumedStateLost:14 android.app.IActivityClientController$Stub.onTransact:716 com.android.server.wm.ActivityClientController.onTransact:1 android.os.Binder.execTransactInternal:1457 
03-15 13:55:26.324 12320 12354 D BLASTSyncEngine: SyncGroup 273:  Unfinished container: ActivityRecord{48835708 u0 com.sec.android.app.launcher/com.android.quickstep.RecentsActivity t596} mSyncState=2
03-15 13:55:26.325 12320 12353 D SGM:FgCheckThread: notePauseComponent(), received pkgName: com.sec.android.app.launcher, userId: 0
03-15 13:55:26.325 12320 12619 I CocktailBarManagerServiceContainer: handleMessage: entry what = 6
03-15 13:55:26.326 12320 12629 D BackgroundInstallControlService: Package event received: 0
03-15 13:55:26.328 12320 12353 D SGM:FgCheckThread: noteResumeComponent(), received pkgName: com.sec.android.app.launcher, userId: 0
03-15 13:55:26.328 12320 12619 I CocktailBarManagerServiceContainer: handleMessage: entry what = 5
03-15 13:55:26.328 14190 20788 I SDHMS:k : handleResumeComponent : put = com.sec.android.app.launcher, userid = 0 instanceid =146402650
03-15 13:55:26.328 12320 12510 D SGM:FgCheckThread: onLooperPrepared(), msg: MSG_APP_RESUME, pkgName: com.sec.android.app.launcher, userid: 0
03-15 13:55:26.328 12320 12510 D SGM:FgCheckThread: handleResume().
03-15 13:55:26.328 12320 12510 D SGM:FgCheckThread: sendFocusOutConditionally() - mPrevNotiPkg: (unknown), userId: 0
03-15 13:55:26.329 12320 12510 D SGM:FgCheckThread:   handleResume(). pkgName: com.sec.android.app.launcher, userId: 0, category: non-game
03-15 13:55:26.329 12320 12510 D SGM:FgCheckThread: notifyFocusInOut(). of pkg: com.sec.android.app.launcher, type: 4, isSecGameFamily: false, userId: 0
03-15 13:55:26.329 12320 12510 D SGM:FgCheckThread:   notifyFocusInOut(). unexpected mPrevNotiType: -1
03-15 13:55:26.330 12320 12510 D SGM:SystemHelper: callReleaseBlock needReleaseBlock:false
03-15 13:55:26.330 12320 12629 D BackgroundInstallControlService: Package event received: 0
03-15 13:55:26.332 12320 12629 D BackgroundInstallControlService: Package event received: 0
03-15 13:55:26.338 12757 12829 D WindowManagerShell: onActivityRestartAttempt: topActivity=ComponentInfo{com.sec.android.app.launcher/com.android.quickstep.RecentsActivity}, wasVisible=false
03-15 13:55:26.341 12320 12946 D WindowManager: makeSurface duration=3 name=com.sec.android.app.launcher/com.android.quickstep.RecentsActivity$_13277
03-15 13:55:26.343 12320 12946 D BLASTSyncEngine: SyncGroup 273:  Unfinished container: ActivityRecord{48835708 u0 com.sec.android.app.launcher/com.android.quickstep.RecentsActivity t596} mSyncState=2
03-15 13:55:26.344 12320 12946 D WindowManager: Changing focus from null to Window{4dfb408 u0 com.sec.android.app.launcher/com.android.quickstep.RecentsActivity} displayId=0 Callers=com.android.server.wm.WindowManagerService.relayoutWindow:1350 com.android.server.wm.Session.relayout:27 android.view.IWindowSession$Stub.onTransact:829 com.android.server.wm.Session.onTransact:1 
03-15 13:55:26.344 12320 12946 I WindowManager: Cancelling animation restarting=true, leash=Surface(name=Surface(name=2aa07a4 StatusBar)/@0x2227e1b - animation-leash of insets_animation)/@0x116c947
03-15 13:55:26.344 12320 12946 I WindowManager: Reparenting to original parent: Surface(name=WindowToken{df48736 type=2000 android.os.BinderProxy@5f2a3f8})/@0xefe1bb8, destroy=false, surface=Surface(name=2aa07a4 StatusBar)/@0x2227e1b
03-15 13:55:26.344 12320 12946 I WindowManager: Reparenting to leash, surface=Surface(name=2aa07a4 StatusBar)/@0x2227e1b, leashParent=Surface(name=WindowToken{df48736 type=2000 android.os.BinderProxy@5f2a3f8})/@0xefe1bb8
03-15 13:55:26.346 12320 12946 D WindowManager: makeSurface duration=1 leash=Surface(name=Surface(name=2aa07a4 StatusBar)/@0x2227e1b - animation-leash of insets_animation)/@0xed4956a
03-15 13:55:26.346 12320 12946 D InsetsSourceProvider: updateControlForTarget: control=InsetsSourceControl: {5cf20000 mType=statusBars initiallyVisible mSurfacePosition=Point(0, 0) mInsetsHint=Insets{left=0, top=80, right=0, bottom=0}}, target=Window{4dfb408 u0 com.sec.android.app.launcher/com.android.quickstep.RecentsActivity}, from=com.android.server.wm.InsetsStateController.onControlTargetChanged:83 com.android.server.wm.InsetsPolicy.updateBarControlTarget:212 com.android.server.wm.DisplayPolicy.updateSystemBarAttributes:262 com.android.server.wm.WindowManagerService.updateFocusedWindowLocked:372 com.android.server.wm.WindowManagerService.relayoutWindow:1350 
03-15 13:55:26.346 12320 12946 I WindowManager: Cancelling animation restarting=true, leash=Surface(name=Surface(name=3c1eb49 NavigationBar0)/@0x13224f6 - animation-leash of insets_animation)/@0x8375a9d
03-15 13:55:26.346 12320 12946 I WindowManager: Reparenting to original parent: Surface(name=WindowToken{b67d50 type=2019 android.os.BinderProxy@b916202})/@0x5e0e0f7, destroy=false, surface=Surface(name=3c1eb49 NavigationBar0)/@0x13224f6
03-15 13:55:26.346 12320 12946 I WindowManager: Reparenting to leash, surface=Surface(name=3c1eb49 NavigationBar0)/@0x13224f6, leashParent=Surface(name=WindowToken{b67d50 type=2019 android.os.BinderProxy@b916202})/@0x5e0e0f7
03-15 13:55:26.347 12320 12946 D WindowManager: makeSurface duration=1 leash=Surface(name=Surface(name=3c1eb49 NavigationBar0)/@0x13224f6 - animation-leash of insets_animation)/@0x51e9e36
03-15 13:55:26.348 12320 12946 D InsetsSourceProvider: updateControlForTarget: control=InsetsSourceControl: {c4460001 mType=navigationBars initiallyVisible mSurfacePosition=Point(0, 2214) mInsetsHint=Insets{left=0, top=0, right=0, bottom=39}}, target=Window{4dfb408 u0 com.sec.android.app.launcher/com.android.quickstep.RecentsActivity}, from=com.android.server.wm.InsetsStateController.onControlTargetChanged:83 com.android.server.wm.InsetsPolicy.updateBarControlTarget:225 com.android.server.wm.DisplayPolicy.updateSystemBarAttributes:262 com.android.server.wm.WindowManagerService.updateFocusedWindowLocked:372 com.android.server.wm.WindowManagerService.relayoutWindow:1350 
03-15 13:55:26.348 12320 12946 V SystemKeyManager: updateFocusedWindow() is called, com.sec.android.app.launcher/com.android.quickstep.RecentsActivity
03-15 13:55:26.353 12320 12354 V WindowManager: Collecting in transition 273: WallpaperWindowToken{384c472 showWhenLocked=false}_<system>, caller=com.android.server.wm.TransitionController.collect:7 com.android.server.wm.WallpaperWindowToken.setVisibility:55 com.android.server.wm.WallpaperController.adjustWallpaperWindows:857 com.android.server.wm.RootWindowContainer.applySurfaceChangesTransaction$1:141 com.android.server.wm.RootWindowContainer.performSurfacePlacementNoTrace:59 
03-15 13:55:26.353 12320 12354 D BLASTSyncEngine: SyncGroup 273:  Unfinished container: ActivityRecord{48835708 u0 com.sec.android.app.launcher/com.android.quickstep.RecentsActivity t596} mSyncState=2
03-15 13:55:26.360 12320 14299 D WindowManager: finishDrawingWindow: Window{4dfb408 u0 com.sec.android.app.launcher/com.android.quickstep.RecentsActivity} mDrawState=DRAW_PENDING seqId=0
03-15 13:55:26.361 12320 12354 V WindowManager: SyncGroup 273: Finished!
03-15 13:55:26.361 12320 12354 D ActivityManagerPerformance: AMP_acquire() TAIL
03-15 13:55:26.361 12320 12354 D ActivityManagerPerformance: AMP_release() ACT_START
03-15 13:55:26.362 12320 12354 V WindowManager: performShowLocked: mDrawState=HAS_DRAWN in Window{4dfb408 u0 com.sec.android.app.launcher/com.android.quickstep.RecentsActivity}
03-15 13:55:26.362 12320 12354 D ChangeTransitionController: onTransactionReady: TransitionRecord{3a7ae5 id=273 type=OPEN flags=0x0 c=[
03-15 13:55:26.362 12320 12354 D ChangeTransitionController:    ChangeInfo{46e37c8 container=DefaultTaskDisplayArea_d0@21689571 flags=0x0}
03-15 13:55:26.362 12320 12354 D ChangeTransitionController:    ChangeInfo{49ce061 container=ActivityRecord{48835708 u0 com.sec.android.app.launcher/com.android.quickstep.RecentsActivity t596} flags=0x0}
03-15 13:55:26.362 12320 12354 D ChangeTransitionController:    ChangeInfo{f2f4786 container=WallpaperWindowToken{384c472 showWhenLocked=false}_<system> flags=0x0}
03-15 13:55:26.362 12320 12354 D ChangeTransitionController:    ChangeInfo{6907847 container=Task{3cba496 #1 type=home} flags=0x0}
03-15 13:55:26.362 12320 12354 D ChangeTransitionController:    ChangeInfo{e130874 container=ActivityRecord{70907090 u0 com.sec.android.app.launcher/.activities.LauncherActivity t593} flags=0x0}
03-15 13:55:26.362 12320 12354 D ChangeTransitionController:    ChangeInfo{866219d container=WallpaperWindowToken{86131fa showWhenLocked=true}_<lock> flags=0x0}
03-15 13:55:26.362 12320 12354 D ChangeTransitionController:    ChangeInfo{e285612 container=Display{#0 state=ON size=1080x2340 ROTATION_0} flags=0x0}
03-15 13:55:26.362 12320 12354 D ChangeTransitionController:    ChangeInfo{55251e3 container=ActivityRecord{209078714 u0 com.sec.android.app.launcher/com.android.quickstep.RecentsActivity t-1} flags=0x0}
03-15 13:55:26.362 12320 12354 D ChangeTransitionController:    ChangeInfo{19237e0 container=Task{cbde905 #596 type=recents I=com.sec.android.app.launcher/com.android.quickstep.RecentsActivity} flags=0x0}
03-15 13:55:26.362 12320 12354 D ChangeTransitionController:    ChangeInfo{f883a99 container=Task{fc17dcd #593 type=home I=com.sec.android.app.launcher/.activities.LauncherActivity} flags=0x0}
03-15 13:55:26.362 12320 12354 D ChangeTransitionController:    ChangeInfo{a31c15e container=RemoteWallpaperAnim:1:1@264671916 flags=0x0}
03-15 13:55:26.362 12320 12354 D ChangeTransitionController: ]
03-15 13:55:26.362 12320 12354 D ChangeTransitionController: }
03-15 13:55:26.362 12320 12354 V WindowManager: Start calculating TransitionInfo based on participants: {ActivityRecord{48835708 u0 com.sec.android.app.launcher/com.android.quickstep.RecentsActivity t596}, WallpaperWindowToken{384c472 showWhenLocked=false}_<system>, ActivityRecord{70907090 u0 com.sec.android.app.launcher/.activities.LauncherActivity t593}, WallpaperWindowToken{86131fa showWhenLocked=true}_<lock>, ActivityRecord{209078714 u0 com.sec.android.app.launcher/com.android.quickstep.RecentsActivity t-1}, Task{cbde905 #596 type=recents I=com.sec.android.app.launcher/com.android.quickstep.RecentsActivity}}
03-15 13:55:26.362 12320 12354 V WindowManager:   Final targets: [ChangeInfo{19237e0 container=Task{cbde905 #596 type=recents I=com.sec.android.app.launcher/com.android.quickstep.RecentsActivity} flags=0x30}, ChangeInfo{6907847 container=Task{3cba496 #1 type=home} flags=0x10}]
03-15 13:55:26.365 12320 12354 V WindowManager: Calling onTransitionReady: {id=273 t=OPEN f=0x0 trk=0 r=[0@Point(0, 0)] c=[
03-15 13:55:26.365 12320 12354 V WindowManager:         {WCT{RemoteToken{8e7b347 Task{cbde905 #596 type=recents I=com.sec.android.app.launcher/com.android.quickstep.RecentsActivity}}} m=TO_FRONT f=SHOW_WALLPAPER|MOVE_TO_TOP|EDGE_EXTENSION_RESTRICTION leash=Surface(name=Task=596)/@0x9e4e361 sb=Rect(0, 0 - 1080, 2340) eb=Rect(0, 0 - 1080, 2340) epz=Point(1080, 2340) d=0 taskParent=-1 inset=Rect(0, 80 - 0, 39)},
03-15 13:55:26.365 12320 12354 V WindowManager:         {WCT{RemoteToken{9720ccf Task{3cba496 #1 type=home}}} m=TO_BACK f=SHOW_WALLPAPER|EDGE_EXTENSION_RESTRICTION leash=Surface(name=Task=1)/@0xd813e23 sb=Rect(0, 0 - 1080, 2340) eb=Rect(0, 0 - 1080, 2340) epz=Point(1080, 2340) d=0 taskParent=-1 inset=Rect(0, 80 - 0, 39)}
03-15 13:55:26.365 12320 12354 V WindowManager:     ]}
03-15 13:55:26.367 12320 12354 I ActivityTaskManager: done cause=notifyTransitionStarting drawn timestamp=117210795930908 info=TransitionInfo{7f3e0e a=ActivityRecord{48835708 u0 com.sec.android.app.launcher/com.android.quickstep.RecentsActivity t596} d=true}
03-15 13:55:26.369 12320 12350 V WindowManager: Sent Transition (#273) createdAt=03-15 13:55:26.307 via request=TransitionRequestInfo { type = OPEN, triggerTask = TaskInfo{userId=0 taskId=596 effectiveUid=10135 displayId=0 isRunning=true baseIntent=Intent { act=android.intent.action.MAIN cat=[android.intent.category.DEFAULT] flg=0x10800000 cmp=com.sec.android.app.launcher/com.android.quickstep.RecentsActivity } baseActivity=ComponentInfo{com.sec.android.app.launcher/com.android.quickstep.RecentsActivity} topActivity=ComponentInfo{com.sec.android.app.launcher/com.android.quickstep.RecentsActivity} origActivity=null realActivity=ComponentInfo{com.sec.android.app.launcher/com.android.quickstep.RecentsActivity} numActivities=1 lastActiveTime=241412333 supportsMultiWindow=true resizeMode=2 isResizeable=true minWidth=-1 minHeight=-1 maxWidth=-1 maxHeight=-1 defaultMinSize=220 desktopDefaultMinSize=304 token=WCT{RemoteToken{8e7b347 Task{cbde905 #596 type=recents I=com.sec.android.app.launcher/com.android.quickstep.RecentsActivity}}} topActivityType=3 pictureInPictureParams=null shouldDockBigOverlays=false launchIntoPipHostTaskId=-1 lastParentTaskIdBeforePip=-1 displayCutoutSafeInsets=Rect(0, 0 - 0, 0) topActivityInfo=ActivityInfo{dab549d com.android.quickstep.RecentsActivity} launchCookies=[android.os.BinderProxy@7e9e02f] positionInParent=Point(0, 0) parentTaskId=-1 isFocused=true isVisible=false isVisibleRequested=true isTopActivityNoDisplay=false isSleeping=false locusId=null displayAreaFeatureId=1 isTopActivityTransparent=false isActivityStackTransparent=false lastNonFullscreenBounds=Rect(81, 605 - 999, 1775) capturedLink=null capturedLinkTimestamp=0 requestedVisibleTypes=-9 topActivityRequestOpenInBrowserEducationTimestamp=0 appCompatTaskInfo=AppCompatTaskInfo { topActivityInSizeCompat=false eligibleForLetterboxEducation= false isLetterboxEducationEnabled= false isLetterboxDoubleTapEnabled= false eligibleForUserAspectRatioButton= false topActivityBoundsLetterboxed= false isFromLetterboxDoubleTap= false topActivityLetterboxVerticalPosition= -1 topActivityLetterboxHorizontalPosition= -1 topActivityLetterboxWidth=-1 topActivityLetterboxHeight=-1 topActivityAppBounds=Rect(0, 0 - 1080, 2340) isUserFullscreenOverrideEnabled=false isSystemFullscreenOverrideEnabled=false hasMinAspectRatioOverride=false topActivityLetterboxBounds=null cameraCompatTaskInfo=CameraCompatTaskInfo { freeformCameraCompatMode=inactive} topActivityBounds=null topActivityInDisplayCompat=false singleTapFromLetterbox=false} topActivityMainWindowFrame=null originallySupportedMultiWindow=true hasWallpaper=false rootAffinity=null isTopTaskInStage=false CoverLauncherWidgetTask=false LaunchedFromAppsCoverLauncherTask=false LaunchedFromMultistarCoverLauncherTask=false isAllowedSeamlessRotation=false isTopTransparentActivity=true isAliasManaged=false hasConfigChanged=false snappingGuideBounds=null isAiKeyRemoveAppTask=false lastDesktopWindowingBounds=null lastExternalDesktopWindowingBounds=null safeCutoutInsets=null}, pipChange = null, remoteTransition = RemoteTransition { remoteTransition = android.window.IRemoteTransition$Stub$Proxy@43cf63c, appThread = android.app.IApplicationThread$Stub$Proxy@f634fc5, debugName = QuickstepLaunchflags =NONE }, displayChange = null, flags = 0, debugId = 273 }
03-15 13:55:26.369 12320 12350 V WindowManager:     startWCT=WindowContainerTransaction { changes= {} hops= [] errorCallbackToken=null taskFragmentOrganizer=null }
03-15 13:55:26.369 12757 12780 V WindowManagerShell: onTransitionReady(transaction=52913997107589)
03-15 13:55:26.369 12320 12350 V WindowManager:     info={id=273 t=OPEN f=0x0 trk=0 r=[0@Point(0, 0)] c=[
03-15 13:55:26.369 12320 12350 V WindowManager:         {WCT{RemoteToken{8e7b347 Task{cbde905 #596 type=recents I=com.sec.android.app.launcher/com.android.quickstep.RecentsActivity}}} m=TO_FRONT f=SHOW_WALLPAPER|MOVE_TO_TOP|EDGE_EXTENSION_RESTRICTION leash=Surface(name=Task=596)/@0x9e4e361 sb=Rect(0, 0 - 1080, 2340) eb=Rect(0, 0 - 1080, 2340) epz=Point(1080, 2340) d=0 taskParent=-1 inset=Rect(0, 80 - 0, 39)},
03-15 13:55:26.369 12320 12350 V WindowManager:         {WCT{RemoteToken{9720ccf Task{3cba496 #1 type=home}}} m=TO_BACK f=SHOW_WALLPAPER|EDGE_EXTENSION_RESTRICTION leash=Surface(name=Task=1)/@0xd813e23 sb=Rect(0, 0 - 1080, 2340) eb=Rect(0, 0 - 1080, 2340) epz=Point(1080, 2340) d=0 taskParent=-1 inset=Rect(0, 80 - 0, 39)}
03-15 13:55:26.369 12320 12350 V WindowManager:     ]}
03-15 13:55:26.369 12757 12829 V WindowManagerShell: onTransitionReady (#273) android.os.BinderProxy@67dbb1c: {id=273 t=OPEN f=0x0 trk=0 r=[0@Point(0, 0)] c=[
03-15 13:55:26.369 12757 12829 V WindowManagerShell:         {m=TO_FRONT f=SHOW_WALLPAPER|MOVE_TO_TOP|EDGE_EXTENSION_RESTRICTION leash=Surface(name=Task=596)/@0xd109ec6 sb=Rect(0, 0 - 1080, 2340) eb=Rect(0, 0 - 1080, 2340) epz=Point(1080, 2340) d=0 taskParent=-1 inset=Rect(0, 80 - 0, 39)},
03-15 13:55:26.369 12757 12829 V WindowManagerShell:         {m=TO_BACK f=SHOW_WALLPAPER|EDGE_EXTENSION_RESTRICTION leash=Surface(name=Task=1)/@0x3981e87 sb=Rect(0, 0 - 1080, 2340) eb=Rect(0, 0 - 1080, 2340) epz=Point(1080, 2340) d=0 taskParent=-1 inset=Rect(0, 80 - 0, 39)}
03-15 13:55:26.369 12757 12829 V WindowManagerShell:     ]}
03-15 13:55:26.370 12757 12829 V ShellDesktopMode: DesktopModeLogger: taskInfo map after processing changes 0
03-15 13:55:26.370 12757 12829 D ShellDesktopMode: DesktopTaskChangeListener: onTaskMovingToFront for taskId=596, displayId=0
03-15 13:55:26.372 12757 12829 V WindowManagerShell: Playing animation for (#273) android.os.BinderProxy@67dbb1c@0
03-15 13:55:26.372 12757 12829 V WindowManagerShell:  try firstHandler com.android.wm.shell.transition.RemoteTransitionHandler@bfca1fc
03-15 13:55:26.372 12757 12829 V WindowManagerShell:  Delegate animation for (#273) to RemoteTransition { remoteTransition = android.window.IRemoteTransition$Stub$Proxy@f396d08, appThread = android.app.IApplicationThread$Stub$Proxy@6dc0ca1, debugName = QuickstepLaunchflags =NONE }
03-15 13:55:26.374 12320 12345 I InputMethodManagerService: isAccessoryKeyboard 0
03-15 13:55:26.374 12757 12829 V WindowManagerShell:  animated by firstHandler
03-15 13:55:26.414 14190 20788 I SDHMS:k : onTaskStackChanged
03-15 13:55:26.414 12320 12505 V InputMethodManagerService: startInputOrWindowGainedFocusInternalLocked: reason=WINDOW_FOCUS_GAIN client=android.os.BinderProxy@469731a inputContext=null editorInfo=android.view.inputmethod.EditorInfo@6f52d1a startInputFlags=VIEW_HAS_FOCUS|INITIAL_CONNECTION softInputMode=STATE_UNSPECIFIED|ADJUST_RESIZE windowFlags=#81910100 unverifiedTargetSdkVersion=36 bindingController=com.android.server.inputmethod.InputMethodBindingController@1cc1bc1 imeDispatcher=android.window.ImeOnBackInvokedDispatcher@63e504b cs=ClientState{b6792a7 mUid=10135 mPid=13277 mSelfReportedDisplayId=0} imeRequestedVisible=false
03-15 13:55:26.414 12320 12505 V InputMethodManagerService: setWindowStateInner, windowToken=android.os.BinderProxy@cc505ab, state=ImeTargetWindowState{ imeToken null imeFocusChanged true hasEditorFocused false requestedImeVisible false imeDisplayId 0 softInputModeState STATE_UNSPECIFIED|ADJUST_RESIZE isStartInputByGainFocus true}
03-15 13:55:26.414 12320 12505 V InputMethodManagerService: Unspecified window will hide input
03-15 13:55:26.415 12320 12505 V InputMethodManagerService: applyImeVisibility state=6
03-15 13:55:26.415 12320 12505 D SemInputMethodManagerServiceUtil: restorePreviousUsedInputMethod : failed to return the previous ime becuase the stored info is null or do not need restore
03-15 13:55:26.416 12320 12505 V InputMethodManagerService: semComputeImeDisplayIdForTarget: displayToShowIme=0
03-15 13:55:26.416 12320 12505 V InputMethodManagerService: Creating new accessibility sessions for client ClientState{b6792a7 mUid=10135 mPid=13277 mSelfReportedDisplayId=0}
03-15 13:55:26.416 12320 12505 D InputMethodManagerService: isImeSwitcherDisabledPackage : false
03-15 13:55:26.417 12320 12505 D InputMethodManagerService: checkDisplayOfStartInputAndUpdateKeyboard: displayId=0, mFocusedDisplayId=0
03-15 13:55:26.418 12320 14299 D RestrictionPolicy: isScreenCaptureEnabled : ret=true userId=0
03-15 13:55:26.418 12320 14299 I WindowManager: Cancelling animation restarting=true, leash=Surface(name=Surface(name=b1749ab InputMethod)/@0x6f02ba1 - animation-leash of insets_animation)/@0x9f120b5
03-15 13:55:26.418 12320 14299 I WindowManager: Reparenting to original parent: Surface(name=WindowToken{d3fbecc type=2011 android.os.Binder@42f30ff})/@0x113d1c6, destroy=false, surface=Surface(name=b1749ab InputMethod)/@0x6f02ba1
03-15 13:55:26.418 12320 14299 I WindowManager: Reparenting to leash, surface=Surface(name=b1749ab InputMethod)/@0x6f02ba1, leashParent=Surface(name=WindowToken{d3fbecc type=2011 android.os.Binder@42f30ff})/@0x113d1c6
03-15 13:55:26.419 12320 14299 D WindowManager: makeSurface duration=1 leash=Surface(name=Surface(name=b1749ab InputMethod)/@0x6f02ba1 - animation-leash of insets_animation)/@0x61fa627
03-15 13:55:26.420 12320 14299 D InsetsSourceProvider: updateControlForTarget: control=InsetsSourceControl: {3 mType=ime mSurfacePosition=Point(0, 80) mInsetsHint=Insets{left=0, top=0, right=0, bottom=879}}, target=Window{4dfb408 u0 com.sec.android.app.launcher/com.android.quickstep.RecentsActivity}, from=com.android.server.wm.ImeInsetsSourceProvider.updateControlForTarget:17 com.android.server.wm.InsetsStateController.onControlTargetChanged:83 com.android.server.wm.DisplayContent.updateImeControlTarget:21 com.android.server.wm.DisplayContent.updateImeInputAndControlTarget:156 com.android.server.wm.WindowManagerService$LocalService.updateInputMethodTargetWindow:64 
03-15 13:55:26.420 12320 12353 V InputMethodManagerService: Client requesting input be hidden
03-15 13:55:26.420 12320 12353 V InputMethodManagerService: setWindowStateInner, windowToken=android.os.BinderProxy@cc505ab, state=ImeTargetWindowState{ imeToken android.os.Binder@378b27d imeFocusChanged true hasEditorFocused false requestedImeVisible false imeDisplayId 0 softInputModeState STATE_UNSPECIFIED|ADJUST_RESIZE isStartInputByGainFocus true}
03-15 13:55:26.421 12320 12353 V InputMethodManagerService: hideCurrentInputLocked : canceled, shouldHideSoftInput=false, mInputShown=false, mImeWindowVis=0
03-15 13:55:26.698 12757 12829 V WindowManagerShell: Transition animation finished (aborted=false), notifying core (#273) android.os.BinderProxy@67dbb1c@0
03-15 13:55:26.701 12320 14299 V WindowManager: Finish Transition: TransitionRecord{3a7ae5 id=273 type=OPEN flags=0x0 c=[
03-15 13:55:26.701 12320 14299 V WindowManager:    ChangeInfo{46e37c8 container=DefaultTaskDisplayArea_d0@21689571 flags=0x0}
03-15 13:55:26.701 12320 14299 V WindowManager:    ChangeInfo{49ce061 container=ActivityRecord{48835708 u0 com.sec.android.app.launcher/com.android.quickstep.RecentsActivity t596} flags=0x0}
03-15 13:55:26.701 12320 14299 V WindowManager:    ChangeInfo{f2f4786 container=WallpaperWindowToken{384c472 showWhenLocked=false}_<system> flags=0x0}
03-15 13:55:26.701 12320 14299 V WindowManager:    ChangeInfo{6907847 container=Task{3cba496 #1 type=home} flags=0x10}
03-15 13:55:26.701 12320 14299 V WindowManager:    ChangeInfo{e130874 container=ActivityRecord{70907090 u0 com.sec.android.app.launcher/.activities.LauncherActivity t593} flags=0x0}
03-15 13:55:26.701 12320 14299 V WindowManager:    ChangeInfo{866219d container=WallpaperWindowToken{86131fa showWhenLocked=true}_<lock> flags=0x0}
03-15 13:55:26.701 12320 14299 V WindowManager:    ChangeInfo{e285612 container=Display{#0 state=ON size=1080x2340 ROTATION_0} flags=0x0}
03-15 13:55:26.701 12320 14299 V WindowManager:    ChangeInfo{55251e3 container=ActivityRecord{209078714 u0 com.sec.android.app.launcher/com.android.quickstep.RecentsActivity t-1} flags=0x0}
03-15 13:55:26.701 12320 14299 V WindowManager:    ChangeInfo{19237e0 container=Task{cbde905 #596 type=recents I=com.sec.android.app.launcher/com.android.quickstep.RecentsActivity} flags=0x30}
03-15 13:55:26.701 12320 14299 V WindowManager:    ChangeInfo{f883a99 container=Task{fc17dcd #593 type=home I=com.sec.android.app.launcher/.activities.LauncherActivity} flags=0x10}
03-15 13:55:26.701 12320 14299 V WindowManager:    ChangeInfo{a31c15e container=RemoteWallpaperAnim:1:1@264671916 flags=0x0}
03-15 13:55:26.701 12320 14299 V WindowManager: ]
03-15 13:55:26.701 12320 14299 V WindowManager: }, caller=com.android.server.wm.WindowOrganizerController.finishTransitionInner:31 com.android.server.wm.WindowOrganizerController.finishAllTransitions:60 android.window.IWindowOrganizerController$Stub.onTransact:283 
03-15 13:55:26.702 12320 12350 V WindowManager: Finish Transition (#273): created at 03-15 13:55:26.307 collect-started=0.508ms request-sent=10.107ms started=13.849ms ready=13.833ms sent=57.405ms commit=22.981ms finished=393.864ms
03-15 13:55:26.702 12320 14299 V WindowManager: Setting visibility of Window{7b4c344 u0 com.sec.android.app.launcher/com.sec.android.app.launcher.activities.LauncherActivity}: false, caller=com.android.server.wm.WindowContainer.sendAppVisibilityToClients:19 com.android.server.wm.WindowToken.setClientVisible:48 com.android.server.wm.ActivityRecord.commitVisibility:186 com.android.server.wm.TransitionController.finishTransition:846 com.android.server.wm.WindowOrganizerController.finishTransitionInner:31 
03-15 13:55:26.703 12320 14299 V WindowManager: Setting visibility of Window{3df34fd u0 com.sec.android.app.launcher/com.sec.android.app.launcher.activities.LauncherActivity}: false, caller=com.android.server.wm.WindowContainer.sendAppVisibilityToClients:19 com.android.server.wm.WindowToken.setClientVisible:48 com.android.server.wm.ActivityRecord.commitVisibility:186 com.android.server.wm.TransitionController.finishTransition:846 com.android.server.wm.WindowOrganizerController.finishTransitionInner:31 
03-15 13:55:26.704 12320 14299 D ChangeTransitionController: onTransitionFinished: TransitionRecord{3a7ae5 id=273 type=OPEN flags=0x0 c=[
03-15 13:55:26.704 12320 14299 D ChangeTransitionController:    ChangeInfo{46e37c8 container=DefaultTaskDisplayArea_d0@21689571 flags=0x0}
03-15 13:55:26.704 12320 14299 D ChangeTransitionController:    ChangeInfo{49ce061 container=ActivityRecord{48835708 u0 com.sec.android.app.launcher/com.android.quickstep.RecentsActivity t596} flags=0x0}
03-15 13:55:26.704 12320 14299 D ChangeTransitionController:    ChangeInfo{f2f4786 container=WallpaperWindowToken{384c472 showWhenLocked=false}_<system> flags=0x0}
03-15 13:55:26.704 12320 14299 D ChangeTransitionController:    ChangeInfo{6907847 container=Task{3cba496 #1 type=home} flags=0x10}
03-15 13:55:26.704 12320 14299 D ChangeTransitionController:    ChangeInfo{e130874 container=ActivityRecord{70907090 u0 com.sec.android.app.launcher/.activities.LauncherActivity t593} flags=0x0}
03-15 13:55:26.704 12320 14299 D ChangeTransitionController:    ChangeInfo{866219d container=WallpaperWindowToken{86131fa showWhenLocked=true}_<lock> flags=0x0}
03-15 13:55:26.704 12320 14299 D ChangeTransitionController:    ChangeInfo{e285612 container=Display{#0 state=ON size=1080x2340 ROTATION_0} flags=0x0}
03-15 13:55:26.704 12320 14299 D ChangeTransitionController:    ChangeInfo{55251e3 container=ActivityRecord{209078714 u0 com.sec.android.app.launcher/com.android.quickstep.RecentsActivity t-1} flags=0x0}
03-15 13:55:26.704 12320 14299 D ChangeTransitionController:    ChangeInfo{19237e0 container=Task{cbde905 #596 type=recents I=com.sec.android.app.launcher/com.android.quickstep.RecentsActivity} flags=0x30}
03-15 13:55:26.704 12320 14299 D ChangeTransitionController:    ChangeInfo{f883a99 container=Task{fc17dcd #593 type=home I=com.sec.android.app.launcher/.activities.LauncherActivity} flags=0x10}
03-15 13:55:26.704 12320 14299 D ChangeTransitionController:    ChangeInfo{a31c15e container=RemoteWallpaperAnim:1:1@264671916 flags=0x0}
03-15 13:55:26.704 12320 14299 D ChangeTransitionController: ]
03-15 13:55:26.704 12320 14299 D ChangeTransitionController: }
03-15 13:55:26.705 12757 12829 V WindowManagerShell: Track 0 became idle
03-15 13:55:26.705 12757 12829 V WindowManagerShell: All active transition animations finished
03-15 13:55:26.711 12320 12353 D PowerManagerService: [api] setScreenDimDurationOverrideFromWindowManagerInternal: timeoutMillis: -1
03-15 13:55:26.734 12320 12946 E WindowManager: win=Window{7b4c344 u0 com.sec.android.app.launcher/com.sec.android.app.launcher.activities.LauncherActivity} destroySurfaces: appStopped=true cleanupOnResume=false win.mWindowRemovalAllowed=false win.mRemoveOnExit=false win.mViewVisibility=8 caller=com.android.server.wm.ActivityRecord.destroySurfaces:25 com.android.server.wm.ActivityRecord.activityStopped:192 com.android.server.wm.ActivityClientController.activityStopped:97 android.app.IActivityClientController$Stub.onTransact:740 com.android.server.wm.ActivityClientController.onTransact:1 android.os.Binder.execTransactInternal:1462 android.os.Binder.execTransact:1401 
03-15 13:55:26.734 12320 12353 D SGM:FgCheckThread: getForegroundApp(), foregroundPkgName=com.sec.android.app.launcher
03-15 13:55:26.735 12320 12629 D BackgroundInstallControlService: Package event received: 0
03-15 13:55:26.735 12320 12946 E WindowManager: win=Window{3df34fd u0 com.sec.android.app.launcher/com.sec.android.app.launcher.activities.LauncherActivity} destroySurfaces: appStopped=true cleanupOnResume=false win.mWindowRemovalAllowed=false win.mRemoveOnExit=false win.mViewVisibility=8 caller=com.android.server.wm.ActivityRecord.destroySurfaces:25 com.android.server.wm.ActivityRecord.activityStopped:192 com.android.server.wm.ActivityClientController.activityStopped:97 android.app.IActivityClientController$Stub.onTransact:740 com.android.server.wm.ActivityClientController.onTransact:1 android.os.Binder.execTransactInternal:1462 android.os.Binder.execTransact:1401 
03-15 13:55:26.735 12320 12353 D SGM:FgCheckThread: pkgName: com.sec.android.app.launcher is in foreground
03-15 13:55:26.861 12320 12946 W ContextImpl: Calling a method in the system process without a qualified user: android.app.ContextImpl.sendBroadcastMultiplePermissions:1385 android.content.Context.sendBroadcastMultiplePermissions:2588 com.android.server.TelephonyRegistry.broadcastServiceStateChanged:63 com.android.server.TelephonyRegistry.notifyServiceStateForPhoneId:185 com.android.internal.telephony.ITelephonyRegistry$Stub.onTransact:667 
03-15 13:55:26.864 12320 12946 W ContextImpl: Calling a method in the system process without a qualified user: android.app.ContextImpl.sendBroadcastMultiplePermissions:1418 com.android.server.TelephonyRegistry.broadcastServiceStateChanged:92 com.android.server.TelephonyRegistry.notifyServiceStateForPhoneId:185 com.android.internal.telephony.ITelephonyRegistry$Stub.onTransact:667 android.os.Binder.execTransactInternal:1462 
03-15 13:55:26.873 12320 12946 W ContextImpl: Calling a method in the system process without a qualified user: android.app.ContextImpl.sendBroadcastMultiplePermissions:1418 com.android.server.TelephonyRegistry.broadcastServiceStateChanged:121 com.android.server.TelephonyRegistry.notifyServiceStateForPhoneId:185 com.android.internal.telephony.ITelephonyRegistry$Stub.onTransact:667 android.os.Binder.execTransactInternal:1462 
03-15 13:55:26.875 12320 12946 W ContextImpl: Calling a method in the system process without a qualified user: android.app.ContextImpl.sendBroadcastMultiplePermissions:1418 com.android.server.TelephonyRegistry.broadcastServiceStateChanged:144 com.android.server.TelephonyRegistry.notifyServiceStateForPhoneId:185 com.android.internal.telephony.ITelephonyRegistry$Stub.onTransact:667 android.os.Binder.execTransactInternal:1462 
03-15 13:55:26.877 12320 12364 I ActivityManager: Changes in 10263 19 to 11, 0 to 128
03-15 13:55:26.883 12320 14299 I ActivityManager: Changes in 10263 11 to 19, 128 to 0
03-15 13:55:26.885 12320 12345 I Telecom : SamsungTelecomServiceImpl : isInCall - callingPackage : com.android.systemui / callingUser : UserHandle{0} / hasCrossUserAccess : true
03-15 13:55:26.888 12320 12345 I Telecom : SamsungTelecomServiceImpl : isInEmergencyCall - callingPid : 12732 / processName : sts
03-15 13:55:26.888 12320 12345 I Telecom : TelecomServiceImpl$1: isInEmergencyCall: false: TSI.iIEC@Buk
03-15 13:55:26.995 12320 14299 I ActivityManager: Changes in 90001 17 to 17, 128 to 0
03-15 13:55:26.995 12320 14299 I ActivityManager: Changes in 90000 10 to 10, 128 to 0
03-15 13:55:26.995 12320 14299 I ActivityManager: Changes in 10304 10 to 10, 128 to 0
03-15 13:55:26.999 12320 12364 I ActivityManager: Changes in 90001 17 to 17, 0 to 128
03-15 13:55:27.000 12320 12364 I ActivityManager: Changes in 90000 10 to 10, 0 to 128
03-15 13:55:27.000 12320 12364 I ActivityManager: Changes in 10304 10 to 10, 0 to 128
03-15 13:55:27.106 12320 12476 D ActivityManager: Received BROADCAST intent 0x3dfd780 Key{broadcastIntent pkg=com.google.android.gms/com.google.android.gms.location_base intent=act=com.google.android.location.ALARM_WAKEUP_ACTIVITY_DETECTION xflg=0x4 pkg=com.google.android.gms flags=0x4000000 u=0} requestCode=0 sent=0 from uid 1000
03-15 13:55:27.116 12320 14299 D ActivityTaskManager: scheduleTopResumedActivityChanged, onTop=false, r=ActivityRecord{48835708 u0 com.sec.android.app.launcher/com.android.quickstep.RecentsActivity t596}, caller=com.android.server.wm.ActivityTaskSupervisor.scheduleTopResumedActivityStateLossIfNeeded:19 com.android.server.wm.ActivityTaskSupervisor.updateTopResumedActivityIfNeeded:20 com.android.server.wm.TaskDisplayArea.positionChildAt:252 com.android.server.wm.Task.moveToFront:40 com.android.server.wm.TaskDisplayArea.moveHomeRootTaskToFront:9 com.android.server.wm.ActivityTaskSupervisor.startActivityFromRecents:583 
03-15 13:55:27.117 12320 14299 W ActivityTaskManager: callingPackage for (uid=-1, pid=-1) has no WPC
03-15 13:55:27.119 12320 14299 D WindowManager: Transition is created, t=TransitionRecord{3fb220f id=-1 type=TO_FRONT flags=0x0}, caller=com.android.server.wm.Transition.<init>:182 com.android.server.wm.TransitionController.createTransition:17 com.android.server.wm.ActivityTaskSupervisor.findTaskToMoveToFront:96 com.android.server.wm.ActivityTaskManagerService.moveTaskToFrontLocked:200 com.android.server.wm.ActivityTaskSupervisor.startActivityFromRecents:719 
03-15 13:55:27.119 12320 14299 D BLASTSyncEngine: SyncGroup is created, id=274, name=Transition-TO_FRONT, caller=com.android.server.wm.BLASTSyncEngine$SyncGroup.<init>:52 com.android.server.wm.TransitionController.moveToCollecting:79 com.android.server.wm.TransitionController.createTransition:46 com.android.server.wm.ActivityTaskSupervisor.findTaskToMoveToFront:96 com.android.server.wm.ActivityTaskManagerService.moveTaskToFrontLocked:200 com.android.server.wm.ActivityTaskSupervisor.startActivityFromRecents:719 com.android.server.wm.ActivityTaskManagerService.startActivityFromRecents:32 
03-15 13:55:27.120 12320 14299 W BLASTSyncEngine: setSyncMethod, id=274, method=0, caller=com.android.server.wm.TransitionController.moveToCollecting:91 com.android.server.wm.TransitionController.createTransition:46 com.android.server.wm.ActivityTaskSupervisor.findTaskToMoveToFront:96 
03-15 13:55:27.121 12320 14299 V WindowManager: Start collecting in Transition: TransitionRecord{3fb220f id=274 type=TO_FRONT flags=0x0}, caller=com.android.server.wm.TransitionController.createTransition:46 com.android.server.wm.ActivityTaskSupervisor.findTaskToMoveToFront:96 com.android.server.wm.ActivityTaskManagerService.moveTaskToFrontLocked:200 com.android.server.wm.ActivityTaskSupervisor.startActivityFromRecents:719 com.android.server.wm.ActivityTaskManagerService.startActivityFromRecents:32 
03-15 13:55:27.121 12320 14299 V WindowManager: Collecting in transition 274: Task{5ede90c #609 type=standard A=10286:com.example.kutuphane}, caller=com.android.server.wm.TransitionController.collect:7 com.android.server.wm.ActivityTaskSupervisor.findTaskToMoveToFront:120 com.android.server.wm.ActivityTaskManagerService.moveTaskToFrontLocked:200 com.android.server.wm.ActivityTaskSupervisor.startActivityFromRecents:719 com.android.server.wm.ActivityTaskManagerService.startActivityFromRecents:32 
03-15 13:55:27.122 12320 14299 D WindowManager: prepareSync <SYNC_STATE_WAITING_FOR_DRAW>, mPrepareSyncSeqId=0, win=Window{b68a983 u0 com.example.kutuphane/com.example.kutuphane.kitapekle}
03-15 13:55:27.122 12320 14299 D WindowManager: prepareSync <SYNC_STATE_WAITING_FOR_DRAW>, mPrepareSyncSeqId=0, win=Window{140b44d u0 com.example.kutuphane/com.example.kutuphane.kitapIslemleri}
03-15 13:55:27.122 12320 14299 D WindowManager: prepareSync <SYNC_STATE_WAITING_FOR_DRAW>, mPrepareSyncSeqId=0, win=Window{4f001df u0 com.example.kutuphane/com.example.kutuphane.goster}
03-15 13:55:27.122 12320 14299 I Pageboost: moveTaskToFront : 10286:com.example.kutuphane
03-15 13:55:27.126 12320 14299 V WindowManager: rotationForOrientation(orient=SCREEN_ORIENTATION_UNSPECIFIED (-1), last=ROTATION_0 (0)); user=ROTATION_0 (0) USER_ROTATION_LOCKED
03-15 13:55:27.126 12320 14299 D WindowManager: rotationForOrientation, orientationSource=ActivityRecord{48835708 u0 com.sec.android.app.launcher/com.android.quickstep.RecentsActivity t596}
03-15 13:55:27.126 12320 14299 D ActivityTaskManager: addStartingWindow: type=1 typeParameter=1e
03-15 13:55:27.126 12320 14299 V WindowManager: Creating SnapshotStartingData
03-15 13:55:27.126 12320 14299 V WindowManager: Add starting ActivityRecord{72205323 u0 com.example.kutuphane/.kitapekle t609}: startingData=SnapshotStartingData{ce8429c removeAfterTransaction= 0}
03-15 13:55:27.128 12320 14299 V WindowManager: Added starting ActivityRecord{72205323 u0 com.example.kutuphane/.kitapekle t609}: startingWindow=null startingView=com.android.server.wm.StartingSurfaceController$StartingSurface@3d814a5
03-15 13:55:27.128 12320 14299 V WindowManager: Requesting StartTransition: TransitionRecord{3fb220f id=274 type=TO_FRONT flags=0x0 c=[
03-15 13:55:27.128 12320 14299 V WindowManager:    ChangeInfo{5e9407a container=DefaultTaskDisplayArea_d0@21689571 flags=0x0}
03-15 13:55:27.128 12320 14299 V WindowManager:    ChangeInfo{e51d02b container=Task{5ede90c #609 type=standard A=10286:com.example.kutuphane} flags=0x0}
03-15 13:55:27.128 12320 14299 V WindowManager:    ChangeInfo{284ec88 container=Display{#0 state=ON size=1080x2340 ROTATION_0} flags=0x0}
03-15 13:55:27.128 12320 14299 V WindowManager: ]
03-15 13:55:27.128 12320 14299 V WindowManager: }, caller=com.android.server.wm.ActivityTaskSupervisor.findTaskToMoveToFront:405 com.android.server.wm.ActivityTaskManagerService.moveTaskToFrontLocked:200 com.android.server.wm.ActivityTaskSupervisor.startActivityFromRecents:719 com.android.server.wm.ActivityTaskManagerService.startActivityFromRecents:32 android.app.IActivityTaskManager$Stub.onTransact:1759 
