03-15 13:56:10.935 12320 12320 D WALLPAPER_SVC:WallpaperManagerService: dispatchHomeVisibilityChanged: visible = true, connection = com.android.server.wallpaper.WallpaperManagerService$WallpaperConnection@a6886c4, systemWallpaper = WallpaperData@82ef73e, id: 47, which: 5, file mod: 1753992592748, info: null, engine(s): Proxy@8ace404, type = 0, userId = 0, uri= null, allowBackup= true, wallpaperComponent = ComponentInfo{com.android.systemui/com.android.systemui.wallpapers.ImageWallpaper}, nextWallpaperComponent = ComponentInfo{com.android.systemui/com.android.systemui.wallpapers.ImageWallpaper} 
03-15 13:56:10.937 12320 12354 D BLASTSyncEngine: SyncGroup 278:  Unfinished container: Task{845d6d4 #611 type=standard A=10220:com.google.android.googlequicksearchbox.googleapp} mSyncState=2
03-15 13:56:10.938 12320 12946 D SGM:GameManager: identifyForegroundApp. com.google.android.googlequicksearchbox, mCurrentUserId: 0, callerUserId: 0
03-15 13:56:10.941 12320 13084 D WindowManager: makeSurface duration=1 name=Splash Screen com.google.android.googlequicksearchbox$_12757
03-15 13:56:10.942 12320 13084 D BLASTSyncEngine: SyncGroup 278:  Unfinished container: Task{845d6d4 #611 type=standard A=10220:com.google.android.googlequicksearchbox.googleapp} mSyncState=2
03-15 13:56:10.944 12757 12829 D WindowManagerShell: onKeepClearAreasChanged: restricted={}, unrestricted={Rect(0, 1461 - 1080, 2214)}
03-15 13:56:10.947 12320 12946 D SGM:GameManager: identifyGamePackage. com.google.android.googlequicksearchbox, mCurrentUserId: 0, callingMethodInfo: com.samsung.android.game.IGameManagerService$Stub.onTransact(IGameManagerService.java:247)
03-15 13:56:10.951 12320 12353 D SGM:FgCheckThread: noteResumeComponent(), received pkgName: com.google.android.googlequicksearchbox, userId: 0
03-15 13:56:10.951 14190 15781 I SDHMS:k : handleResumeComponent : put = com.google.android.googlequicksearchbox, userid = 0 instanceid =98876274
03-15 13:56:10.952 12320 12510 D SGM:FgCheckThread: onLooperPrepared(), msg: MSG_APP_RESUME, pkgName: com.google.android.googlequicksearchbox, userid: 0
03-15 13:56:10.952 12320 12510 D SGM:FgCheckThread: handleResume().
03-15 13:56:10.952 12320 12510 D SGM:FgCheckThread: sendFocusOutConditionally() - mPrevNotiPkg: (unknown), userId: 0
03-15 13:56:10.952 12320 12510 D SGM:FgCheckThread:   handleResume(). pkgName: com.google.android.googlequicksearchbox, userId: 0, category: non-game
03-15 13:56:10.952 12320 12510 D SGM:FgCheckThread: notifyFocusInOut(). of pkg: com.google.android.googlequicksearchbox, type: 4, isSecGameFamily: false, userId: 0
03-15 13:56:10.952 12320 12510 D SGM:FgCheckThread:   notifyFocusInOut(). unexpected mPrevNotiType: -1
03-15 13:56:10.952 12320 12510 D SGM:SystemHelper: callReleaseBlock needReleaseBlock:false
03-15 13:56:10.952 12320 12619 I CocktailBarManagerServiceContainer: handleMessage: entry what = 5
03-15 13:56:10.953 12320 12629 D BackgroundInstallControlService: Package event received: 0
03-15 13:56:10.956 12320 12353 D SGM:GameManager: identifyGamePackage. com.google.android.googlequicksearchbox, mCurrentUserId: 0, callingMethodInfo: com.samsung.android.game.SemGameManager.isGamePackage(SemGameManager.java:106)
03-15 13:56:10.956 12320 12353 D SGM:SemGameManager: isGamePackage(), pkgName=com.google.android.googlequicksearchbox, ret=false
03-15 13:56:10.958 12320 12629 D BackgroundInstallControlService: Package event received: 0
03-15 13:56:10.964 12320 12351 D SGM:GameManager: identifyForegroundApp. com.google.android.googlequicksearchbox, mCurrentUserId: 0, callerUserId: 0
03-15 13:56:10.964 12320 12351 D SGM:SemGameManager: isForegroundGame(), ret=false
03-15 13:56:10.965 12320 12946 D WindowManager: prepareSync <SYNC_STATE_WAITING_FOR_DRAW>, mPrepareSyncSeqId=0, win=Window{e987794 u0 com.google.android.googlequicksearchbox/com.google.android.googlequicksearchbox.InternalGoogleAppActivityEntrypoint}
03-15 13:56:10.966 12320 12946 D RestrictionPolicy: isScreenCaptureEnabled : ret=true userId=0
03-15 13:56:10.966 12320 12946 D RestrictionPolicy: isScreenCaptureEnabled : ret=true userId=0
03-15 13:56:10.967 12320 14425 D WindowManager: finishDrawingWindow: Window{5500596 u0 Splash Screen com.google.android.googlequicksearchbox} mDrawState=DRAW_PENDING seqId=0
03-15 13:56:10.967 12320 14425 V WindowManager: Finishing drawing window Window{5500596 u0 Splash Screen com.google.android.googlequicksearchbox}: mDrawState=DRAW_PENDING
03-15 13:56:10.967 12320 14425 V WindowManager: Draw state now committed in Window{5500596 u0 Splash Screen com.google.android.googlequicksearchbox}
03-15 13:56:10.968 12320 12351 D SGM:GameManager: identifyForegroundApp. com.google.android.googlequicksearchbox, mCurrentUserId: 0, callerUserId: 0
03-15 13:56:10.968 12320 12351 D SGM:SemGameManager: isForegroundGame(), ret=false
03-15 13:56:10.969 12320 12354 V WindowManager: SyncGroup 278: Finished!
03-15 13:56:10.969 12320 12354 V WindowManager: performShowLocked: mDrawState=HAS_DRAWN in Window{5500596 u0 Splash Screen com.google.android.googlequicksearchbox}
03-15 13:56:10.969 12320 12354 D Transition: updateTaskbarTargetIfNeeded: defer to send callbackwhile on transient launch
03-15 13:56:10.969 12320 12354 D ChangeTransitionController: onTransactionReady: TransitionRecord{cc2ce4b id=278 type=OPEN flags=0x0 c=[
03-15 13:56:10.969 12320 12354 D ChangeTransitionController:    ChangeInfo{295511f container=DefaultTaskDisplayArea_d0@21689571 flags=0x0}
03-15 13:56:10.969 12320 12354 D ChangeTransitionController:    ChangeInfo{5452c6c container=ActivityRecord{47112232 u0 com.google.android.googlequicksearchbox/.InternalGoogleAppActivityEntrypoint t611} flags=0x0}
03-15 13:56:10.969 12320 12354 D ChangeTransitionController:    ChangeInfo{bfc2a32 container=WallpaperWindowToken{384c472 showWhenLocked=false}_<system> flags=0x0}
03-15 13:56:10.969 12320 12354 D ChangeTransitionController:    ChangeInfo{3e56383 container=Task{3cba496 #1 type=home} flags=0x0}
03-15 13:56:10.969 12320 12354 D ChangeTransitionController:    ChangeInfo{74f7900 container=ActivityRecord{70907090 u0 com.sec.android.app.launcher/.activities.LauncherActivity t593} flags=0x0}
03-15 13:56:10.969 12320 12354 D ChangeTransitionController:    ChangeInfo{9b4b539 container=Task{5ede90c #609 type=standard A=10286:com.example.kutuphane} flags=0x0}
03-15 13:56:10.969 12320 12354 D ChangeTransitionController:    ChangeInfo{9850235 container=Task{845d6d4 #611 type=standard A=10220:com.google.android.googlequicksearchbox.googleapp} flags=0x0}
03-15 13:56:10.969 12320 12354 D ChangeTransitionController:    ChangeInfo{43eb77e container=WallpaperWindowToken{86131fa showWhenLocked=true}_<lock> flags=0x0}
03-15 13:56:10.969 12320 12354 D ChangeTransitionController:    ChangeInfo{e4c46ca container=Display{#0 state=ON size=1080x2340 ROTATION_0} flags=0x0}
03-15 13:56:10.969 12320 12354 D ChangeTransitionController:    ChangeInfo{410b4df container=ActivityRecord{206451061 u0 com.example.kutuphane/.kitapekle t609} flags=0x0}
03-15 13:56:10.969 12320 12354 D ChangeTransitionController:    ChangeInfo{5b3252c container=Task{fc17dcd #593 type=home I=com.sec.android.app.launcher/.activities.LauncherActivity} flags=0x0}
03-15 13:56:10.969 12320 12354 D ChangeTransitionController:    ChangeInfo{ea26bf5 container=RemoteWallpaperAnim:1:1@264671916 flags=0x0}
03-15 13:56:10.969 12320 12354 D ChangeTransitionController: ]
03-15 13:56:10.969 12320 12354 D ChangeTransitionController: }
03-15 13:56:10.969 12320 12354 V WindowManager: Start calculating TransitionInfo based on participants: {ActivityRecord{47112232 u0 com.google.android.googlequicksearchbox/.InternalGoogleAppActivityEntrypoint t611}, WallpaperWindowToken{384c472 showWhenLocked=false}_<system>, ActivityRecord{70907090 u0 com.sec.android.app.launcher/.activities.LauncherActivity t593}, Task{845d6d4 #611 type=standard A=10220:com.google.android.googlequicksearchbox.googleapp}, WallpaperWindowToken{86131fa showWhenLocked=true}_<lock>, ActivityRecord{206451061 u0 com.example.kutuphane/.kitapekle t609}}
03-15 13:56:10.970 12320 12354 V WindowManager:   Final targets: [ChangeInfo{9850235 container=Task{845d6d4 #611 type=standard A=10220:com.google.android.googlequicksearchbox.googleapp} flags=0x10}, ChangeInfo{3e56383 container=Task{3cba496 #1 type=home} flags=0x10}, ChangeInfo{9b4b539 container=Task{5ede90c #609 type=standard A=10286:com.example.kutuphane} flags=0x10}, ChangeInfo{bfc2a32 container=WallpaperWindowToken{384c472 showWhenLocked=false}_<system> flags=0x0}]
03-15 13:56:10.973 12320 12354 V WindowManager: Calling onTransitionReady: {id=278 t=OPEN f=0x0 trk=0 r=[0@Point(0, 0)] c=[
03-15 13:56:10.973 12320 12354 V WindowManager:         {WCT{RemoteToken{dc36818 Task{845d6d4 #611 type=standard A=10220:com.google.android.googlequicksearchbox.googleapp}}} m=OPEN f=NONE leash=Surface(name=Task=611)/@0xc8acd8a sb=Rect(0, 0 - 1080, 2340) eb=Rect(0, 0 - 1080, 2340) epz=Point(1080, 2340) d=0 taskParent=-1 inset=Rect(0, 80 - 0, 39) dim=true},
03-15 13:56:10.973 12320 12354 V WindowManager:         {WCT{RemoteToken{9720ccf Task{3cba496 #1 type=home}}} m=TO_BACK f=SHOW_WALLPAPER|EDGE_EXTENSION_RESTRICTION leash=Surface(name=Task=1)/@0xd813e23 sb=Rect(0, 0 - 1080, 2340) eb=Rect(0, 0 - 1080, 2340) epz=Point(1080, 2340) d=0 taskParent=-1 inset=Rect(0, 80 - 0, 39)},
03-15 13:56:10.973 12320 12354 V WindowManager:         {WCT{RemoteToken{2dc67f3 Task{5ede90c #609 type=standard A=10286:com.example.kutuphane}}} m=TO_BACK f=NONE leash=Surface(name=Task=609)/@0xa252d sb=Rect(0, 0 - 1080, 2340) eb=Rect(0, 0 - 1080, 2340) epz=Point(1080, 2340) d=0 taskParent=-1 inset=Rect(0, 80 - 0, 39)},
03-15 13:56:10.973 12320 12354 V WindowManager:         {m=TO_BACK f=IS_WALLPAPER p=WCT{RemoteToken{e1c459c RemoteWallpaperAnim:1:1@264671916}} leash=Surface(name=WallpaperWindowToken{384c472 showWhenLocked=false})/@0xaa6efa9 sb=Rect(0, 0 - 1080, 2340) eb=Rect(0, 0 - 1080, 2340) epz=Point(1080, 2340) d=0 inset=Rect(0, 0 - 0, 0)}
03-15 13:56:10.973 12320 12354 V WindowManager:     ]}
03-15 13:56:10.973 12320 12354 D RestrictionPolicy: isScreenCaptureEnabled : ret=true userId=0
03-15 13:56:10.976 12757 23432 V WindowManagerShell: onTransitionReady(transaction=52913997107726)
03-15 13:56:10.976 12757 12829 V WindowManagerShell: onTransitionReady (#278) android.os.BinderProxy@3c0c5e6: {id=278 t=OPEN f=0x0 trk=0 r=[0@Point(0, 0)] c=[
03-15 13:56:10.976 12757 12829 V WindowManagerShell:         {m=OPEN f=NONE leash=Surface(name=Task=611)/@0x3bc7496 sb=Rect(0, 0 - 1080, 2340) eb=Rect(0, 0 - 1080, 2340) epz=Point(1080, 2340) d=0 taskParent=-1 inset=Rect(0, 80 - 0, 39) dim=true},
03-15 13:56:10.976 12757 12829 V WindowManagerShell:         {m=TO_BACK f=SHOW_WALLPAPER|EDGE_EXTENSION_RESTRICTION leash=Surface(name=Task=1)/@0x4c78817 sb=Rect(0, 0 - 1080, 2340) eb=Rect(0, 0 - 1080, 2340) epz=Point(1080, 2340) d=0 taskParent=-1 inset=Rect(0, 80 - 0, 39)},
03-15 13:56:10.976 12757 12829 V WindowManagerShell:         {m=TO_BACK f=NONE leash=Surface(name=Task=609)/@0xd362404 sb=Rect(0, 0 - 1080, 2340) eb=Rect(0, 0 - 1080, 2340) epz=Point(1080, 2340) d=0 taskParent=-1 inset=Rect(0, 80 - 0, 39)},
03-15 13:56:10.976 12757 12829 V WindowManagerShell:         {m=TO_BACK f=IS_WALLPAPER p=WCT{android.window.IWindowContainerToken$Stub$Proxy@6b28eb3} leash=Surface(name=WallpaperWindowToken{384c472 showWhenLocked=false})/@0xe1ebded sb=Rect(0, 0 - 1080, 2340) eb=Rect(0, 0 - 1080, 2340) epz=Point(1080, 2340) d=0 inset=Rect(0, 0 - 0, 0)}
03-15 13:56:10.976 12757 12829 V WindowManagerShell:     ]}
03-15 13:56:10.977 12757 12829 V ShellDesktopMode: DesktopModeLogger: taskInfo map after processing changes 0
03-15 13:56:10.977 12757 12829 D ShellDesktopMode: DesktopTaskChangeListener: onTaskOpening for taskId=611, displayId=0
03-15 13:56:10.979 12757 12829 V WindowManagerShell: Transition (#278) android.os.BinderProxy@3c0c5e6@0 ready while (#277) android.os.BinderProxy@22989b5@0 is still animating. Notify the animating transition in case they can be merged
03-15 13:56:10.979 12757 12829 V ShellRecents: [178452554] RecentsController.merge
03-15 13:56:10.979 12757 12829 V ShellRecents:   closing pausing taskId=609
03-15 13:56:10.981 12757 12829 V ShellRecents:   opening new leaf taskId=611 wasClosing=false
03-15 13:56:10.981 12757 12829 V ShellRecents: [178452554] RecentsController.merge: empty pausing tasks
03-15 13:56:10.981 12757 12829 V ShellRecents: [178452554] RecentsController.merge: consuming merge
03-15 13:56:10.982 12757 12829 V WindowManagerShell: Transition was merged: (#278) android.os.BinderProxy@3c0c5e6@0 into (#277) android.os.BinderProxy@22989b5@0
03-15 13:56:10.985 12757 12829 V ShellRecents: [178452554] RecentsController.merge: calling onTasksAppeared
03-15 13:56:10.989 12320 12354 D RestrictionPolicy: isScreenCaptureEnabled : ret=true userId=0
03-15 13:56:10.990 12320 12350 V WindowManager: Sent Transition (#278) createdAt=03-15 13:56:10.870 via request=TransitionRequestInfo { type = OPEN, triggerTask = TaskInfo{userId=0 taskId=611 effectiveUid=10220 displayId=0 isRunning=true baseIntent=Intent { dat=ga:/... flg=0x10008000 cmp=com.google.android.googlequicksearchbox/.InternalGoogleAppActivityEntrypoint } baseActivity=ComponentInfo{com.google.android.googlequicksearchbox/com.google.android.apps.search.googleapp.activity.GoogleAppActivity} topActivity=ComponentInfo{com.google.android.googlequicksearchbox/com.google.android.apps.search.googleapp.activity.GoogleAppActivity} origActivity=ComponentInfo{com.google.android.googlequicksearchbox/com.google.android.googlequicksearchbox.InternalGoogleAppActivityEntrypoint} realActivity=ComponentInfo{com.google.android.googlequicksearchbox/com.google.android.apps.search.googleapp.activity.GoogleAppActivity} numActivities=1 lastActiveTime=241456907 supportsMultiWindow=true resizeMode=2 isResizeable=true minWidth=-1 minHeight=-1 maxWidth=-1 maxHeight=-1 defaultMinSize=220 desktopDefaultMinSize=304 token=WCT{RemoteToken{dc36818 Task{845d6d4 #611 type=standard A=10220:com.google.android.googlequicksearchbox.googleapp}}} topActivityType=1 pictureInPictureParams=null shouldDockBigOverlays=false launchIntoPipHostTaskId=-1 lastParentTaskIdBeforePip=-1 displayCutoutSafeInsets=Rect(0, 80 - 0, 0) topActivityInfo=ActivityInfo{65660d7 com.google.android.googlequicksearchbox.InternalGoogleAppActivityEntrypoint} launchCookies=[android.os.BinderProxy@192edc4] positionInParent=Point(0, 0) parentTaskId=-1 isFocused=false isVisible=false isVisibleRequested=false isTopActivityNoDisplay=false isSleeping=false locusId=null displayAreaFeatureId=1 isTopActivityTransparent=false isActivityStackTransparent=false lastNonFullscreenBounds=Rect(81, 605 - 999, 1775) capturedLink=null capturedLinkTimestamp=0 requestedVisibleTypes=-9 topActivityRequestOpenInBrowserEducationTimestamp=0 appCompatTaskInfo=AppCompatTaskInfo { topActivityInSizeCompat=false eligibleForLetterboxEducation= false isLetterboxEducationEnabled= false isLetterboxDoubleTapEnabled= false eligibleForUserAspectRatioButton= false topActivityBoundsLetterboxed= false isFromLetterboxDoubleTap= false topActivityLetterboxVerticalPosition= -1 topActivityLetterboxHorizontalPosition= -1 topActivityLetterboxWidth=-1 topActivityLetterboxHeight=-1 topActivityAppBounds=Rect(0, 0 - 1080, 2340) isUserFullscreenOverrideEnabled=false isSystemFullscreenOverrideEnabled=false hasMinAspectRatioOverride=false topActivityLetterboxBounds=null cameraCompatTaskInfo=CameraCompatTaskInfo { freeformCameraCompatMode=inactive} topActivityBounds=null topActivityInDisplayCompat=false singleTapFromLetterbox=false} topActivityMainWindowFrame=null originallySupportedMultiWindow=true hasWallpaper=false rootAffinity=10220:com.google.android.googlequicksearchbox.googleapp isTopTaskInStage=false CoverLauncherWidgetTask=false LaunchedFromAppsCoverLauncherTask=false LaunchedFromMultistarCoverLauncherTask=false isAllowedSeamlessRotation=false isTopTransparentActivity=false isAliasManaged=false hasConfigChanged=false snappingGuideBounds=null isAiKeyRemoveAppTask=false lastDesktopWindowingBounds=null lastExternalDesktopWindowingBounds=null safeCutoutInsets=null}, pipChange = null, remoteTransition = RemoteTransition { remoteTransition = android.window.IRemoteTransition$Stub$Proxy@99924ad, appThread = android.app.IApplicationThread$Stub$Proxy@a2f83e2, debugName = QuickstepLaunchflags =NONE }, displayChange = null, flags = 0, debugId = 278 }
03-15 13:56:10.990 12320 12350 V WindowManager:     startWCT=WindowContainerTransaction { changes= {} hops= [] errorCallbackToken=null taskFragmentOrganizer=null }
03-15 13:56:10.991 12320 12350 V WindowManager:     info={id=278 t=OPEN f=0x0 trk=0 r=[0@Point(0, 0)] c=[
03-15 13:56:10.991 12320 12350 V WindowManager:         {WCT{RemoteToken{dc36818 Task{845d6d4 #611 type=standard A=10220:com.google.android.googlequicksearchbox.googleapp}}} m=OPEN f=NONE leash=Surface(name=Task=611)/@0xc8acd8a sb=Rect(0, 0 - 1080, 2340) eb=Rect(0, 0 - 1080, 2340) epz=Point(1080, 2340) d=0 taskParent=-1 inset=Rect(0, 80 - 0, 39) dim=true},
03-15 13:56:10.991 12320 12350 V WindowManager:         {WCT{RemoteToken{9720ccf Task{3cba496 #1 type=home}}} m=TO_BACK f=SHOW_WALLPAPER|EDGE_EXTENSION_RESTRICTION leash=Surface(name=Task=1)/@0xd813e23 sb=Rect(0, 0 - 1080, 2340) eb=Rect(0, 0 - 1080, 2340) epz=Point(1080, 2340) d=0 taskParent=-1 inset=Rect(0, 80 - 0, 39)},
03-15 13:56:10.991 12320 12350 V WindowManager:         {WCT{RemoteToken{2dc67f3 Task{5ede90c #609 type=standard A=10286:com.example.kutuphane}}} m=TO_BACK f=NONE leash=Surface(name=Task=609)/@0xa252d sb=Rect(0, 0 - 1080, 2340) eb=Rect(0, 0 - 1080, 2340) epz=Point(1080, 2340) d=0 taskParent=-1 inset=Rect(0, 80 - 0, 39)},
03-15 13:56:10.991 12320 12350 V WindowManager:         {m=TO_BACK f=IS_WALLPAPER p=WCT{RemoteToken{e1c459c RemoteWallpaperAnim:1:1@264671916}} leash=Surface(name=WallpaperWindowToken{384c472 showWhenLocked=false})/@0xaa6efa9 sb=Rect(0, 0 - 1080, 2340) eb=Rect(0, 0 - 1080, 2340) epz=Point(1080, 2340) d=0 inset=Rect(0, 0 - 0, 0)}
03-15 13:56:10.991 12320 12350 V WindowManager:     ]}
03-15 13:56:11.004 14190 14249 I SDHMS:k : onTaskStackChanged
03-15 13:56:11.062 12320 12946 D CoreBackPreview: Window{e987794 u0 com.google.android.googlequicksearchbox/com.google.android.googlequicksearchbox.InternalGoogleAppActivityEntrypoint}: Setting back callback OnBackInvokedCallbackInfo{mCallback=android.window.IOnBackInvokedCallback$Stub$Proxy@bfccde, mPriority=-1, mIsAnimationCallback=false, mOverrideBehavior=0}
03-15 13:56:11.063 12320 12946 D CoreBackPreview: Window{e987794 u0 com.google.android.googlequicksearchbox/com.google.android.googlequicksearchbox.InternalGoogleAppActivityEntrypoint}: Setting back callback OnBackInvokedCallbackInfo{mCallback=android.window.IOnBackInvokedCallback$Stub$Proxy@3ca0ebf, mPriority=0, mIsAnimationCallback=true, mOverrideBehavior=0}
03-15 13:56:11.066 12320 12946 D WindowManager: makeSurface duration=0 name=com.google.android.googlequicksearchbox/com.google.android.googlequicksearchbox.InternalGoogleAppActivityEntrypoint$_25675
03-15 13:56:11.066 12320 12946 I WindowManager: Cancelling animation restarting=true, leash=Surface(name=Surface(name=2aa07a4 StatusBar)/@0x2227e1b - animation-leash of insets_animation)/@0xa827e2f
03-15 13:56:11.066 12320 12946 I WindowManager: Reparenting to original parent: Surface(name=WindowToken{df48736 type=2000 android.os.BinderProxy@5f2a3f8})/@0xefe1bb8, destroy=false, surface=Surface(name=2aa07a4 StatusBar)/@0x2227e1b
03-15 13:56:11.066 12320 12946 I WindowManager: Reparenting to leash, surface=Surface(name=2aa07a4 StatusBar)/@0x2227e1b, leashParent=Surface(name=WindowToken{df48736 type=2000 android.os.BinderProxy@5f2a3f8})/@0xefe1bb8
03-15 13:56:11.067 12320 12946 D WindowManager: makeSurface duration=1 leash=Surface(name=Surface(name=2aa07a4 StatusBar)/@0x2227e1b - animation-leash of insets_animation)/@0x17908d5
03-15 13:56:11.068 12320 12946 D InsetsSourceProvider: updateControlForTarget: control=InsetsSourceControl: {5cf20000 mType=statusBars initiallyVisible mSurfacePosition=Point(0, 0) mInsetsHint=Insets{left=0, top=80, right=0, bottom=0}}, target=Window{5500596 u0 Splash Screen com.google.android.googlequicksearchbox}, from=com.android.server.wm.InsetsStateController.onControlTargetChanged:83 com.android.server.wm.InsetsPolicy.updateBarControlTarget:212 com.android.server.wm.DisplayPolicy.updateSystemBarAttributes:262 com.android.server.wm.DisplayPolicy.finishPostLayoutPolicyLw:17 com.android.server.wm.RootWindowContainer.applySurfaceChangesTransaction$1:195 
03-15 13:56:11.068 12320 12946 D WindowManager: updateSystemBarAttributes: displayId=0, focusedCanBeNavColorWin=false, win=Window{5500596 u0 Splash Screen com.google.android.googlequicksearchbox}, navColorWin=Window{5500596 u0 Splash Screen com.google.android.googlequicksearchbox}, caller=com.android.server.wm.DisplayPolicy.finishPostLayoutPolicyLw:17 com.android.server.wm.RootWindowContainer.applySurfaceChangesTransaction$1:195 com.android.server.wm.RootWindowContainer.performSurfacePlacementNoTrace:59 
03-15 13:56:11.068 12320 12946 D WindowManager: updateSystemBarAttributes, bhv=1, apr=0, statusBarAprRegions=[AppearanceRegion{ bounds=[0,0][1080,2340]}], requestedVisibilities=-9
03-15 13:56:11.069 12320 12946 D WindowManager: Changing focus from null to Window{e987794 u0 com.google.android.googlequicksearchbox/com.google.android.googlequicksearchbox.InternalGoogleAppActivityEntrypoint} displayId=0 Callers=com.android.server.wm.WindowManagerService.relayoutWindow:1350 com.android.server.wm.Session.relayout:27 android.view.IWindowSession$Stub.onTransact:829 com.android.server.wm.Session.onTransact:1 
03-15 13:56:11.069 12320 12946 I WindowManager: Cancelling animation restarting=true, leash=Surface(name=Surface(name=2aa07a4 StatusBar)/@0x2227e1b - animation-leash of insets_animation)/@0x17908d5
03-15 13:56:11.069 12320 12946 I WindowManager: Reparenting to original parent: Surface(name=WindowToken{df48736 type=2000 android.os.BinderProxy@5f2a3f8})/@0xefe1bb8, destroy=false, surface=Surface(name=2aa07a4 StatusBar)/@0x2227e1b
03-15 13:56:11.069 12320 12946 I WindowManager: Reparenting to leash, surface=Surface(name=2aa07a4 StatusBar)/@0x2227e1b, leashParent=Surface(name=WindowToken{df48736 type=2000 android.os.BinderProxy@5f2a3f8})/@0xefe1bb8
03-15 13:56:11.070 12320 12946 D WindowManager: makeSurface duration=1 leash=Surface(name=Surface(name=2aa07a4 StatusBar)/@0x2227e1b - animation-leash of insets_animation)/@0xe9ad7db
03-15 13:56:11.070 12320 12946 D InsetsSourceProvider: updateControlForTarget: control=InsetsSourceControl: {5cf20000 mType=statusBars initiallyVisible mSurfacePosition=Point(0, 0) mInsetsHint=Insets{left=0, top=80, right=0, bottom=0}}, target=Window{e987794 u0 com.google.android.googlequicksearchbox/com.google.android.googlequicksearchbox.InternalGoogleAppActivityEntrypoint}, from=com.android.server.wm.InsetsStateController.onControlTargetChanged:83 com.android.server.wm.InsetsPolicy.updateBarControlTarget:212 com.android.server.wm.DisplayPolicy.updateSystemBarAttributes:262 com.android.server.wm.WindowManagerService.updateFocusedWindowLocked:372 com.android.server.wm.WindowManagerService.relayoutWindow:1350 
03-15 13:56:11.071 12320 12946 V SystemKeyManager: updateFocusedWindow() is called, com.google.android.googlequicksearchbox/com.google.android.googlequicksearchbox.InternalGoogleAppActivityEntrypoint
03-15 13:56:11.086 12320 12354 I WindowManager: notifyInsetsControlChanged, removed=false, win=Window{5500596 u0 Splash Screen com.google.android.googlequicksearchbox}, caller=com.android.server.wm.InsetsStateController$$ExternalSyntheticLambda1.run:137 com.android.server.wm.WindowAnimator$$ExternalSyntheticLambda2.onTransactionCommitted:26 android.view.SurfaceControl$Transaction$$ExternalSyntheticLambda4.run:0 android.os.Handler.handleCallback:995 android.os.Handler.dispatchMessage:103 android.os.Looper.loopOnce:273 
03-15 13:56:11.092 12320 12353 V WindowManager: Unknown focus tokens, dropping reportFocusChanged
03-15 13:56:11.097 12320 12584 D MdnieScenarioControlService:  packageName : com.google.android.googlequicksearchbox    className : com.google.android.apps.search.googleapp.activity.GoogleAppActivity
03-15 13:56:11.100 12320 12584 V MdnieScenarioControlService: setUIMode from UI function(3)
03-15 13:56:11.107 12320 12946 D WindowManager: finishDrawingWindow: Window{e987794 u0 com.google.android.googlequicksearchbox/com.google.android.googlequicksearchbox.InternalGoogleAppActivityEntrypoint} mDrawState=DRAW_PENDING seqId=0
03-15 13:56:11.109 12320 12354 V WindowManager: Finish starting ActivityRecord{47112232 u0 com.google.android.googlequicksearchbox/.InternalGoogleAppActivityEntrypoint t611}: first real window is shown, no animation
03-15 13:56:11.109 12320 12354 V WindowManager: Schedule remove starting ActivityRecord{47112232 u0 com.google.android.googlequicksearchbox/.InternalGoogleAppActivityEntrypoint t611} startingWindow=Window{5500596 u0 Splash Screen com.google.android.googlequicksearchbox} animate=true Callers=com.android.server.wm.ActivityRecord.removeStartingWindow:178 com.android.server.wm.WindowState.performShowLocked:155 com.android.server.wm.WindowStateAnimator.commitFinishDrawingLocked:73 com.android.server.wm.DisplayContent$$ExternalSyntheticLambda1.accept$com$android$server$wm$DisplayContent$$ExternalSyntheticLambda37:23 com.android.server.wm.DisplayContent$$ExternalSyntheticLambda1.accept:143 
03-15 13:56:11.109 12320 12354 D TaskOrganizerController: applyStartingWindowAnimation, window=Window{e987794 u0 com.google.android.googlequicksearchbox/com.google.android.googlequicksearchbox.InternalGoogleAppActivityEntrypoint}, caller=com.android.server.wm.TaskOrganizerController.removeStartingWindow:132 com.android.server.wm.StartingSurfaceController$StartingSurface.remove:23 com.android.server.wm.ActivityRecord.removeStartingWindowAnimation:171 
03-15 13:56:11.109 12320 12354 I WindowManager: Reparenting to leash, surface=Surface(name=e987794 com.google.android.googlequicksearchbox/com.google.android.googlequicksearchbox.InternalGoogleAppActivityEntrypoint)/@0x6f299b6, leashParent=Surface(name=ActivityRecord{47112232 u0 com.google.android.googlequicksearchbox/.InternalGoogleAppActivityEntrypoint t611})/@0x8e516b7
03-15 13:56:11.110 12320 12354 D WindowManager: makeSurface duration=1 leash=Surface(name=Surface(name=e987794 com.google.android.googlequicksearchbox/com.google.android.googlequicksearchbox.InternalGoogleAppActivityEntrypoint)/@0x6f299b6 - animation-leash of starting_reveal)/@0xf009e24
03-15 13:56:11.111 12320 12354 V WindowManager: performShowLocked: mDrawState=HAS_DRAWN in Window{e987794 u0 com.google.android.googlequicksearchbox/com.google.android.googlequicksearchbox.InternalGoogleAppActivityEntrypoint}
03-15 13:56:11.121 12320 12350 D [secipm]: mSecIpmManager report to nap
03-15 13:56:11.124 12320 12350 I Pageboost: Launch time gathered : pid 25675 com.google.android.googlequicksearchbox 245
03-15 13:56:11.184 12320 12946 D WindowManager: Starting window removed Window{5500596 u0 Splash Screen com.google.android.googlequicksearchbox}
03-15 13:56:11.184 12320 12946 I WindowManager: Cancelling animation restarting=false, leash=Surface(name=Surface(name=e987794 com.google.android.googlequicksearchbox/com.google.android.googlequicksearchbox.InternalGoogleAppActivityEntrypoint)/@0x6f299b6 - animation-leash of starting_reveal)/@0xf009e24
03-15 13:56:11.184 12320 12946 I WindowManager: Reparenting to original parent: Surface(name=ActivityRecord{47112232 u0 com.google.android.googlequicksearchbox/.InternalGoogleAppActivityEntrypoint t611})/@0x8e516b7, destroy=false, surface=Surface(name=e987794 com.google.android.googlequicksearchbox/com.google.android.googlequicksearchbox.InternalGoogleAppActivityEntrypoint)/@0x6f299b6
03-15 13:56:11.185 12320 12946 D ActivityManagerPerformance: AMP_acquire() TAIL
03-15 13:56:11.185 12320 12946 D ActivityManagerPerformance: AMP_release() APP_SWITCH
03-15 13:56:11.186 12320 12946 V WindowManager: Remove Window{5500596 u0 Splash Screen com.google.android.googlequicksearchbox}: mSurfaceControl=Surface(name=Splash Screen com.google.android.googlequicksearchbox$_12757)/@0x41f95b5 mAnimatingExit=false mRemoveOnExit=false mHasSurface=true surfaceShowing=true animating=false app-animation=false callers=com.android.server.wm.Session.remove:16 android.view.IWindowSession$Stub.onTransact:804 com.android.server.wm.Session.onTransact:1 android.os.Binder.execTransactInternal:1457 android.os.Binder.execTransact:1401 <bottom of call stack> 
03-15 13:56:11.193 12320 12353 D PowerManagerService: [api] setScreenDimDurationOverrideFromWindowManagerInternal: timeoutMillis: -1
03-15 13:56:11.199 12320 13885 D FreecessController: BG freezed, skip OLAF unfreeze for (com.sec.android.gallery3d, 10115)
03-15 13:56:11.202 12320 12584 V MdnieScenarioControlService: mAclOffEnabled : false
03-15 13:56:11.208 12320 13084 I WindowManager: Cancelling animation restarting=false, leash=Surface(name=Surface(name=RemoteWallpaperAnim:1:1)/@0xd50ed48 - animation-leash of remote_wallpaper)/@0x158ac4f
03-15 13:56:11.208 12320 13084 I WindowManager: Reparenting to original parent: Surface(name=OneHanded:0:14)/@0x17127e1, destroy=false, surface=Surface(name=RemoteWallpaperAnim:1:1)/@0xd50ed48
03-15 13:56:11.208 12320 12505 V InputMethodManagerService: startInputOrWindowGainedFocusInternalLocked: reason=WINDOW_FOCUS_GAIN client=android.os.BinderProxy@1fec37b inputContext=com.android.internal.inputmethod.IRemoteInputConnection$Stub$Proxy@caaecd8 editorInfo=android.view.inputmethod.EditorInfo@d831 startInputFlags=VIEW_HAS_FOCUS|IS_TEXT_EDITOR|INITIAL_CONNECTION softInputMode=STATE_UNSPECIFIED|ADJUST_PAN|IS_FORWARD_NAVIGATION windowFlags=#81810100 unverifiedTargetSdkVersion=36 bindingController=com.android.server.inputmethod.InputMethodBindingController@1cc1bc1 imeDispatcher=android.window.ImeOnBackInvokedDispatcher@9212b16 cs=ClientState{7443c97 mUid=10220 mPid=25675 mSelfReportedDisplayId=0} imeRequestedVisible=false
03-15 13:56:11.208 12320 12505 V InputMethodManagerService: startInputOrWindowGainedFocusInternalLocked: reason=WINDOW_FOCUS_GAIN clientState=7443c97 editorInfo=android.view.inputmethod.EditorInfo@d831 startInputFlags=VIEW_HAS_FOCUS|IS_TEXT_EDITOR|INITIAL_CONNECTION softInputMode=STATE_UNSPECIFIED|ADJUST_PAN|IS_FORWARD_NAVIGATION windowFlags=#81810100 sameWindowFocused=false
03-15 13:56:11.208 12320 13084 D WindowManager: mRunner#onAnimationCancelled, leash=Surface(name=Surface(name=RemoteWallpaperAnim:1:1)/@0xd50ed48 - animation-leash of remote_wallpaper)/@0x158ac4f, caller=com.android.server.wm.SurfaceAnimator.cancelAnimation:14 com.android.server.wm.SurfaceAnimator.cancelAnimation:1 com.android.server.wm.WindowContainer.cancelAnimation:3 com.android.server.wm.WindowManagerService.finishRemoteWallpaperAnimation:81 android.view.IWindowManager$Stub.onTransact:4336 
03-15 13:56:11.208 12320 12505 V InputMethodManagerService: setWindowStateInner, windowToken=android.os.BinderProxy@657afe7, state=ImeTargetWindowState{ imeToken null imeFocusChanged true hasEditorFocused true requestedImeVisible false imeDisplayId 0 softInputModeState STATE_UNSPECIFIED|ADJUST_PAN|IS_FORWARD_NAVIGATION isStartInputByGainFocus true}
03-15 13:56:11.209 12320 13084 D WindowManager: finishRemoteWallpaperAnimation, success=true
03-15 13:56:11.209 12320 12505 D SemInputMethodManagerServiceUtil: restorePreviousUsedInputMethod : failed to return the previous ime becuase the stored info is null or do not need restore
03-15 13:56:11.209 12320 12505 V InputMethodManagerService: semComputeImeDisplayIdForTarget: displayToShowIme=0
03-15 13:56:11.209 12320 12505 V InputMethodManagerService: unbindCurrentInputLocked: client=android.os.BinderProxy@9159e84
03-15 13:56:11.210 12320 12505 V InputMethodManagerService: Creating new session for client ClientState{7443c97 mUid=10220 mPid=25675 mSelfReportedDisplayId=0}
03-15 13:56:11.211 12320 12505 V InputMethodManagerService: Creating new session for client ClientState{7443c97 mUid=10220 mPid=25675 mSelfReportedDisplayId=0}
03-15 13:56:11.212 12320 12505 V InputMethodManagerService: Creating new accessibility sessions for client ClientState{7443c97 mUid=10220 mPid=25675 mSelfReportedDisplayId=0}
03-15 13:56:11.212 12320 13084 D CoreBackPreview: Window{b7b0b62 u0 com.example.kutuphane/com.example.kutuphane.kitapekle}: Setting back callback OnBackInvokedCallbackInfo{mCallback=android.window.IOnBackInvokedCallback$Stub$Proxy@c7ce2a2, mPriority=0, mIsAnimationCallback=false, mOverrideBehavior=0}
03-15 13:56:11.213 25675 25675 D InsetsController: Setting requestedVisibleTypes to -1 (was -9)
03-15 13:56:11.215 12320 14299 D InputMethodManagerService: isImeSwitcherDisabledPackage : false
03-15 13:56:11.215 12320 14299 V InputMethodManagerService: Disabling: SessionState{uid=10286 pid=23334 method=655539e session=5a8c76 channel=ClientState{ad93295 mUid=10286 mPid=23334 mSelfReportedDisplayId=0} userId=0}
03-15 13:56:11.215 12320 14299 V InputMethodManagerService: Enabling: SessionState{uid=10220 pid=25675 method=655539e session=1ee7ef0 channel=ClientState{7443c97 mUid=10220 mPid=25675 mSelfReportedDisplayId=0} userId=0}
03-15 13:56:11.215 12320 14299 D InputMethodManagerService: checkDisplayOfStartInputAndUpdateKeyboard: displayId=0, mFocusedDisplayId=0
03-15 13:56:11.217 12320 14425 D RestrictionPolicy: isScreenCaptureEnabled : ret=true userId=0
03-15 13:56:11.217 12320 14425 I WindowManager: Cancelling animation restarting=true, leash=Surface(name=Surface(name=b1749ab InputMethod)/@0x6f02ba1 - animation-leash of insets_animation)/@0x5987199
03-15 13:56:11.217 12320 14425 I WindowManager: Reparenting to original parent: Surface(name=WindowToken{d3fbecc type=2011 android.os.Binder@42f30ff})/@0x113d1c6, destroy=false, surface=Surface(name=b1749ab InputMethod)/@0x6f02ba1
03-15 13:56:11.217 12320 14425 I WindowManager: Reparenting to leash, surface=Surface(name=b1749ab InputMethod)/@0x6f02ba1, leashParent=Surface(name=WindowToken{d3fbecc type=2011 android.os.Binder@42f30ff})/@0x113d1c6
03-15 13:56:11.219 12320 14425 D WindowManager: makeSurface duration=1 leash=Surface(name=Surface(name=b1749ab InputMethod)/@0x6f02ba1 - animation-leash of insets_animation)/@0xaea86ee
03-15 13:56:11.221 12320 14425 D InsetsSourceProvider: updateControlForTarget: control=InsetsSourceControl: {3 mType=ime mSurfacePosition=Point(0, 80) mInsetsHint=Insets{left=0, top=0, right=0, bottom=879}}, target=Window{e987794 u0 com.google.android.googlequicksearchbox/com.google.android.googlequicksearchbox.InternalGoogleAppActivityEntrypoint}, from=com.android.server.wm.ImeInsetsSourceProvider.updateControlForTarget:17 com.android.server.wm.InsetsStateController.onControlTargetChanged:83 com.android.server.wm.DisplayContent.updateImeControlTarget:21 com.android.server.wm.DisplayContent.updateImeInputAndControlTarget:156 com.android.server.wm.WindowManagerService$LocalService.updateInputMethodTargetWindow:64 
03-15 13:56:11.222 12320 12353 V InputMethodManagerService: Client requesting input be shown
03-15 13:56:11.222 12320 12353 D InputMethodManagerService: ACCESS_CONTROL_ENABLED = false, ACCESS_CONTROL_KEYBOARD_BLOCK = true
03-15 13:56:11.222 12320 12353 V InputMethodManagerService: setWindowStateInner, windowToken=android.os.BinderProxy@657afe7, state=ImeTargetWindowState{ imeToken android.os.Binder@c225625 imeFocusChanged true hasEditorFocused true requestedImeVisible true imeDisplayId 0 softInputModeState STATE_UNSPECIFIED|ADJUST_PAN|IS_FORWARD_NAVIGATION isStartInputByGainFocus true}
03-15 13:56:11.223 12320 12353 V InputMethodManagerService: Calling com.android.server.inputmethod.IInputMethodInvoker@7c4363f.showSoftInput(android.os.BinderProxy@657afe7, 1, null) for reason: SHOW_SOFT_INPUT
03-15 13:56:11.225 12320 12354 D WindowManager: updateSystemBarAttributes: displayId=0, focusedCanBeNavColorWin=false, win=Window{e987794 u0 com.google.android.googlequicksearchbox/com.google.android.googlequicksearchbox.InternalGoogleAppActivityEntrypoint}, navColorWin=Window{e987794 u0 com.google.android.googlequicksearchbox/com.google.android.googlequicksearchbox.InternalGoogleAppActivityEntrypoint}, caller=com.android.server.wm.DisplayPolicy.finishPostLayoutPolicyLw:17 com.android.server.wm.RootWindowContainer.applySurfaceChangesTransaction$1:195 com.android.server.wm.RootWindowContainer.performSurfacePlacementNoTrace:59 
03-15 13:56:11.226 12320 12354 D WindowManager: updateSystemBarAttributes, bhv=1, apr=0, statusBarAprRegions=[AppearanceRegion{ bounds=[0,0][1080,2340]}], requestedVisibilities=-1
03-15 13:56:11.229 12320 25965 D TspStateManager: wrote command: cmd=1, type=5
03-15 13:56:11.229 12320 25966 D TspStateManager: wrote command: cmd=1,18,7,24,1924, type=1
03-15 13:56:11.233 12320 12629 D BackgroundInstallControlService: Package event received: 0
03-15 13:56:11.238 12320 14425 I ActivityManager: Changes in 90100 19 to 10, 0 to 128
03-15 13:56:11.238 12320 14425 I ActivityManager: Changes in 10232 19 to 10, 0 to 128
03-15 13:56:11.238 12320 14425 I ActivityManager: Changes in 10217 19 to 10, 0 to 128
03-15 13:56:11.241 25675 25700 V ResourcesManager: The following library key has been added: ResourcesKey{ mHash=7f8d3d60 mResDir=null mSplitDirs=[] mOverlayDirs=[] mLibDirs=[/data/app/~~-giKl4ZycX0t_XLZz3us6Q==/com.google.android.webview-7lIjGMaFl5_03TAFIe4FFw==/base.apk,/system/framework/android.test.base.jar] mDisplayId=0 mOverrideConfig=v36 mCompatInfo={450dpi always-compat} mLoaders=[]}
03-15 13:56:11.250 12320 13885 D FreecessController: BG freezed, skip OLAF unfreeze for (com.samsung.android.game.gamehome, 10276)
03-15 13:56:11.256 12757 12829 V ShellRecents: [178452554] RecentsController.finishInner: toHome=false userLeave=true willFinishToHome=false state=1 hasPausingTasks=true reason=requested
03-15 13:56:11.256 12757 12829 V ShellRecents:   normal finish
03-15 13:56:11.257 12757 12829 V ShellRecents: [178452554] RecentsController.finishInner: Completing finish
03-15 13:56:11.257 12757 12829 V ShellRecents: [178452554] RecentsController.cleanup
03-15 13:56:11.257 12757 12829 V ShellDesktopMode: DesktopTasksController: Recents transition state changed: TRANSITION_STATE_NOT_RUNNING
03-15 13:56:11.258 12757 12829 V WindowManagerShell: Transition animation finished (aborted=false), notifying core (#277) android.os.BinderProxy@22989b5@0
03-15 13:56:11.261 12320 14425 V WindowManager: Finish Transition: TransitionRecord{e048e5 id=277 type=TO_FRONT flags=0x80 c=[
03-15 13:56:11.261 12320 14425 V WindowManager:    ChangeInfo{7b18fe3 container=DefaultTaskDisplayArea_d0@21689571 flags=0x0}
03-15 13:56:11.261 12320 14425 V WindowManager:    ChangeInfo{d039de0 container=WallpaperWindowToken{384c472 showWhenLocked=false}_<system> flags=0x0}
03-15 13:56:11.261 12320 14425 V WindowManager:    ChangeInfo{fe4a899 container=Task{3cba496 #1 type=home} flags=0x30}
03-15 13:56:11.261 12320 14425 V WindowManager:    ChangeInfo{f10975e container=ActivityRecord{70907090 u0 com.sec.android.app.launcher/.activities.LauncherActivity t593} flags=0x0}
03-15 13:56:11.261 12320 14425 V WindowManager:    ChangeInfo{8e3473f container=Task{5ede90c #609 type=standard A=10286:com.example.kutuphane} flags=0x4}
03-15 13:56:11.261 12320 14425 V WindowManager:    ChangeInfo{234b80c container=TransientLaunchOverlayToken{af55f9c token=android.os.BinderProxy@dc6930f} flags=0x0}
03-15 13:56:11.261 12320 14425 V WindowManager:    ChangeInfo{5ce3555 container=Display{#0 state=ON size=1080x2340 ROTATION_0} flags=0x0}
03-15 13:56:11.261 12320 14425 V WindowManager:    ChangeInfo{1cacb6a container=Task{fc17dcd #593 type=home I=com.sec.android.app.launcher/.activities.LauncherActivity} flags=0x30}
03-15 13:56:11.261 12320 14425 V WindowManager:    ChangeInfo{b4f185b container=RemoteWallpaperAnim:1:1@264671916 flags=0x0}
03-15 13:56:11.261 12320 14425 V WindowManager: ]
03-15 13:56:11.261 12320 14425 V WindowManager: }, caller=com.android.server.wm.WindowOrganizerController.finishTransitionInner:31 com.android.server.wm.WindowOrganizerController.finishAllTransitions:60 android.window.IWindowOrganizerController$Stub.onTransact:283 
03-15 13:56:11.263 12320 12350 V WindowManager: Finish Transition (#277): created at 03-15 13:56:10.003 collect-started=1.822ms started=3.041ms ready=15.79ms sent=89.379ms commit=14.501ms finished=1258.195ms
03-15 13:56:11.265 12320 14425 V WindowManager: Setting visibility of Window{7b4c344 u0 com.sec.android.app.launcher/com.sec.android.app.launcher.activities.LauncherActivity}: false, caller=com.android.server.wm.WindowContainer.sendAppVisibilityToClients:19 com.android.server.wm.WindowToken.setClientVisible:48 com.android.server.wm.ActivityRecord.commitVisibility:186 com.android.server.wm.TransitionController.finishTransition:846 com.android.server.wm.WindowOrganizerController.finishTransitionInner:31 
03-15 13:56:11.266 12320 14425 V WindowManager: Setting visibility of Window{3df34fd u0 com.sec.android.app.launcher/com.sec.android.app.launcher.activities.LauncherActivity}: false, caller=com.android.server.wm.WindowContainer.sendAppVisibilityToClients:19 com.android.server.wm.WindowToken.setClientVisible:48 com.android.server.wm.ActivityRecord.commitVisibility:186 com.android.server.wm.TransitionController.finishTransition:846 com.android.server.wm.WindowOrganizerController.finishTransitionInner:31 
03-15 13:56:11.266 12320 14425 I TransientLaunchOverlayToken: setVisibility, visible=false, t=TransientLaunchOverlayToken{af55f9c token=android.os.BinderProxy@dc6930f}, caller=com.android.server.wm.TransitionController.finishTransition:995 com.android.server.wm.WindowOrganizerController.finishTransitionInner:31 com.android.server.wm.WindowOrganizerController.finishAllTransitions:60 
03-15 13:56:11.267 12320 14425 V WindowManager: Setting visibility of Window{b7b0b62 u0 com.example.kutuphane/com.example.kutuphane.kitapekle}: false, caller=com.android.server.wm.WindowContainer.sendAppVisibilityToClients:19 com.android.server.wm.WindowToken.setClientVisible:48 com.android.server.wm.ActivityRecord.commitVisibility:186 com.android.server.wm.TransitionController.finishTransition:846 com.android.server.wm.WindowOrganizerController.finishTransitionInner:31 
03-15 13:56:11.268 12320 13885 D FreecessController: restrictJobsByOlaf: restrict=false, uid=-1
03-15 13:56:11.271 12320 12320 D OlafRestriction:  olaf state update: state=false
03-15 13:56:11.271 12320 12320 D OlafRestriction:  sending trigger onRestrictionStateChanged msg.
03-15 13:56:11.272 12320 14425 D WindowManager: setActiveRecents, recents=null, task=null, caller=com.android.server.wm.InputMonitor.setActiveRecents:33 com.android.server.wm.TransitionController.finishTransition:1699 com.android.server.wm.WindowOrganizerController.finishTransitionInner:31 
03-15 13:56:11.273 12320 14425 D ChangeTransitionController: onTransitionFinished: TransitionRecord{e048e5 id=277 type=TO_FRONT flags=0x80 c=[
03-15 13:56:11.273 12320 14425 D ChangeTransitionController:    ChangeInfo{7b18fe3 container=DefaultTaskDisplayArea_d0@21689571 flags=0x0}
03-15 13:56:11.273 12320 14425 D ChangeTransitionController:    ChangeInfo{d039de0 container=WallpaperWindowToken{384c472 showWhenLocked=false}_<system> flags=0x0}
03-15 13:56:11.273 12320 14425 D ChangeTransitionController:    ChangeInfo{fe4a899 container=Task{3cba496 #1 type=home} flags=0x30}
03-15 13:56:11.273 12320 14425 D ChangeTransitionController:    ChangeInfo{f10975e container=ActivityRecord{70907090 u0 com.sec.android.app.launcher/.activities.LauncherActivity t593} flags=0x0}
03-15 13:56:11.273 12320 14425 D ChangeTransitionController:    ChangeInfo{8e3473f container=Task{5ede90c #609 type=standard A=10286:com.example.kutuphane} flags=0x4}
03-15 13:56:11.273 12320 14425 D ChangeTransitionController:    ChangeInfo{234b80c container=TransientLaunchOverlayToken{af55f9c token=android.os.BinderProxy@dc6930f} flags=0x0}
03-15 13:56:11.273 12320 14425 D ChangeTransitionController:    ChangeInfo{5ce3555 container=Display{#0 state=ON size=1080x2340 ROTATION_0} flags=0x0}
03-15 13:56:11.273 12320 14425 D ChangeTransitionController:    ChangeInfo{1cacb6a container=Task{fc17dcd #593 type=home I=com.sec.android.app.launcher/.activities.LauncherActivity} flags=0x30}
03-15 13:56:11.273 12320 14425 D ChangeTransitionController:    ChangeInfo{b4f185b container=RemoteWallpaperAnim:1:1@264671916 flags=0x0}
03-15 13:56:11.273 12320 14425 D ChangeTransitionController: ]
03-15 13:56:11.273 12320 14425 D ChangeTransitionController: }
03-15 13:56:11.273 12320 14425 V WindowManager: Finish Transition: TransitionRecord{cc2ce4b id=278 type=OPEN flags=0x0 c=[
03-15 13:56:11.273 12320 14425 V WindowManager:    ChangeInfo{295511f container=DefaultTaskDisplayArea_d0@21689571 flags=0x0}
03-15 13:56:11.273 12320 14425 V WindowManager:    ChangeInfo{5452c6c container=ActivityRecord{47112232 u0 com.google.android.googlequicksearchbox/.InternalGoogleAppActivityEntrypoint t611} flags=0x0}
03-15 13:56:11.273 12320 14425 V WindowManager:    ChangeInfo{bfc2a32 container=WallpaperWindowToken{384c472 showWhenLocked=false}_<system> flags=0x0}
03-15 13:56:11.273 12320 14425 V WindowManager:    ChangeInfo{3e56383 container=Task{3cba496 #1 type=home} flags=0x10}
03-15 13:56:11.273 12320 14425 V WindowManager:    ChangeInfo{74f7900 container=ActivityRecord{70907090 u0 com.sec.android.app.launcher/.activities.LauncherActivity t593} flags=0x0}
03-15 13:56:11.273 12320 14425 V WindowManager:    ChangeInfo{9b4b539 container=Task{5ede90c #609 type=standard A=10286:com.example.kutuphane} flags=0x10}
03-15 13:56:11.273 12320 14425 V WindowManager:    ChangeInfo{9850235 container=Task{845d6d4 #611 type=standard A=10220:com.google.android.googlequicksearchbox.googleapp} flags=0x10}
03-15 13:56:11.273 12320 14425 V WindowManager:    ChangeInfo{43eb77e container=WallpaperWindowToken{86131fa showWhenLocked=true}_<lock> flags=0x0}
03-15 13:56:11.273 12320 14425 V WindowManager:    ChangeInfo{e4c46ca container=Display{#0 state=ON size=1080x2340 ROTATION_0} flags=0x0}
03-15 13:56:11.273 12320 14425 V WindowManager:    ChangeInfo{410b4df container=ActivityRecord{206451061 u0 com.example.kutuphane/.kitapekle t609} flags=0x0}
03-15 13:56:11.273 12320 14425 V WindowManager:    ChangeInfo{5b3252c container=Task{fc17dcd #593 type=home I=com.sec.android.app.launcher/.activities.LauncherActivity} flags=0x10}
03-15 13:56:11.273 12320 14425 V WindowManager:    ChangeInfo{ea26bf5 container=RemoteWallpaperAnim:1:1@264671916 flags=0x0}
03-15 13:56:11.273 12320 14425 V WindowManager: ]
03-15 13:56:11.273 12320 14425 V WindowManager: }, caller=com.android.server.wm.WindowOrganizerController.finishTransitionInner:31 com.android.server.wm.WindowOrganizerController.finishAllTransitions:77 android.window.IWindowOrganizerController$Stub.onTransact:283 
03-15 13:56:11.273 12320 12350 V WindowManager: Finish Transition (#278): created at 03-15 13:56:10.870 collect-started=1.534ms request-sent=17.969ms started=37.205ms ready=37.182ms sent=102.261ms commit=12.336ms finished=402.655ms
03-15 13:56:11.274 12320 14425 V WindowManager: Setting visibility of Window{54ad81e u0 com.android.systemui.wallpapers.ImageWallpaper}: false, caller=com.android.server.wm.WindowContainer.sendAppVisibilityToClients:19 com.android.server.wm.WindowToken.setClientVisible:48 com.android.server.wm.WallpaperWindowToken.setVisible$1:3 com.android.server.wm.WallpaperWindowToken.commitVisibility:48 com.android.server.wm.TransitionController.finishTransition:1252 
03-15 13:56:11.276 12320 12505 V InputMethodManagerService: IME window vis: 3 active: 1 visible: 2 displayId: 0
03-15 13:56:11.276 12320 12505 D InputMethodManagerService: isImeSwitcherDisabledPackage : false
03-15 13:56:11.277 12320 14425 D FreeformController: beginPostLayoutPolicyLw: forceHideRequester changed, old=Window{7e3512b u0 RecentsTransitionOverlay}, new=null
03-15 13:56:11.277 12320 14425 D FreeformController: setBlockToAddForceHideFreeformTasks: blockToAddForceHide=false, Caller=com.android.server.wm.DisplayPolicy.beginPostLayoutPolicyLw:142
03-15 13:56:11.279 12320 14425 D ChangeTransitionController: onTransitionFinished: TransitionRecord{cc2ce4b id=278 type=OPEN flags=0x0 c=[
03-15 13:56:11.279 12320 14425 D ChangeTransitionController:    ChangeInfo{295511f container=DefaultTaskDisplayArea_d0@21689571 flags=0x0}
03-15 13:56:11.279 12320 14425 D ChangeTransitionController:    ChangeInfo{5452c6c container=ActivityRecord{47112232 u0 com.google.android.googlequicksearchbox/.InternalGoogleAppActivityEntrypoint t611} flags=0x0}
03-15 13:56:11.279 12320 14425 D ChangeTransitionController:    ChangeInfo{bfc2a32 container=WallpaperWindowToken{384c472 showWhenLocked=false}_<system> flags=0x0}
03-15 13:56:11.279 12320 14425 D ChangeTransitionController:    ChangeInfo{3e56383 container=Task{3cba496 #1 type=home} flags=0x10}
03-15 13:56:11.279 12320 14425 D ChangeTransitionController:    ChangeInfo{74f7900 container=ActivityRecord{70907090 u0 com.sec.android.app.launcher/.activities.LauncherActivity t593} flags=0x0}
03-15 13:56:11.279 12320 14425 D ChangeTransitionController:    ChangeInfo{9b4b539 container=Task{5ede90c #609 type=standard A=10286:com.example.kutuphane} flags=0x10}
03-15 13:56:11.279 12320 14425 D ChangeTransitionController:    ChangeInfo{9850235 container=Task{845d6d4 #611 type=standard A=10220:com.google.android.googlequicksearchbox.googleapp} flags=0x10}
03-15 13:56:11.279 12320 14425 D ChangeTransitionController:    ChangeInfo{43eb77e container=WallpaperWindowToken{86131fa showWhenLocked=true}_<lock> flags=0x0}
03-15 13:56:11.279 12320 14425 D ChangeTransitionController:    ChangeInfo{e4c46ca container=Display{#0 state=ON size=1080x2340 ROTATION_0} flags=0x0}
