03-15 13:56:36.911 12320 12350 V WindowManager: Sent Transition (#284) createdAt=03-15 13:56:36.869 via request=TransitionRequestInfo { type = TO_FRONT, triggerTask = TaskInfo{userId=0 taskId=609 effectiveUid=10286 displayId=0 isRunning=true baseIntent=Intent { act=android.intent.action.MAIN cat=[android.intent.category.LAUNCHER] flg=0x10200000 cmp=com.example.kutuphane/.MainActivity } baseActivity=ComponentInfo{com.example.kutuphane/com.example.kutuphane.goster} topActivity=ComponentInfo{com.example.kutuphane/com.example.kutuphane.kitapekle} origActivity=null realActivity=ComponentInfo{com.example.kutuphane/com.example.kutuphane.MainActivity} numActivities=3 lastActiveTime=241479625 supportsMultiWindow=true resizeMode=1 isResizeable=true minWidth=-1 minHeight=-1 maxWidth=-1 maxHeight=-1 defaultMinSize=220 desktopDefaultMinSize=304 token=WCT{RemoteToken{2dc67f3 Task{5ede90c #609 type=standard A=10286:com.example.kutuphane}}} topActivityType=1 pictureInPictureParams=null shouldDockBigOverlays=false launchIntoPipHostTaskId=-1 lastParentTaskIdBeforePip=-1 displayCutoutSafeInsets=Rect(0, 80 - 0, 0) topActivityInfo=ActivityInfo{9262747 com.example.kutuphane.kitapekle} launchCookies=[android.os.BinderProxy@353cf09, android.os.BinderProxy@ad71aae] positionInParent=Point(0, 0) parentTaskId=-1 isFocused=false isVisible=false isVisibleRequested=false isTopActivityNoDisplay=false isSleeping=false locusId=null displayAreaFeatureId=1 isTopActivityTransparent=false isActivityStackTransparent=false lastNonFullscreenBounds=Rect(81, 605 - 999, 1775) capturedLink=null capturedLinkTimestamp=0 requestedVisibleTypes=-1 topActivityRequestOpenInBrowserEducationTimestamp=0 appCompatTaskInfo=AppCompatTaskInfo { topActivityInSizeCompat=false eligibleForLetterboxEducation= false isLetterboxEducationEnabled= false isLetterboxDoubleTapEnabled= false eligibleForUserAspectRatioButton= false topActivityBoundsLetterboxed= false isFromLetterboxDoubleTap= false topActivityLetterboxVerticalPosition= -1 topActivityLetterboxHorizontalPosition= -1 topActivityLetterboxWidth=-1 topActivityLetterboxHeight=-1 topActivityAppBounds=Rect(0, 80 - 1080, 2301) isUserFullscreenOverrideEnabled=false isSystemFullscreenOverrideEnabled=false hasMinAspectRatioOverride=false topActivityLetterboxBounds=null cameraCompatTaskInfo=CameraCompatTaskInfo { freeformCameraCompatMode=inactive} topActivityBounds=null topActivityInDisplayCompat=false singleTapFromLetterbox=false} topActivityMainWindowFrame=null originallySupportedMultiWindow=true hasWallpaper=false rootAffinity=10286:com.example.kutuphane isTopTaskInStage=false CoverLauncherWidgetTask=false LaunchedFromAppsCoverLauncherTask=false LaunchedFromMultistarCoverLauncherTask=false isAllowedSeamlessRotation=false isTopTransparentActivity=false isAliasManaged=false hasConfigChanged=false snappingGuideBounds=null isAiKeyRemoveAppTask=false lastDesktopWindowingBounds=null lastExternalDesktopWindowingBounds=null safeCutoutInsets=null}, pipChange = null, remoteTransition = RemoteTransition { remoteTransition = android.window.IRemoteTransition$Stub$Proxy@dba150e, appThread = android.app.IApplicationThread$Stub$Proxy@1796b2f, debugName = QuickstepLaunchflags =NONE }, displayChange = null, flags = 0, debugId = 284 }
03-15 13:56:36.911 12320 12350 V WindowManager:     startWCT=WindowContainerTransaction { changes= {} hops= [] errorCallbackToken=null taskFragmentOrganizer=null }
03-15 13:56:36.911 12320 14335 I WindowManager: Cancelling animation restarting=true, leash=Surface(name=Surface(name=2aa07a4 StatusBar)/@0x2227e1b - animation-leash of insets_animation)/@0xaea6a4e
03-15 13:56:36.912 12320 14335 I WindowManager: Reparenting to original parent: Surface(name=WindowToken{df48736 type=2000 android.os.BinderProxy@5f2a3f8})/@0xefe1bb8, destroy=false, surface=Surface(name=2aa07a4 StatusBar)/@0x2227e1b
03-15 13:56:36.912 12320 12350 V WindowManager:     info={id=284 t=TO_FRONT f=0x0 trk=0 r=[0@Point(0, 0)] c=[
03-15 13:56:36.912 12320 12350 V WindowManager:         {WCT{RemoteToken{2dc67f3 Task{5ede90c #609 type=standard A=10286:com.example.kutuphane}}} m=TO_FRONT f=MOVE_TO_TOP leash=Surface(name=Task=609)/@0xa252d sb=Rect(0, 0 - 1080, 2340) eb=Rect(0, 0 - 1080, 2340) epz=Point(1080, 2340) d=0 taskParent=-1 inset=Rect(0, 80 - 0, 39) dim=true},
03-15 13:56:36.912 12320 12350 V WindowManager:         {WCT{RemoteToken{8e7b347 Task{cbde905 #596 type=recents I=com.sec.android.app.launcher/com.android.quickstep.RecentsActivity}}} m=TO_BACK f=SHOW_WALLPAPER|EDGE_EXTENSION_RESTRICTION leash=Surface(name=Task=596)/@0x9e4e361 sb=Rect(0, 0 - 1080, 2340) eb=Rect(0, 0 - 1080, 2340) epz=Point(1080, 2340) d=0 taskParent=-1 inset=Rect(0, 80 - 0, 39)},
03-15 13:56:36.912 12320 12350 V WindowManager:         {m=TO_BACK f=IS_WALLPAPER p=WCT{RemoteToken{e1c459c RemoteWallpaperAnim:1:1@264671916}} leash=Surface(name=WallpaperWindowToken{384c472 showWhenLocked=false})/@0xaa6efa9 sb=Rect(0, 0 - 1080, 2340) eb=Rect(0, 0 - 1080, 2340) epz=Point(1080, 2340) d=0 inset=Rect(0, 0 - 0, 0)}
03-15 13:56:36.912 12320 12350 V WindowManager:     ]}
03-15 13:56:36.912 12320 14335 I WindowManager: Reparenting to leash, surface=Surface(name=2aa07a4 StatusBar)/@0x2227e1b, leashParent=Surface(name=WindowToken{df48736 type=2000 android.os.BinderProxy@5f2a3f8})/@0xefe1bb8
03-15 13:56:36.912 12320 14335 D WindowManager: makeSurface duration=1 leash=Surface(name=Surface(name=2aa07a4 StatusBar)/@0x2227e1b - animation-leash of insets_animation)/@0x286741a
03-15 13:56:36.913 12320 14335 D InsetsSourceProvider: updateControlForTarget: control=InsetsSourceControl: {5cf20000 mType=statusBars initiallyVisible mSurfacePosition=Point(0, 0) mInsetsHint=Insets{left=0, top=80, right=0, bottom=0}}, target=Window{b7b0b62 u0 com.example.kutuphane/com.example.kutuphane.kitapekle}, from=com.android.server.wm.InsetsStateController.onControlTargetChanged:83 com.android.server.wm.InsetsPolicy.updateBarControlTarget:212 com.android.server.wm.DisplayPolicy.updateSystemBarAttributes:262 com.android.server.wm.DisplayPolicy.finishPostLayoutPolicyLw:17 com.android.server.wm.RootWindowContainer.applySurfaceChangesTransaction$1:195 
03-15 13:56:36.913 12320 14335 I WindowManager: Cancelling animation restarting=true, leash=Surface(name=Surface(name=3c1eb49 NavigationBar0)/@0x13224f6 - animation-leash of insets_animation)/@0x5d7cbf1
03-15 13:56:36.913 12320 14335 I WindowManager: Reparenting to original parent: Surface(name=WindowToken{b67d50 type=2019 android.os.BinderProxy@b916202})/@0x5e0e0f7, destroy=false, surface=Surface(name=3c1eb49 NavigationBar0)/@0x13224f6
03-15 13:56:36.913 12320 14335 I WindowManager: Reparenting to leash, surface=Surface(name=3c1eb49 NavigationBar0)/@0x13224f6, leashParent=Surface(name=WindowToken{b67d50 type=2019 android.os.BinderProxy@b916202})/@0x5e0e0f7
03-15 13:56:36.913 12320 14335 D WindowManager: makeSurface duration=1 leash=Surface(name=Surface(name=3c1eb49 NavigationBar0)/@0x13224f6 - animation-leash of insets_animation)/@0xb4d5928
03-15 13:56:36.913 12320 12364 I ActivityManager: Changes in 90001 17 to 17, 0 to 128
03-15 13:56:36.913 12320 12364 I ActivityManager: Changes in 90000 17 to 11, 0 to 128
03-15 13:56:36.914 12320 14335 D InsetsSourceProvider: updateControlForTarget: control=InsetsSourceControl: {c4460001 mType=navigationBars initiallyVisible mSurfacePosition=Point(0, 2214) mInsetsHint=Insets{left=0, top=0, right=0, bottom=39}}, target=Window{b7b0b62 u0 com.example.kutuphane/com.example.kutuphane.kitapekle}, from=com.android.server.wm.InsetsStateController.onControlTargetChanged:83 com.android.server.wm.InsetsPolicy.updateBarControlTarget:225 com.android.server.wm.DisplayPolicy.updateSystemBarAttributes:262 com.android.server.wm.DisplayPolicy.finishPostLayoutPolicyLw:17 com.android.server.wm.RootWindowContainer.applySurfaceChangesTransaction$1:195 
03-15 13:56:36.914 12320 12364 I ActivityManager: Changes in 10304 16 to 11, 0 to 128
03-15 13:56:36.914 12757 23072 V WindowManagerShell: onTransitionReady(transaction=52913997108002)
03-15 13:56:36.914 12320 14335 D WindowManager: updateSystemBarAttributes: displayId=0, focusedCanBeNavColorWin=false, win=Window{b7b0b62 u0 com.example.kutuphane/com.example.kutuphane.kitapekle}, navColorWin=Window{b7b0b62 u0 com.example.kutuphane/com.example.kutuphane.kitapekle}, caller=com.android.server.wm.DisplayPolicy.finishPostLayoutPolicyLw:17 com.android.server.wm.RootWindowContainer.applySurfaceChangesTransaction$1:195 com.android.server.wm.RootWindowContainer.performSurfacePlacementNoTrace:59 
03-15 13:56:36.914 12320 14335 D WindowManager: updateSystemBarAttributes, bhv=1, apr=16, statusBarAprRegions=[AppearanceRegion{ bounds=[0,0][1080,2340]}], requestedVisibilities=-1
03-15 13:56:36.915 12320 14335 D WindowManager: Changing focus from null to Window{b7b0b62 u0 com.example.kutuphane/com.example.kutuphane.kitapekle} displayId=0 Callers=com.android.server.wm.WindowManagerService.relayoutWindow:1350 com.android.server.wm.Session.relayout:27 android.view.IWindowSession$Stub.onTransact:829 com.android.server.wm.Session.onTransact:1 
03-15 13:56:36.915 12757 12829 V WindowManagerShell: onTransitionReady (#284) android.os.BinderProxy@73933d1: {id=284 t=TO_FRONT f=0x0 trk=0 r=[0@Point(0, 0)] c=[
03-15 13:56:36.915 12757 12829 V WindowManagerShell:         {m=TO_FRONT f=MOVE_TO_TOP leash=Surface(name=Task=609)/@0x3dd2910 sb=Rect(0, 0 - 1080, 2340) eb=Rect(0, 0 - 1080, 2340) epz=Point(1080, 2340) d=0 taskParent=-1 inset=Rect(0, 80 - 0, 39) dim=true},
03-15 13:56:36.915 12757 12829 V WindowManagerShell:         {m=TO_BACK f=SHOW_WALLPAPER|EDGE_EXTENSION_RESTRICTION leash=Surface(name=Task=596)/@0xa0d8c09 sb=Rect(0, 0 - 1080, 2340) eb=Rect(0, 0 - 1080, 2340) epz=Point(1080, 2340) d=0 taskParent=-1 inset=Rect(0, 80 - 0, 39)},
03-15 13:56:36.915 12757 12829 V WindowManagerShell:         {m=TO_BACK f=IS_WALLPAPER p=WCT{android.window.IWindowContainerToken$Stub$Proxy@5d3c63c} leash=Surface(name=WallpaperWindowToken{384c472 showWhenLocked=false})/@0x658e0e sb=Rect(0, 0 - 1080, 2340) eb=Rect(0, 0 - 1080, 2340) epz=Point(1080, 2340) d=0 inset=Rect(0, 0 - 0, 0)}
03-15 13:56:36.915 12757 12829 V WindowManagerShell:     ]}
03-15 13:56:36.915 12320 14335 D MARsPolicyManager: cancelDisablePolicy com.example.kutuphane(0) false|32|disablepolicy(8)
03-15 13:56:36.916 12320 14335 V SystemKeyManager: updateFocusedWindow() is called, com.example.kutuphane/com.example.kutuphane.kitapekle
03-15 13:56:36.917 12757 12829 V ShellDesktopMode: DesktopModeLogger: taskInfo map after processing changes 0
03-15 13:56:36.917 12757 12829 D ShellDesktopMode: DesktopTaskChangeListener: onTaskMovingToFront for taskId=609, displayId=0
03-15 13:56:36.918 12757 12829 V WindowManagerShell: Playing animation for (#284) android.os.BinderProxy@73933d1@0
03-15 13:56:36.918 12757 12829 V WindowManagerShell:  try firstHandler com.android.wm.shell.transition.DefaultMixedHandler@5b14b67
03-15 13:56:36.918 12757 12829 V WindowManagerShell: Mixed transition for opening an intent with a remote transition and PIP or Desktop #284
03-15 13:56:36.918 12757 12829 V WindowManagerShell: tryAnimateOpenIntentWithRemoteAndPipOrDesktop
03-15 13:56:36.919 12757 12829 V WindowManagerShell:  Delegate animation for (#284) to RemoteTransition { remoteTransition = android.window.IRemoteTransition$Stub$Proxy@19046a4, appThread = android.app.IApplicationThread$Stub$Proxy@6cc3c0d, debugName = QuickstepLaunchflags =NONE }
03-15 13:56:36.919 12757 12829 V WindowManagerShell:  Excluded change from remote targets at (#284), change={m=TO_BACK f=IS_WALLPAPER p=WCT{android.window.IWindowContainerToken$Stub$Proxy@5d3c63c} leash=Surface(name=WallpaperWindowToken{384c472 showWhenLocked=false})/@0x658e0e sb=Rect(0, 0 - 1080, 2340) eb=Rect(0, 0 - 1080, 2340) epz=Point(1080, 2340) d=0 inset=Rect(0, 0 - 0, 0)}
03-15 13:56:36.920 12757 12829 V WindowManagerShell:  animated by firstHandler
03-15 13:56:36.920 12320 12351 D SGM:GameManager: identifyForegroundApp. com.example.kutuphane, mCurrentUserId: 0, callerUserId: 0
03-15 13:56:36.920 12320 12351 D SGM:SemGameManager: isForegroundGame(), ret=false
03-15 13:56:36.926 12320 12353 D SGM:GameManager: identifyGamePackage. com.example.kutuphane, mCurrentUserId: 0, callingMethodInfo: com.samsung.android.game.SemGameManager.isGamePackage(SemGameManager.java:106)
03-15 13:56:36.926 12320 12353 D SGM:SemGameManager: isGamePackage(), pkgName=com.example.kutuphane, ret=false
03-15 13:56:36.928 12320 12629 D BackgroundInstallControlService: Package event received: 0
03-15 13:56:36.932 12320 14060 D WindowManager: finishDrawingWindow: Window{b7b0b62 u0 com.example.kutuphane/com.example.kutuphane.kitapekle} mDrawState=DRAW_PENDING seqId=0
03-15 13:56:36.935 12320 12354 V WindowManager: Finish starting ActivityRecord{206451061 u0 com.example.kutuphane/.kitapekle t609}: first real window is shown, no animation
03-15 13:56:36.935 12320 12354 I ActivityTaskManager: done cause=notifyWindowsDrawn timestamp=117281365187143 info=TransitionInfo{987b7e6 a=ActivityRecord{206451061 u0 com.example.kutuphane/.kitapekle t609} d=true}
03-15 13:56:36.935 12320 12354 D ActivityManagerPerformance: AMP_release() ACT_RESUME
03-15 13:56:36.936 12320 12354 V WindowManager: performShowLocked: mDrawState=HAS_DRAWN in Window{b7b0b62 u0 com.example.kutuphane/com.example.kutuphane.kitapekle}
03-15 13:56:36.938 12320 12350 D [secipm]: mSecIpmManager report to nap
03-15 13:56:36.941 12320 14335 V WindowManager: Schedule remove starting ActivityRecord{206451061 u0 com.example.kutuphane/.kitapekle t609} startingWindow=Window{22616d1 u0 SnapshotStartingWindow for taskId=609} animate=false Callers=com.android.server.wm.ActivityRecord.onSyncTransactionCommitted:16 com.android.server.wm.BLASTSyncEngine$SyncGroup$1CommitCallback.onCommitted:104 com.android.server.wm.BLASTSyncEngine$SyncGroup$$ExternalSyntheticLambda0.onTransactionCommitted:8 android.view.SurfaceControl$Transaction$$ExternalSyntheticLambda4.run:0 com.android.server.SystemServerInitThreadPool$$ExternalSyntheticLambda0.execute:1 
03-15 13:56:36.942 12320 12353 D BBA2    : updateWindowVisible for pid : 23334, visible : 1
03-15 13:56:36.973 12320 12505 V InputMethodManagerService: startInputOrWindowGainedFocusInternalLocked: reason=WINDOW_FOCUS_GAIN client=android.os.BinderProxy@9159e84 inputContext=com.android.internal.inputmethod.IRemoteInputConnection$Stub$Proxy@cb2dfd4 editorInfo=android.view.inputmethod.EditorInfo@a54157d startInputFlags=VIEW_HAS_FOCUS|IS_TEXT_EDITOR|INITIAL_CONNECTION softInputMode=STATE_UNSPECIFIED|ADJUST_PAN|IS_FORWARD_NAVIGATION windowFlags=#81810100 unverifiedTargetSdkVersion=31 bindingController=com.android.server.inputmethod.InputMethodBindingController@1cc1bc1 imeDispatcher=android.window.ImeOnBackInvokedDispatcher@76c72 cs=ClientState{ad93295 mUid=10286 mPid=23334 mSelfReportedDisplayId=0} imeRequestedVisible=true
03-15 13:56:36.973 12320 12505 V InputMethodManagerService: startInputOrWindowGainedFocusInternalLocked: reason=WINDOW_FOCUS_GAIN clientState=ad93295 editorInfo=android.view.inputmethod.EditorInfo@a54157d startInputFlags=VIEW_HAS_FOCUS|IS_TEXT_EDITOR|INITIAL_CONNECTION softInputMode=STATE_UNSPECIFIED|ADJUST_PAN|IS_FORWARD_NAVIGATION windowFlags=#81810100 sameWindowFocused=false
03-15 13:56:36.973 12320 12505 V InputMethodManagerService: setWindowStateInner, windowToken=android.os.BinderProxy@d481a2d, state=ImeTargetWindowState{ imeToken null imeFocusChanged true hasEditorFocused true requestedImeVisible true imeDisplayId 0 softInputModeState STATE_UNSPECIFIED|ADJUST_PAN|IS_FORWARD_NAVIGATION isStartInputByGainFocus true}
03-15 13:56:36.973 12320 12505 V InputMethodManagerService: Will show input to restore visibility
03-15 13:56:36.974 12320 12505 V InputMethodManagerService: setWindowStateInner, windowToken=android.os.BinderProxy@d481a2d, state=ImeTargetWindowState{ imeToken null imeFocusChanged true hasEditorFocused true requestedImeVisible true imeDisplayId 0 softInputModeState STATE_UNSPECIFIED|ADJUST_PAN|IS_FORWARD_NAVIGATION isStartInputByGainFocus true}
03-15 13:56:36.974 12320 12505 D SemInputMethodManagerServiceUtil: restorePreviousUsedInputMethod : failed to return the previous ime becuase the stored info is null or do not need restore
03-15 13:56:36.974 12320 12505 V InputMethodManagerService: semComputeImeDisplayIdForTarget: displayToShowIme=0
03-15 13:56:36.974 12320 12505 V InputMethodManagerService: unbindCurrentInputLocked: client=android.os.BinderProxy@469731a
03-15 13:56:36.975 12320 12505 V InputMethodManagerService: Creating new accessibility sessions for client ClientState{ad93295 mUid=10286 mPid=23334 mSelfReportedDisplayId=0}
03-15 13:56:36.976 12320 12505 D InputMethodManagerService: isImeSwitcherDisabledPackage : false
03-15 13:56:36.976 12320 12505 V InputMethodManagerService: Disabling: SessionState{uid=10135 pid=13277 method=655539e session=c02ee7f channel=ClientState{b6792a7 mUid=10135 mPid=13277 mSelfReportedDisplayId=0} userId=0}
03-15 13:56:36.976 12320 12505 V InputMethodManagerService: Enabling: SessionState{uid=10286 pid=23334 method=655539e session=5a8c76 channel=ClientState{ad93295 mUid=10286 mPid=23334 mSelfReportedDisplayId=0} userId=0}
03-15 13:56:36.976 12320 12505 D InputMethodManagerService: checkDisplayOfStartInputAndUpdateKeyboard: displayId=0, mFocusedDisplayId=0
03-15 13:56:36.977 12320 12505 V InputMethodManagerService: Client requesting input be shown
03-15 13:56:36.977 12320 12505 D InputMethodManagerService: ACCESS_CONTROL_ENABLED = false, ACCESS_CONTROL_KEYBOARD_BLOCK = true
03-15 13:56:36.977 12320 12505 V InputMethodManagerService: setWindowStateInner, windowToken=android.os.BinderProxy@d481a2d, state=ImeTargetWindowState{ imeToken android.os.Binder@3918c79 imeFocusChanged true hasEditorFocused true requestedImeVisible true imeDisplayId 0 softInputModeState STATE_UNSPECIFIED|ADJUST_PAN|IS_FORWARD_NAVIGATION isStartInputByGainFocus true}
03-15 13:56:36.978 12320 12505 D InputMethodBindingController: bindCurrentInputMethodService: caller=com.android.server.inputmethod.InputMethodBindingController.bindCurrentInputMethodService:17 com.android.server.inputmethod.InputMethodManagerService.showCurrentInputLocked:125 com.android.server.inputmethod.InputMethodManagerService.showCurrentInputInternal:45 com.android.server.inputmethod.InputMethodManagerService.attachNewInputLocked:393 com.android.server.inputmethod.InputMethodManagerService.startInputUncheckedLocked:991 com.android.server.inputmethod.InputMethodManagerService.startInputOrWindowGainedFocusInternalLocked:784 com.android.server.inputmethod.ZeroJankProxy$$ExternalSyntheticLambda8.runOrThrow:553 com.android.internal.util.FunctionalUtils$ThrowingRunnable.run:106 com.android.server.inputmethod.ZeroJankProxy$$ExternalSyntheticLambda13.run:12 android.os.Handler.handleCallback:995 
03-15 13:56:36.980 12320 12505 I ActivityManager: Changes in 10170 7 to 5, 128 to 255
03-15 13:56:36.980 12320 12505 I ActivityManager: Changes in 10105 7 to 5, 128 to 144
03-15 13:56:36.981 12320 12505 V InputMethodManagerService: Calling com.android.server.inputmethod.IInputMethodInvoker@7c4363f.showSoftInput(android.os.BinderProxy@d481a2d, 1, null) for reason: SHOW_SOFT_INPUT
03-15 13:56:36.982 12320 12505 I InputMethodManagerService: attachNewInputLocked: showCurrentInputInternal, softInputModeState=STATE_UNSPECIFIED|ADJUST_PAN|IS_FORWARD_NAVIGATION
03-15 13:56:36.983 12320 12629 D BackgroundInstallControlService: Package event received: 0
03-15 13:56:36.983 12320 12629 D BackgroundInstallControlService: Package event received: 0
03-15 13:56:36.983 12320 12505 V InputMethodManagerService: applyImeVisibility state=7
03-15 13:56:36.985 12320 14335 D RestrictionPolicy: isScreenCaptureEnabled : ret=true userId=0
03-15 13:56:36.986 12320 14335 I WindowManager: Cancelling animation restarting=true, leash=Surface(name=Surface(name=b1749ab InputMethod)/@0x6f02ba1 - animation-leash of insets_animation)/@0x694e347
03-15 13:56:36.986 12320 14335 I WindowManager: Reparenting to original parent: Surface(name=WindowToken{d3fbecc type=2011 android.os.Binder@42f30ff})/@0x113d1c6, destroy=false, surface=Surface(name=b1749ab InputMethod)/@0x6f02ba1
03-15 13:56:36.986 12320 14335 I WindowManager: Reparenting to leash, surface=Surface(name=b1749ab InputMethod)/@0x6f02ba1, leashParent=Surface(name=WindowToken{d3fbecc type=2011 android.os.Binder@42f30ff})/@0x113d1c6
03-15 13:56:36.987 12320 14335 D WindowManager: makeSurface duration=1 leash=Surface(name=Surface(name=b1749ab InputMethod)/@0x6f02ba1 - animation-leash of insets_animation)/@0x1f417ca
03-15 13:56:36.987 12320 14335 D InsetsSourceProvider: updateControlForTarget: control=InsetsSourceControl: {3 mType=ime mSurfacePosition=Point(0, 80) mInsetsHint=Insets{left=0, top=0, right=0, bottom=879}}, target=Window{b7b0b62 u0 com.example.kutuphane/com.example.kutuphane.kitapekle}, from=com.android.server.wm.ImeInsetsSourceProvider.updateControlForTarget:17 com.android.server.wm.InsetsStateController.onControlTargetChanged:83 com.android.server.wm.DisplayContent.updateImeControlTarget:21 com.android.server.wm.DisplayContent.updateImeInputAndControlTarget:156 com.android.server.wm.WindowManagerService$LocalService.updateInputMethodTargetWindow:64 
03-15 13:56:36.988 12320 12353 V InputMethodManagerService: Client requesting input be shown
03-15 13:56:36.988 12320 12353 D InputMethodManagerService: ACCESS_CONTROL_ENABLED = false, ACCESS_CONTROL_KEYBOARD_BLOCK = true
03-15 13:56:36.988 12320 12353 V InputMethodManagerService: setWindowStateInner, windowToken=android.os.BinderProxy@d481a2d, state=ImeTargetWindowState{ imeToken android.os.Binder@91d5c58 imeFocusChanged true hasEditorFocused true requestedImeVisible true imeDisplayId 0 softInputModeState STATE_UNSPECIFIED|ADJUST_PAN|IS_FORWARD_NAVIGATION isStartInputByGainFocus true}
03-15 13:56:36.988 12320 12353 V InputMethodManagerService: Calling com.android.server.inputmethod.IInputMethodInvoker@7c4363f.showSoftInput(android.os.BinderProxy@d481a2d, 1, null) for reason: SHOW_SOFT_INPUT
03-15 13:56:37.002 14190 14249 I SDHMS:k : onTaskStackChanged
03-15 13:56:37.043 12320 12584 D MdnieScenarioControlService:  packageName : com.example.kutuphane    className : com.example.kutuphane.kitapekle
03-15 13:56:37.044 12320 12584 V MdnieScenarioControlService: setUIMode from UI function(3)
03-15 13:56:37.144 12320 12584 V MdnieScenarioControlService: mAclOffEnabled : false
03-15 13:56:37.172 12320 14060 D KNOX_MDM_SettingsProvider: isChangeAllowed() : name = enabled_input_methods
03-15 13:56:37.172 12320 14060 D KNOX_MDM_SettingsProvider: edmUri: content://com.sec.knox.provider/RestrictionPolicy3
03-15 13:56:37.172 12320 14060 D KNOX_MDM_SettingsProvider: projectionArgs: isSettingsChangesAllowed
03-15 13:56:37.172 12320 14060 D KNOX_MDM_SettingsProvider: selectionArgs: false
03-15 13:56:37.172 12320 14060 D KNOX_MDM_SettingsProvider: selectionArgs: 10170
03-15 13:56:37.173 12320 14060 D SecContentProvider: called from android.uid.honeyboard:10170
03-15 13:56:37.173 12320 14060 D RestrictionPolicy: isSettingsChangesAllowedAsUser, userId 0 : true
03-15 13:56:37.173 12320 14060 D KNOX_MDM_SettingsProvider: ret = 1
03-15 13:56:37.176 12320 14299 D KNOX_MDM_SettingsProvider: isChangeAllowed() : name = default_input_method
03-15 13:56:37.176 12320 14299 D KNOX_MDM_SettingsProvider: edmUri: content://com.sec.knox.provider/RestrictionPolicy3
03-15 13:56:37.176 12320 14299 D KNOX_MDM_SettingsProvider: projectionArgs: isSettingsChangesAllowed
03-15 13:56:37.176 12320 14299 D KNOX_MDM_SettingsProvider: selectionArgs: false
03-15 13:56:37.176 12320 14299 D KNOX_MDM_SettingsProvider: selectionArgs: 10170
03-15 13:56:37.176 12320 14299 D SecContentProvider: called from android.uid.honeyboard:10170
03-15 13:56:37.177 12320 14299 D RestrictionPolicy: isSettingsChangesAllowedAsUser, userId 0 : true
03-15 13:56:37.177 12320 14060 D KNOX_MDM_SettingsProvider: isChangeAllowed() : name = enabled_input_methods
03-15 13:56:37.177 12320 14299 D KNOX_MDM_SettingsProvider: ret = 1
03-15 13:56:37.177 12320 14060 D KNOX_MDM_SettingsProvider: edmUri: content://com.sec.knox.provider/RestrictionPolicy3
03-15 13:56:37.177 12320 14060 D KNOX_MDM_SettingsProvider: projectionArgs: isSettingsChangesAllowed
03-15 13:56:37.177 12320 14060 D KNOX_MDM_SettingsProvider: selectionArgs: false
03-15 13:56:37.177 12320 14060 D KNOX_MDM_SettingsProvider: selectionArgs: 10170
03-15 13:56:37.177 12320 12902 I InputMethodManagerService: isAccessoryKeyboard 0
03-15 13:56:37.177 12320 14060 D SecContentProvider: called from android.uid.honeyboard:10170
03-15 13:56:37.177 12320 14060 D RestrictionPolicy: isSettingsChangesAllowedAsUser, userId 0 : true
03-15 13:56:37.177 12320 14060 D KNOX_MDM_SettingsProvider: ret = 1
03-15 13:56:37.178 12320 14335 D KNOX_MDM_SettingsProvider: isChangeAllowed() : name = default_input_method
03-15 13:56:37.178 12320 14335 D KNOX_MDM_SettingsProvider: edmUri: content://com.sec.knox.provider/RestrictionPolicy3
03-15 13:56:37.178 12320 14335 D KNOX_MDM_SettingsProvider: projectionArgs: isSettingsChangesAllowed
03-15 13:56:37.178 12320 12902 I InputMethodManagerService: isAccessoryKeyboard 0
03-15 13:56:37.178 12320 14335 D KNOX_MDM_SettingsProvider: selectionArgs: false
03-15 13:56:37.178 12320 14335 D KNOX_MDM_SettingsProvider: selectionArgs: 10170
03-15 13:56:37.178 12320 14335 D SecContentProvider: called from android.uid.honeyboard:10170
03-15 13:56:37.178 12320 14335 D RestrictionPolicy: isSettingsChangesAllowedAsUser, userId 0 : true
03-15 13:56:37.179 12320 14335 D KNOX_MDM_SettingsProvider: ret = 1
03-15 13:56:37.180 12320 12320 I InputMethodManagerService: subtype state: oldSubtype = android.view.inputmethod.InputMethodSubtype@420000 newSubtype = android.view.inputmethod.InputMethodSubtype@420000 force = false, intent received : false
03-15 13:56:37.183 12320 12320 I InputMethodManagerService: subtype state: oldSubtype = android.view.inputmethod.InputMethodSubtype@420000 newSubtype = android.view.inputmethod.InputMethodSubtype@420000 force = false, intent received : false
03-15 13:56:37.187 12320 14299 D KNOX_MDM_SettingsProvider: isChangeAllowed() : name = enabled_input_methods
03-15 13:56:37.187 12320 14299 D KNOX_MDM_SettingsProvider: edmUri: content://com.sec.knox.provider/RestrictionPolicy3
03-15 13:56:37.187 12320 14299 D KNOX_MDM_SettingsProvider: projectionArgs: isSettingsChangesAllowed
03-15 13:56:37.187 12320 14299 D KNOX_MDM_SettingsProvider: selectionArgs: false
03-15 13:56:37.187 12320 14299 D KNOX_MDM_SettingsProvider: selectionArgs: 10170
03-15 13:56:37.187 12320 14299 D SecContentProvider: called from android.uid.honeyboard:10170
03-15 13:56:37.187 12320 14299 D RestrictionPolicy: isSettingsChangesAllowedAsUser, userId 0 : true
03-15 13:56:37.188 12320 14299 D KNOX_MDM_SettingsProvider: ret = 1
03-15 13:56:37.188 12320 14299 D KNOX_MDM_SettingsProvider: isChangeAllowed() : name = default_input_method
03-15 13:56:37.189 12320 14299 D KNOX_MDM_SettingsProvider: edmUri: content://com.sec.knox.provider/RestrictionPolicy3
03-15 13:56:37.189 12320 14299 D KNOX_MDM_SettingsProvider: projectionArgs: isSettingsChangesAllowed
03-15 13:56:37.189 12320 14299 D KNOX_MDM_SettingsProvider: selectionArgs: false
03-15 13:56:37.189 12320 14299 D KNOX_MDM_SettingsProvider: selectionArgs: 10170
03-15 13:56:37.189 12320 14299 D SecContentProvider: called from android.uid.honeyboard:10170
03-15 13:56:37.189 12320 14299 D RestrictionPolicy: isSettingsChangesAllowedAsUser, userId 0 : true
03-15 13:56:37.189 12320 14299 D KNOX_MDM_SettingsProvider: ret = 1
03-15 13:56:37.189 12320 14060 D SecContentProvider: called from android.uid.honeyboard:10170
03-15 13:56:37.189 12320 14060 D RestrictionPolicy: isClipboardAllowed : true
03-15 13:56:37.193 12320 12320 I InputMethodManagerService: subtype state: oldSubtype = android.view.inputmethod.InputMethodSubtype@420000 newSubtype = android.view.inputmethod.InputMethodSubtype@420000 force = false, intent received : false
03-15 13:56:37.199 12757 12829 V WindowManagerShell: Transition animation finished (aborted=false), notifying core (#284) android.os.BinderProxy@73933d1@0
03-15 13:56:37.201 12320 14335 D SecContentProvider: called from android.uid.honeyboard:10170
03-15 13:56:37.201 12320 14335 D RestrictionPolicy: isClipboardAllowed : true
03-15 13:56:37.201 12320 14299 V WindowManager: Finish Transition: TransitionRecord{ff8d85e id=284 type=TO_FRONT flags=0x0 c=[
03-15 13:56:37.201 12320 14299 V WindowManager:    ChangeInfo{6c02a55 container=DefaultTaskDisplayArea_d0@21689571 flags=0x0}
03-15 13:56:37.201 12320 14299 V WindowManager:    ChangeInfo{bd19536 container=ActivityRecord{48835708 u0 com.sec.android.app.launcher/com.android.quickstep.RecentsActivity t596} flags=0x0}
03-15 13:56:37.201 12320 14299 V WindowManager:    ChangeInfo{1772c37 container=WallpaperWindowToken{384c472 showWhenLocked=false}_<system> flags=0x0}
03-15 13:56:37.201 12320 14299 V WindowManager:    ChangeInfo{f761c6a container=Task{5ede90c #609 type=standard A=10286:com.example.kutuphane} flags=0x30}
03-15 13:56:37.201 12320 14299 V WindowManager:    ChangeInfo{8c0c5a4 container=WallpaperWindowToken{86131fa showWhenLocked=true}_<lock> flags=0x0}
03-15 13:56:37.201 12320 14299 V WindowManager:    ChangeInfo{5ee955b container=Display{#0 state=ON size=1080x2340 ROTATION_0} flags=0x0}
03-15 13:56:37.201 12320 14299 V WindowManager:    ChangeInfo{7244f0d container=ActivityRecord{206451061 u0 com.example.kutuphane/.kitapekle t609} flags=0x0}
03-15 13:56:37.201 12320 14299 V WindowManager:    ChangeInfo{b99cec2 container=Task{cbde905 #596 type=recents I=com.sec.android.app.launcher/com.android.quickstep.RecentsActivity} flags=0x10}
03-15 13:56:37.201 12320 14299 V WindowManager:    ChangeInfo{98854d3 container=RemoteWallpaperAnim:1:1@264671916 flags=0x0}
03-15 13:56:37.201 12320 14299 V WindowManager: ]
03-15 13:56:37.201 12320 14299 V WindowManager: }, caller=com.android.server.wm.WindowOrganizerController.finishTransitionInner:31 com.android.server.wm.WindowOrganizerController.finishAllTransitions:60 android.window.IWindowOrganizerController$Stub.onTransact:283 
03-15 13:56:37.202 12320 12350 V WindowManager: Finish Transition (#284): created at 03-15 13:56:36.869 collect-started=0.496ms request-sent=5.279ms started=15.654ms ready=29.591ms sent=40.611ms commit=29.555ms finished=332.714ms
03-15 13:56:37.202 12320 14299 V WindowManager: Setting visibility of Window{4dfb408 u0 com.sec.android.app.launcher/com.android.quickstep.RecentsActivity}: false, caller=com.android.server.wm.WindowContainer.sendAppVisibilityToClients:19 com.android.server.wm.WindowToken.setClientVisible:48 com.android.server.wm.ActivityRecord.commitVisibility:186 com.android.server.wm.TransitionController.finishTransition:846 com.android.server.wm.WindowOrganizerController.finishTransitionInner:31 
03-15 13:56:37.203 12320 14299 V WindowManager: Setting visibility of Window{54ad81e u0 com.android.systemui.wallpapers.ImageWallpaper}: false, caller=com.android.server.wm.WindowContainer.sendAppVisibilityToClients:19 com.android.server.wm.WindowToken.setClientVisible:48 com.android.server.wm.WallpaperWindowToken.setVisible$1:3 com.android.server.wm.WallpaperWindowToken.commitVisibility:48 com.android.server.wm.TransitionController.finishTransition:1252 
03-15 13:56:37.205 12320 14299 D ChangeTransitionController: onTransitionFinished: TransitionRecord{ff8d85e id=284 type=TO_FRONT flags=0x0 c=[
03-15 13:56:37.205 12320 14299 D ChangeTransitionController:    ChangeInfo{6c02a55 container=DefaultTaskDisplayArea_d0@21689571 flags=0x0}
03-15 13:56:37.205 12320 14299 D ChangeTransitionController:    ChangeInfo{bd19536 container=ActivityRecord{48835708 u0 com.sec.android.app.launcher/com.android.quickstep.RecentsActivity t596} flags=0x0}
03-15 13:56:37.205 12320 14299 D ChangeTransitionController:    ChangeInfo{1772c37 container=WallpaperWindowToken{384c472 showWhenLocked=false}_<system> flags=0x0}
03-15 13:56:37.205 12320 14299 D ChangeTransitionController:    ChangeInfo{f761c6a container=Task{5ede90c #609 type=standard A=10286:com.example.kutuphane} flags=0x30}
03-15 13:56:37.205 12320 14299 D ChangeTransitionController:    ChangeInfo{8c0c5a4 container=WallpaperWindowToken{86131fa showWhenLocked=true}_<lock> flags=0x0}
03-15 13:56:37.205 12320 14299 D ChangeTransitionController:    ChangeInfo{5ee955b container=Display{#0 state=ON size=1080x2340 ROTATION_0} flags=0x0}
03-15 13:56:37.205 12320 14299 D ChangeTransitionController:    ChangeInfo{7244f0d container=ActivityRecord{206451061 u0 com.example.kutuphane/.kitapekle t609} flags=0x0}
03-15 13:56:37.205 12320 14299 D ChangeTransitionController:    ChangeInfo{b99cec2 container=Task{cbde905 #596 type=recents I=com.sec.android.app.launcher/com.android.quickstep.RecentsActivity} flags=0x10}
03-15 13:56:37.205 12320 14299 D ChangeTransitionController:    ChangeInfo{98854d3 container=RemoteWallpaperAnim:1:1@264671916 flags=0x0}
03-15 13:56:37.205 12320 14299 D ChangeTransitionController: ]
03-15 13:56:37.205 12320 14299 D ChangeTransitionController: }
03-15 13:56:37.206 12757 12829 V WindowManagerShell: Track 0 became idle
03-15 13:56:37.207 12757 12829 V WindowManagerShell: All active transition animations finished
03-15 13:56:37.210 12320 12353 I ActivityManager: Changes in 10135 2 to 5, 255 to 184
03-15 13:56:37.214 12320 14299 V InputMethodManagerService: IME window vis: 3 active: 1 visible: 2 displayId: 0
03-15 13:56:37.214 12320 14299 D InputMethodManagerService: isImeSwitcherDisabledPackage : false
03-15 13:56:37.214 12320 14299 I InputMethodManagerService: setImeWindowStatus: vis=3, backDisposition=0
03-15 13:56:37.218 12320 14060 D CoreBackPreview: Window{b7b0b62 u0 com.example.kutuphane/com.example.kutuphane.kitapekle}: Setting back callback OnBackInvokedCallbackInfo{mCallback=android.window.IOnBackInvokedCallback$Stub$Proxy@9397a5, mPriority=0, mIsAnimationCallback=true, mOverrideBehavior=0}
03-15 13:56:37.218 12320 26268 D TspStateManager: wrote command: cmd=1,18,7,24,1924, type=1
03-15 13:56:37.218 12320 14299 I InputMethodManagerService: isAccessoryKeyboard 0
03-15 13:56:37.219 12320 26267 D TspStateManager: wrote command: cmd=1, type=5
03-15 13:56:37.219 12320 12347 I InputMethodManagerService: isAccessoryKeyboard 0
03-15 13:56:37.220 12320 14335 D ImeInsetsSourceProvider: showImePostLayout cancelled, isScheduledAndReadyToShowIme: false, mImeRequester: null, serverVisible: false, frozen: false, mWindowContainer is: non-null, windowState: Window{b1749ab u0 InputMethod}, isDrawn: false, mGivenInsetsPending: false, dcTarget: Window{22616d1 u0 SnapshotStartingWindow for taskId=609}, controlTarget: Window{b7b0b62 u0 com.example.kutuphane/com.example.kutuphane.kitapekle}
03-15 13:56:37.244 12320 12353 D SGM:FgCheckThread: getForegroundApp(), foregroundPkgName=com.example.kutuphane
03-15 13:56:37.244 12320 12902 E WindowManager: win=Window{4dfb408 u0 com.sec.android.app.launcher/com.android.quickstep.RecentsActivity} destroySurfaces: appStopped=true cleanupOnResume=false win.mWindowRemovalAllowed=false win.mRemoveOnExit=false win.mViewVisibility=8 caller=com.android.server.wm.ActivityRecord.destroySurfaces:25 com.android.server.wm.ActivityRecord.activityStopped:192 com.android.server.wm.ActivityClientController.activityStopped:97 android.app.IActivityClientController$Stub.onTransact:740 com.android.server.wm.ActivityClientController.onTransact:1 android.os.Binder.execTransactInternal:1462 android.os.Binder.execTransact:1401 
03-15 13:56:37.244 12320 12353 D SGM:FgCheckThread: pkgName: com.sec.android.app.launcher is not in foreground
03-15 13:56:37.244 12320 12353 D SGM:FgCheckThread: noteStopComponent(), received pkgName: com.sec.android.app.launcher, focusedPkgName: com.example.kutuphane, userId: 0
03-15 13:56:37.246 12320 12629 D BackgroundInstallControlService: Package event received: 0
03-15 13:56:37.247 12320 12351 D SGM:GameManager: identifyForegroundApp. com.example.kutuphane, mCurrentUserId: 0, callerUserId: 0
03-15 13:56:37.247 12320 12351 D SGM:SemGameManager: isForegroundGame(), ret=false
03-15 13:56:37.250 12320 12351 D SGM:GameManager: identifyForegroundApp. com.example.kutuphane, mCurrentUserId: 0, callerUserId: 0
03-15 13:56:37.250 12320 12351 D SGM:SemGameManager: isForegroundGame(), ret=false
03-15 13:56:37.254 12320 12902 D SecContentProvider: called from android.uid.honeyboard:10170
03-15 13:56:37.254 12320 12902 D RestrictionPolicy: isClipboardAllowed : true
03-15 13:56:37.256 12320 12902 D SecContentProvider: called from android.uid.honeyboard:10170
03-15 13:56:37.257 12320 12902 D RestrictionPolicy: isClipboardAllowed : true
03-15 13:56:37.258 12320 12902 D SecContentProvider: called from android.uid.honeyboard:10170
03-15 13:56:37.258 12320 12902 D RestrictionPolicy: isClipboardAllowed : true
03-15 13:56:37.262 12320 12902 D SecContentProvider: called from android.uid.honeyboard:10170
03-15 13:56:37.262 12320 12902 D RestrictionPolicy: isClipboardAllowed : true
03-15 13:56:37.265 12320 12902 D SecContentProvider: called from android.uid.honeyboard:10170
03-15 13:56:37.266 12320 12902 D RestrictionPolicy: isClipboardAllowed : true
03-15 13:56:37.268 12320 12902 D SecContentProvider: called from android.uid.honeyboard:10170
03-15 13:56:37.268 12320 12902 D RestrictionPolicy: isClipboardAllowed : true
03-15 13:56:37.271 12320 12902 D SecContentProvider: called from android.uid.honeyboard:10170
03-15 13:56:37.271 12320 12902 D RestrictionPolicy: isClipboardAllowed : true
03-15 13:56:37.273 12320 12902 D SecContentProvider: called from android.uid.honeyboard:10170
03-15 13:56:37.273 12320 12902 D RestrictionPolicy: isClipboardAllowed : true
03-15 13:56:37.277 12320 12902 D WindowManager: makeSurface duration=0 name=InputMethod$_30070
03-15 13:56:37.277 12320 12902 I WindowManager: Cancelling animation restarting=true, leash=Surface(name=Surface(name=3c1eb49 NavigationBar0)/@0x13224f6 - animation-leash of insets_animation)/@0xb4d5928
03-15 13:56:37.277 12320 12902 I WindowManager: Reparenting to original parent: Surface(name=WindowToken{b67d50 type=2019 android.os.BinderProxy@b916202})/@0x5e0e0f7, destroy=false, surface=Surface(name=3c1eb49 NavigationBar0)/@0x13224f6
03-15 13:56:37.277 12320 12902 I WindowManager: Reparenting to leash, surface=Surface(name=3c1eb49 NavigationBar0)/@0x13224f6, leashParent=Surface(name=WindowToken{b67d50 type=2019 android.os.BinderProxy@b916202})/@0x5e0e0f7
03-15 13:56:37.278 12320 12902 D WindowManager: makeSurface duration=1 leash=Surface(name=Surface(name=3c1eb49 NavigationBar0)/@0x13224f6 - animation-leash of insets_animation)/@0x7e2d834
03-15 13:56:37.278 12320 12902 D InsetsSourceProvider: updateControlForTarget: control=InsetsSourceControl: {c4460001 mType=navigationBars initiallyVisible mSurfacePosition=Point(0, 2214) mInsetsHint=Insets{left=0, top=0, right=0, bottom=39}}, target=PermanentControlTarget, from=com.android.server.wm.InsetsStateController.onControlTargetChanged:83 com.android.server.wm.InsetsPolicy.updateBarControlTarget:225 com.android.server.wm.DisplayPolicy.updateSystemBarAttributes:262 com.android.server.wm.DisplayPolicy.finishPostLayoutPolicyLw:17 com.android.server.wm.RootWindowContainer.applySurfaceChangesTransaction$1:195 
03-15 13:56:37.279 12320 12902 D WindowManager: updateSystemBarAttributes: displayId=0, focusedCanBeNavColorWin=false, win=Window{b7b0b62 u0 com.example.kutuphane/com.example.kutuphane.kitapekle}, navColorWin=Window{b1749ab u0 InputMethod}, caller=com.android.server.wm.DisplayPolicy.finishPostLayoutPolicyLw:17 com.android.server.wm.RootWindowContainer.applySurfaceChangesTransaction$1:195 com.android.server.wm.RootWindowContainer.performSurfacePlacementNoTrace:59 
03-15 13:56:37.279 12320 12902 D WindowManager: updateSystemBarAttributes, bhv=1, apr=0, statusBarAprRegions=[AppearanceRegion{ bounds=[0,0][1080,2340]}], requestedVisibilities=-1
03-15 13:56:37.280 12757 12829 D WindowManagerShell: onKeepClearAreasChanged: restricted={}, unrestricted={Rect(0, 1461 - 1080, 2214)}
03-15 13:56:37.284 12320 12902 D WindowManager: setInsetsWindow Window{b1749ab u0 InputMethod}, contentInsets=Rect(0, 1381 - 0, 0) -> Rect(0, 1381 - 0, 0), visibleInsets=Rect(0, 1381 - 0, 0) -> Rect(0, 1381 - 0, 0), touchableRegion=SkRegion((0,1381,1080,2134)) -> SkRegion((0,1381,1080,2134)), touchableInsets 3 -> 3
03-15 13:56:37.299 12320 12902 D WindowManager: finishDrawingWindow: Window{b1749ab u0 InputMethod} mDrawState=DRAW_PENDING seqId=0
03-15 13:56:37.301 12320 12354 V WindowManager: performShowLocked: mDrawState=HAS_DRAWN in Window{b1749ab u0 InputMethod}
03-15 13:56:37.303 12320 12354 D InsetsSourceProvider: updateVisibility: serverVisible=true, clientVisible=true, source=InsetsSource: {3 mType=ime mFrame=[0,1461][1080,2340] mVisible=true mFlags= mSideHint=BOTTOM mBoundingRects=null}, controlTarget=Window{b7b0b62 u0 com.example.kutuphane/com.example.kutuphane.kitapekle}, from=com.android.server.wm.ImeInsetsSourceProvider.updateVisibility:7 com.android.server.wm.InsetsSourceProvider.setServerVisible:6 com.android.server.wm.ImeInsetsSourceProvider.setServerVisible:75 com.android.server.wm.InsetsSourceProvider.onPostLayout:30 com.android.server.wm.ImeInsetsSourceProvider.onPostLayout:3 com.android.server.wm.InsetsStateController.onPostLayout:26 com.android.server.wm.RootWindowContainer.applySurfaceChangesTransaction$1:203 com.android.server.wm.RootWindowContainer.performSurfacePlacementNoTrace:59 com.android.server.wm.WindowSurfacePlacer.performSurfacePlacement:166 com.android.server.wm.WindowSurfacePlacer$Traverser.run:14 
03-15 13:56:37.309 12320 12902 D WindowManager: Starting window removed Window{22616d1 u0 SnapshotStartingWindow for taskId=609}
03-15 13:56:37.310 12320 12902 V WindowManager: Remove Window{22616d1 u0 SnapshotStartingWindow for taskId=609}: mSurfaceControl=Surface(name=SnapshotStartingWindow for taskId=609$_12757)/@0x5ae165d mAnimatingExit=false mRemoveOnExit=false mHasSurface=true surfaceShowing=true animating=false app-animation=false callers=com.android.server.wm.Session.remove:16 android.view.IWindowSession$Stub.onTransact:804 com.android.server.wm.Session.onTransact:1 android.os.Binder.execTransactInternal:1457 android.os.Binder.execTransact:1401 <bottom of call stack> 
03-15 13:56:37.311 12320 12902 I WindowManager: Reparenting to leash, surface=Surface(name=22616d1 SnapshotStartingWindow for taskId=609)/@0xeef43a0, leashParent=Surface(name=ActivityRecord{206451061 u0 com.example.kutuphane/.kitapekle t609})/@0x998ac8
03-15 13:56:37.312 12320 12902 D WindowManager: makeSurface duration=0 leash=Surface(name=Surface(name=22616d1 SnapshotStartingWindow for taskId=609)/@0xeef43a0 - animation-leash of window_animation)/@0x3abb59
03-15 13:56:37.316 12320 12355 D PowerManagerService: [api] setPowerBoost(L) boost:0, durationMs:0, caller (uid: 1000 pid: 12320) <- m() in com.android.server.display.DisplayManagerService$BinderService$$ExternalSyntheticOutline0:1
03-15 13:56:37.379 12320 12584 D MdnieScenarioControlService:  packageName : com.example.kutuphane    className : com.example.kutuphane.kitapekle
03-15 13:56:37.380 12320 12584 V MdnieScenarioControlService: setUIMode from UI function(3)
03-15 13:56:37.471 12320 12354 I WindowManager: Reparenting to original parent: Surface(name=ActivityRecord{206451061 u0 com.example.kutuphane/.kitapekle t609})/@0x998ac8, destroy=true, surface=Surface(name=22616d1 SnapshotStartingWindow for taskId=609)/@0xeef43a0
03-15 13:56:37.472 12320 12354 E WindowManager: win=Window{22616d1 u0 SnapshotStartingWindow for taskId=609 EXITING} destroySurfaces: appStopped=false cleanupOnResume=false win.mWindowRemovalAllowed=true win.mRemoveOnExit=true win.mViewVisibility=0 caller=com.android.server.wm.WindowState.onExitAnimationDone:224 com.android.server.wm.WindowState.onAnimationFinished:161 com.android.server.wm.WindowContainer$$ExternalSyntheticLambda8.onAnimationFinished:3 com.android.server.wm.SurfaceAnimator$$ExternalSyntheticLambda0.onAnimationFinished:69 com.android.server.wm.LocalAnimationAdapter$$ExternalSyntheticLambda0.run:10 android.os.Handler.handleCallback:995 android.os.Handler.dispatchMessage:103 
03-15 13:56:37.481 12320 12584 V MdnieScenarioControlService: mAclOffEnabled : false
03-15 13:56:37.671 12721 12721 I wpa_supplicant: Heartbeat 719
03-15 13:56:37.920 12320 14060 I ActivityManager: Changes in 90001 17 to 17, 128 to 0
03-15 13:56:37.920 12320 14060 I ActivityManager: Changes in 90000 11 to 17, 128 to 0
03-15 13:56:37.920 12320 14060 I ActivityManager: Changes in 10304 11 to 16, 128 to 0
03-15 13:56:37.927 12320 12364 I ActivityManager: Changes in 90001 17 to 17, 0 to 128
03-15 13:56:37.927 12320 12364 I ActivityManager: Changes in 90000 17 to 11, 0 to 128
03-15 13:56:37.928 12320 12364 I ActivityManager: Changes in 10304 16 to 11, 0 to 128
03-15 13:56:37.977 12320 12485 D PowerManagerService: [api] userActivityFromNative : touch, IME displayId=0 eventTime=117282402
03-15 13:56:37.979 12320 14335 D VibratorManagerService: converted usage = TOUCH(18)
03-15 13:56:37.979 12320 14335 D VibratorManagerService: vibrate - uid: 10170, opPkg: com.samsung.android.honeyboard, effect: Mono{mEffect=Composed{segments=[SemHaptic{mType=50124, mMagnitude=-1}], repeat=-1, mMagnitudeType=TYPE_TOUCH}}, attrs: VibrationAttributes{mUsage=TOUCH, mAudioUsage= USAGE_UNKNOWN, mFlags=0, tags=}, reason: null, token: android.os.BinderProxy@b29b219
03-15 13:56:37.979 12320 14335 D VibratorManagerService: magnitude value is under 0
03-15 13:56:37.979 12320 14335 D SingleVibrationSession: semDcVibrate : EFFECT_CLICK_RESERVED_DC(100), repeat: -1, usage: TOUCH(18), magnitude: 0
03-15 13:56:37.979 12320 14335 D VibratorManagerService: Vibration was not generated normally.
03-15 13:56:37.986 12320 14335 D SecContentProvider: called from android.uid.honeyboard:10170
03-15 13:56:37.986 12320 14335 D RestrictionPolicy: isClipboardAllowed : true
03-15 13:56:38.061 12320 14060 D SecContentProvider: called from android.uid.honeyboard:10170
03-15 13:56:38.061 12320 14060 D RestrictionPolicy: isClipboardAllowed : true
03-15 13:56:38.125   582   582 D io_stats: !@   8,32 r 7528191 163981364 w 5335479 69982408 d 589826 219009640 f 469904 522495 iot 2418612 0 th 0 0 0 pt 0 inp 0 0 117282.554
03-15 13:56:38.125   582   582 D io_stats: !@ Read_top(KB): m.android.phone:high(12732) 80 ogle.android.as:high(14024) 8
03-15 13:56:38.126   582   582 D io_stats: !@ Write_top(KB): kworker/u32:6:/(20631) 80 roid.honeyboard:top(30070) 80 id.diagmonagent:high(14183) 48
03-15 13:56:38.375 12320 14060 D VibratorManagerService: converted usage = TOUCH(18)
03-15 13:56:38.375 12320 14060 D VibratorManagerService: vibrate - uid: 10170, opPkg: com.samsung.android.honeyboard, effect: Mono{mEffect=Composed{segments=[SemHaptic{mType=50124, mMagnitude=-1}], repeat=-1, mMagnitudeType=TYPE_TOUCH}}, attrs: VibrationAttributes{mUsage=TOUCH, mAudioUsage= USAGE_UNKNOWN, mFlags=0, tags=}, reason: null, token: android.os.BinderProxy@b29b219
03-15 13:56:38.375 12320 14060 D VibratorManagerService: magnitude value is under 0
03-15 13:56:38.375 12320 14060 D SingleVibrationSession: semDcVibrate : EFFECT_CLICK_RESERVED_DC(100), repeat: -1, usage: TOUCH(18), magnitude: 0
03-15 13:56:38.375 12320 14060 D VibratorManagerService: Vibration was not generated normally.
03-15 13:56:38.400 14190 15483 I SDHMS:x : SIOP:: AP:290 BAT:261 USB:259 CHG:276 PA:282 WIFI:279 BLK:0 SUBBAT:0 SKIN:276 SKINF:268 SKINB:276 LRP2:276 LRF2:268 LRB2:276 AP2:275 CHG2:263 MEM2:276 WIFI2:275 SPK2:279 VAP05:288 AVGCUR:-360 POWER:-1468
03-15 13:56:38.442 12320 14060 D SecContentProvider: called from android.uid.honeyboard:10170
03-15 13:56:38.442 12320 14060 D RestrictionPolicy: isClipboardAllowed : true
03-15 13:56:38.571 12320 12946 D VibratorManagerService: converted usage = TOUCH(18)
03-15 13:56:38.571 12320 12946 D VibratorManagerService: vibrate - uid: 10170, opPkg: com.samsung.android.honeyboard, effect: Mono{mEffect=Composed{segments=[SemHaptic{mType=50124, mMagnitude=-1}], repeat=-1, mMagnitudeType=TYPE_TOUCH}}, attrs: VibrationAttributes{mUsage=TOUCH, mAudioUsage= USAGE_UNKNOWN, mFlags=0, tags=}, reason: null, token: android.os.BinderProxy@b29b219
03-15 13:56:38.571 12320 12946 D VibratorManagerService: magnitude value is under 0
03-15 13:56:38.571 12320 12946 D SingleVibrationSession: semDcVibrate : EFFECT_CLICK_RESERVED_DC(100), repeat: -1, usage: TOUCH(18), magnitude: 0
03-15 13:56:38.571 12320 12946 D VibratorManagerService: Vibration was not generated normally.
03-15 13:56:38.640 12320 14060 D SecContentProvider: called from android.uid.honeyboard:10170
03-15 13:56:38.640 12320 14060 D RestrictionPolicy: isClipboardAllowed : true
03-15 13:56:38.927 12320 12946 D VibratorManagerService: converted usage = TOUCH(18)
03-15 13:56:38.927 12320 12946 D VibratorManagerService: vibrate - uid: 10170, opPkg: com.samsung.android.honeyboard, effect: Mono{mEffect=Composed{segments=[SemHaptic{mType=50124, mMagnitude=-1}], repeat=-1, mMagnitudeType=TYPE_TOUCH}}, attrs: VibrationAttributes{mUsage=TOUCH, mAudioUsage= USAGE_UNKNOWN, mFlags=0, tags=}, reason: null, token: android.os.BinderProxy@b29b219
03-15 13:56:38.927 12320 12946 D VibratorManagerService: magnitude value is under 0
03-15 13:56:38.927 12320 12946 D SingleVibrationSession: semDcVibrate : EFFECT_CLICK_RESERVED_DC(100), repeat: -1, usage: TOUCH(18), magnitude: 0
03-15 13:56:38.927 12320 12946 D VibratorManagerService: Vibration was not generated normally.
03-15 13:56:38.932 12320 12946 I ActivityManager: Changes in 90001 17 to 17, 128 to 0
03-15 13:56:38.932 12320 12946 I ActivityManager: Changes in 90000 11 to 17, 128 to 0
03-15 13:56:38.932 12320 12946 I ActivityManager: Changes in 10304 11 to 16, 128 to 0
03-15 13:56:38.936 12320 12364 I ActivityManager: Changes in 90001 17 to 17, 0 to 128
03-15 13:56:38.937 12320 12364 I ActivityManager: Changes in 90000 17 to 11, 0 to 128
