03-15 13:57:50.389 12320 14336 V WindowManager: Starting Transition 302, caller=com.android.server.wm.WindowOrganizerController.startTransition:47 com.android.server.wm.WindowOrganizerController.startTransition:1 android.window.IWindowOrganizerController$Stub.onTransact:259 
03-15 13:57:50.391 12320 12353 D SGM:FgCheckThread: notePauseComponent(), received pkgName: com.example.kutuphane, userId: 0
03-15 13:57:50.392 12320 14336 D MARsPolicyManager: cancelDisablePolicy com.example.kutuphane(0) false|32|disablepolicy(8)
03-15 13:57:50.392 12320 12619 I CocktailBarManagerServiceContainer: handleMessage: entry what = 6
03-15 13:57:50.392 12320 14336 V WindowManager: Collecting in transition 302: ActivityRecord{230635019 u0 com.example.kutuphane/.yeniUye t609 f}}, caller=com.android.server.wm.TransitionController.collect:7 com.android.server.wm.ActivityRecord.setVisibility:132 com.android.server.wm.TaskFragment.resumeTopActivity:1573 com.android.server.wm.Task.resumeTopActivityInnerLocked:138 com.android.server.wm.Task.resumeTopActivityUncheckedLocked:23 
03-15 13:57:50.393 12320 12629 D BackgroundInstallControlService: Package event received: 0
03-15 13:57:50.394 12320 14336 V WindowManager: Collecting in transition 302: ActivityRecord{215332725 u0 com.example.kutuphane/.MainActivity t609}, caller=com.android.server.wm.TransitionController.collect:7 com.android.server.wm.ActivityRecord.setVisibility:132 com.android.server.wm.ActivityRecord.makeVisibleIfNeeded:36 com.android.server.wm.EnsureActivitiesVisibleHelper.process:538 com.android.server.wm.TaskFragment.updateActivityVisibilities:12 
03-15 13:57:50.395 12320 14336 V WindowManager: rotationForOrientation(orient=SCREEN_ORIENTATION_UNSPECIFIED (-1), last=ROTATION_0 (0)); user=ROTATION_0 (0) USER_ROTATION_LOCKED
03-15 13:57:50.395 12320 14336 D WindowManager: rotationForOrientation, orientationSource=ActivityRecord{215332725 u0 com.example.kutuphane/.MainActivity t609}
03-15 13:57:50.395 12320 14336 V WindowManager: Computed rotation=ROTATION_0 (0) for display id=0 based on lastOrientation=SCREEN_ORIENTATION_UNSPECIFIED (-1) and oldRotation=ROTATION_0 (0), caller=com.android.server.wm.DisplayRotation.updateOrientation:79 com.android.server.wm.DisplayContent.updateOrientation:41 com.android.server.wm.DisplayContent.updateOrientationAndComputeConfig:48 com.android.server.wm.RootWindowContainer.ensureVisibilityAndConfig:7 com.android.server.wm.ActivityTaskSupervisor.realStartActivityLocked:182 com.android.server.wm.ActivityTaskSupervisor.startSpecificActivity:27 
03-15 13:57:50.396 12320 14336 V WindowManager: Collecting in transition 302: ActivityRecord{215332725 u0 com.example.kutuphane/.MainActivity t609}, caller=com.android.server.wm.TransitionController.collect:7 com.android.server.wm.ActivityRecord.setVisibility:132 com.android.server.wm.ActivityTaskSupervisor.realStartActivityLocked:203 com.android.server.wm.ActivityTaskSupervisor.startSpecificActivity:27 com.android.server.wm.TaskFragment.resumeTopActivity:2089 
03-15 13:57:50.397 12320 14336 D SGM:FgCheckThread: notifyAppCreated(), packageName: com.example.kutuphane, userId: 0, sendRet: true
03-15 13:57:50.397 12320 12510 D SGM:FgCheckThread: onLooperPrepared(), msg: MSG_APP_CREATE, pkgName: com.example.kutuphane, userId: 0
03-15 13:57:50.399 12320 14336 D WindowManager: Changing focus from Window{f565b83 u0 com.example.kutuphane/com.example.kutuphane.yeniUye} to null displayId=0 Callers=com.android.server.wm.ActivityTaskManagerService.setLastResumedActivityUncheckLocked:264 com.android.server.wm.ActivityTaskSupervisor.updateTopResumedActivityIfNeeded:51 com.android.server.wm.TaskFragment.setResumedActivity:30 com.android.server.wm.ActivityRecord.setState:100 
03-15 13:57:50.400 12320 14336 V SystemKeyManager: updateFocusedWindow() is called, 
03-15 13:57:50.401 12320 14336 D ActivityTaskManager: scheduleTopResumedActivityChanged, onTop=true, r=ActivityRecord{215332725 u0 com.example.kutuphane/.MainActivity t609}, caller=com.android.server.wm.ActivityTaskSupervisor.scheduleTopResumedActivityStateIfNeeded:18 com.android.server.wm.ActivityTaskSupervisor.updateTopResumedActivityIfNeeded:54 com.android.server.wm.TaskFragment.setResumedActivity:30 com.android.server.wm.ActivityRecord.setState:100 com.android.server.wm.ActivityTaskSupervisor.realStartActivityLocked:477 com.android.server.wm.ActivityTaskSupervisor.startSpecificActivity:27 
03-15 13:57:50.402 12320 14336 D BLASTSyncEngine: SyncGroup 302: Set ready true, caller=com.android.server.wm.BLASTSyncEngine.setReady:32 com.android.server.wm.Transition.applyReady:54 com.android.server.wm.Transition.setReady:72 com.android.server.wm.TransitionController.setReady:6 com.android.server.wm.DisplayContent.executeAppTransition:4 com.android.server.wm.ActivityRecord.completeResumeLocked:115 
03-15 13:57:50.403 12320 14336 D WindowManagerServiceExt: updateTaskbarTargetIfNeeded: cn=ComponentInfo{com.example.kutuphane/com.example.kutuphane.MainActivity} occludesParent=true isInSplitScreenMode=false
03-15 13:57:50.404 12320 14336 D BLASTSyncEngine: SyncGroup 302:  Unfinished container: ActivityRecord{215332725 u0 com.example.kutuphane/.MainActivity t609} mSyncState=2
03-15 13:57:50.404 12320 12347 E WindowManager: win=Window{b1749ab u0 InputMethod} destroySurfaces: appStopped=true cleanupOnResume=false win.mWindowRemovalAllowed=false win.mRemoveOnExit=false win.mViewVisibility=8 caller=com.android.server.wm.WindowManagerService.tryStartExitingAnimation:134 com.android.server.wm.WindowManagerService.relayoutWindow:1138 com.android.server.wm.Session.relayout:27 android.view.IWindowSession$Stub.onTransact:829 com.android.server.wm.Session.onTransact:1 android.os.Binder.execTransactInternal:1457 android.os.Binder.execTransact:1401 
03-15 13:57:50.405 12320 12347 I WindowManager: Cancelling animation restarting=true, leash=Surface(name=Surface(name=b1749ab InputMethod)/@0x6f02ba1 - animation-leash of insets_animation)/@0x3f2ba30
03-15 13:57:50.405 12320 12347 I WindowManager: Reparenting to original parent: Surface(name=WindowToken{d3fbecc type=2011 android.os.Binder@42f30ff})/@0x113d1c6, destroy=false, surface=Surface(name=b1749ab InputMethod)/@0x6f02ba1
03-15 13:57:50.405 12320 12347 I WindowManager: Reparenting to leash, surface=Surface(name=b1749ab InputMethod)/@0x6f02ba1, leashParent=Surface(name=WindowToken{d3fbecc type=2011 android.os.Binder@42f30ff})/@0x113d1c6
03-15 13:57:50.406 12320 12347 D WindowManager: makeSurface duration=1 leash=Surface(name=Surface(name=b1749ab InputMethod)/@0x6f02ba1 - animation-leash of insets_animation)/@0x4629af3
03-15 13:57:50.406 23334 23334 D ActivityThread: com.example.kutuphane will use render engine as VK
03-15 13:57:50.407 12320 12347 D InsetsSourceProvider: updateControlForTarget: control=InsetsSourceControl: {3 mType=ime mSurfacePosition=Point(0, 80) mInsetsHint=Insets{left=0, top=0, right=0, bottom=879}}, target=Window{f565b83 u0 com.example.kutuphane/com.example.kutuphane.yeniUye}, from=com.android.server.wm.ImeInsetsSourceProvider.updateControlForTarget:17 com.android.server.wm.ImeInsetsSourceProvider.setServerVisible:68 com.android.server.wm.InsetsSourceProvider.onPostLayout:30 com.android.server.wm.ImeInsetsSourceProvider.onPostLayout:3 com.android.server.wm.InsetsStateController.onPostLayout:26 
03-15 13:57:50.408 12320 12347 D BLASTSyncEngine: SyncGroup 302:  Unfinished container: ActivityRecord{215332725 u0 com.example.kutuphane/.MainActivity t609} mSyncState=2
03-15 13:57:50.409 12320 12347 D BLASTSyncEngine: SyncGroup 302:  Unfinished container: ActivityRecord{215332725 u0 com.example.kutuphane/.MainActivity t609} mSyncState=2
03-15 13:57:50.413 12320 12902 D RestrictionPolicy: isScreenCaptureEnabled : ret=true userId=0
03-15 13:57:50.416 12320 12353 D SGM:FgCheckThread: noteResumeComponent(), received pkgName: com.example.kutuphane, userId: 0
03-15 13:57:50.416 12320 12902 D WindowManager: setInsetsWindow Window{b1749ab u0 InputMethod}, contentInsets=Rect(0, 1381 - 0, 0) -> Rect(0, 1381 - 0, 0), visibleInsets=Rect(0, 1381 - 0, 0) -> Rect(0, 1381 - 0, 0), touchableRegion=SkRegion((0,1381,1080,2134)) -> SkRegion((0,1381,1080,2134)), touchableInsets 3 -> 3
03-15 13:57:50.416 14190 18305 I SDHMS:k : handleResumeComponent : put = com.example.kutuphane, userid = 0 instanceid =241365770
03-15 13:57:50.416 12320 12619 I CocktailBarManagerServiceContainer: handleMessage: entry what = 5
03-15 13:57:50.417 12320 12902 D BLASTSyncEngine: SyncGroup 302:  Unfinished container: ActivityRecord{215332725 u0 com.example.kutuphane/.MainActivity t609} mSyncState=2
03-15 13:57:50.417 12320 12510 D SGM:FgCheckThread: onLooperPrepared(), msg: MSG_APP_RESUME, pkgName: com.example.kutuphane, userid: 0
03-15 13:57:50.417 12320 12510 D SGM:FgCheckThread: handleResume().
03-15 13:57:50.417 12320 12510 D SGM:FgCheckThread: sendFocusOutConditionally() - mPrevNotiPkg: (unknown), userId: 0
03-15 13:57:50.417 12320 12510 D SGM:FgCheckThread:   handleResume(). pkgName: com.example.kutuphane, userId: 0, category: non-game
03-15 13:57:50.417 12320 12510 D SGM:FgCheckThread: notifyFocusInOut(). of pkg: com.example.kutuphane, type: 4, isSecGameFamily: false, userId: 0
03-15 13:57:50.417 12320 12510 D SGM:FgCheckThread:   notifyFocusInOut(). unexpected mPrevNotiType: -1
03-15 13:57:50.417 12320 12510 D SGM:SystemHelper: callReleaseBlock needReleaseBlock:false
03-15 13:57:50.419 12320 12629 D BackgroundInstallControlService: Package event received: 0
03-15 13:57:50.425 12320 14060 D WindowManager: makeSurface duration=1 name=Toast$_12757
03-15 13:57:50.425 12320 12353 V InputMethodManagerService: Client requesting input be hidden
03-15 13:57:50.426 12320 12353 V InputMethodManagerService: setWindowStateInner, windowToken=android.os.BinderProxy@b360232, state=ImeTargetWindowState{ imeToken android.os.Binder@a8467e5 imeFocusChanged false hasEditorFocused true requestedImeVisible false imeDisplayId 0 softInputModeState STATE_UNSPECIFIED|ADJUST_PAN isStartInputByGainFocus false}
03-15 13:57:50.426 12320 12353 V InputMethodManagerService: hideCurrentInputLocked : canceled, shouldHideSoftInput=false, mInputShown=false, mImeWindowVis=0
03-15 13:57:50.427 12320 14060 D BLASTSyncEngine: SyncGroup 302:  Unfinished container: ActivityRecord{215332725 u0 com.example.kutuphane/.MainActivity t609} mSyncState=2
03-15 13:57:50.427 12320 12629 D BackgroundInstallControlService: Package event received: 0
03-15 13:57:50.438 12320 14060 D WindowManager: prepareSync <SYNC_STATE_WAITING_FOR_DRAW>, mPrepareSyncSeqId=0, win=Window{394756b u0 com.example.kutuphane/com.example.kutuphane.MainActivity}
03-15 13:57:50.439 12320 14060 D RestrictionPolicy: isScreenCaptureEnabled : ret=true userId=0
03-15 13:57:50.439 12320 14060 D RestrictionPolicy: isScreenCaptureEnabled : ret=true userId=0
03-15 13:57:50.444 12320 14060 D CoreBackPreview: Window{394756b u0 com.example.kutuphane/com.example.kutuphane.MainActivity}: Setting back callback OnBackInvokedCallbackInfo{mCallback=android.window.IOnBackInvokedCallback$Stub$Proxy@e189d61, mPriority=0, mIsAnimationCallback=false, mOverrideBehavior=0}
03-15 13:57:50.446 12320 14060 D WindowManager: makeSurface duration=0 name=com.example.kutuphane/com.example.kutuphane.MainActivity$_23334
03-15 13:57:50.446 12320 14060 D BLASTSyncEngine: SyncGroup 302:  Unfinished container: ActivityRecord{215332725 u0 com.example.kutuphane/.MainActivity t609} mSyncState=2
03-15 13:57:50.447 12320 14060 D WindowManager: Changing focus from null to Window{394756b u0 com.example.kutuphane/com.example.kutuphane.MainActivity} displayId=0 Callers=com.android.server.wm.WindowManagerService.relayoutWindow:1350 com.android.server.wm.Session.relayout:27 android.view.IWindowSession$Stub.onTransact:829 com.android.server.wm.Session.onTransact:1 
03-15 13:57:50.447 12320 14060 I WindowManager: Cancelling animation restarting=true, leash=Surface(name=Surface(name=2aa07a4 StatusBar)/@0x2227e1b - animation-leash of insets_animation)/@0xdf41713
03-15 13:57:50.447 12320 14060 I WindowManager: Reparenting to original parent: Surface(name=WindowToken{df48736 type=2000 android.os.BinderProxy@5f2a3f8})/@0xefe1bb8, de