03-15 13:56:22.364 12320 12320 I InputMethodManagerService: subtype state: oldSubtype = android.view.inputmethod.InputMethodSubtype@420000 newSubtype = android.view.inputmethod.InputMethodSubtype@420000 force = false, intent received : false
03-15 13:56:22.377 12320 12584 V MdnieScenarioControlService: mAclOffEnabled : false
03-15 13:56:22.571 12320 12485 D PowerManagerService: [api] userActivityFromNative : touch displayId=0 eventTime=117266999
03-15 13:56:22.625 12320 14425 I WindowManager: Cancelling animation restarting=false, leash=Surface(name=Surface(name=RemoteWallpaperAnim:1:1)/@0xd50ed48 - animation-leash of remote_wallpaper)/@0x7065a48
03-15 13:56:22.626 12320 14425 I WindowManager: Reparenting to original parent: Surface(name=OneHanded:0:14)/@0x17127e1, destroy=false, surface=Surface(name=RemoteWallpaperAnim:1:1)/@0xd50ed48
03-15 13:56:22.626 12320 14425 D WindowManager: mRunner#onAnimationCancelled, leash=Surface(name=Surface(name=RemoteWallpaperAnim:1:1)/@0xd50ed48 - animation-leash of remote_wallpaper)/@0x7065a48, caller=com.android.server.wm.SurfaceAnimator.cancelAnimation:14 com.android.server.wm.SurfaceAnimator.cancelAnimation:1 com.android.server.wm.WindowContainer.cancelAnimation:3 com.android.server.wm.WindowManagerService.finishRemoteWallpaperAnimation:81 android.view.IWindowManager$Stub.onTransact:4336 
03-15 13:56:22.626 12320 14425 D WindowManager: finishRemoteWallpaperAnimation, success=true
03-15 13:56:22.695 12320 12351 D WindowManager: requestTransientBars: swipeTarget=Window{3c1eb49 u0 NavigationBarView}, controlTarget=Window{3df34fd u0 com.sec.android.app.launcher/com.sec.android.app.launcher.activities.LauncherActivity}, canShowTransient=true, restorePositionTypes=0x3, from=com.android.server.wm.DisplayPolicy$1.onSwipeFromBottom:21 com.android.server.wm.SystemGesturesPointerEventListener.onPointerEvent:545 
03-15 13:56:22.730 12320 12946 I ActivityManager: Changes in 90001 17 to 17, 128 to 0
03-15 13:56:22.731 12320 12946 I ActivityManager: Changes in 90000 10 to 10, 128 to 0
03-15 13:56:22.731 12320 12946 I ActivityManager: Changes in 10304 10 to 10, 128 to 0
03-15 13:56:22.736 12320 12364 I ActivityManager: Changes in 90001 17 to 17, 0 to 128
03-15 13:56:22.737 12320 12364 I ActivityManager: Changes in 90000 10 to 10, 0 to 128
03-15 13:56:22.737 12320 12364 I ActivityManager: Changes in 10304 10 to 10, 0 to 128
03-15 13:56:22.912 12320 12946 D VibratorManagerService: converted usage = TOUCH(18)
03-15 13:56:22.913 12320 12946 D VibratorManagerService: vibrate - uid: 10135, opPkg: com.sec.android.app.launcher, effect: Mono{mEffect=Composed{segments=[SemHaptic{mType=50124, mMagnitude=-1}], repeat=-1, mMagnitudeType=TYPE_TOUCH}}, attrs: VibrationAttributes{mUsage=TOUCH, mAudioUsage= USAGE_UNKNOWN, mFlags=0, tags=}, reason: null, token: android.os.BinderProxy@9a5cc12
03-15 13:56:22.913 12320 12946 D VibratorManagerService: magnitude value is under 0
03-15 13:56:22.913 12320 12946 D SingleVibrationSession: semDcVibrate : EFFECT_CLICK_RESERVED_DC(100), repeat: -1, usage: TOUCH(18), magnitude: 0
03-15 13:56:22.913 12320 12946 D VibratorManagerService: Vibration was not generated normally.
03-15 13:56:22.915 12320 12485 D PhoneWindowManager: toggleRecentApps
03-15 13:56:22.927 12320 13084 D ActivityTaskManager: startActivityAsUser: callingPid=13277, callingUid=10135, caller=com.android.server.wm.ActivityTaskManagerService.startActivity:123 android.app.IActivityTaskManager$Stub.onTransact:1493 com.android.server.wm.ActivityTaskManagerService.onTransact:1 android.os.Binder.execTransactInternal:1457 android.os.Binder.execTransact:1401 <bottom of call stack> <bottom of call stack> 
03-15 13:56:22.927 12757 12757 V ShellDragAndDrop: Receive android.intent.action.CLOSE_SYSTEM_DIALOGS
03-15 13:56:22.928 12757 12829 V ShellDragAndDrop: Do not update drop target window visibility: window is already set to 4.
03-15 13:56:22.929 12320 13084 D ActivityTaskManager: DesktopModeLaunchParamsModifier: task=null activity=null task null, skipping
03-15 13:56:22.929 12320 13084 D ActivityTaskManager: TaskLaunchParamsModifier:task=null activity=null display-from-option=0 display-id=0 task-display-area-windowing-mode=1 suggested-display-area=DefaultTaskDisplayArea_d0@21689571
03-15 13:56:22.929 12320 13084 W OptProp : Cannot read opt property android.window.PROPERTY_COMPAT_ALLOW_RESIZEABLE_ACTIVITY_OVERRIDES
03-15 13:56:22.930 12320 13084 W OptProp : Cannot read opt property android.window.PROPERTY_COMPAT_ALLOW_MIN_ASPECT_RATIO_OVERRIDE
03-15 13:56:22.930 12320 13084 D WindowManager: Transition is created, t=TransitionRecord{d5a1203 id=-1 type=OPEN flags=0x0}, caller=com.android.server.wm.Transition.<init>:182 com.android.server.wm.TransitionController.createAndStartCollecting:106 com.android.server.wm.ActivityStarter.executeRequest:3606 com.android.server.wm.ActivityStarter.execute:1752 com.android.server.wm.ActivityTaskManagerService.startActivityAsUser:95 
03-15 13:56:22.930 12320 13084 D BLASTSyncEngine: SyncGroup is created, id=280, name=Transition-OPEN, caller=com.android.server.wm.BLASTSyncEngine$SyncGroup.<init>:52 com.android.server.wm.TransitionController.moveToCollecting:79 com.android.server.wm.TransitionController.createAndStartCollecting:109 com.android.server.wm.ActivityStarter.executeRequest:3606 com.android.server.wm.ActivityStarter.execute:1752 com.android.server.wm.ActivityTaskManagerService.startActivityAsUser:95 com.android.server.wm.ActivityTaskManagerService.startActivity:123 
03-15 13:56:22.931 12320 13084 W BLASTSyncEngine: setSyncMethod, id=280, method=0, caller=com.android.server.wm.TransitionController.moveToCollecting:91 com.android.server.wm.TransitionController.createAndStartCollecting:109 com.android.server.wm.ActivityStarter.executeRequest:3606 
03-15 13:56:22.931 12320 13084 V WindowManager: Start collecting in Transition: TransitionRecord{d5a1203 id=280 type=OPEN flags=0x0}, caller=com.android.server.wm.TransitionController.createAndStartCollecting:109 com.android.server.wm.ActivityStarter.executeRequest:3606 com.android.server.wm.ActivityStarter.execute:1752 com.android.server.wm.ActivityTaskManagerService.startActivityAsUser:95 com.android.server.wm.ActivityTaskManagerService.startActivity:123 
03-15 13:56:22.931 12320 13084 V WindowManager: Collecting in transition 280: ActivityRecord{36226432 u0 com.sec.android.app.launcher/com.android.quickstep.RecentsActivity, caller=com.android.server.wm.TransitionController.collect:7 com.android.server.wm.ActivityStarter.startActivityUnchecked:98 com.android.server.wm.ActivityStarter.executeRequest:3651 com.android.server.wm.ActivityStarter.execute:1752 com.android.server.wm.ActivityTaskManagerService.startActivityAsUser:95 
03-15 13:56:22.931 12320 13084 D ActivityTaskManager: DesktopModeLaunchParamsModifier: task=null activity=ActivityRecord{36226432 u0 com.sec.android.app.launcher/com.android.quickstep.RecentsActivity t-1} task null, skipping
03-15 13:56:22.931 12320 13084 D ActivityTaskManager: TaskLaunchParamsModifier:task=null activity=ActivityRecord{36226432 u0 com.sec.android.app.launcher/com.android.quickstep.RecentsActivity t-1} display-from-option=0 display-id=0 task-display-area-windowing-mode=1 suggested-display-area=DefaultTaskDisplayArea_d0@21689571
03-15 13:56:22.931 12320 13084 D ActivityTaskManager: DesktopModeLaunchParamsModifier: task=Task{cbde905 #596 type=recents I=com.sec.android.app.launcher/com.android.quickstep.RecentsActivity} activity=ActivityRecord{36226432 u0 com.sec.android.app.launcher/com.android.quickstep.RecentsActivity t-1} non-desktop, skipping
03-15 13:56:22.932 12320 13084 D ActivityTaskManager: TaskLaunchParamsModifier:task=Task{cbde905 #596 type=recents I=com.sec.android.app.launcher/com.android.quickstep.RecentsActivity} activity=ActivityRecord{36226432 u0 com.sec.android.app.launcher/com.android.quickstep.RecentsActivity t-1} display-from-option=0 display-id=0 task-display-area-windowing-mode=1 suggested-display-area=DefaultTaskDisplayArea_d0@21689571 inherit-from-task=fullscreen non-freeform-task-display-area display-area=DefaultTaskDisplayArea_d0@21689571 default-portrait freeform-size-mismatch=Rect(81, 605 - 999, 1775)
03-15 13:56:22.932 12320 13084 D ActivityManagerPerformance: AMP_acquire() ACT_START
03-15 13:56:22.932 12320 13084 D ActivityTaskManager: DesktopModeLaunchParamsModifier: task=Task{cbde905 #596 type=recents I=com.sec.android.app.launcher/com.android.quickstep.RecentsActivity} activity=ActivityRecord{36226432 u0 com.sec.android.app.launcher/com.android.quickstep.RecentsActivity t-1} non-desktop, skipping
03-15 13:56:22.933 12320 13084 D ActivityTaskManager: TaskLaunchParamsModifier:task=Task{cbde905 #596 type=recents I=com.sec.android.app.launcher/com.android.quickstep.RecentsActivity} activity=ActivityRecord{36226432 u0 com.sec.android.app.launcher/com.android.quickstep.RecentsActivity t-1} display-from-option=0 display-id=0 task-display-area-windowing-mode=1 suggested-display-area=DefaultTaskDisplayArea_d0@21689571 inherit-from-task=fullscreen non-freeform-task-display-area display-area=DefaultTaskDisplayArea_d0@21689571 default-portrait freeform-size-mismatch=Rect(81, 605 - 999, 1775)
03-15 13:56:22.934 12320 13084 D ActivityTaskManager: scheduleTopResumedActivityChanged, onTop=false, r=ActivityRecord{70907090 u0 com.sec.android.app.launcher/.activities.LauncherActivity t593}, caller=com.android.server.wm.ActivityTaskSupervisor.scheduleTopResumedActivityStateLossIfNeeded:19 com.android.server.wm.ActivityTaskSupervisor.updateTopResumedActivityIfNeeded:20 com.android.server.wm.TaskDisplayArea.positionChildAt:252 com.android.server.wm.Task.moveToFront:40 com.android.server.wm.ActivityRecord.moveFocusableActivityToTop:251 com.android.server.wm.Task.moveTaskToFront:196 
03-15 13:56:22.935 12320 13084 V WindowManager: Checking theme of starting window: 0x7f15042a
03-15 13:56:22.935 12320 13084 V WindowManager: Translucent=false Floating=false ShowWallpaper=true Disable=false
03-15 13:56:22.935 12320 13084 D ActivityTaskManager: addStartingWindow: type=0 typeParameter=1e
03-15 13:56:22.936 12320 13084 V WindowManager: Collecting in transition 280: ActivityRecord{70907090 u0 com.sec.android.app.launcher/.activities.LauncherActivity t593}, caller=com.android.server.wm.TransitionController.collect:7 com.android.server.wm.ActivityRecord.setVisibility:132 com.android.server.wm.ActivityRecord.makeInvisible:32 com.android.server.wm.EnsureActivitiesVisibleHelper.process:542 com.android.server.wm.TaskFragment.updateActivityVisibilities:12 
03-15 13:56:22.936 12320 13084 D WindowManager: prepareSync <SYNC_STATE_WAITING_FOR_DRAW>, mPrepareSyncSeqId=0, win=Window{7b4c344 u0 com.sec.android.app.launcher/com.sec.android.app.launcher.activities.LauncherActivity}
03-15 13:56:22.936 12320 13084 D WindowManager: prepareSync <SYNC_STATE_WAITING_FOR_DRAW>, mPrepareSyncSeqId=0, win=Window{3df34fd u0 com.sec.android.app.launcher/com.sec.android.app.launcher.activities.LauncherActivity}
03-15 13:56:22.936 12320 13084 V WindowManager: Collecting in transition 280: WallpaperWindowToken{86131fa showWhenLocked=true}_<lock>, caller=com.android.server.wm.Transition.collect:387 com.android.server.wm.TransitionController.collect:7 com.android.server.wm.ActivityRecord.setVisibility:132 com.android.server.wm.ActivityRecord.makeInvisible:32 com.android.server.wm.EnsureActivitiesVisibleHelper.process:542 
03-15 13:56:22.936 12320 13084 V WindowManager: Collecting in transition 280: WallpaperWindowToken{384c472 showWhenLocked=false}_<system>, caller=com.android.server.wm.Transition.collect:410 com.android.server.wm.TransitionController.collect:7 com.android.server.wm.ActivityRecord.setVisibility:132 com.android.server.wm.ActivityRecord.makeInvisible:32 com.android.server.wm.EnsureActivitiesVisibleHelper.process:542 
03-15 13:56:22.937 12320 13084 V WindowManager: Collecting in transition 280: ActivityRecord{48835708 u0 com.sec.android.app.launcher/com.android.quickstep.RecentsActivity t596}, caller=com.android.server.wm.TransitionController.collect:7 com.android.server.wm.ActivityRecord.setVisibility:132 com.android.server.wm.TaskFragment.resumeTopActivity:1662 com.android.server.wm.Task.resumeTopActivityInnerLocked:138 com.android.server.wm.Task.resumeTopActivityUncheckedLocked:23 
03-15 13:56:22.937 12320 13084 D WindowManager: prepareSync <SYNC_STATE_WAITING_FOR_DRAW>, mPrepareSyncSeqId=0, win=Window{4dfb408 u0 com.sec.android.app.launcher/com.android.quickstep.RecentsActivity}
03-15 13:56:22.937 12320 13084 V WindowManager: Setting visibility of Window{4dfb408 u0 com.sec.android.app.launcher/com.android.quickstep.RecentsActivity}: true, caller=com.android.server.wm.WindowContainer.sendAppVisibilityToClients:19 com.android.server.wm.WindowToken.setClientVisible:48 com.android.server.wm.ActivityRecord.setVisibility:486 com.android.server.wm.TaskFragment.resumeTopActivity:1662 com.android.server.wm.Task.resumeTopActivityInnerLocked:138 
03-15 13:56:22.938 12320 13084 D SGM:FgCheckThread: TaskStackListener.onTaskFocusChanged(), taskId=593, focused=false
03-15 13:56:22.938 12320 13084 D SGM:FgCheckThread: TaskStackListener.onTaskFocusChanged(), taskId=596, focused=true
03-15 13:56:22.938 12320 13084 D SGM:FgCheckThread:   sendRunningComponentFocus(), pkgName: com.sec.android.app.launcher, userId: 0
03-15 13:56:22.939 12320 12510 D SGM:FgCheckThread: onLooperPrepared(), msg: MSG_TASK_FOCUSED, pkgName: com.sec.android.app.launcher, userId: 0
03-15 13:56:22.939 12320 12510 D SGM:FgCheckThread: handleTaskFocused().
03-15 13:56:22.939 12320 12510 D SGM:FgCheckThread:   handleTaskFocused(), pkgName: com.sec.android.app.launcher, userID:0
03-15 13:56:22.939 12320 12510 D SGM:FgCheckThread: handleResume().
03-15 13:56:22.939 12320 12510 D SGM:FgCheckThread: sendFocusOutConditionally() - mPrevNotiPkg: (unknown), userId: 0
03-15 13:56:22.939 12320 12510 D SGM:FgCheckThread:   handleResume(). pkgName: com.sec.android.app.launcher, userId: 0, category: non-game
03-15 13:56:22.939 12320 13084 D WindowManager: Changing focus from Window{3df34fd u0 com.sec.android.app.launcher/com.sec.android.app.launcher.activities.LauncherActivity} to null displayId=0 Callers=com.android.server.wm.ActivityTaskManagerService.setLastResumedActivityUncheckLocked:264 com.android.server.wm.ActivityTaskSupervisor.updateTopResumedActivityIfNeeded:51 com.android.server.wm.TaskFragment.setResumedActivity:30 com.android.server.wm.ActivityRecord.setState:100 
03-15 13:56:22.939 12320 12510 D SGM:FgCheckThread: notifyFocusInOut(). of pkg: com.sec.android.app.launcher, type: 4, isSecGameFamily: false, userId: 0
03-15 13:56:22.939 12320 12510 D SGM:FgCheckThread:   notifyFocusInOut(). unexpected mPrevNotiType: -1
03-15 13:56:22.939 12320 12510 D SGM:SystemHelper: callReleaseBlock needReleaseBlock:false
03-15 13:56:22.939 12320 13084 V SystemKeyManager: updateFocusedWindow() is called, 
03-15 13:56:22.939 12320 13084 V WindowManager: rotationForOrientation(orient=SCREEN_ORIENTATION_LOCKED (14), last=ROTATION_0 (0)); user=ROTATION_0 (0) USER_ROTATION_LOCKED
03-15 13:56:22.939 12320 13084 D WindowManager: rotationForOrientation, orientationSource=ActivityRecord{48835708 u0 com.sec.android.app.launcher/com.android.quickstep.RecentsActivity t596}
03-15 13:56:22.940 12320 13084 V WindowManager: Computed rotation=ROTATION_0 (0) for display id=0 based on lastOrientation=SCREEN_ORIENTATION_LOCKED (14) and oldRotation=ROTATION_0 (0), caller=com.android.server.wm.DisplayRotation.updateOrientation:79 com.android.server.wm.DisplayContent.updateOrientation:41 com.android.server.wm.DisplayContent.updateOrientationAndComputeConfig:48 com.android.server.wm.RootWindowContainer.ensureVisibilityAndConfig:7 com.android.server.wm.TaskFragment.resumeTopActivity:1724 com.android.server.wm.Task.resumeTopActivityInnerLocked:138 
03-15 13:56:22.940 12320 13084 V WindowManager: Collecting in transition 280: ActivityRecord{36226432 u0 com.sec.android.app.launcher/com.android.quickstep.RecentsActivity t-1}, caller=com.android.server.wm.Transition.collectExistenceChange:40 com.android.server.wm.ActivityStarter.handleStartResult:761 com.android.server.wm.ActivityStarter.startActivityUnchecked:124 com.android.server.wm.ActivityStarter.executeRequest:3651 com.android.server.wm.ActivityStarter.execute:1752 
03-15 13:56:22.940 12320 13084 V WindowManager: Requesting StartTransition: TransitionRecord{d5a1203 id=280 type=OPEN flags=0x0 c=[
03-15 13:56:22.940 12320 13084 V WindowManager:    ChangeInfo{86417fe container=DefaultTaskDisplayArea_d0@21689571 flags=0x0}
03-15 13:56:22.940 12320 13084 V WindowManager:    ChangeInfo{e61cb5f container=ActivityRecord{36226432 u0 com.sec.android.app.launcher/com.android.quickstep.RecentsActivity t-1} flags=0x0}
03-15 13:56:22.940 12320 13084 V WindowManager:    ChangeInfo{614b9ac container=ActivityRecord{48835708 u0 com.sec.android.app.launcher/com.android.quickstep.RecentsActivity t596} flags=0x0}
03-15 13:56:22.940 12320 13084 V WindowManager:    ChangeInfo{e6da675 container=WallpaperWindowToken{384c472 showWhenLocked=false}_<system> flags=0x0}
03-15 13:56:22.940 12320 13084 V WindowManager:    ChangeInfo{e5b60a container=Task{3cba496 #1 type=home} flags=0x0}
03-15 13:56:22.940 12320 13084 V WindowManager:    ChangeInfo{501be7b container=ActivityRecord{70907090 u0 com.sec.android.app.launcher/.activities.LauncherActivity t593} flags=0x0}
03-15 13:56:22.940 12320 13084 V WindowManager:    ChangeInfo{7e9c498 container=WallpaperWindowToken{86131fa showWhenLocked=true}_<lock> flags=0x0}
03-15 13:56:22.940 12320 13084 V WindowManager:    ChangeInfo{dff34f1 container=Display{#0 state=ON size=1080x2340 ROTATION_0} flags=0x0}
03-15 13:56:22.940 12320 13084 V WindowManager:    ChangeInfo{b3128d6 container=Task{cbde905 #596 type=recents I=com.sec.android.app.launcher/com.android.quickstep.RecentsActivity} flags=0x0}
03-15 13:56:22.940 12320 13084 V WindowManager:    ChangeInfo{9e3c757 container=Task{fc17dcd #593 type=home I=com.sec.android.app.launcher/.activities.LauncherActivity} flags=0x0}
03-15 13:56:22.940 12320 13084 V WindowManager:    ChangeInfo{1029244 container=RemoteWallpaperAnim:1:1@264671916 flags=0x0}
03-15 13:56:22.940 12320 13084 V WindowManager: ]
03-15 13:56:22.940 12320 13084 V WindowManager: }, caller=com.android.server.wm.ActivityStarter.handleStartResult:982 com.android.server.wm.ActivityStarter.startActivityUnchecked:124 com.android.server.wm.ActivityStarter.executeRequest:3651 com.android.server.wm.ActivityStarter.execute:1752 com.android.server.wm.ActivityTaskManagerService.startActivityAsUser:95 
03-15 13:56:22.941 12320 13084 V WindowManager: Collecting in transition 280: WallpaperWindowToken{384c472 showWhenLocked=false}_<system>, caller=com.android.server.wm.TransitionController.collect:7 com.android.server.wm.WallpaperWindowToken.setVisibility:55 com.android.server.wm.WallpaperController.adjustWallpaperWindows:857 com.android.server.wm.RootWindowContainer.applySurfaceChangesTransaction$1:141 com.android.server.wm.RootWindowContainer.performSurfacePlacementNoTrace:59 
03-15 13:56:22.941 12320 13084 D FreeformController: beginPostLayoutPolicyLw: forceHideRequester changed, old=null, new=Window{4dfb408 u0 com.sec.android.app.launcher/com.android.quickstep.RecentsActivity}
03-15 13:56:22.942 12320 13084 D FreeformController: setBlockToAddForceHideFreeformTasks: blockToAddForceHide=true, Caller=com.android.server.wm.DisplayPolicy.finishPostLayoutPolicyLw:127
03-15 13:56:22.942 12757 12829 V WindowManagerShell: Transition requested (#280): android.os.BinderProxy@ca40f9a TransitionRequestInfo { type = OPEN, triggerTask = TaskInfo{userId=0 taskId=596 effectiveUid=10135 displayId=0 isRunning=true baseIntent=Intent { act=android.intent.action.MAIN cat=[android.intent.category.DEFAULT] flg=0x10800000 cmp=com.sec.android.app.launcher/com.android.quickstep.RecentsActivity } baseActivity=ComponentInfo{com.sec.android.app.launcher/com.android.quickstep.RecentsActivity} topActivity=ComponentInfo{com.sec.android.app.launcher/com.android.quickstep.RecentsActivity} origActivity=null realActivity=ComponentInfo{com.sec.android.app.launcher/com.android.quickstep.RecentsActivity} numActivities=1 lastActiveTime=241468957 supportsMultiWindow=true resizeMode=2 isResizeable=true minWidth=-1 minHeight=-1 maxWidth=-1 maxHeight=-1 defaultMinSize=220 desktopDefaultMinSize=304 token=WCT{android.window.IWindowContainerToken$Stub$Proxy@9b7c0cb} topActivityType=3 pictureInPictureParams=null shouldDockBigOverlays=false launchIntoPipHostTaskId=-1 lastParentTaskIdBeforePip=-1 displayCutoutSafeInsets=Rect(0, 0 - 0, 0) topActivityInfo=ActivityInfo{7fd20a8 com.android.quickstep.RecentsActivity} launchCookies=[android.os.BinderProxy@aa47c1] positionInParent=Point(0, 0) parentTaskId=-1 isFocused=true isVisible=false isVisibleRequested=true isTopActivityNoDisplay=false isSleeping=false locusId=null displayAreaFeatureId=1 isTopActivityTransparent=false isActivityStackTransparent=false lastNonFullscreenBounds=Rect(81, 605 - 999, 1775) capturedLink=null capturedLinkTimestamp=0 requestedVisibleTypes=-9 topActivityRequestOpenInBrowserEducationTimestamp=0 appCompatTaskInfo=AppCompatTaskInfo { topActivityInSizeCompat=false eligibleForLetterboxEducation= false isLetterboxEducationEnabled= false isLetterboxDoubleTapEnabled= false eligibleForUserAspectRatioButton= false topActivityBoundsLetterboxed= false isFromLetterboxDoubleTap= false topActivityLetterboxVerticalPosition= -1 topActivityLetterboxHorizontalPosition= -1 topActivityLetterboxWidth=-1 topActivityLetterboxHeight=-1 topActivityAppBounds=Rect(0, 0 - 1080, 2340) isUserFullscreenOverrideEnabled=false isSystemFullscreenOverrideEnabled=false hasMinAspectRatioOverride=false topActivityLetterboxBounds=null cameraCompatTaskInfo=CameraCompatTaskInfo { freeformCameraCompatMode=inactive} topActivityBounds=null topActivityInDisplayCompat=false singleTapFromLetterbox=false} topActivityMainWindowFrame=null originallySupportedMultiWindow=true hasWallpaper=false rootAffinity=null isTopTaskInStage=false CoverLauncherWidgetTask=false LaunchedFromAppsCoverLauncherTask=false LaunchedFromMultistarCoverLauncherTask=false isAllowedSeamlessRotation=false isTopTransparentActivity=true isAliasManaged=false hasConfigChanged=false snappingGuideBounds=null isAiKeyRemoveAppTask=false lastDesktopWindowingBounds=null lastExternalDesktopWindowingBounds=null safeCutoutInsets=null}, pipChange = null, remoteTransition = RemoteTransition { remoteTransition = android.window.IRemoteTransition$Stub$Proxy@aa38b66, appThread = android.app.IApplicationThread$Stub$Proxy@2ff9ea7, debugName = QuickstepLaunchflags =NONE }, displayChange = null, flags = 0, debugId = 280 }
03-15 13:56:22.943 12757 12829 V ShellDesktopMode: DesktopTasksController: isDesktopModeShowing: hasVisibleTasks=false hasTopTransparentFullscreenTask=false
03-15 13:56:22.943 12757 12829 V ShellDesktopMode: DesktopTasksController: isDesktopModeShowing: hasVisibleTasks=false hasTopTransparentFullscreenTask=false
03-15 13:56:22.943 12757 12829 D ShellSplitScreen: logExit: no-op, mLoggerSessionId is null
03-15 13:56:22.943 12757 12829 V ShellDesktopMode: DesktopTasksController: skipping handleRequest reason=activityType not handled (3)
03-15 13:56:22.943 12320 13084 I Pageboost: stop alp
03-15 13:56:22.943 12757 12829 V WindowManagerShell: RemoteTransition directly requested for (#280) android.os.BinderProxy@ca40f9a: RemoteTransition { remoteTransition = android.window.IRemoteTransition$Stub$Proxy@aa38b66, appThread = android.app.IApplicationThread$Stub$Proxy@2ff9ea7, debugName = QuickstepLaunchflags =NONE }
03-15 13:56:22.943 12320 13084 I ActivityTaskManager: START u0 {act=android.intent.action.MAIN cat=[android.intent.category.DEFAULT] flg=0x10000000 xflg=0x4 cmp=com.sec.android.app.launcher/com.android.quickstep.RecentsActivity bnds=[0,0][0,0]} with LAUNCH_SINGLE_TASK from uid 10135 (BAL_ALLOW_VISIBLE_WINDOW) result code=2
03-15 13:56:22.943 12757 12829 V WindowManagerShell: Transition (#280): request handled by RemoteTransitionHandler
03-15 13:56:22.944 12320 13084 V WindowManager: Starting Transition 280, caller=com.android.server.wm.WindowOrganizerController.startTransition:47 com.android.server.wm.WindowOrganizerController.startTransition:1 android.window.IWindowOrganizerController$Stub.onTransact:259 
03-15 13:56:22.944 12320 13084 D BLASTSyncEngine: SyncGroup 280: Set ready true, caller=com.android.server.wm.BLASTSyncEngine.setReady:32 com.android.server.wm.Transition.applyReady:54 com.android.server.wm.Transition.start:105 com.android.server.wm.WindowOrganizerController.startTransition:47 com.android.server.wm.WindowOrganizerController.startTransition:1 android.window.IWindowOrganizerController$Stub.onTransact:259 
03-15 13:56:22.946 12320 13084 D ActivityTaskManager: scheduleTopResumedActivityChanged, onTop=true, r=ActivityRecord{48835708 u0 com.sec.android.app.launcher/com.android.quickstep.RecentsActivity t596}, caller=com.android.server.wm.ActivityTaskSupervisor.scheduleTopResumedActivityStateIfNeeded:18 com.android.server.wm.ActivityTaskSupervisor.handleTopResumedStateReleased:44 com.android.server.wm.ActivityClientController.activityTopResumedStateLost:14 android.app.IActivityClientController$Stub.onTransact:716 com.android.server.wm.ActivityClientController.onTransact:1 android.os.Binder.execTransactInternal:1457 
03-15 13:56:22.948 12320 12353 D SGM:FgCheckThread: notePauseComponent(), received pkgName: com.sec.android.app.launcher, userId: 0
03-15 13:56:22.948 12320 12619 I CocktailBarManagerServiceContainer: handleMessage: entry what = 6
03-15 13:56:22.951 12320 12629 D BackgroundInstallControlService: Package event received: 0
03-15 13:56:22.955 12320 12354 D BLASTSyncEngine: SyncGroup 280:  Unfinished container: ActivityRecord{48835708 u0 com.sec.android.app.launcher/com.android.quickstep.RecentsActivity t596} mSyncState=2
03-15 13:56:22.961 12320 12353 D SGM:FgCheckThread: noteResumeComponent(), received pkgName: com.sec.android.app.launcher, userId: 0
03-15 13:56:22.961 14190 15781 I SDHMS:k : handleResumeComponent : put = com.sec.android.app.launcher, userid = 0 instanceid =146402650
03-15 13:56:22.961 12320 12619 I CocktailBarManagerServiceContainer: handleMessage: entry what = 5
03-15 13:56:22.963 12320 12510 D SGM:FgCheckThread: onLooperPrepared(), msg: MSG_APP_RESUME, pkgName: com.sec.android.app.launcher, userid: 0
03-15 13:56:22.963 12320 12510 D SGM:FgCheckThread: handleResume().
03-15 13:56:22.963 12320 12510 D SGM:FgCheckThread: sendFocusOutConditionally() - mPrevNotiPkg: (unknown), userId: 0
03-15 13:56:22.963 12320 12510 D SGM:FgCheckThread:   handleResume(). pkgName: com.sec.android.app.launcher, userId: 0, category: non-game
03-15 13:56:22.963 12320 12510 D SGM:FgCheckThread: notifyFocusInOut(). of pkg: com.sec.android.app.launcher, type: 4, isSecGameFamily: false, userId: 0
03-15 13:56:22.963 12320 12510 D SGM:FgCheckThread:   notifyFocusInOut(). unexpected mPrevNotiType: -1
03-15 13:56:22.963 12320 12510 D SGM:SystemHelper: callReleaseBlock needReleaseBlock:false
03-15 13:56:22.965 12320 12629 D BackgroundInstallControlService: Package event received: 0
03-15 13:56:22.966 12320 14425 D WindowManager: makeSurface duration=3 name=com.sec.android.app.launcher/com.android.quickstep.RecentsActivity$_13277
03-15 13:56:22.967 12320 14425 D BLASTSyncEngine: SyncGroup 280:  Unfinished container: ActivityRecord{48835708 u0 com.sec.android.app.launcher/com.android.quickstep.RecentsActivity t596} mSyncState=2
03-15 13:56:22.968 12320 14425 D WindowManager: Changing focus from null to Window{4dfb408 u0 com.sec.android.app.launcher/com.android.quickstep.RecentsActivity} displayId=0 Callers=com.android.server.wm.WindowManagerService.relayoutWindow:1350 com.android.server.wm.Session.relayout:27 android.view.IWindowSession$Stub.onTransact:829 com.android.server.wm.Session.onTransact:1 
03-15 13:56:22.968 12320 14425 I WindowManager: Cancelling animation restarting=true, leash=Surface(name=Surface(name=2aa07a4 StatusBar)/@0x2227e1b - animation-leash of insets_animation)/@0xc993845
03-15 13:56:22.968 12320 14425 I WindowManager: Reparenting to original parent: Surface(name=WindowToken{df48736 type=2000 android.os.BinderProxy@5f2a3f8})/@0xefe1bb8, destroy=false, surface=Surface(name=2aa07a4 StatusBar)/@0x2227e1b
03-15 13:56:22.968 12320 14425 I WindowManager: Reparenting to leash, surface=Surface(name=2aa07a4 StatusBar)/@0x2227e1b, leashParent=Surface(name=WindowToken{df48736 type=2000 android.os.BinderProxy@5f2a3f8})/@0xefe1bb8
03-15 13:56:22.969 12320 14425 D WindowManager: makeSurface duration=1 leash=Surface(name=Surface(name=2aa07a4 StatusBar)/@0x2227e1b - animation-leash of insets_animation)/@0xc7381f3
03-15 13:56:22.969 12320 14425 D InsetsSourceProvider: updateControlForTarget: control=InsetsSourceControl: {5cf20000 mType=statusBars initiallyVisible mSurfacePosition=Point(0, 0) mInsetsHint=Insets{left=0, top=80, right=0, bottom=0}}, target=Window{4dfb408 u0 com.sec.android.app.launcher/com.android.quickstep.RecentsActivity}, from=com.android.server.wm.InsetsStateController.onControlTargetChanged:83 com.android.server.wm.InsetsPolicy.updateBarControlTarget:212 com.android.server.wm.DisplayPolicy.updateSystemBarAttributes:262 com.android.server.wm.WindowManagerService.updateFocusedWindowLocked:372 com.android.server.wm.WindowManagerService.relayoutWindow:1350 
03-15 13:56:22.969 12320 14425 I WindowManager: Cancelling animation restarting=true, leash=Surface(name=Surface(name=3c1eb49 NavigationBar0)/@0x13224f6 - animation-leash of insets_animation)/@0x37accb
03-15 13:56:22.969 12320 14425 I WindowManager: Reparenting to original parent: Surface(name=WindowToken{b67d50 type=2019 android.os.BinderProxy@b916202})/@0x5e0e0f7, destroy=false, surface=Surface(name=3c1eb49 NavigationBar0)/@0x13224f6
03-15 13:56:22.969 12320 14425 I WindowManager: Reparenting to leash, surface=Surface(name=3c1eb49 NavigationBar0)/@0x13224f6, leashParent=Surface(name=WindowToken{b67d50 type=2019 android.os.BinderProxy@b916202})/@0x5e0e0f7
03-15 13:56:22.970 12320 14425 D WindowManager: makeSurface duration=1 leash=Surface(name=Surface(name=3c1eb49 NavigationBar0)/@0x13224f6 - animation-leash of insets_animation)/@0xd3a4a4f
03-15 13:56:22.971 12320 14425 D InsetsSourceProvider: updateControlForTarget: control=InsetsSourceControl: {c4460001 mType=navigationBars initiallyVisible mSurfacePosition=Point(0, 2214) mInsetsHint=Insets{left=0, top=0, right=0, bottom=39}}, target=Window{4dfb408 u0 com.sec.android.app.launcher/com.android.quickstep.RecentsActivity}, from=com.android.server.wm.InsetsStateController.onControlTargetChanged:83 com.android.server.wm.InsetsPolicy.updateBarControlTarget:225 com.android.server.wm.DisplayPolicy.updateSystemBarAttributes:262 com.android.server.wm.WindowManagerService.updateFocusedWindowLocked:372 com.android.server.wm.WindowManagerService.relayoutWindow:1350 
03-15 13:56:22.971 12320 14425 V SystemKeyManager: updateFocusedWindow() is called, com.sec.android.app.launcher/com.android.quickstep.RecentsActivity
03-15 13:56:22.976 12320 12629 D BackgroundInstallControlService: Package event received: 0
03-15 13:56:22.978 12320 12354 V WindowManager: Collecting in transition 280: WallpaperWindowToken{384c472 showWhenLocked=false}_<system>, caller=com.android.server.wm.TransitionController.collect:7 com.android.server.wm.WallpaperWindowToken.setVisibility:55 com.android.server.wm.WallpaperController.adjustWallpaperWindows:857 com.android.server.wm.RootWindowContainer.applySurfaceChangesTransaction$1:141 com.android.server.wm.RootWindowContainer.performSurfacePlacementNoTrace:59 
03-15 13:56:22.979 12320 12354 D BLASTSyncEngine: SyncGroup 280:  Unfinished container: ActivityRecord{48835708 u0 com.sec.android.app.launcher/com.android.quickstep.RecentsActivity t596} mSyncState=2
03-15 13:56:22.982 12757 12829 D WindowManagerShell: onActivityRestartAttempt: topActivity=ComponentInfo{com.sec.android.app.launcher/com.android.quickstep.RecentsActivity}, wasVisible=false
03-15 13:56:22.986 12320 13084 D WindowManager: finishDrawingWindow: Window{4dfb408 u0 com.sec.android.app.launcher/com.android.quickstep.RecentsActivity} mDrawState=DRAW_PENDING seqId=0
03-15 13:56:22.987 12320 12354 V WindowManager: SyncGroup 280: Finished!
03-15 13:56:22.987 12320 12354 D ActivityManagerPerformance: AMP_acquire() TAIL
03-15 13:56:22.987 12320 12354 D ActivityManagerPerformance: AMP_release() ACT_START
03-15 13:56:22.987 12320 12354 V WindowManager: performShowLocked: mDrawState=HAS_DRAWN in Window{4dfb408 u0 com.sec.android.app.launcher/com.android.quickstep.RecentsActivity}
03-15 13:56:22.988 12320 12354 D ChangeTransitionController: onTransactionReady: TransitionRecord{d5a1203 id=280 type=OPEN flags=0x0 c=[
03-15 13:56:22.988 12320 12354 D ChangeTransitionController:    ChangeInfo{86417fe container=DefaultTaskDisplayArea_d0@21689571 flags=0x0}
03-15 13:56:22.988 12320 12354 D ChangeTransitionController:    ChangeInfo{e61cb5f container=ActivityRecord{36226432 u0 com.sec.android.app.launcher/com.android.quickstep.RecentsActivity t-1} flags=0x0}
03-15 13:56:22.988 12320 12354 D ChangeTransitionController:    ChangeInfo{614b9ac container=ActivityRecord{48835708 u0 com.sec.android.app.launcher/com.android.quickstep.RecentsActivity t596} flags=0x0}
03-15 13:56:22.988 12320 12354 D ChangeTransitionController:    ChangeInfo{e6da675 container=WallpaperWindowToken{384c472 showWhenLocked=false}_<system> flags=0x0}
03-15 13:56:22.988 12320 12354 D ChangeTransitionController:    ChangeInfo{e5b60a container=Task{3cba496 #1 type=home} flags=0x0}
03-15 13:56:22.988 12320 12354 D ChangeTransitionController:    ChangeInfo{501be7b container=ActivityRecord{70907090 u0 com.sec.android.app.launcher/.activities.LauncherActivity t593} flags=0x0}
03-15 13:56:22.988 12320 12354 D ChangeTransitionController:    ChangeInfo{7e9c498 container=WallpaperWindowToken{86131fa showWhenLocked=true}_<lock> flags=0x0}
03-15 13:56:22.988 12320 12354 D ChangeTransitionController:    ChangeInfo{dff34f1 container=Display{#0 state=ON size=1080x2340 ROTATION_0} flags=0x0}
03-15 13:56:22.988 12320 12354 D ChangeTransitionController:    ChangeInfo{b3128d6 container=Task{cbde905 #596 type=recents I=com.sec.android.app.launcher/com.android.quickstep.RecentsActivity} flags=0x0}
03-15 13:56:22.988 12320 12354 D ChangeTransitionController:    ChangeInfo{9e3c757 container=Task{fc17dcd #593 type=home I=com.sec.android.app.launcher/.activities.LauncherActivity} flags=0x0}
03-15 13:56:22.988 12320 12354 D ChangeTransitionController:    ChangeInfo{1029244 container=RemoteWallpaperAnim:1:1@264671916 flags=0x0}
03-15 13:56:22.988 12320 12354 D ChangeTransitionController: ]
03-15 13:56:22.988 12320 12354 D ChangeTransitionController: }
03-15 13:56:22.988 12320 12354 V WindowManager: Start calculating TransitionInfo based on participants: {ActivityRecord{36226432 u0 com.sec.android.app.launcher/com.android.quickstep.RecentsActivity t-1}, ActivityRecord{48835708 u0 com.sec.android.app.launcher/com.android.quickstep.RecentsActivity t596}, WallpaperWindowToken{384c472 showWhenLocked=false}_<system>, ActivityRecord{70907090 u0 com.sec.android.app.launcher/.activities.LauncherActivity t593}, WallpaperWindowToken{86131fa showWhenLocked=true}_<lock>, Task{cbde905 #596 type=recents I=com.sec.android.app.launcher/com.android.quickstep.RecentsActivity}}
03-15 13:56:22.988 12320 12354 V WindowManager:   Final targets: [ChangeInfo{b3128d6 container=Task{cbde905 #596 type=recents I=com.sec.android.app.launcher/com.android.quickstep.RecentsActivity} flags=0x30}, ChangeInfo{e5b60a container=Task{3cba496 #1 type=home} flags=0x10}]
03-15 13:56:22.996 12320 12354 V WindowManager: Calling onTransitionReady: {id=280 t=OPEN f=0x0 trk=0 r=[0@Point(0, 0)] c=[
03-15 13:56:22.996 12320 12354 V WindowManager:         {WCT{RemoteToken{8e7b347 Task{cbde905 #596 type=recents I=com.sec.android.app.launcher/com.android.quickstep.RecentsActivity}}} m=TO_FRONT f=SHOW_WALLPAPER|MOVE_TO_TOP|EDGE_EXTENSION_RESTRICTION leash=Surface(name=Task=596)/@0x9e4e361 sb=Rect(0, 0 - 1080, 2340) eb=Rect(0, 0 - 1080, 2340) epz=Point(1080, 2340) d=0 taskParent=-1 inset=Rect(0, 80 - 0, 39)},
03-15 13:56:22.996 12320 12354 V WindowManager:         {WCT{RemoteToken{9720ccf Task{3cba496 #1 type=home}}} m=TO_BACK f=SHOW_WALLPAPER|EDGE_EXTENSION_RESTRICTION leash=Surface(name=Task=1)/@0xd813e23 sb=Rect(0, 0 - 1080, 2340) eb=Rect(0, 0 - 1080, 2340) epz=Point(1080, 2340) d=0 taskParent=-1 inset=Rect(0, 80 - 0, 39)}
03-15 13:56:22.996 12320 12354 V WindowManager:     ]}
03-15 13:56:22.997 12320 12354 I ActivityTaskManager: done cause=notifyTransitionStarting drawn timestamp=117267426846219 info=TransitionInfo{df93d9d a=ActivityRecord{48835708 u0 com.sec.android.app.launcher/com.android.quickstep.RecentsActivity t596} d=true}
03-15 13:56:22.998 12757 23432 V WindowManagerShell: onTransitionReady(transaction=52913997107822)
03-15 13:56:22.998 12320 12350 V WindowManager: Sent Transition (#280) createdAt=03-15 13:56:22.930 via request=TransitionRequestInfo { type = OPEN, triggerTask = TaskInfo{userId=0 taskId=596 effectiveUid=10135 displayId=0 isRunning=true baseIntent=Intent { act=android.intent.action.MAIN cat=[android.intent.category.DEFAULT] flg=0x10800000 cmp=com.sec.android.app.launcher/com.android.quickstep.RecentsActivity } baseActivity=ComponentInfo{com.sec.android.app.launcher/com.android.quickstep.RecentsActivity} topActivity=ComponentInfo{com.sec.android.app.launcher/com.android.quickstep.RecentsActivity} origActivity=null realActivity=ComponentInfo{com.sec.android.app.launcher/com.android.quickstep.RecentsActivity} numActivities=1 lastActiveTime=241468957 supportsMultiWindow=true resizeMode=2 isResizeable=true minWidth=-1 minHeight=-1 maxWidth=-1 maxHeight=-1 defaultMinSize=220 desktopDefaultMinSize=304 token=WCT{RemoteToken{8e7b347 Task{cbde905 #596 type=recents I=com.sec.android.app.launcher/com.android.quickstep.RecentsActivity}}} topActivityType=3 pictureInPictureParams=null shouldDockBigOverlays=false launchIntoPipHostTaskId=-1 lastParentTaskIdBeforePip=-1 displayCutoutSafeInsets=Rect(0, 0 - 0, 0) topActivityInfo=ActivityInfo{dab549d com.android.quickstep.RecentsActivity} launchCookies=[android.os.BinderProxy@8534212] positionInParent=Point(0, 0) parentTaskId=-1 isFocused=true isVisible=false isVisibleRequested=true isTopActivityNoDisplay=false isSleeping=false locusId=null displayAreaFeatureId=1 isTopActivityTransparent=false isActivityStackTransparent=false lastNonFullscreenBounds=Rect(81, 605 - 999, 1775) capturedLink=null capturedLinkTimestamp=0 requestedVisibleTypes=-9 topActivityRequestOpenInBrowserEducationTimestamp=0 appCompatTaskInfo=AppCompatTaskInfo { topActivityInSizeCompat=false eligibleForLetterboxEducation= false isLetterboxEducationEnabled= false isLetterboxDoubleTapEnabled= false eligibleForUserAspectRatioButton= false topActivityBoundsLetterboxed= false isFromLetterboxDoubleTap= false topActivityLetterboxVerticalPosition= -1 topActivityLetterboxHorizontalPosition= -1 topActivityLetterboxWidth=-1 topActivityLetterboxHeight=-1 topActivityAppBounds=Rect(0, 0 - 1080, 2340) isUserFullscreenOverrideEnabled=false isSystemFullscreenOverrideEnabled=false hasMinAspectRatioOverride=false topActivityLetterboxBounds=null cameraCompatTaskInfo=CameraCompatTaskInfo { freeformCameraCompatMode=inactive} topActivityBounds=null topActivityInDisplayCompat=false singleTapFromLetterbox=false} topActivityMainWindowFrame=null originallySupportedMultiWindow=true hasWallpaper=false rootAffinity=null isTopTaskInStage=false CoverLauncherWidgetTask=false LaunchedFromAppsCoverLauncherTask=false LaunchedFromMultistarCoverLauncherTask=false isAllowedSeamlessRotation=false isTopTransparentActivity=true isAliasManaged=false hasConfigChanged=false snappingGuideBounds=null isAiKeyRemoveAppTask=false lastDesktopWindowingBounds=null lastExternalDesktopWindowingBounds=null safeCutoutInsets=null}, pipChange = null, remoteTransition = RemoteTransition { remoteTransition = android.window.IRemoteTransition$Stub$Proxy@580cde3, appThread = android.app.IApplicationThread$Stub$Proxy@72503e0, debugName = QuickstepLaunchflags =NONE }, displayChange = null, flags = 0, debugId = 280 }
03-15 13:56:22.998 12320 12350 V WindowManager:     startWCT=WindowContainerTransaction { changes= {} hops= [] errorCallbackToken=null taskFragmentOrganizer=null }
03-15 13:56:22.999 12320 12350 V WindowManager:     info={id=280 t=OPEN f=0x0 trk=0 r=[0@Point(0, 0)] c=[
03-15 13:56:22.999 12320 12350 V WindowManager:         {WCT{RemoteToken{8e7b347 Task{cbde905 #596 type=recents I=com.sec.android.app.launcher/com.android.quickstep.RecentsActivity}}} m=TO_FRONT f=SHOW_WALLPAPER|MOVE_TO_TOP|EDGE_EXTENSION_RESTRICTION leash=Surface(name=Task=596)/@0x9e4e361 sb=Rect(0, 0 - 1080, 2340) eb=Rect(0, 0 - 1080, 2340) epz=Point(1080, 2340) d=0 taskParent=-1 inset=Rect(0, 80 - 0, 39)},
03-15 13:56:22.999 12320 12350 V WindowManager:         {WCT{RemoteToken{9720ccf Task{3cba496 #1 type=home}}} m=TO_BACK f=SHOW_WALLPAPER|EDGE_EXTENSION_RESTRICTION leash=Surface(name=Task=1)/@0xd813e23 sb=Rect(0, 0 - 1080, 2340) eb=Rect(0, 0 - 1080, 2340) epz=Point(1080, 2340) d=0 taskParent=-1 inset=Rect(0, 80 - 0, 39)}
03-15 13:56:22.999 12320 12350 V WindowManager:     ]}
03-15 13:56:22.999 12757 12829 V WindowManagerShell: onTransitionReady (#280) android.os.BinderProxy@ca40f9a: {id=280 t=OPEN f=0x0 trk=0 r=[0@Point(0, 0)] c=[
03-15 13:56:22.999 12757 12829 V WindowManagerShell:         {m=TO_FRONT f=SHOW_WALLPAPER|MOVE_TO_TOP|EDGE_EXTENSION_RESTRICTION leash=Surface(name=Task=596)/@0x5579f54 sb=Rect(0, 0 - 1080, 2340) eb=Rect(0, 0 - 1080, 2340) epz=Point(1080, 2340) d=0 taskParent=-1 inset=Rect(0, 80 - 0, 39)},
03-15 13:56:22.999 12757 12829 V WindowManagerShell:         {m=TO_BACK f=SHOW_WALLPAPER|EDGE_EXTENSION_RESTRICTION leash=Surface(name=Task=1)/@0x7d29efd sb=Rect(0, 0 - 1080, 2340) eb=Rect(0, 0 - 1080, 2340) epz=Point(1080, 2340) d=0 taskParent=-1 inset=Rect(0, 80 - 0, 39)}
03-15 13:56:22.999 12757 12829 V WindowManagerShell:     ]}
03-15 13:56:22.999 12757 12829 V ShellDesktopMode: DesktopModeLogger: taskInfo map after processing changes 0
03-15 13:56:22.999 12757 12829 D ShellDesktopMode: DesktopTaskChangeListener: onTaskMovingToFront for taskId=596, displayId=0
03-15 13:56:23.001 12757 12829 V WindowManagerShell: Playing animation for (#280) android.os.BinderProxy@ca40f9a@0
03-15 13:56:23.001 12757 12829 V WindowManagerShell:  try firstHandler com.android.wm.shell.transition.RemoteTransitionHandler@bfca1fc
03-15 13:56:23.001 12757 12829 V WindowManagerShell:  Delegate animation for (#280) to RemoteTransition { remoteTransition = android.window.IRemoteTransition$Stub$Proxy@aa38b66, appThread = android.app.IApplicationThread$Stub$Proxy@2ff9ea7, debugName = QuickstepLaunchflags =NONE }
03-15 13:56:23.003 12320 14334 I InputMethodManagerService: isAccessoryKeyboard 0
03-15 13:56:23.003 12757 12829 V WindowManagerShell:  animated by firstHandler
03-15 13:56:23.036 14190 15781 I SDHMS:k : onTaskStackChanged
03-15 13:56:23.042 12320 12505 V InputMethodManagerService: startInputOrWindowGainedFocusInternalLocked: reason=WINDOW_FOCUS_GAIN client=android.os.BinderProxy@469731a inputContext=null editorInfo=android.view.inputmethod.EditorInfo@df1016a startInputFlags=VIEW_HAS_FOCUS|INITIAL_CONNECTION softInputMode=STATE_UNSPECIFIED|ADJUST_RESIZE windowFlags=#81910100 unverifiedTargetSdkVersion=36 bindingController=com.android.server.inputmethod.InputMethodBindingController@1cc1bc1 imeDispatcher=android.window.ImeOnBackInvokedDispatcher@8165b cs=ClientState{b6792a7 mUid=10135 mPid=13277 mSelfReportedDisplayId=0} imeRequestedVisible=false
03-15 13:56:23.042 12320 12505 V InputMethodManagerService: setWindowStateInner, windowToken=android.os.BinderProxy@cc505ab, state=ImeTargetWindowState{ imeToken null imeFocusChanged true hasEditorFocused false requestedImeVisible false imeDisplayId 0 softInputModeState STATE_UNSPECIFIED|ADJUST_RESIZE isStartInputByGainFocus true}
03-15 13:56:23.042 12320 12505 V InputMethodManagerService: Unspecified window will hide input
03-15 13:56:23.043 12320 12505 V InputMethodManagerService: applyImeVisibility state=6
03-15 13:56:23.043 12320 12505 D SemInputMethodManagerServiceUtil: restorePreviousUsedInputMethod : failed to return the previous ime becuase the stored info is null or do not need restore
03-15 13:56:23.043 12320 12505 V InputMethodManagerService: semComputeImeDisplayIdForTarget: displayToShowIme=0
03-15 13:56:23.043 12320 12505 V InputMethodManagerService: Creating new accessibility sessions for client ClientState{b6792a7 mUid=10135 mPid=13277 mSelfReportedDisplayId=0}
03-15 13:56:23.044 12320 12505 D InputMethodManagerService: isImeSwitcherDisabledPackage : false
03-15 13:56:23.044 12320 12505 D InputMethodManagerService: checkDisplayOfStartInputAndUpdateKeyboard: displayId=0, mFocusedDisplayId=0
03-15 13:56:23.047 12320 12947 D RestrictionPolicy: isScreenCaptureEnabled : ret=true userId=0
03-15 13:56:23.047 12320 12947 I WindowManager: Cancelling animation restarting=true, leash=Surface(name=Surface(name=b1749ab InputMethod)/@0x6f02ba1 - animation-leash of insets_animation)/@0x61431ee
03-15 13:56:23.047 12320 12947 I WindowManager: Reparenting to original parent: Surface(name=WindowToken{d3fbecc type=2011 android.os.Binder@42f30ff})/@0x113d1c6, destroy=false, surface=Surface(name=b1749ab InputMethod)/@0x6f02ba1
03-15 13:56:23.049 12320 12947 I WindowManager: Reparenting to leash, surface=Surface(name=b1749ab InputMethod)/@0x6f02ba1, leashParent=Surface(name=WindowToken{d3fbecc type=2011 android.os.Binder@42f30ff})/@0x113d1c6
03-15 13:56:23.050 12320 12947 D WindowManager: makeSurface duration=0 leash=Surface(name=Surface(name=b1749ab InputMethod)/@0x6f02ba1 - animation-leash of insets_animation)/@0xa27bd37
03-15 13:56:23.051 12320 12947 D InsetsSourceProvider: updateControlForTarget: control=InsetsSourceControl: {3 mType=ime mSurfacePosition=Point(0, 80) mInsetsHint=Insets{left=0, top=0, right=0, bottom=879}}, target=Window{4dfb408 u0 com.sec.android.app.launcher/com.android.quickstep.RecentsActivity}, from=com.android.server.wm.ImeInsetsSourceProvider.updateControlForTarget:17 com.android.server.wm.InsetsStateController.onControlTargetChanged:83 com.android.server.wm.DisplayContent.updateImeControlTarget:21 com.android.server.wm.DisplayContent.updateImeInputAndControlTarget:156 com.android.server.wm.WindowManagerService$LocalService.updateInputMethodTargetWindow:64 
03-15 13:56:23.052 12320 12353 V InputMethodManagerService: Client requesting input be hidden
03-15 13:56:23.052 12320 12353 V InputMethodManagerService: setWindowStateInner, windowToken=android.os.BinderProxy@cc505ab, state=ImeTargetWindowState{ imeToken android.os.Binder@c9c80d imeFocusChanged true hasEditorFocused false requestedImeVisible false imeDisplayId 0 softInputModeState STATE_UNSPECIFIED|ADJUST_RESIZE isStartInputByGainFocus true}
03-15 13:56:23.052 12320 12353 V InputMethodManagerService: hideCurrentInputLocked : canceled, shouldHideSoftInput=false, mInputShown=false, mImeWindowVis=0
03-15 13:56:23.315 12757 12829 V WindowManagerShell: Transition animation finished (aborted=false), notifying core (#280) android.os.BinderProxy@ca40f9a@0
03-15 13:56:23.318 12320 12947 V WindowManager: Finish Transition: TransitionRecord{d5a1203 id=280 type=OPEN flags=0x0 c=[
03-15 13:56:23.318 12320 12947 V WindowManager:    ChangeInfo{86417fe container=DefaultTaskDisplayArea_d0@21689571 flags=0x0}
03-15 13:56:23.318 12320 12947 V WindowManager:    ChangeInfo{e61cb5f container=ActivityRecord{36226432 u0 com.sec.android.app.launcher/com.android.quickstep.RecentsActivity t-1} flags=0x0}
03-15 13:56:23.318 12320 12947 V WindowManager:    ChangeInfo{614b9ac container=ActivityRecord{48835708 u0 com.sec.android.app.launcher/com.android.quickstep.RecentsActivity t596} flags=0x0}
03-15 13:56:23.318 12320 12947 V WindowManager:    ChangeInfo{e6da675 container=WallpaperWindowToken{384c472 showWhenLocked=false}_<system> flags=0x0}
03-15 13:56:23.318 12320 12947 V WindowManager:    ChangeInfo{e5b60a container=Task{3cba496 #1 type=home} flags=0x10}
03-15 13:56:23.318 12320 12947 V WindowManager:    ChangeInfo{501be7b container=ActivityRecord{70907090 u0 com.sec.android.app.launcher/.activities.LauncherActivity t593} flags=0x0}
03-15 13:56:23.318 12320 12947 V WindowManager:    ChangeInfo{7e9c498 container=WallpaperWindowToken{86131fa showWhenLocked=true}_<lock> flags=0x0}
03-15 13:56:23.318 12320 12947 V WindowManager:    ChangeInfo{dff34f1 container=Display{#0 state=ON size=1080x2340 ROTATION_0} flags=0x0}
03-15 13:56:23.318 12320 12947 V WindowManager:    ChangeInfo{b3128d6 container=Task{cbde905 #596 type=recents I=com.sec.android.app.launcher/com.android.quickstep.RecentsActivity} flags=0x30}
03-15 13:56:23.318 12320 12947 V WindowManager:    ChangeInfo{9e3c757 container=Task{fc17dcd #593 type=home I=com.sec.android.app.launcher/.activities.LauncherActivity} flags=0x10}
03-15 13:56:23.318 12320 12947 V WindowManager:    ChangeInfo{1029244 container=RemoteWallpaperAnim:1:1@264671916 flags=0x0}
03-15 13:56:23.318 12320 12947 V WindowManager: ]
03-15 13:56:23.318 12320 12947 V WindowManager: }, caller=com.android.server.wm.WindowOrganizerController.finishTransitionInner:31 com.android.server.wm.WindowOrganizerController.finishAllTransitions:60 android.window.IWindowOrganizerController$Stub.onTransact:283 
03-15 13:56:23.320 12320 12350 V WindowManager: Finish Transition (#280): created at 03-15 13:56:22.930 collect-started=0.539ms request-sent=10.568ms started=14.074ms ready=14.059ms sent=66.219ms commit=18.343ms finished=388.6ms
