03-15 13:56:00.523 12320 14299 D VibratorManagerService: converted usage = TOUCH(18)
03-15 13:56:00.523 12320 14299 D VibratorManagerService: vibrate - uid: 10170, opPkg: com.samsung.android.honeyboard, effect: Mono{mEffect=Composed{segments=[SemHaptic{mType=50124, mMagnitude=-1}], repeat=-1, mMagnitudeType=TYPE_TOUCH}}, attrs: VibrationAttributes{mUsage=TOUCH, mAudioUsage= USAGE_UNKNOWN, mFlags=0, tags=}, reason: null, token: android.os.BinderProxy@1086e89
03-15 13:56:00.523 12320 14299 D VibratorManagerService: magnitude value is under 0
03-15 13:56:00.523 12320 14299 D SingleVibrationSession: semDcVibrate : EFFECT_CLICK_RESERVED_DC(100), repeat: -1, usage: TOUCH(18), magnitude: 0
03-15 13:56:00.524 12320 14299 D VibratorManagerService: Vibration was not generated normally.
03-15 13:56:00.834 12320 12947 D SecContentProvider: called from android.uid.honeyboard:10170
03-15 13:56:00.834 12320 12947 D RestrictionPolicy: isClipboardAllowed : true
03-15 13:56:01.144 12320 12947 D VibratorManagerService: converted usage = TOUCH(18)
03-15 13:56:01.144 12320 12947 D VibratorManagerService: vibrate - uid: 10170, opPkg: com.samsung.android.honeyboard, effect: Mono{mEffect=Composed{segments=[SemHaptic{mType=50124, mMagnitude=-1}], repeat=-1, mMagnitudeType=TYPE_TOUCH}}, attrs: VibrationAttributes{mUsage=TOUCH, mAudioUsage= USAGE_UNKNOWN, mFlags=0, tags=}, reason: null, token: android.os.BinderProxy@1086e89
03-15 13:56:01.144 12320 12947 D VibratorManagerService: magnitude value is under 0
03-15 13:56:01.145 12320 12947 D SingleVibrationSession: semDcVibrate : EFFECT_CLICK_RESERVED_DC(100), repeat: -1, usage: TOUCH(18), magnitude: 0
03-15 13:56:01.145 12320 12947 D VibratorManagerService: Vibration was not generated normally.
03-15 13:56:01.248 12320 12485 D PowerManagerService: [api] userActivityFromNative : touch, IME displayId=0 eventTime=117245675
03-15 13:56:01.445 12320 12947 D VibratorManagerService: converted usage = TOUCH(18)
03-15 13:56:01.445 12320 12947 D VibratorManagerService: vibrate - uid: 10170, opPkg: com.samsung.android.honeyboard, effect: Mono{mEffect=Composed{segments=[SemHaptic{mType=50124, mMagnitude=-1}], repeat=-1, mMagnitudeType=TYPE_TOUCH}}, attrs: VibrationAttributes{mUsage=TOUCH, mAudioUsage= USAGE_UNKNOWN, mFlags=0, tags=}, reason: null, token: android.os.BinderProxy@1086e89
03-15 13:56:01.445 12320 12947 D VibratorManagerService: magnitude value is under 0
03-15 13:56:01.445 12320 12947 D SingleVibrationSession: semDcVibrate : EFFECT_CLICK_RESERVED_DC(100), repeat: -1, usage: TOUCH(18), magnitude: 0
03-15 13:56:01.445 12320 12947 D VibratorManagerService: Vibration was not generated normally.
03-15 13:56:01.460 12320 12947 D WindowManager: setInsetsWindow Window{b1749ab u0 InputMethod}, contentInsets=Rect(0, 1381 - 0, 0) -> Rect(0, 1381 - 0, 0), visibleInsets=Rect(0, 1381 - 0, 0) -> Rect(0, 1381 - 0, 0), touchableRegion=SkRegion((0,1381,1080,2134)) -> SkRegion((160,1138,742,1381)(0,1381,1080,2134)), touchableInsets 3 -> 3
03-15 13:56:01.463 12757 12829 D WindowManagerShell: onKeepClearAreasChanged: restricted={}, unrestricted={Rect(0, 1461 - 1080, 2214)}
03-15 13:56:01.477 12320 12947 I ActivityManager: Changes in 90001 17 to 17, 128 to 0
03-15 13:56:01.477 12320 12947 I ActivityManager: Changes in 90000 10 to 10, 128 to 0
03-15 13:56:01.477 12320 12947 I ActivityManager: Changes in 10304 10 to 10, 128 to 0
03-15 13:56:01.483 12320 12364 I ActivityManager: Changes in 90001 17 to 17, 0 to 128
03-15 13:56:01.483 12320 12364 I ActivityManager: Changes in 90000 10 to 10, 0 to 128
03-15 13:56:01.484 12320 12364 I ActivityManager: Changes in 10304 10 to 10, 0 to 128
03-15 13:56:01.714 12320 12902 D WindowManager: setInsetsWindow Window{b1749ab u0 InputMethod}, contentInsets=Rect(0, 1381 - 0, 0) -> Rect(0, 1381 - 0, 0), visibleInsets=Rect(0, 1381 - 0, 0) -> Rect(0, 1381 - 0, 0), touchableRegion=SkRegion((160,1138,742,1381)(0,1381,1080,2134)) -> SkRegion((0,1381,1080,2134)), touchableInsets 3 -> 3
03-15 13:56:01.720 12757 12829 D WindowManagerShell: onKeepClearAreasChanged: restricted={}, unrestricted={Rect(0, 1461 - 1080, 2214)}
03-15 13:56:01.730 12320 14299 D SecContentProvider: called from android.uid.honeyboard:10170
03-15 13:56:01.730 12320 14299 D RestrictionPolicy: isClipboardAllowed : true
03-15 13:56:01.931 12320 12468 D ActivityManager: freezing 20781 com.samsung.android.authfw
03-15 13:56:02.033 12320 14299 D VibratorManagerService: converted usage = TOUCH(18)
03-15 13:56:02.033 12320 14299 D VibratorManagerService: vibrate - uid: 10170, opPkg: com.samsung.android.honeyboard, effect: Mono{mEffect=Composed{segments=[SemHaptic{mType=50124, mMagnitude=-1}], repeat=-1, mMagnitudeType=TYPE_TOUCH}}, attrs: VibrationAttributes{mUsage=TOUCH, mAudioUsage= USAGE_UNKNOWN, mFlags=0, tags=}, reason: null, token: android.os.BinderProxy@1086e89
03-15 13:56:02.033 12320 14299 D VibratorManagerService: magnitude value is under 0
03-15 13:56:02.033 12320 14299 D SingleVibrationSession: semDcVibrate : EFFECT_CLICK_RESERVED_DC(100), repeat: -1, usage: TOUCH(18), magnitude: 0
03-15 13:56:02.034 12320 14299 D VibratorManagerService: Vibration was not generated normally.
03-15 13:56:02.093   582   582 D io_stats: !@ Write_top(KB): kworker/u32:6:/(20631) 256 id.diagmonagent:high(14183) 28 m.android.phone:high(12732) 8
03-15 13:56:02.103 12320 12902 D SecContentProvider: called from android.uid.honeyboard:10170
03-15 13:56:02.103 12320 12902 D RestrictionPolicy: isClipboardAllowed : true
03-15 13:56:02.294 12320 12485 D PowerManagerService: [api] userActivityFromNative : touch, IME displayId=0 eventTime=117246720
03-15 13:56:02.297 12320 12902 D VibratorManagerService: converted usage = TOUCH(18)
03-15 13:56:02.298 12320 12902 D VibratorManagerService: vibrate - uid: 10170, opPkg: com.samsung.android.honeyboard, effect: Mono{mEffect=Composed{segments=[SemHaptic{mType=50124, mMagnitude=-1}], repeat=-1, mMagnitudeType=TYPE_TOUCH}}, attrs: VibrationAttributes{mUsage=TOUCH, mAudioUsage= USAGE_UNKNOWN, mFlags=0, tags=}, reason: null, token: android.os.BinderProxy@1086e89
03-15 13:56:02.298 12320 12902 D VibratorManagerService: magnitude value is under 0
03-15 13:56:02.298 12320 12902 D SingleVibrationSession: semDcVibrate : EFFECT_CLICK_RESERVED_DC(100), repeat: -1, usage: TOUCH(18), magnitude: 0
03-15 13:56:02.298 12320 12902 D VibratorManagerService: Vibration was not generated normally.
03-15 13:56:02.389 12320 12345 D SecContentProvider: called from android.uid.honeyboard:10170
03-15 13:56:02.389 12320 12345 D RestrictionPolicy: isClipboardAllowed : true
03-15 13:56:02.489 12320 12902 I ActivityManager: Changes in 90001 17 to 17, 128 to 0
03-15 13:56:02.490 12320 12902 I ActivityManager: Changes in 90000 10 to 10, 128 to 0
03-15 13:56:02.490 12320 12902 I ActivityManager: Changes in 10304 10 to 10, 128 to 0
03-15 13:56:02.496 12320 12364 I ActivityManager: Changes in 90001 17 to 17, 0 to 128
03-15 13:56:02.496 12320 12364 I ActivityManager: Changes in 90000 10 to 10, 0 to 128
03-15 13:56:02.497 12320 12364 I ActivityManager: Changes in 10304 10 to 10, 0 to 128
03-15 13:56:02.720 12320 12345 D VibratorManagerService: converted usage = TOUCH(18)
03-15 13:56:02.720 12320 12345 D VibratorManagerService: vibrate - uid: 10170, opPkg: com.samsung.android.honeyboard, effect: Mono{mEffect=Composed{segments=[SemHaptic{mType=50124, mMagnitude=-1}], repeat=-1, mMagnitudeType=TYPE_TOUCH}}, attrs: VibrationAttributes{mUsage=TOUCH, mAudioUsage= USAGE_UNKNOWN, mFlags=0, tags=}, reason: null, token: android.os.BinderProxy@1086e89
03-15 13:56:02.720 12320 12345 D VibratorManagerService: magnitude value is under 0
03-15 13:56:02.720 12320 12345 D SingleVibrationSession: semDcVibrate : EFFECT_CLICK_RESERVED_DC(100), repeat: -1, usage: TOUCH(18), magnitude: 0
03-15 13:56:02.720 12320 12345 D VibratorManagerService: Vibration was not generated normally.
03-15 13:56:02.729 12320 12902 D SecContentProvider: called from android.uid.honeyboard:10170
03-15 13:56:02.729 12320 12902 D RestrictionPolicy: isClipboardAllowed : true
03-15 13:56:02.791 12320 12947 W ContextImpl: Calling a method in the system process without a qualified user: android.app.ContextImpl.sendBroadcastMultiplePermissions:1385 android.content.Context.sendBroadcastMultiplePermissions:2588 com.android.server.TelephonyRegistry.broadcastServiceStateChanged:63 com.android.server.TelephonyRegistry.notifyServiceStateForPhoneId:185 com.android.internal.telephony.ITelephonyRegistry$Stub.onTransact:667 
03-15 13:56:02.792 12320 12947 W ContextImpl: Calling a method in the system process without a qualified user: android.app.ContextImpl.sendBroadcastMultiplePermissions:1418 com.android.server.TelephonyRegistry.broadcastServiceStateChanged:92 com.android.server.TelephonyRegistry.notifyServiceStateForPhoneId:185 com.android.internal.telephony.ITelephonyRegistry$Stub.onTransact:667 android.os.Binder.execTransactInternal:1462 
03-15 13:56:02.794 12320 12947 W ContextImpl: Calling a method in the system process without a qualified user: android.app.ContextImpl.sendBroadcastMultiplePermissions:1418 com.android.server.TelephonyRegistry.broadcastServiceStateChanged:121 com.android.server.TelephonyRegistry.notifyServiceStateForPhoneId:185 com.android.internal.telephony.ITelephonyRegistry$Stub.onTransact:667 android.os.Binder.execTransactInternal:1462 
03-15 13:56:02.800 12320 12947 W ContextImpl: Calling a method in the system process without a qualified user: android.app.ContextImpl.sendBroadcastMultiplePermissions:1418 com.android.server.TelephonyRegistry.broadcastServiceStateChanged:144 com.android.server.TelephonyRegistry.notifyServiceStateForPhoneId:185 com.android.internal.telephony.ITelephonyRegistry$Stub.onTransact:667 android.os.Binder.execTransactInternal:1462 
03-15 13:56:02.803 12320 12364 I ActivityManager: Changes in 10263 19 to 11, 0 to 128
03-15 13:56:02.805 12320 12345 D SecContentProvider: called from android.uid.honeyboard:10170
03-15 13:56:02.805 12320 12345 D RestrictionPolicy: isClipboardAllowed : true
03-15 13:56:02.808 12320 14299 I ActivityManager: Changes in 10263 11 to 19, 128 to 0
03-15 13:56:02.810 12320 14334 I Telecom : SamsungTelecomServiceImpl : isInCall - callingPackage : com.android.systemui / callingUser : UserHandle{0} / hasCrossUserAccess : true
03-15 13:56:02.822 12320 14299 I Telecom : SamsungTelecomServiceImpl : isInEmergencyCall - callingPid : 12732 / processName : sts
03-15 13:56:02.822 12320 14299 I Telecom : TelecomServiceImpl$1: isInEmergencyCall: false: TSI.iIEC@Bu8
03-15 13:56:03.040 12320 12345 D VibratorManagerService: converted usage = TOUCH(18)
03-15 13:56:03.040 12320 12345 D VibratorManagerService: vibrate - uid: 10170, opPkg: com.samsung.android.honeyboard, effect: Mono{mEffect=Composed{segments=[SemHaptic{mType=50124, mMagnitude=-1}], repeat=-1, mMagnitudeType=TYPE_TOUCH}}, attrs: VibrationAttributes{mUsage=TOUCH, mAudioUsage= USAGE_UNKNOWN, mFlags=0, tags=}, reason: null, token: android.os.BinderProxy@1086e89
03-15 13:56:03.040 12320 12345 D VibratorManagerService: magnitude value is under 0
03-15 13:56:03.040 12320 12345 D SingleVibrationSession: semDcVibrate : EFFECT_CLICK_RESERVED_DC(100), repeat: -1, usage: TOUCH(18), magnitude: 0
03-15 13:56:03.040 12320 12345 D VibratorManagerService: Vibration was not generated normally.
03-15 13:56:03.139 12320 14299 D SecContentProvider: called from android.uid.honeyboard:10170
03-15 13:56:03.139 12320 14299 D RestrictionPolicy: isClipboardAllowed : true
03-15 13:56:03.168 12320 13885 D FreecessHandler: freeze com.instagram.android(10304) result : 33
03-15 13:56:03.426 12320 12485 D PowerManagerService: [api] userActivityFromNative : touch, IME displayId=0 eventTime=117247852
03-15 13:56:03.429 12320 12345 D VibratorManagerService: converted usage = TOUCH(18)
03-15 13:56:03.429 12320 12345 D VibratorManagerService: vibrate - uid: 10170, opPkg: com.samsung.android.honeyboard, effect: Mono{mEffect=Composed{segments=[SemHaptic{mType=50124, mMagnitude=-1}], repeat=-1, mMagnitudeType=TYPE_TOUCH}}, attrs: VibrationAttributes{mUsage=TOUCH, mAudioUsage= USAGE_UNKNOWN, mFlags=0, tags=}, reason: null, token: android.os.BinderProxy@1086e89
03-15 13:56:03.429 12320 12345 D VibratorManagerService: magnitude value is under 0
03-15 13:56:03.429 12320 12345 D SingleVibrationSession: semDcVibrate : EFFECT_CLICK_RESERVED_DC(100), repeat: -1, usage: TOUCH(18), magnitude: 0
03-15 13:56:03.430 12320 12345 D VibratorManagerService: Vibration was not generated normally.
03-15 13:56:03.484 12320 12345 D SecContentProvider: called from android.uid.honeyboard:10170
03-15 13:56:03.484 12320 12345 D RestrictionPolicy: isClipboardAllowed : true
03-15 13:56:03.664 12320 14299 D VibratorManagerService: converted usage = TOUCH(18)
03-15 13:56:03.664 12320 14299 D VibratorManagerService: vibrate - uid: 10170, opPkg: com.samsung.android.honeyboard, effect: Mono{mEffect=Composed{segments=[SemHaptic{mType=50124, mMagnitude=-1}], repeat=-1, mMagnitudeType=TYPE_TOUCH}}, attrs: VibrationAttributes{mUsage=TOUCH, mAudioUsage= USAGE_UNKNOWN, mFlags=0, tags=}, reason: null, token: android.os.BinderProxy@1086e89
03-15 13:56:03.664 12320 14299 D VibratorManagerService: magnitude value is under 0
03-15 13:56:03.664 12320 14299 D SingleVibrationSession: semDcVibrate : EFFECT_CLICK_RESERVED_DC(100), repeat: -1, usage: TOUCH(18), magnitude: 0
03-15 13:56:03.664 12320 14299 D VibratorManagerService: Vibration was not generated normally.
03-15 13:56:03.747 12320 14299 D SecContentProvider: called from android.uid.honeyboard:10170
03-15 13:56:03.747 12320 14299 D RestrictionPolicy: isClipboardAllowed : true
03-15 13:56:04.095   582   582 D io_stats: !@   8,32 r 7526789 163955176 w 5333782 69967032 d 589823 218999400 f 469294 522193 iot 2417856 0 th 0 0 0 pt 0 inp 0 0 117248.524
03-15 13:56:04.213 12320 12345 W ContextImpl: Calling a method in the system process without a qualified user: android.app.ContextImpl.sendBroadcastMultiplePermissions:1385 android.content.Context.sendBroadcastMultiplePermissions:2588 com.android.server.TelephonyRegistry.broadcastServiceStateChanged:63 com.android.server.TelephonyRegistry.notifyServiceStateForPhoneId:185 com.android.internal.telephony.ITelephonyRegistry$Stub.onTransact:667 
03-15 13:56:04.216 12320 12345 W ContextImpl: Calling a method in the system process without a qualified user: android.app.ContextImpl.sendBroadcastMultiplePermissions:1418 com.android.server.TelephonyRegistry.broadcastServiceStateChanged:92 com.android.server.TelephonyRegistry.notifyServiceStateForPhoneId:185 com.android.internal.telephony.ITelephonyRegistry$Stub.onTransact:667 android.os.Binder.execTransactInternal:1462 
03-15 13:56:04.224 12320 12345 W ContextImpl: Calling a method in the system process without a qualified user: android.app.ContextImpl.sendBroadcastMultiplePermissions:1418 com.android.server.TelephonyRegistry.broadcastServiceStateChanged:121 com.android.server.TelephonyRegistry.notifyServiceStateForPhoneId:185 com.android.internal.telephony.ITelephonyRegistry$Stub.onTransact:667 android.os.Binder.execTransactInternal:1462 
03-15 13:56:04.227 12320 12345 W ContextImpl: Calling a method in the system process without a qualified user: android.app.ContextImpl.sendBroadcastMultiplePermissions:1418 com.android.server.TelephonyRegistry.broadcastServiceStateChanged:144 com.android.server.TelephonyRegistry.notifyServiceStateForPhoneId:185 com.android.internal.telephony.ITelephonyRegistry$Stub.onTransact:667 android.os.Binder.execTransactInternal:1462 
03-15 13:56:04.235 12320 12364 I ActivityManager: Changes in 10263 19 to 11, 0 to 128
03-15 13:56:04.237 12320 14334 I ActivityManager: Changes in 10263 11 to 19, 128 to 0
03-15 13:56:04.243 12320 14299 I Telecom : SamsungTelecomServiceImpl : isInCall - callingPackage : com.android.systemui / callingUser : UserHandle{0} / hasCrossUserAccess : true
03-15 13:56:04.244 12320 12947 D VibratorManagerService: converted usage = TOUCH(18)
03-15 13:56:04.244 12320 12947 D VibratorManagerService: vibrate - uid: 10170, opPkg: com.samsung.android.honeyboard, effect: Mono{mEffect=Composed{segments=[SemHaptic{mType=50124, mMagnitude=-1}], repeat=-1, mMagnitudeType=TYPE_TOUCH}}, attrs: VibrationAttributes{mUsage=TOUCH, mAudioUsage= USAGE_UNKNOWN, mFlags=0, tags=}, reason: null, token: android.os.BinderProxy@1086e89
03-15 13:56:04.244 12320 12947 D VibratorManagerService: magnitude value is under 0
03-15 13:56:04.244 12320 12947 D SingleVibrationSession: semDcVibrate : EFFECT_CLICK_RESERVED_DC(100), repeat: -1, usage: TOUCH(18), magnitude: 0
03-15 13:56:04.244 12320 12947 D VibratorManagerService: Vibration was not generated normally.
03-15 13:56:04.250 12320 12345 I Telecom : SamsungTelecomServiceImpl : isInEmergencyCall - callingPid : 12732 / processName : sts
03-15 13:56:04.250 12320 12345 I Telecom : TelecomServiceImpl$1: isInEmergencyCall: false: TSI.iIEC@BvE
03-15 13:56:04.336 12320 14299 D SecContentProvider: called from android.uid.honeyboard:10170
03-15 13:56:04.336 12320 14299 D RestrictionPolicy: isClipboardAllowed : true
03-15 13:56:04.511 12320 12947 I ActivityManager: Changes in 90001 17 to 17, 128 to 0
03-15 13:56:04.511 12320 12947 I ActivityManager: Changes in 90000 10 to 10, 128 to 0
03-15 13:56:04.511 12320 12947 I ActivityManager: Changes in 10304 10 to 10, 128 to 0
03-15 13:56:04.516 12320 12364 I ActivityManager: Changes in 90001 17 to 17, 0 to 128
03-15 13:56:04.516 12320 12364 I ActivityManager: Changes in 90000 10 to 10, 0 to 128
03-15 13:56:04.516 12320 12364 I ActivityManager: Changes in 10304 10 to 10, 0 to 128
03-15 13:56:04.960 12320 12485 D PowerManagerService: [api] userActivityFromNative : touch, IME displayId=0 eventTime=117249386
03-15 13:56:04.966 12320 12947 D VibratorManagerService: converted usage = TOUCH(18)
03-15 13:56:04.966 12320 12947 D VibratorManagerService: vibrate - uid: 10170, opPkg: com.samsung.android.honeyboard, effect: Mono{mEffect=Composed{segments=[SemHaptic{mType=50124, mMagnitude=-1}], repeat=-1, mMagnitudeType=TYPE_TOUCH}}, attrs: VibrationAttributes{mUsage=TOUCH, mAudioUsage= USAGE_UNKNOWN, mFlags=0, tags=}, reason: null, token: android.os.BinderProxy@1086e89
03-15 13:56:04.966 12320 12947 D VibratorManagerService: magnitude value is under 0
03-15 13:56:04.966 12320 12947 D SingleVibrationSession: semDcVibrate : EFFECT_CLICK_RESERVED_DC(100), repeat: -1, usage: TOUCH(18), magnitude: 0
03-15 13:56:04.966 12320 12947 D VibratorManagerService: Vibration was not generated normally.
03-15 13:56:05.104 12320 12947 D SecContentProvider: called from android.uid.honeyboard:10170
03-15 13:56:05.104 12320 12947 D RestrictionPolicy: isClipboardAllowed : true
03-15 13:56:05.240 12320 14299 D VibratorManagerService: converted usage = TOUCH(18)
03-15 13:56:05.240 12320 14299 D VibratorManagerService: vibrate - uid: 10170, opPkg: com.samsung.android.honeyboard, effect: Mono{mEffect=Composed{segments=[SemHaptic{mType=50124, mMagnitude=-1}], repeat=-1, mMagnitudeType=TYPE_TOUCH}}, attrs: VibrationAttributes{mUsage=TOUCH, mAudioUsage= USAGE_UNKNOWN, mFlags=0, tags=}, reason: null, token: android.os.BinderProxy@1086e89
03-15 13:56:05.240 12320 14299 D VibratorManagerService: magnitude value is under 0
03-15 13:56:05.240 12320 14299 D SingleVibrationSession: semDcVibrate : EFFECT_CLICK_RESERVED_DC(100), repeat: -1, usage: TOUCH(18), magnitude: 0
03-15 13:56:05.240 12320 14299 D VibratorManagerService: Vibration was not generated normally.
03-15 13:56:05.354 12320 12947 D SecContentProvider: called from android.uid.honeyboard:10170
03-15 13:56:05.354 12320 12947 D RestrictionPolicy: isClipboardAllowed : true
03-15 13:56:05.526 12320 12947 I ActivityManager: Changes in 90001 17 to 17, 128 to 0
03-15 13:56:05.526 12320 12947 I ActivityManager: Changes in 90000 10 to 10, 128 to 0
03-15 13:56:05.527 12320 12947 I ActivityManager: Changes in 10304 10 to 10, 128 to 0
03-15 13:56:05.533 12320 12364 I ActivityManager: Changes in 90001 17 to 17, 0 to 128
03-15 13:56:05.535 12320 12364 I ActivityManager: Changes in 90000 10 to 10, 0 to 128
03-15 13:56:05.535 12320 12364 I ActivityManager: Changes in 10304 10 to 10, 0 to 128
03-15 13:56:05.583 12320 12345 D VibratorManagerService: converted usage = TOUCH(18)
03-15 13:56:05.583 12320 12345 D VibratorManagerService: vibrate - uid: 10170, opPkg: com.samsung.android.honeyboard, effect: Mono{mEffect=Composed{segments=[SemHaptic{mType=50124, mMagnitude=-1}], repeat=-1, mMagnitudeType=TYPE_TOUCH}}, attrs: VibrationAttributes{mUsage=TOUCH, mAudioUsage= USAGE_UNKNOWN, mFlags=0, tags=}, reason: null, token: android.os.BinderProxy@1086e89
03-15 13:56:05.584 12320 12345 D VibratorManagerService: magnitude value is under 0
03-15 13:56:05.584 12320 12345 D SingleVibrationSession: semDcVibrate : EFFECT_CLICK_RESERVED_DC(100), repeat: -1, usage: TOUCH(18), magnitude: 0
03-15 13:56:05.584 12320 12345 D VibratorManagerService: Vibration was not generated normally.
03-15 13:56:05.697 12320 12345 D SecContentProvider: called from android.uid.honeyboard:10170
03-15 13:56:05.697 12320 12345 D RestrictionPolicy: isClipboardAllowed : true
03-15 13:56:05.984 12320 13885 D FreecessHandler: freeze com.example.kutuphane(10286) result : 12
03-15 13:56:06.096   582   582 D io_stats: !@   8,32 r 7526789 163955176 w 5333841 69967288 d 589823 218999400 f 469303 522200 iot 2417872 0 th 0 0 0 pt 0 inp 0 0 117250.525
03-15 13:56:06.097   582   582 D io_stats: !@ Write_top(KB): f2fs_ckpt-254:6:/(3359) 100 kworker/5:1:/(22203) 84 kworker/3:2:/(20660) 48
03-15 13:56:06.222 12320 12485 D PowerManagerService: [api] userActivityFromNative : touch displayId=0 eventTime=117250647
03-15 13:56:06.224 12320 12947 I InputMethodManagerService: isInputMethodShown: isShown=true
03-15 13:56:06.306 12320 12505 V InputMethodManagerService: startInputOrWindowGainedFocusInternalLocked: reason=CHECK_FOCUS client=android.os.BinderProxy@9159e84 inputContext=com.android.internal.inputmethod.IRemoteInputConnection$Stub$Proxy@45e4c5a editorInfo=android.view.inputmethod.EditorInfo@f061e8b startInputFlags=VIEW_HAS_FOCUS|IS_TEXT_EDITOR|INITIAL_CONNECTION softInputMode=STATE_UNSPECIFIED|ADJUST_PAN windowFlags=#81810100 unverifiedTargetSdkVersion=31 bindingController=com.android.server.inputmethod.InputMethodBindingController@1cc1bc1 imeDispatcher=android.window.ImeOnBackInvokedDispatcher@d6b8b68 cs=ClientState{ad93295 mUid=10286 mPid=23334 mSelfReportedDisplayId=0} imeRequestedVisible=true
03-15 13:56:06.306 12320 12505 V InputMethodManagerService: startInputOrWindowGainedFocusInternalLocked: reason=CHECK_FOCUS clientState=ad93295 editorInfo=android.view.inputmethod.EditorInfo@f061e8b startInputFlags=VIEW_HAS_FOCUS|IS_TEXT_EDITOR|INITIAL_CONNECTION softInputMode=STATE_UNSPECIFIED|ADJUST_PAN windowFlags=#81810100 sameWindowFocused=true
03-15 13:56:06.306 12320 12505 V InputMethodManagerService: setWindowStateInner, windowToken=android.os.BinderProxy@d481a2d, state=ImeTargetWindowState{ imeToken null imeFocusChanged false hasEditorFocused true requestedImeVisible true imeDisplayId 0 softInputModeState STATE_UNSPECIFIED|ADJUST_PAN isStartInputByGainFocus false}
03-15 13:56:06.306 12320 12505 V InputMethodManagerService: Window already focused, ignoring focus gain of: com.android.internal.inputmethod.IInputMethodClient$Stub$Proxy@ea4d426 editorInfo=android.view.inputmethod.EditorInfo@f061e8b, token=android.os.BinderProxy@d481a2d, startInputReason=CHECK_FOCUS
03-15 13:56:06.307 12320 12505 D SemInputMethodManagerServiceUtil: restorePreviousUsedInputMethod : failed to return the previous ime becuase the stored info is null or do not need restore
03-15 13:56:06.307 12320 12505 V InputMethodManagerService: semComputeImeDisplayIdForTarget: displayToShowIme=0
03-15 13:56:06.307 12320 12505 V InputMethodManagerService: Creating new accessibility sessions for client ClientState{ad93295 mUid=10286 mPid=23334 mSelfReportedDisplayId=0}
03-15 13:56:06.307 12320 12505 D InputMethodManagerService: isImeSwitcherDisabledPackage : false
03-15 13:56:06.308 12320 12505 D InputMethodManagerService: checkDisplayOfStartInputAndUpdateKeyboard: displayId=0, mFocusedDisplayId=0
03-15 13:56:06.308 12320 12505 V InputMethodManagerService: Client requesting input be shown
03-15 13:56:06.309 12320 12505 D InputMethodManagerService: ACCESS_CONTROL_ENABLED = false, ACCESS_CONTROL_KEYBOARD_BLOCK = true
03-15 13:56:06.310 12320 12505 V InputMethodManagerService: setWindowStateInner, windowToken=android.os.BinderProxy@d481a2d, state=ImeTargetWindowState{ imeToken android.os.Binder@3e80ebd imeFocusChanged false hasEditorFocused true requestedImeVisible true imeDisplayId 0 softInputModeState STATE_UNSPECIFIED|ADJUST_PAN isStartInputByGainFocus false}
03-15 13:56:06.310 12320 12505 V InputMethodManagerService: Calling com.android.server.inputmethod.IInputMethodInvoker@7c4363f.showSoftInput(android.os.BinderProxy@d481a2d, 1, null) for reason: SHOW_SOFT_INPUT
03-15 13:56:06.311 12320 14334 I InputMethodManagerService: isInputMethodShown: isShown=true
03-15 13:56:06.311 12320 12505 I InputMethodManagerService: attachNewInputLocked: showCurrentInputInternal, softInputModeState=STATE_UNSPECIFIED|ADJUST_PAN|IS_FORWARD_NAVIGATION
03-15 13:56:06.328 12320 14299 D CoreBackPreview: Window{b7b0b62 u0 com.example.kutuphane/com.example.kutuphane.kitapekle}: Setting back callback OnBackInvokedCallbackInfo{mCallback=android.window.IOnBackInvokedCallback$Stub$Proxy@17a0cb2, mPriority=0, mIsAnimationCallback=false, mOverrideBehavior=0}
03-15 13:56:06.339 12320 14334 D KNOX_MDM_SettingsProvider: isChangeAllowed() : name = enabled_input_methods
03-15 13:56:06.339 12320 14334 D KNOX_MDM_SettingsProvider: edmUri: content://com.sec.knox.provider/RestrictionPolicy3
03-15 13:56:06.339 12320 14334 D KNOX_MDM_SettingsProvider: projectionArgs: isSettingsChangesAllowed
03-15 13:56:06.339 12320 14334 D KNOX_MDM_SettingsProvider: selectionArgs: false
03-15 13:56:06.339 12320 14334 D KNOX_MDM_SettingsProvider: selectionArgs: 10170
03-15 13:56:06.339 12320 14334 D SecContentProvider: called from android.uid.honeyboard:10170
03-15 13:56:06.340 12320 14334 D RestrictionPolicy: isSettingsChangesAllowedAsUser, userId 0 : true
03-15 13:56:06.340 12320 14334 D KNOX_MDM_SettingsProvider: ret = 1
03-15 13:56:06.341 12320 14334 D KNOX_MDM_SettingsProvider: isChangeAllowed() : name = default_input_method
03-15 13:56:06.341 12320 14334 D KNOX_MDM_SettingsProvider: edmUri: content://com.sec.knox.provider/RestrictionPolicy3
03-15 13:56:06.341 12320 14334 D KNOX_MDM_SettingsProvider: projectionArgs: isSettingsChangesAllowed
03-15 13:56:06.341 12320 14334 D KNOX_MDM_SettingsProvider: selectionArgs: false
03-15 13:56:06.341 12320 14334 D KNOX_MDM_SettingsProvider: selectionArgs: 10170
03-15 13:56:06.341 12320 14334 D SecContentProvider: called from android.uid.honeyboard:10170
03-15 13:56:06.341 12320 14334 D RestrictionPolicy: isSettingsChangesAllowedAsUser, userId 0 : true
03-15 13:56:06.341 12320 14334 D KNOX_MDM_SettingsProvider: ret = 1
03-15 13:56:06.342 12320 12345 D SecContentProvider: called from android.uid.honeyboard:10170
03-15 13:56:06.342 12320 12345 D RestrictionPolicy: isClipboardAllowed : true
03-15 13:56:06.346 12320 12320 I InputMethodManagerService: subtype state: oldSubtype = android.view.inputmethod.InputMethodSubtype@420000 newSubtype = android.view.inputmethod.InputMethodSubtype@420000 force = false, intent received : false
03-15 13:56:06.351 12320 14299 D SecContentProvider: called from android.uid.honeyboard:10170
03-15 13:56:06.351 12320 14299 D RestrictionPolicy: isClipboardAllowed : true
03-15 13:56:06.357 12320 14334 D CoreBackPreview: Window{b7b0b62 u0 com.example.kutuphane/com.example.kutuphane.kitapekle}: Setting back callback OnBackInvokedCallbackInfo{mCallback=android.window.IOnBackInvokedCallback$Stub$Proxy@68bd9b9, mPriority=0, mIsAnimationCallback=true, mOverrideBehavior=0}
03-15 13:56:06.380 12320 14334 D SecContentProvider: called from android.uid.honeyboard:10170
03-15 13:56:06.380 12320 14334 D RestrictionPolicy: isClipboardAllowed : true
03-15 13:56:06.384 12320 14334 D SecContentProvider: called from android.uid.honeyboard:10170
03-15 13:56:06.384 12320 14334 D RestrictionPolicy: isClipboardAllowed : true
03-15 13:56:06.388 12320 14334 D SecContentProvider: called from android.uid.honeyboard:10170
03-15 13:56:06.388 12320 14334 D RestrictionPolicy: isClipboardAllowed : true
03-15 13:56:06.392 12320 14334 D SecContentProvider: called from android.uid.honeyboard:10170
03-15 13:56:06.392 12320 14334 D RestrictionPolicy: isClipboardAllowed : true
03-15 13:56:06.397 12320 14334 D SecContentProvider: called from android.uid.honeyboard:10170
03-15 13:56:06.397 12320 14334 D RestrictionPolicy: isClipboardAllowed : true
03-15 13:56:06.400 12320 14299 D SecContentProvider: called from android.uid.honeyboard:10170
03-15 13:56:06.400 12320 14299 D RestrictionPolicy: isClipboardAllowed : true
03-15 13:56:06.404 12320 14299 D SecContentProvider: called from android.uid.honeyboard:10170
03-15 13:56:06.405 12320 14299 D RestrictionPolicy: isClipboardAllowed : true
03-15 13:56:06.409 12320 14299 D SecContentProvider: called from android.uid.honeyboard:10170
03-15 13:56:06.409 12320 14299 D RestrictionPolicy: isClipboardAllowed : true
03-15 13:56:06.425 12320 14299 D WindowManager: setInsetsWindow Window{b1749ab u0 InputMethod}, contentInsets=Rect(0, 1381 - 0, 0) -> Rect(0, 1381 - 0, 0), visibleInsets=Rect(0, 1381 - 0, 0) -> Rect(0, 1381 - 0, 0), touchableRegion=SkRegion((0,1381,1080,2134)) -> SkRegion((0,1381,1080,2134)), touchableInsets 3 -> 3
03-15 13:56:06.432 12320 12345 I InputMethodManagerService: isAccessoryKeyboard 0
03-15 13:56:06.433 12320 12345 I InputMethodManagerService: isAccessoryKeyboard 0
03-15 13:56:06.438 12320 14334 I ActivityManager: Changes in 10105 15 to 5, 0 to 144
03-15 13:56:06.440 12320 12629 D BackgroundInstallControlService: Package event received: 0
03-15 13:56:06.539 12320 14334 I ActivityManager: Changes in 90001 17 to 17, 128 to 0
03-15 13:56:06.539 12320 14334 I ActivityManager: Changes in 90000 10 to 10, 128 to 0
03-15 13:56:06.539 12320 14334 I ActivityManager: Changes in 10304 10 to 10, 128 to 0
03-15 13:56:06.542 12320 12364 I ActivityManager: Changes in 90001 17 to 17, 0 to 128
03-15 13:56:06.543 12320 12364 I ActivityManager: Changes in 90000 10 to 10, 0 to 128
03-15 13:56:06.543 12320 12364 I ActivityManager: Changes in 10304 10 to 10, 0 to 128
03-15 13:56:06.612 12320 12356 E Watchdog: !@Sync: 236 heap(MB): 117 / 145 FD: 1127 [2026-03-15 13:56:06.611]
03-15 13:56:07.549 12320 14299 I ActivityManager: Changes in 90001 17 to 17, 128 to 0
03-15 13:56:07.550 12320 14299 I ActivityManager: Changes in 90000 10 to 10, 128 to 0
03-15 13:56:07.551 12320 14299 I ActivityManager: Changes in 10304 10 to 10, 128 to 0
03-15 13:56:07.558 12320 12364 I ActivityManager: Changes in 90001 17 to 17, 0 to 128
03-15 13:56:07.559 12320 12364 I ActivityManager: Changes in 90000 10 to 10, 0 to 128
03-15 13:56:07.559 12320 12364 I ActivityManager: Changes in 10304 10 to 10, 0 to 128
03-15 13:56:07.668 12721 12721 I wpa_supplicant: Heartbeat 716
03-15 13:56:07.941 14190 14190 I SDHMS:LOAD: type: LoadsFreqs, value: 0:0:1:893000:1900000:725000:792999:2000000:500000:101:390:0
03-15 13:56:08.099   582   582 D io_stats: !@   8,32 r 7526791 163955188 w 5333847 69967668 d 589823 218999400 f 469303 522200 iot 2417876 0 th 0 0 0 pt 0 inp 0 0 117252.528
03-15 13:56:08.393 14190 15483 I SDHMS:x : SIOP:: AP:278 BAT:259 USB:257 CHG:270 PA:274 WIFI:272 BLK:0 SUBBAT:0 SKIN:271 SKINF:264 SKINB:271 LRP2:271 LRF2:264 LRB2:271 AP2:271 CHG2:261 MEM2:271 WIFI2:270 SPK2:275 VAP05:279 AVGCUR:-194 POWER:-791
03-15 13:56:08.567 12320 14334 I ActivityManager: Changes in 90001 17 to 17, 128 to 0
03-15 13:56:08.568 12320 14334 I ActivityManager: Changes in 90000 10 to 10, 128 to 0
03-15 13:56:08.568 12320 14334 I ActivityManager: Changes in 10304 10 to 10, 128 to 0
03-15 13:56:08.573 12320 12364 I ActivityManager: Changes in 90001 17 to 17, 0 to 128
03-15 13:56:08.574 12320 12364 I ActivityManager: Changes in 90000 10 to 10, 0 to 128
03-15 13:56:08.574 12320 12364 I ActivityManager: Changes in 10304 10 to 10, 0 to 128
03-15 13:56:09.097 12320 12351 D WindowOrientationListener: onSensorChanged device orientation: -1
03-15 13:56:09.136 12320 12351 D WindowOrientationListener: onSensorChanged device orientation: 0
03-15 13:56:09.185 12320 13885 D FreecessHandler: freeze com.instagram.android(10304) result : 33
03-15 13:56:09.227 12320 12410 D PowerManagerService: UserActivityStateListenerState: 0
03-15 13:56:09.583 12320 14299 I ActivityManager: Changes in 90001 17 to 17, 128 to 0
03-15 13:56:09.583 12320 14299 I ActivityManager: Changes in 90000 10 to 10, 128 to 0
03-15 13:56:09.583 12320 14299 I ActivityManager: Changes in 10304 10 to 10, 128 to 0
03-15 13:56:09.589 12320 12364 I ActivityManager: Changes in 90001 17 to 17, 0 to 128
03-15 13:56:09.590 12320 12364 I ActivityManager: Changes in 90000 10 to 10, 0 to 128
03-15 13:56:09.591 12320 12364 I ActivityManager: Changes in 10304 10 to 10, 0 to 128
03-15 13:56:09.755 12320 12351 D WindowOrientationListener: onSensorChanged device orientation: -1
03-15 13:56:09.816 12320 12351 D WindowOrientationListener: onSensorChanged device orientation: 0
03-15 13:56:09.917 12320 12485 D PowerManagerService: [api] userActivityFromNative : touch displayId=0 eventTime=117254343
03-15 13:56:09.918 12320 12485 D PowerManagerService: UserActivityStateListenerState: 1
03-15 13:56:09.998 12757 12829 V ShellDesktopMode: DesktopTasksController: Recents transition state changed: TRANSITION_STATE_REQUESTED
03-15 13:56:09.999 12757 12829 V ShellRecents: RecentsTransitionHandler.startRecentsTransition
03-15 13:56:09.999 12757 12829 V WindowManagerShell: Directly starting a new transition type=TO_FRONT wct=WindowContainerTransaction { changes= {} hops= [{pendingIntent: options=Bundle[{android.activity.splashScreenStyle=-1, android.activity.sourceInfo=Supplier{VAL_PARCELABLE@148+104}, android:activity.isMlLaunch=-1, android.activity.splitTaskDeferResume=false, android.pendingIntent.backgroundActivityAllowed=1, android:activity.isActiveLaunch=false, android.activity.launchTypeDnD=false, android:activity.startedFromWindowTypeLauncher=false, android.activity.launchDisplayId=0, android:activity.unhandledDropLaunch=false, android:activity.launchInFocusedStageRoot=false, android:activity.animAbortListener=null, android.activity.disableSplashScreen=false, android.activity.startAssistantActivity=false, android.activity.applySystemModalPolicy=false, android:activity.applyBigFreeformSize=false, android.activity.enterPipWhileLaunching=false, android.activity.splitPosition=0, android.activity.preserveTaskWindowingMode=false, android:activity.enterSplitSideWithAdjacentFlag=0, android.activity.transientLaunch=true}]}] errorCallbackToken=null taskFragmentOrganizer=null } handler=com.android.wm.shell.recents.RecentsTransitionHandler@f5163b0
03-15 13:56:10.000 12320 12505 E HandwritingModeController: Cannot get requestId: Handwriting was not initialized.
03-15 13:56:10.001 12757 12757 V ShellDragAndDrop: Receive android.intent.action.CLOSE_SYSTEM_DIALOGS
03-15 13:56:10.001 12320 14299 I WindowManager: Reparenting to leash, surface=Surface(name=RemoteWallpaperAnim:1:1)/@0xd50ed48, leashParent=Surface(name=OneHanded:0:14)/@0x17127e1
03-15 13:56:10.002 12320 14299 D WindowManager: makeSurface duration=1 leash=Surface(name=Surface(name=RemoteWallpaperAnim:1:1)/@0xd50ed48 - animation-leash of remote_wallpaper)/@0x158ac4f
03-15 13:56:10.003 12320 14299 D WindowManager: startAnimation for remote wallpaper, leash=Surface(name=Surface(name=RemoteWallpaperAnim:1:1)/@0xd50ed48 - animation-leash of remote_wallpaper)/@0x158ac4f
03-15 13:56:10.004 12320 14299 D WindowManager: startRemoteWallpaperAnimation, d=0, leash=Surface(name=Surface(name=RemoteWallpaperAnim:1:1)/@0xd50ed48 - animation-leash of remote_wallpaper)/@0x158ac4f
03-15 13:56:10.004 12320 12902 D WindowManager: Transition is created, t=TransitionRecord{e048e5 id=-1 type=TO_FRONT flags=0x0}, caller=com.android.server.wm.Transition.<init>:182 com.android.server.wm.WindowOrganizerController.startTransition:18 com.android.server.wm.WindowOrganizerController.startNewTransition:2 android.window.IWindowOrganizerController$Stub.onTransact:247 com.android.server.wm.WindowOrganizerController.onTransact:1 
03-15 13:56:10.004 12320 12902 V WindowManager: Starting a Recents transition which can be parallel.
03-15 13:56:10.005 12320 12902 D BLASTSyncEngine: SyncGroup is created, id=277, name=Transition-TO_FRONT, caller=com.android.server.wm.BLASTSyncEngine$SyncGroup.<init>:52 com.android.server.wm.TransitionController.moveToCollecting:79 com.android.server.wm.TransitionController.startCollectOrQueue:94 com.android.server.wm.WindowOrganizerController.startTransition:22 com.android.server.wm.WindowOrganizerController.startNewTransition:2 android.window.IWindowOrganizerController$Stub.onTransact:247 com.android.server.wm.WindowOrganizerController.onTransact:1 
03-15 13:56:10.005 12320 12902 W BLASTSyncEngine: setSyncMethod, id=277, method=0, caller=com.android.server.wm.TransitionController.moveToCollecting:91 com.android.server.wm.TransitionController.startCollectOrQueue:94 com.android.server.wm.WindowOrganizerController.startTransition:22 
03-15 13:56:10.006 12320 12902 V WindowManager: Start collecting in Transition: TransitionRecord{e048e5 id=277 type=TO_FRONT flags=0x0}, caller=com.android.server.wm.TransitionController.startCollectOrQueue:94 com.android.server.wm.WindowOrganizerController.startTransition:22 com.android.server.wm.WindowOrganizerController.startNewTransition:2 android.window.IWindowOrganizerController$Stub.onTransact:247 com.android.server.wm.WindowOrganizerController.onTransact:1 
03-15 13:56:10.006 12320 12902 V WindowManager: Starting Transition 277, caller=com.android.server.wm.WindowOrganizerController$$ExternalSyntheticLambda5.onCollectStarted:16 com.android.server.wm.TransitionController.startCollectOrQueue:97 com.android.server.wm.WindowOrganizerController.startTransition:22 
03-15 13:56:10.009 12320 12902 V WindowManager: Transition 277: Set Task{5ede90c #609 type=standard A=10286:com.example.kutuphane} as transient-hidden-task, caller=com.android.server.wm.Task.forAllTasks:4 com.android.server.wm.WindowContainer.forAllTasks:2 com.android.server.wm.DisplayArea.forAllTasks:9 
03-15 13:56:10.009 12320 12902 V WindowManager: Collecting in transition 277: Task{5ede90c #609 type=standard A=10286:com.example.kutuphane}, caller=com.android.server.wm.Transition$$ExternalSyntheticLambda20.test:119 com.android.server.wm.Task.forAllTasks:4 com.android.server.wm.WindowContainer.forAllTasks:2 com.android.server.wm.DisplayArea.forAllTasks:9 com.android.server.wm.Transition.setTransientLaunch:138 
03-15 13:56:10.010 12320 12902 V WindowManager: Collecting in transition 277: TransientLaunchOverlayToken{af55f9c token=android.os.BinderProxy@dc6930f}, caller=com.android.server.wm.TransientLaunchOverlayToken.setVisibility:22 com.android.server.wm.Transition.setTransientLaunch:209 com.android.server.wm.ActivityStartController.startExistingRecents:191 com.android.server.wm.WindowOrganizerController.applyHierarchyOp:309 com.android.server.wm.WindowOrganizerController.applyTransaction:148 
03-15 13:56:10.010 12320 12902 D WindowManager: prepareSync <SYNC_STATE_WAITING_FOR_DRAW>, mPrepareSyncSeqId=0, win=Window{7e3512b u0 RecentsTransitionOverlay}
03-15 13:56:10.010 12320 12353 I ActivityManager: Changes in 10135 5 to 2, 184 to 255
03-15 13:56:10.010 12320 12902 I TransientLaunchOverlayToken: setVisibility, visible=true, t=TransientLaunchOverlayToken{af55f9c token=android.os.BinderProxy@dc6930f}, caller=com.android.server.wm.Transition.setTransientLaunch:209 com.android.server.wm.ActivityStartController.startExistingRecents:191 com.android.server.wm.WindowOrganizerController.applyHierarchyOp:309 
03-15 13:56:10.011 12320 12902 V WindowManager: Transition 277: Set ActivityRecord{70907090 u0 com.sec.android.app.launcher/.activities.LauncherActivity t593} as transient-launch, caller=com.android.server.wm.ActivityStartController.startExistingRecents:191 com.android.server.wm.WindowOrganizerController.applyHierarchyOp:309 com.android.server.wm.WindowOrganizerController.applyTransaction:148 
03-15 13:56:10.013 12320 12902 D ActivityManagerPerformance: AMP_acquire() HOME
03-15 13:56:10.013 12320 12902 V WindowManager: Collecting in transition 277: ActivityRecord{70907090 u0 com.sec.android.app.launcher/.activities.LauncherActivity t593}, caller=com.android.server.wm.TransitionController.collect:7 com.android.server.wm.ActivityRecord.setVisibility:132 com.android.server.wm.TaskFragment.resumeTopActivity:1662 com.android.server.wm.ActivityStartController.startExistingRecents:206 com.android.server.wm.WindowOrganizerController.applyHierarchyOp:309 
03-15 13:56:10.014 12320 12902 D WindowManager: prepareSync <SYNC_STATE_WAITING_FOR_DRAW>, mPrepareSyncSeqId=0, win=Window{3df34fd u0 com.sec.android.app.launcher/com.sec.android.app.launcher.activities.LauncherActivity}
03-15 13:56:10.014 12320 12902 V WindowManager: Setting visibility of Window{7b4c344 u0 com.sec.android.app.launcher/com.sec.android.app.launcher.activities.LauncherActivity}: true, caller=com.android.server.wm.WindowContainer.sendAppVisibilityToClients:19 com.android.server.wm.WindowToken.setClientVisible:48 com.android.server.wm.ActivityRecord.setVisibility:486 com.android.server.wm.TaskFragment.resumeTopActivity:1662 com.android.server.wm.ActivityStartController.startExistingRecents:206 
03-15 13:56:10.015 12320 12902 V WindowManager: Setting visibility of Window{3df34fd u0 com.sec.android.app.launcher/com.sec.android.app.launcher.activities.LauncherActivity}: true, caller=com.android.server.wm.WindowContainer.sendAppVisibilityToClients:19 com.android.server.wm.WindowToken.setClientVisible:48 com.android.server.wm.ActivityRecord.setVisibility:486 com.android.server.wm.TaskFragment.resumeTopActivity:1662 com.android.server.wm.ActivityStartController.startExistingRecents:206 
03-15 13:56:10.017 12320 12902 V WindowManager: rotationForOrientation(orient=SCREEN_ORIENTATION_NOSENSOR (5), last=ROTATION_0 (0)); user=ROTATION_0 (0) USER_ROTATION_LOCKED
03-15 13:56:10.017 12320 12902 D WindowManager: rotationForOrientation, orientationSource=ActivityRecord{70907090 u0 com.sec.android.app.launcher/.activities.LauncherActivity t593}
03-15 13:56:10.018 12320 12902 V WindowManager: Computed rotation=ROTATION_0 (0) for display id=0 based on lastOrientation=SCREEN_ORIENTATION_NOSENSOR (5) and oldRotation=ROTATION_0 (0), caller=com.android.server.wm.DisplayRotation.updateOrientation:79 com.android.server.wm.DisplayContent.updateOrientation:41 com.android.server.wm.DisplayContent.updateOrientationAndComputeConfig:48 com.android.server.wm.RootWindowContainer.ensureVisibilityAndConfig:7 com.android.server.wm.TaskFragment.resumeTopActivity:1724 com.android.server.wm.ActivityStartController.startExistingRecents:206 
03-15 13:56:10.019 12320 12902 D WindowManagerServiceExt: updateTaskbarTargetIfNeeded: reset
03-15 13:56:10.019 12320 12902 D BLASTSyncEngine: SyncGroup 277: Set ready true, caller=com.android.server.wm.BLASTSyncEngine.setReady:32 com.android.server.wm.Transition.applyReady:54 com.android.server.wm.WindowOrganizerController.applyTransaction:175 com.android.server.wm.WindowOrganizerController.applyTransaction:16 com.android.server.wm.WindowOrganizerController$$ExternalSyntheticLambda5.onCollectStarted:27 com.android.server.wm.TransitionController.startCollectOrQueue:97 
03-15 13:56:10.019 12320 12902 D ActivityTaskManager: scheduleTopResumedActivityChanged, onTop=false, r=ActivityRecord{206451061 u0 com.example.kutuphane/.kitapekle t609}, caller=com.android.server.wm.ActivityTaskSupervisor.scheduleTopResumedActivityStateLossIfNeeded:19 com.android.server.wm.ActivityTaskSupervisor.endDeferResume:21 com.android.server.wm.WindowOrganizerController.applyTransaction:186 com.android.server.wm.WindowOrganizerController.applyTransaction:16 com.android.server.wm.WindowOrganizerController$$ExternalSyntheticLambda5.onCollectStarted:27 com.android.server.wm.TransitionController.startCollectOrQueue:97 
03-15 13:56:10.020 12320 12902 D FreeformController: beginPostLayoutPolicyLw: forceHideRequester changed, old=null, new=Window{7e3512b u0 RecentsTransitionOverlay}
03-15 13:56:10.020 12320 12902 D FreeformController: setBlockToAddForceHideFreeformTasks: blockToAddForceHide=true, Caller=com.android.server.wm.DisplayPolicy.finishPostLayoutPolicyLw:127
03-15 13:56:10.021 12320 12902 D BLASTSyncEngine: SyncGroup 277:  Unfinished container: ActivityRecord{70907090 u0 com.sec.android.app.launcher/.activities.LauncherActivity t593} mSyncState=2
03-15 13:56:10.022 12757 12829 V ShellRecents: [178452554] RecentsController.setTransition: id=android.os.BinderProxy@22989b5
03-15 13:56:10.023 12757 12829 V ShellDragAndDrop: Do not update drop target window visibility: window is already set to 4.
03-15 13:56:10.023 12757 12829 D WindowManagerShell: onKeepClearAreasChanged: restricted={}, unrestricted={}
03-15 13:56:10.026 12320 14299 D WindowManager: makeSurface duration=1 name=com.sec.android.app.launcher/com.sec.android.app.launcher.activities.LauncherActivity$_25675
03-15 13:56:10.027 12320 14299 D BLASTSyncEngine: SyncGroup 277:  Unfinished container: ActivityRecord{70907090 u0 com.sec.android.app.launcher/.activities.LauncherActivity t593} mSyncState=2
03-15 13:56:10.029 12320 14334 D ActivityTaskManager: scheduleTopResumedActivityChanged, onTop=true, r=ActivityRecord{70907090 u0 com.sec.android.app.launcher/.activities.LauncherActivity t593}, caller=com.android.server.wm.ActivityTaskSupervisor.scheduleTopResumedActivityStateIfNeeded:18 com.android.server.wm.ActivityTaskSupervisor.handleTopResumedStateReleased:44 com.android.server.wm.ActivityClientController.activityTopResumedStateLost:14 android.app.IActivityClientController$Stub.onTransact:716 com.android.server.wm.ActivityClientController.onTransact:1 android.os.Binder.execTransactInternal:1457 
03-15 13:56:10.029 14190 14249 I SDHMS:k : handleResumeComponent : put = com.sec.android.app.launcher, userid = 0 instanceid =94372243
03-15 13:56:10.029 12320 12353 D SGM:FgCheckThread: noteResumeComponent(), received pkgName: com.sec.android.app.launcher, userId: 0
03-15 13:56:10.030 12320 12619 I CocktailBarManagerServiceContainer: handleMessage: entry what = 5
03-15 13:56:10.032 12320 12351 D WindowManager: requestTransientBars: swipeTarget=Window{3c1eb49 u0 NavigationBarView}, controlTarget=PermanentControlTarget, canShowTransient=false, restorePositionTypes=0x3, from=com.android.server.wm.DisplayPolicy$1.onSwipeFromBottom:21 com.android.server.wm.SystemGesturesPointerEventListener.onPointerEvent:545 
03-15 13:56:10.033 12320 12629 D BackgroundInstallControlService: Package event received: 0
03-15 13:56:10.033 14190 14190 I SDHMS:LOAD: type: LoadsFreqs, value: 0:0:0:0:0:0:0:0:0:0:0:0
03-15 13:56:10.034 12320 12629 D BackgroundInstallControlService: Package event received: 0
03-15 13:56:10.035 12320 12629 D BackgroundInstallControlService: Package event received: 0
03-15 13:56:10.036 12320 12629 D BackgroundInstallControlService: Package event received: 0
03-15 13:56:10.036 12320 12351 D SGM:GameManager: identifyForegroundApp. com.example.kutuphane, mCurrentUserId: 0, callerUserId: 0
03-15 13:56:10.036 12320 12351 D SGM:SemGameManager: isForegroundGame(), ret=false
03-15 13:56:10.039 12320 12353 D SGM:GameManager: identifyGamePackage. com.sec.android.app.launcher, mCurrentUserId: 0, callingMethodInfo: com.samsung.android.game.SemGameManager.isGamePackage(SemGameManager.java:106)
03-15 13:56:10.039 12320 12353 D SGM:SemGameManager: isGamePackage(), pkgName=com.sec.android.app.launcher, ret=false
03-15 13:56:10.040 12320 14334 D WindowManager: makeSurface duration=1 name=com.sec.android.app.launcher/com.sec.android.app.launcher.activities.LauncherActivity$_13277
03-15 13:56:10.042 12320 12353 D PowerManagerService: [api] setScreenDimDurationOverrideFromWindowManagerInternal: timeoutMillis: 40000
03-15 13:56:10.043 12320 14334 D BLASTSyncEngine: SyncGroup 277:  Unfinished container: ActivityRecord{70907090 u0 com.sec.android.app.launcher/.activities.LauncherActivity t593} mSyncState=2
03-15 13:56:10.045 12320 12629 D BackgroundInstallControlService: Package event received: 0
03-15 13:56:10.046 12320 12351 D SGM:GameManager: identifyForegroundApp. com.example.kutuphane, mCurrentUserId: 0, callerUserId: 0
03-15 13:56:10.046 12320 12351 D SGM:SemGameManager: isForegroundGame(), ret=false
03-15 13:56:10.047 12320 12353 D WindowManager: mRunner#onAnimationStart for remote wallpaper=[android.view.RemoteAnimationTarget@4d18e61], transaction=startRemoteWallpaperAnimation_190554076
03-15 13:56:10.049 12320 13084 D WindowManager: finishDrawingWindow: Window{7b4c344 u0 com.sec.android.app.launcher/com.sec.android.app.launcher.activities.LauncherActivity} mDrawState=DRAW_PENDING seqId=0
03-15 13:56:10.052 12320 12354 V WindowManager: Collecting in transition 277: WallpaperWindowToken{384c472 showWhenLocked=false}_<system>, caller=com.android.server.wm.TransitionController.collect:7 com.android.server.wm.WallpaperWindowToken.setVisibility:55 com.android.server.wm.WallpaperController.adjustWallpaperWindows:857 com.android.server.wm.RootWindowContainer.applySurfaceChangesTransaction$1:141 com.android.server.wm.RootWindowContainer.performSurfacePlacementNoTrace:59 
