03-15 13:57:01.634 12320 12902 D ActivityManager: Received SERVICE intent 0x14b3015 Key{startService pkg=com.google.android.gms/fused_location_provider intent=act=com.google.android.gms.location.util.nlp.RESULT cat=[targeted_intent_op_prefix:.location.util.nlp.NlpInternalApi$NlpReceiverIntentOperation] xflg=0x4 cmp=com.google.android.gms/.chimera.PersistentIntentOperationService flags=0x2000000 u=0} requestCode=0 from uid 10218
03-15 13:57:01.636 12320 13084 W AppOps  : Noting op not finished: uid 10218 pkg com.google.android.gms code 79 startTime of in progress event=1773572210737
03-15 13:57:01.643 12320 13084 D ActivityManager: Received BROADCAST intent 0x7bc86ba Key{broadcastIntent pkg=com.google.android.gms/com.google.android.gms.personalsafety intent=act=com.google.android.gms.personalsafety.scanners.ACTION_ACTIVITY_DETECTED xflg=0x4 pkg=com.google.android.gms flags=0x2000000 u=0} requestCode=0 sent=0 from uid 10218
03-15 13:57:01.645 12320 12947 W AppOps  : Noting op not finished: uid 10218 pkg com.google.android.gms code 113 startTime of in progress event=1773572210738
03-15 13:57:01.661 12320 12902 D ActivityManager: Received SERVICE intent 0x77f5982 Key{startService pkg=com.google.android.gms/current_semantic_location intent=act=com.google.android.gms.semanticlocation.ACTION_ACTIVITY xflg=0x4 cmp=com.google.android.gms/.semanticlocation.service.SemanticLocationService flags=0x2000000 u=0} requestCode=0 from uid 10218
03-15 13:57:01.667 12320 12947 D ActivityManager: Received SERVICE intent 0xb0ae893 Key{startService pkg=com.google.android.gms/fused_location_provider intent=act=com.google.android.gms.location.util.nlp.RESULT cat=[targeted_intent_op_prefix:.location.util.nlp.NlpInternalApi$NlpReceiverIntentOperation] xflg=0x4 cmp=com.google.android.gms/.chimera.PersistentIntentOperationService flags=0x2000000 u=0} requestCode=2 from uid 10218
03-15 13:57:01.673 12320 12902 D ActivityManager: Received SERVICE intent 0xf7d98fb Key{startService pkg=com.google.android.gms/fused_location_provider intent=act=com.google.android.location.internal.action.FLP_AR_RESULT xflg=0x4 pkg=com.google.android.gms cmp=com.google.android.gms/com.google.android.location.internal.PendingIntentCallbackService flags=0x2000000 u=0} requestCode=0 from uid 10218
03-15 13:57:01.680 12320 12947 D ActivityManager: Received SERVICE intent 0xcc593ff Key{startService pkg=com.google.android.gms/com.google.android.gms.location_base intent=act=com.google.android.location.internal.action.AR_TRANSITION_RESULT xflg=0x4 pkg=com.google.android.gms cmp=com.google.android.gms/com.google.android.location.internal.PendingIntentCallbackService flags=0x2000000 u=0} requestCode=0 from uid 10218
03-15 13:57:01.683 12320 12947 D ActivityManager: Received SERVICE intent 0x14b3015 Key{startService pkg=com.google.android.gms/fused_location_provider intent=act=com.google.android.gms.location.util.nlp.RESULT cat=[targeted_intent_op_prefix:.location.util.nlp.NlpInternalApi$NlpReceiverIntentOperation] xflg=0x4 cmp=com.google.android.gms/.chimera.PersistentIntentOperationService flags=0x2000000 u=0} requestCode=0 from uid 10218
03-15 13:57:01.689 12320 12947 D ActivityManager: Received BROADCAST intent 0x7bc86ba Key{broadcastIntent pkg=com.google.android.gms/com.google.android.gms.personalsafety intent=act=com.google.android.gms.personalsafety.scanners.ACTION_ACTIVITY_DETECTED xflg=0x4 pkg=com.google.android.gms flags=0x2000000 u=0} requestCode=0 sent=0 from uid 10218
03-15 13:57:01.693 12320 12947 D ActivityManager: Received SERVICE intent 0x77f5982 Key{startService pkg=com.google.android.gms/current_semantic_location intent=act=com.google.android.gms.semanticlocation.ACTION_ACTIVITY xflg=0x4 cmp=com.google.android.gms/.semanticlocation.service.SemanticLocationService flags=0x2000000 u=0} requestCode=0 from uid 10218
03-15 13:57:01.700 12320 12347 D ActivityManager: Received SERVICE intent 0xb0ae893 Key{startService pkg=com.google.android.gms/fused_location_provider intent=act=com.google.android.gms.location.util.nlp.RESULT cat=[targeted_intent_op_prefix:.location.util.nlp.NlpInternalApi$NlpReceiverIntentOperation] xflg=0x4 cmp=com.google.android.gms/.chimera.PersistentIntentOperationService flags=0x2000000 u=0} requestCode=2 from uid 10218
03-15 13:57:01.703 12320 12347 D ActivityManager: Received SERVICE intent 0xf7d98fb Key{startService pkg=com.google.android.gms/fused_location_provider intent=act=com.google.android.location.internal.action.FLP_AR_RESULT xflg=0x4 pkg=com.google.android.gms cmp=com.google.android.gms/com.google.android.location.internal.PendingIntentCallbackService flags=0x2000000 u=0} requestCode=0 from uid 10218
03-15 13:57:01.973 12320 12354 I WindowManager: Reparenting to original parent: Surface(name=WindowToken{9ecc6ba type=2005 android.os.Binder@9b8cbe5})/@0x3e11ce0, destroy=true, surface=Surface(name=62f4161 Toast)/@0x7a9aae3
03-15 13:57:02.037 12320 12410 D PowerManagerService: UserActivityStateListenerState: 0
03-15 13:57:02.084 12320 12354 I WindowManager: Reparenting to original parent: Surface(name=WindowToken{56d2b36 type=2005 android.os.Binder@53a44d1})/@0x76fe272, destroy=true, surface=Surface(name=434cde6 Toast)/@0xdca37d
03-15 13:57:02.140   582   582 D io_stats: !@   8,32 r 7528905 164002112 w 5336105 69987116 d 589829 219009816 f 469931 522553 iot 2418856 0 th 0 0 0 pt 0 inp 0 0 117306.570
03-15 13:57:02.142   582   582 D io_stats: !@ Write_top(KB): kworker/u32:8:/(21375) 196 kworker/5:1:/(22203) 68 f2fs_ckpt-254:6:/(3359) 64
03-15 13:57:02.216 12320 13084 I ActivityManager: Changes in 90001 17 to 17, 128 to 0
03-15 13:57:02.216 12320 13084 I ActivityManager: Changes in 90000 11 to 17, 128 to 0
03-15 13:57:02.217 12320 13084 I ActivityManager: Changes in 10304 11 to 16, 128 to 0
03-15 13:57:02.225 12320 12364 I ActivityManager: Changes in 90001 17 to 17, 0 to 128
03-15 13:57:02.225 12320 12364 I ActivityManager: Changes in 90000 17 to 11, 0 to 128
03-15 13:57:02.225 12320 12364 I ActivityManager: Changes in 10304 16 to 11, 0 to 128
03-15 13:57:02.625 12320 12347 W AppOps  : Noting op not finished: uid 10218 pkg com.google.android.gms code 79 startTime of in progress event=1773572210737
03-15 13:57:02.625 12320 12347 W AppOps  : Noting op not finished: uid 10218 pkg com.google.android.gms code 113 startTime of in progress event=1773572210738
03-15 13:57:02.626 12320 12347 W AppOps  : Noting op not finished: uid 10218 pkg com.google.android.gms code 113 startTime of in progress event=1773572210738
03-15 13:57:02.626 12320 12347 W AppOps  : Noting op not finished: uid 10218 pkg com.google.android.gms code 113 startTime of in progress event=1773572210738
03-15 13:57:03.136 12320 12353 W WindowManager: Unable to start animation, surface is null or no children.
03-15 13:57:03.233 12320 13084 I ActivityManager: Changes in 90001 17 to 17, 128 to 0
03-15 13:57:03.233 12320 13084 I ActivityManager: Changes in 90000 11 to 17, 128 to 0
03-15 13:57:03.234 12320 13084 I ActivityManager: Changes in 10304 11 to 16, 128 to 0
03-15 13:57:03.244 12320 12364 I ActivityManager: Changes in 90001 17 to 17, 0 to 128
03-15 13:57:03.244 12320 12364 I ActivityManager: Changes in 90000 17 to 11, 0 to 128
03-15 13:57:03.245 12320 12364 I ActivityManager: Changes in 10304 16 to 11, 0 to 128
03-15 13:57:03.608 12320 13885 D FreecessHandler: freeze com.instagram.android(10304) result : 33
03-15 13:57:04.047 12320 12347 V WindowManager: Remove Window{434cde6 u0 Toast}: mSurfaceControl=Surface(name=Toast$_12757)/@0xd96379c mAnimatingExit=false mRemoveOnExit=false mHasSurface=true surfaceShowing=true animating=false app-animation=false callers=com.android.server.wm.Session.remove:16 android.view.IWindowSession$Stub.onTransact:804 com.android.server.wm.Session.onTransact:1 android.os.Binder.execTransactInternal:1457 android.os.Binder.execTransact:1401 <bottom of call stack> 
03-15 13:57:04.048 12320 12347 I WindowManager: Reparenting to leash, surface=Surface(name=434cde6 Toast)/@0xdca37d, leashParent=Surface(name=WindowToken{56d2b36 type=2005 android.os.Binder@53a44d1})/@0x76fe272
03-15 13:57:04.050 12320 12347 D WindowManager: makeSurface duration=2 leash=Surface(name=Surface(name=434cde6 Toast)/@0xdca37d - animation-leash of window_animation)/@0xc8f65a5
03-15 13:57:04.055 12320 12347 W NotificationService: Toast already killed. pkg=com.example.kutuphane token=android.os.BinderProxy@ca4bd7a
03-15 13:57:04.143   582   582 D io_stats: !@   8,32 r 7528905 164002112 w 5336105 69987116 d 591160 219041476 f 469931 522553 iot 2419000 0 th 0 0 0 pt 0 inp 0 0 117308.573
03-15 13:57:04.253 12320 12947 I ActivityManager: Changes in 90001 17 to 17, 128 to 0
03-15 13:57:04.254 12320 12947 I ActivityManager: Changes in 90000 11 to 17, 128 to 0
03-15 13:57:04.255 12320 12947 I ActivityManager: Changes in 10304 11 to 16, 128 to 0
03-15 13:57:04.261 12320 12364 I ActivityManager: Changes in 90001 17 to 17, 0 to 128
03-15 13:57:04.261 12320 12364 I ActivityManager: Changes in 90000 17 to 11, 0 to 128
03-15 13:57:04.261 12320 12364 I ActivityManager: Changes in 10304 16 to 11, 0 to 128
03-15 13:57:04.570 12320 12354 I WindowManager: Reparenting to original parent: Surface(name=WindowToken{56d2b36 type=2005 android.os.Binder@53a44d1})/@0x76fe272, destroy=true, surface=Surface(name=434cde6 Toast)/@0xdca37d
03-15 13:57:04.585 12320 12354 D PowerManagerService: [api] release WakeLock SCREEN_BRIGHT_WAKE_LOCK           'WindowManager/displayId:0' ON_AFTER_RELEASE ACQ=-5s413ms (uid=1000 pid=12320 ws=WorkSource{10060 com.android.systemui} displayId=0 lock=3c2d0f3)
03-15 13:57:04.586 12320 12354 D EdgeLightingManager: hideForWakeLock is no more used
03-15 13:57:04.587 12320 12354 D PowerManagerService: [api] applyWakeLockFlagsOnReleaseLocked : userActivityNoUpdateLocked is called : SCREEN_BRIGHT_WAKE_LOCK           'WindowManager/displayId:0' ON_AFTER_RELEASE DISABLED (uid=1000 pid=12320 ws=WorkSource{10060 com.android.systemui} displayId=0 lock=3c2d0f3)
03-15 13:57:05.271 12320 12902 I ActivityManager: Changes in 90001 17 to 17, 128 to 0
03-15 13:57:05.271 12320 12902 I ActivityManager: Changes in 90000 11 to 17, 128 to 0
03-15 13:57:05.272 12320 12902 I ActivityManager: Changes in 10304 11 to 16, 128 to 0
03-15 13:57:05.280 12320 12364 I ActivityManager: Changes in 90001 17 to 17, 0 to 128
03-15 13:57:05.281 12320 12364 I ActivityManager: Changes in 90000 17 to 11, 0 to 128
03-15 13:57:05.281 12320 12364 I ActivityManager: Changes in 10304 16 to 11, 0 to 128
03-15 13:57:05.492 12320 12353 W WindowManager: Unable to start animation, surface is null or no children.
03-15 13:57:06.109 12320 13885 D FreecessHandler: freeze com.example.kutuphane(10286) result : 12
03-15 13:57:06.145   582   582 D io_stats: !@   8,32 r 7528905 164002112 w 5336110 69987180 d 591160 219041476 f 469931 522554 iot 2419004 0 th 0 0 0 pt 0 inp 0 0 117310.574
03-15 13:57:06.146   582   582 D io_stats: !@ Write_top(KB): kworker/u32:3:/(13429) 48 system_server:high(12320) 16
03-15 13:57:06.292 12320 12902 I ActivityManager: Changes in 90001 17 to 17, 128 to 0
03-15 13:57:06.294 12320 12902 I ActivityManager: Changes in 90000 11 to 17, 128 to 0
03-15 13:57:06.295 12320 12902 I ActivityManager: Changes in 10304 11 to 16, 128 to 0
03-15 13:57:06.303 12320 12364 I ActivityManager: Changes in 90001 17 to 17, 0 to 128
03-15 13:57:06.304 12320 12364 I ActivityManager: Changes in 90000 17 to 11, 0 to 128
03-15 13:57:06.304 12320 12364 I ActivityManager: Changes in 10304 16 to 11, 0 to 128
03-15 13:57:06.636 12320 12356 E Watchdog: !@Sync: 238 heap(MB): 141 / 146 FD: 1174 [2026-03-15 13:57:06.636]
03-15 13:57:06.695 12320 12485 D PowerManagerService: [api] userActivityFromNative : touch displayId=0 eventTime=117311120
03-15 13:57:06.696 12320 12485 D PowerManagerService: UserActivityStateListenerState: 1
03-15 13:57:06.768 12320 12347 W ContextImpl: Calling a method in the system process without a qualified user: android.app.ContextImpl.sendBroadcast:1335 com.android.server.notification.NotificationManagerService$17.enqueueToastForDex:62 com.android.server.notification.NotificationManagerService$17.enqueueTextToastForDex:17 android.app.INotificationManager$Stub.onTransact:4630 android.os.Binder.execTransactInternal:1457 
03-15 13:57:06.770 12320 12347 D WindowManager: Transition is created, t=TransitionRecord{de0215 id=-1 type=CLOSE flags=0x0}, caller=com.android.server.wm.Transition.<init>:182 com.android.server.wm.TransitionController.createTransition:17 com.android.server.wm.TransitionController.requestCloseTransitionIfNeeded:73 com.android.server.wm.ActivityRecord.finishIfPossible:38 com.android.server.wm.ActivityClientController.finishActivity:268 
03-15 13:57:06.771 12320 12347 D BLASTSyncEngine: SyncGroup is created, id=294, name=Transition-CLOSE, caller=com.android.server.wm.BLASTSyncEngine$SyncGroup.<init>:52 com.android.server.wm.TransitionController.moveToCollecting:79 com.android.server.wm.TransitionController.createTransition:46 com.android.server.wm.TransitionController.requestCloseTransitionIfNeeded:73 com.android.server.wm.ActivityRecord.finishIfPossible:38 com.android.server.wm.ActivityClientController.finishActivity:268 android.app.IActivityClientController$Stub.onTransact:840 
03-15 13:57:06.771 12320 12347 W BLASTSyncEngine: setSyncMethod, id=294, method=0, caller=com.android.server.wm.TransitionController.moveToCollecting:91 com.android.server.wm.TransitionController.createTransition:46 com.android.server.wm.TransitionController.requestCloseTransitionIfNeeded:73 
03-15 13:57:06.771 12320 12347 V WindowManager: Start collecting in Transition: TransitionRecord{de0215 id=294 type=CLOSE flags=0x0}, caller=com.android.server.wm.TransitionController.createTransition:46 com.android.server.wm.TransitionController.requestCloseTransitionIfNeeded:73 com.android.server.wm.ActivityRecord.finishIfPossible:38 com.android.server.wm.ActivityClientController.finishActivity:268 android.app.IActivityClientController$Stub.onTransact:840 
03-15 13:57:06.771 12320 12347 V WindowManager: Requesting StartTransition: TransitionRecord{de0215 id=294 type=CLOSE flags=0x0}, caller=com.android.server.wm.TransitionController.requestCloseTransitionIfNeeded:81 com.android.server.wm.ActivityRecord.finishIfPossible:38 com.android.server.wm.ActivityClientController.finishActivity:268 android.app.IActivityClientController$Stub.onTransact:840 com.android.server.wm.ActivityClientController.onTransact:1 
03-15 13:57:06.771 12320 12347 V WindowManager: Collecting in transition 294: ActivityRecord{206451061 u0 com.example.kutuphane/.kitapekle t609 f}}, caller=com.android.server.wm.Transition.collectExistenceChange:40 com.android.server.wm.Transition.collectClose:7 com.android.server.wm.ActivityRecord.finishIfPossible:50 com.android.server.wm.ActivityClientController.finishActivity:268 android.app.IActivityClientController$Stub.onTransact:840 
03-15 13:57:06.771 12320 12347 D WindowManager: prepareSync <SYNC_STATE_WAITING_FOR_DRAW>, mPrepareSyncSeqId=0, win=Window{b7b0b62 u0 com.example.kutuphane/com.example.kutuphane.kitapekle}
03-15 13:57:06.772 12757 12829 V WindowManagerShell: Transition requested (#294): android.os.BinderProxy@6b0f1e8 TransitionRequestInfo { type = CLOSE, triggerTask = null, pipChange = null, remoteTransition = null, displayChange = null, flags = 0, debugId = 294 }
03-15 13:57:06.772 12320 12347 V WindowManager: Collecting in transition 294: ActivityRecord{206451061 u0 com.example.kutuphane/.kitapekle t609 f}}, caller=com.android.server.wm.TransitionController.collect:7 com.android.server.wm.ActivityRecord.setVisibility:132 com.android.server.wm.ActivityRecord.finishIfPossible:87 com.android.server.wm.ActivityClientController.finishActivity:268 android.app.IActivityClientController$Stub.onTransact:840 
03-15 13:57:06.772 12757 12829 V ShellDesktopMode: DesktopTasksController: skipping handleRequest reason=transition type not handled (2)
03-15 13:57:06.772 12320 12347 D ActivityTaskManager: scheduleTopResumedActivityChanged, onTop=false, r=ActivityRecord{206451061 u0 com.example.kutuphane/.kitapekle t609 f}}, caller=com.android.server.wm.ActivityTaskSupervisor.scheduleTopResumedActivityStateLossIfNeeded:19 com.android.server.wm.ActivityTaskSupervisor.updateTopResumedActivityIfNeeded:20 com.android.server.wm.TaskFragment.setResumedActivity:30 com.android.server.wm.ActivityRecord.setState:91 com.android.server.wm.TaskFragment.startPausing$1:209 com.android.server.wm.ActivityRecord.finishIfPossible:94 
03-15 13:57:06.775 12320 12902 V WindowManager: Starting Transition 294, caller=com.android.server.wm.WindowOrganizerController.startTransition:47 com.android.server.wm.WindowOrganizerController.startTransition:1 android.window.IWindowOrganizerController$Stub.onTransact:259 
03-15 13:57:06.780 12320 12947 D MARsPolicyManager: cancelDisablePolicy com.example.kutuphane(0) false|32|disablepolicy(8)
03-15 13:57:06.780 12320 12947 D ActivityManagerPerformance: AMP_acquire() ACT_RESUME
03-15 13:57:06.780 12320 12353 D SGM:FgCheckThread: notePauseComponent(), received pkgName: com.example.kutuphane, userId: 0
03-15 13:57:06.781 12320 12619 I CocktailBarManagerServiceContainer: handleMessage: entry what = 6
03-15 13:57:06.782 12320 12947 V WindowManager: Collecting in transition 294: ActivityRecord{79832981 u0 com.example.kutuphane/.kitapIslemleri t609}, caller=com.android.server.wm.TransitionController.collect:7 com.android.server.wm.ActivityRecord.setVisibility:132 com.android.server.wm.TaskFragment.resumeTopActivity:1662 com.android.server.wm.Task.resumeTopActivityInnerLocked:138 com.android.server.wm.Task.resumeTopActivityUncheckedLocked:23 
03-15 13:57:06.782 12320 12947 D WindowManager: prepareSync <SYNC_STATE_WAITING_FOR_DRAW>, mPrepareSyncSeqId=0, win=Window{140b44d u0 com.example.kutuphane/com.example.kutuphane.kitapIslemleri}
03-15 13:57:06.782 12320 12947 V WindowManager: Setting visibility of Window{140b44d u0 com.example.kutuphane/com.example.kutuphane.kitapIslemleri}: true, caller=com.android.server.wm.WindowContainer.sendAppVisibilityToClients:19 com.android.server.wm.WindowToken.setClientVisible:48 com.android.server.wm.ActivityRecord.setVisibility:486 com.android.server.wm.TaskFragment.resumeTopActivity:1662 com.android.server.wm.Task.resumeTopActivityInnerLocked:138 
03-15 13:57:06.783 12320 12629 D BackgroundInstallControlService: Package event received: 0
03-15 13:57:06.784 12320 12947 D WindowManager: Changing focus from Window{b7b0b62 u0 com.example.kutuphane/com.example.kutuphane.kitapekle} to null displayId=0 Callers=com.android.server.wm.ActivityTaskManagerService.setLastResumedActivityUncheckLocked:264 com.android.server.wm.ActivityTaskSupervisor.updateTopResumedActivityIfNeeded:51 com.android.server.wm.TaskFragment.setResumedActivity:30 com.android.server.wm.ActivityRecord.setState:100 
03-15 13:57:06.784 12320 12947 V SystemKeyManager: updateFocusedWindow() is called, 
03-15 13:57:06.784 12320 12947 D ActivityTaskManager: scheduleTopResumedActivityChanged, onTop=true, r=ActivityRecord{79832981 u0 com.example.kutuphane/.kitapIslemleri t609}, caller=com.android.server.wm.ActivityTaskSupervisor.scheduleTopResumedActivityStateIfNeeded:18 com.android.server.wm.ActivityTaskSupervisor.updateTopResumedActivityIfNeeded:54 com.android.server.wm.TaskFragment.setResumedActivity:30 com.android.server.wm.ActivityRecord.setState:100 com.android.server.wm.TaskFragment.resumeTopActivity:1705 com.android.server.wm.Task.resumeTopActivityInnerLocked:138 
03-15 13:57:06.785 12320 12947 V WindowManager: rotationForOrientation(orient=SCREEN_ORIENTATION_UNSPECIFIED (-1), last=ROTATION_0 (0)); user=ROTATION_0 (0) USER_ROTATION_LOCKED
03-15 13:57:06.785 12320 12947 D WindowManager: rotationForOrientation, orientationSource=ActivityRecord{79832981 u0 com.example.kutuphane/.kitapIslemleri t609}
03-15 13:57:06.785 12320 12947 V WindowManager: Computed rotation=ROTATION_0 (0) for display id=0 based on lastOrientation=SCREEN_ORIENTATION_UNSPECIFIED (-1) and oldRotation=ROTATION_0 (0), caller=com.android.server.wm.DisplayRotation.updateOrientation:79 com.android.server.wm.DisplayContent.updateOrientation:41 com.android.server.wm.DisplayContent.updateOrientationAndComputeConfig:48 com.android.server.wm.RootWindowContainer.ensureVisibilityAndConfig:7 com.android.server.wm.TaskFragment.resumeTopActivity:1724 com.android.server.wm.Task.resumeTopActivityInnerLocked:138 
03-15 13:57:06.786 12320 12947 D BLASTSyncEngine: SyncGroup 294: Set ready true, caller=com.android.server.wm.BLASTSyncEngine.setReady:32 com.android.server.wm.Transition.applyReady:54 com.android.server.wm.Transition.setReady:72 com.android.server.wm.TransitionController.setReady:6 com.android.server.wm.DisplayContent.executeAppTransition:4 com.android.server.wm.ActivityRecord.completeResumeLocked:115 
03-15 13:57:06.786 12320 12947 D WindowManagerServiceExt: updateTaskbarTargetIfNeeded: cn=ComponentInfo{com.example.kutuphane/com.example.kutuphane.kitapIslemleri} occludesParent=true isInSplitScreenMode=false
03-15 13:57:06.788 12320 12947 D BLASTSyncEngine: SyncGroup 294:  Unfinished container: ActivityRecord{79832981 u0 com.example.kutuphane/.kitapIslemleri t609} mSyncState=2
03-15 13:57:06.791 12320 12353 D SGM:FgCheckThread: noteResumeComponent(), received pkgName: com.example.kutuphane, userId: 0
03-15 13:57:06.791 12320 12902 D RestrictionPolicy: isScreenCaptureEnabled : ret=true userId=0
03-15 13:57:06.791 12320 12510 D SGM:FgCheckThread: onLooperPrepared(), msg: MSG_APP_RESUME, pkgName: com.example.kutuphane, userid: 0
03-15 13:57:06.791 12320 12510 D SGM:FgCheckThread: handleResume().
03-15 13:57:06.791 12320 12510 D SGM:FgCheckThread: sendFocusOutConditionally() - mPrevNotiPkg: (unknown), userId: 0
03-15 13:57:06.791 12320 12510 D SGM:FgCheckThread:   handleResume(). pkgName: com.example.kutuphane, userId: 0, category: non-game
03-15 13:57:06.791 12320 12510 D SGM:FgCheckThread: notifyFocusInOut(). of pkg: com.example.kutuphane, type: 4, isSecGameFamily: false, userId: 0
03-15 13:57:06.791 12320 12510 D SGM:FgCheckThread:   notifyFocusInOut(). unexpected mPrevNotiType: -1
03-15 13:57:06.792 12320 12510 D SGM:SystemHelper: callReleaseBlock needReleaseBlock:false
03-15 13:57:06.792 12320 12619 I CocktailBarManagerServiceContainer: handleMessage: entry what = 5
03-15 13:57:06.792 14190 18305 I SDHMS:k : handleResumeComponent : put = com.example.kutuphane, userid = 0 instanceid =16281770
03-15 13:57:06.794 12320 12629 D BackgroundInstallControlService: Package event received: 0
03-15 13:57:06.797 12320 12629 D BackgroundInstallControlService: Package event received: 0
03-15 13:57:06.799 12320 12902 D WindowManager: makeSurface duration=1 name=Toast$_12757
03-15 13:57:06.801 12320 12902 D BLASTSyncEngine: SyncGroup 294:  Unfinished container: ActivityRecord{79832981 u0 com.example.kutuphane/.kitapIslemleri t609} mSyncState=2
03-15 13:57:06.802 12320 12347 D WindowManager: makeSurface duration=0 name=com.example.kutuphane/com.example.kutuphane.kitapIslemleri$_23334
03-15 13:57:06.803 12320 12347 D BLASTSyncEngine: SyncGroup 294:  Unfinished container: ActivityRecord{79832981 u0 com.example.kutuphane/.kitapIslemleri t609} mSyncState=2
03-15 13:57:06.804 12320 12347 D WindowManager: Changing focus from null to Window{140b44d u0 com.example.kutuphane/com.example.kutuphane.kitapIslemleri} displayId=0 Callers=com.android.server.wm.WindowManagerService.relayoutWindow:1350 com.android.server.wm.Session.relayout:27 android.view.IWindowSession$Stub.onTransact:829 com.android.server.wm.Session.onTransact:1 
03-15 13:57:06.804 12320 12347 I WindowManager: Cancelling animation restarting=true, leash=Surface(name=Surface(name=2aa07a4 StatusBar)/@0x2227e1b - animation-leash of insets_animation)/@0x6b8aa68
03-15 13:57:06.804 12320 12347 I WindowManager: Reparenting to original parent: Surface(name=WindowToken{df48736 type=2000 android.os.BinderProxy@5f2a3f8})/@0xefe1bb8, destroy=false, surface=Surface(name=2aa07a4 StatusBar)/@0x2227e1b
03-15 13:57:06.804 12320 12347 I WindowManager: Reparenting to leash, surface=Surface(name=2aa07a4 StatusBar)/@0x2227e1b, leashParent=Surface(name=WindowToken{df48736 type=2000 android.os.BinderProxy@5f2a3f8})/@0xefe1bb8
03-15 13:57:06.804 12320 12347 D WindowManager: makeSurface duration=0 leash=Surface(name=Surface(name=2aa07a4 StatusBar)/@0x2227e1b - animation-leash of insets_animation)/@0x3093c64
03-15 13:57:06.805 12320 12347 D InsetsSourceProvider: updateControlForTarget: control=InsetsSourceControl: {5cf20000 mType=statusBars initiallyVisible mSurfacePosition=Point(0, 0) mInsetsHint=Insets{left=0, top=80, right=0, bottom=0}}, target=Window{140b44d u0 com.example.kutuphane/com.example.kutuphane.kitapIslemleri}, from=com.android.server.wm.InsetsStateController.onControlTargetChanged:83 com.android.server.wm.InsetsPolicy.updateBarControlTarget:212 com.android.server.wm.DisplayPolicy.updateSystemBarAttributes:262 com.android.server.wm.WindowManagerService.updateFocusedWindowLocked:372 com.android.server.wm.WindowManagerService.relayoutWindow:1350 
03-15 13:57:06.805 12320 12347 I WindowManager: Cancelling animation restarting=true, leash=Surface(name=Surface(name=3c1eb49 NavigationBar0)/@0x13224f6 - animation-leash of insets_animation)/@0x1a0f85f
03-15 13:57:06.805 12320 12347 I WindowManager: Reparenting to original parent: Surface(name=WindowToken{b67d50 type=2019 android.os.BinderProxy@b916202})/@0x5e0e0f7, destroy=false, surface=Surface(name=3c1eb49 NavigationBar0)/@0x13224f6
03-15 13:57:06.805 12320 12347 I WindowManager: Reparenting to leash, surface=Surface(name=3c1eb49 NavigationBar0)/@0x13224f6, leashParent=Surface(name=WindowToken{b67d50 type=2019 android.os.BinderProxy@b916202})/@0x5e0e0f7
03-15 13:57:06.805 12320 12347 D WindowManager: makeSurface duration=1 leash=Surface(name=Surface(name=3c1eb49 NavigationBar0)/@0x13224f6 - animation-leash of insets_animation)/@0x420382
03-15 13:57:06.805 12320 12347 D InsetsSourceProvider: updateControlForTarget: control=InsetsSourceControl: {c4460001 mType=navigationBars initiallyVisible mSurfacePosition=Point(0, 2214) mInsetsHint=Insets{left=0, top=0, right=0, bottom=39}}, target=Window{140b44d u0 com.example.kutuphane/com.example.kutuphane.kitapIslemleri}, from=com.android.server.wm.InsetsStateController.onControlTargetChanged:83 com.android.server.wm.InsetsPolicy.updateBarControlTarget:225 com.android.server.wm.DisplayPolicy.updateSystemBarAttributes:262 com.android.server.wm.WindowManagerService.updateFocusedWindowLocked:372 com.android.server.wm.WindowManagerService.relayoutWindow:1350 
03-15 13:57:06.806 12320 12347 V SystemKeyManager: updateFocusedWindow() is called, com.example.kutuphane/com.example.kutuphane.kitapIslemleri
03-15 13:57:06.816 12320 12902 D WindowManager: finishDrawingWindow: Window{140b44d u0 com.example.kutuphane/com.example.kutuphane.kitapIslemleri} mDrawState=DRAW_PENDING seqId=0
03-15 13:57:06.817 12320 12354 V WindowManager: SyncGroup 294: Finished!
03-15 13:57:06.818 12320 12354 D ActivityManagerPerformance: AMP_release() ACT_RESUME
03-15 13:57:06.818 12320 12354 V WindowManager: performShowLocked: mDrawState=HAS_DRAWN in Window{140b44d u0 com.example.kutuphane/com.example.kutuphane.kitapIslemleri}
03-15 13:57:06.818 12320 12354 D ChangeTransitionController: onTransactionReady: TransitionRecord{de0215 id=294 type=CLOSE flags=0x0 c=[
03-15 13:57:06.818 12320 12354 D ChangeTransitionController:    ChangeInfo{1b94a93 container=DefaultTaskDisplayArea_d0@21689571 flags=0x0}
03-15 13:57:06.818 12320 12354 D ChangeTransitionController:    ChangeInfo{14fbad0 container=ActivityRecord{79832981 u0 com.example.kutuphane/.kitapIslemleri t609} flags=0x0}
03-15 13:57:06.818 12320 12354 D ChangeTransitionController:    ChangeInfo{6be1ac9 container=Task{5ede90c #609 type=standard A=10286:com.example.kutuphane} flags=0x0}
03-15 13:57:06.818 12320 12354 D ChangeTransitionController:    ChangeInfo{b90d5ce container=Display{#0 state=ON size=1080x2340 ROTATION_0} flags=0x0}
03-15 13:57:06.818 12320 12354 D ChangeTransitionController:    ChangeInfo{923fcef container=ActivityRecord{206451061 u0 com.example.kutuphane/.kitapekle t609 f}} flags=0x0}
03-15 13:57:06.818 12320 12354 D ChangeTransitionController: ]
03-15 13:57:06.818 12320 12354 D ChangeTransitionController: }
03-15 13:57:06.818 12320 12354 V WindowManager: Start calculating TransitionInfo based on participants: {ActivityRecord{79832981 u0 com.example.kutuphane/.kitapIslemleri t609}, ActivityRecord{206451061 u0 com.example.kutuphane/.kitapekle t609 f}}}
03-15 13:57:06.818 12320 12354 V WindowManager:   Final targets: [ChangeInfo{923fcef container=ActivityRecord{206451061 u0 com.example.kutuphane/.kitapekle t609 f}} flags=0x0}, ChangeInfo{14fbad0 container=ActivityRecord{79832981 u0 com.example.kutuphane/.kitapIslemleri t609} flags=0x0}]
03-15 13:57:06.821 12320 12354 V WindowManager: Calling onTransitionReady: {id=294 t=CLOSE f=0x0 trk=0 r=[0@Point(0, 0)] c=[
03-15 13:57:06.821 12320 12354 V WindowManager:         {m=CLOSE f=FILLS_TASK|IS_ACTIVITY leash=Surface(name=ActivityRecord{206451061 u0 com.example.kutuphane/.kitapekle t609})/@0x998ac8 sb=Rect(0, 0 - 1080, 2340) eb=Rect(0, 0 - 1080, 2340) epz=Point(1080, 2340) d=0 bc=fffafafa component=com.example.kutuphane/.kitapekle opt={t=FROM_STYLE mUserId=0} inset=Rect(0, 0 - 0, 0) dim=true taskIdForActivity=609},
03-15 13:57:06.821 12320 12354 V WindowManager:         {m=TO_FRONT f=FILLS_TASK|IS_ACTIVITY leash=Surface(name=ActivityRecord{79832981 u0 com.example.kutuphane/.kitapIslemleri t609})/@0xcfd2005 sb=Rect(0, 0 - 1080, 2340) eb=Rect(0, 0 - 1080, 2340) epz=Point(1080, 2340) d=0 bc=fffafafa component=com.example.kutuphane/.kitapIslemleri opt={t=FROM_STYLE mUserId=0} inset=Rect(0, 0 - 0, 0) taskIdForActivity=609}
03-15 13:57:06.821 12320 12354 V WindowManager:     ]}
03-15 13:57:06.824 12320 12350 V WindowManager: Sent Transition (#294) createdAt=03-15 13:57:06.770 via request=TransitionRequestInfo { type = CLOSE, triggerTask = null, pipChange = null, remoteTransition = null, displayChange = null, flags = 0, debugId = 294 }
03-15 13:57:06.825 12320 12350 V WindowManager:     startWCT=WindowContainerTransaction { changes= {} hops= [] errorCallbackToken=null taskFragmentOrganizer=null }
03-15 13:57:06.825 12320 12350 V WindowManager:     info={id=294 t=CLOSE f=0x0 trk=0 r=[0@Point(0, 0)] c=[
03-15 13:57:06.825 12320 12350 V WindowManager:         {m=CLOSE f=FILLS_TASK|IS_ACTIVITY leash=Surface(name=ActivityRecord{206451061 u0 com.example.kutuphane/.kitapekle t609})/@0x998ac8 sb=Rect(0, 0 - 1080, 2340) eb=Rect(0, 0 - 1080, 2340) epz=Point(1080, 2340) d=0 bc=fffafafa component=com.example.kutuphane/.kitapekle opt={t=FROM_STYLE mUserId=0} inset=Rect(0, 0 - 0, 0) dim=true taskIdForActivity=609},
03-15 13:57:06.825 12320 12350 V WindowManager:         {m=TO_FRONT f=FILLS_TASK|IS_ACTIVITY leash=Surface(name=ActivityRecord{79832981 u0 com.example.kutuphane/.kitapIslemleri t609})/@0xcfd2005 sb=Rect(0, 0 - 1080, 2340) eb=Rect(0, 0 - 1080, 2340) epz=Point(1080, 2340) d=0 bc=fffafafa component=com.example.kutuphane/.kitapIslemleri opt={t=FROM_STYLE mUserId=0} inset=Rect(0, 0 - 0, 0) taskIdForActivity=609}
03-15 13:57:06.825 12320 12350 V WindowManager:     ]}
03-15 13:57:06.825 12757 12779 V WindowManagerShell: onTransitionReady(transaction=52913997108441)
03-15 13:57:06.825 12757 12829 V WindowManagerShell: onTransitionReady (#294) android.os.BinderProxy@6b0f1e8: {id=294 t=CLOSE f=0x0 trk=0 r=[0@Point(0, 0)] c=[
03-15 13:57:06.825 12757 12829 V WindowManagerShell:         {m=CLOSE f=FILLS_TASK|IS_ACTIVITY leash=Surface(name=ActivityRecord{206451061 u0 com.example.kutuphane/.kitapekle t609})/@0xf75d0fb sb=Rect(0, 0 - 1080, 2340) eb=Rect(0, 0 - 1080, 2340) epz=Point(1080, 2340) d=0 bc=fffafafa component=com.example.kutuphane/.kitapekle opt={t=FROM_STYLE mUserId=0} inset=Rect(0, 0 - 0, 0) dim=true taskIdForActivity=609},
03-15 13:57:06.825 12757 12829 V WindowManagerShell:         {m=TO_FRONT f=FILLS_TASK|IS_ACTIVITY leash=Surface(name=ActivityRecord{79832981 u0 com.example.kutuphane/.kitapIslemleri t609})/@0x7f8a518 sb=Rect(0, 0 - 1080, 2340) eb=Rect(0, 0 - 1080, 2340) epz=Point(1080, 2340) d=0 bc=fffafafa component=com.example.kutuphane/.kitapIslemleri opt={t=FROM_STYLE mUserId=0} inset=Rect(0, 0 - 0, 0) taskIdForActivity=609}
03-15 13:57:06.825 12757 12829 V WindowManagerShell:     ]}
03-15 13:57:06.826 12757 12829 V ShellDesktopMode: DesktopModeLogger: taskInfo map after processing changes 0
03-15 13:57:06.826 12320 12902 D WindowManager: finishDrawingWindow: Window{1c40cb8 u0 Toast} mDrawState=DRAW_PENDING seqId=0
03-15 13:57:06.827 12757 12829 V WindowManagerShell: Playing animation for (#294) android.os.BinderProxy@6b0f1e8@0
03-15 13:57:06.827 12757 12829 V ShellRecents: RecentsTransitionHandler.startAnimation: no controller found
03-15 13:57:06.827 12757 12829 V ShellDesktopMode: DesktopMixedTransitionHandler: No pending desktop transition
03-15 13:57:06.828 12757 12829 V WindowManagerShell: Transition doesn't have explicit remote, search filters for match for {id=294 t=CLOSE f=0x0 trk=0 r=[0@Point(0, 0)] c=[{m=CLOSE f=FILLS_TASK|IS_ACTIVITY leash=Surface(name=ActivityRecord{206451061 u0 com.example.kutuphane/.kitapekle t609})/@0xf75d0fb sb=Rect(0, 0 - 1080, 2340) eb=Rect(0, 0 - 1080, 2340) epz=Point(1080, 2340) d=0 bc=fffafafa component=com.example.kutuphane/.kitapekle opt={t=FROM_STYLE mUserId=0} inset=Rect(0, 0 - 0, 0) dim=true taskIdForActivity=609},{m=TO_FRONT f=FILLS_TASK|IS_ACTIVITY leash=Surface(name=ActivityRecord{79832981 u0 com.example.kutuphane/.kitapIslemleri t609})/@0x7f8a518 sb=Rect(0, 0 - 1080, 2340) eb=Rect(0, 0 - 1080, 2340) epz=Point(1080, 2340) d=0 bc=fffafafa component=com.example.kutuphane/.kitapIslemleri opt={t=FROM_STYLE mUserId=0} inset=Rect(0, 0 - 0, 0) taskIdForActivity=609}]}
03-15 13:57:06.828 12757 12829 V WindowManagerShell:  Checking filter Pair{{types=[] flags=0x0] notFlags=0x100 checks=[{atype=home independent=true modes=[OPEN,TO_FRONT] flags=NONE mustBeTask=false order=TOP topActivity=ComponentInfo{com.sec.android.app.launcher/com.sec.android.app.launcher.Launcher} launchCookie=null windowingMode=undefined},{atype=recents independent=true modes=[CLOSE,TO_BACK] flags=NONE mustBeTask=false order=ANY topActivity=null launchCookie=null windowingMode=undefined}]} RemoteTransition { remoteTransition = android.window.IRemoteTransition$Stub$Proxy@d71411a, appThread = android.app.IApplicationThread$Stub$Proxy@f2ad44b, debugName = QuickstepLaunchHomeFromRecentsflags =NONE }}
03-15 13:57:06.828 12757 12829 V WindowManagerShell:  Checking filter Pair{{types=[] flags=0x0] notFlags=0x100 checks=[{atype=home independent=true modes=[OPEN,TO_FRONT] flags=NONE mustBeTask=false order=TOP topActivity=ComponentInfo{com.sec.android.app.launcher/com.sec.android.app.launcher.Launcher} launchCookie=null windowingMode=undefined},{atype=standard independent=true modes=[CLOSE,TO_BACK] flags=NONE mustBeTask=false order=ANY topActivity=null launchCookie=null windowingMode=undefined}]} RemoteTransition { remoteTransition = android.window.IRemoteTransition$Stub$Proxy@78edc0c, appThread = android.app.IApplicationThread$Stub$Proxy@c278955, debugName = QuickstepLaunchHomeflags =NONE }}
03-15 13:57:06.828 12757 12829 V WindowManagerShell:  Delegate animation for (#294) to null
03-15 13:57:06.828 12757 12829 V WindowManagerShell: start default transition animation, info = {id=294 t=CLOSE f=0x0 trk=0 r=[0@Point(0, 0)] c=[{m=CLOSE f=FILLS_TASK|IS_ACTIVITY leash=Surface(name=ActivityRecord{206451061 u0 com.example.kutuphane/.kitapekle t609})/@0xf75d0fb sb=Rect(0, 0 - 1080, 2340) eb=Rect(0, 0 - 1080, 2340) epz=Point(1080, 2340) d=0 bc=fffafafa component=com.example.kutuphane/.kitapekle opt={t=FROM_STYLE mUserId=0} inset=Rect(0, 0 - 0, 0) dim=true taskIdForActivity=609},{m=TO_FRONT f=FILLS_TASK|IS_ACTIVITY leash=Surface(name=ActivityRecord{79832981 u0 com.example.kutuphane/.kitapIslemleri t609})/@0x7f8a518 sb=Rect(0, 0 - 1080, 2340) eb=Rect(0, 0 - 1080, 2340) epz=Point(1080, 2340) d=0 bc=fffafafa component=com.example.kutuphane/.kitapIslemleri opt={t=FROM_STYLE mUserId=0} inset=Rect(0, 0 - 0, 0) taskIdForActivity=609}]}
03-15 13:57:06.830 12320 12354 I WindowManager: Reparenting to leash, surface=Surface(name=1c40cb8 Toast)/@0x7049a85, leashParent=Surface(name=WindowToken{724bfcc type=2005 android.os.Binder@c7395ff})/@0xbe880da
03-15 13:57:06.830 12757 12829 V WindowManagerShell: loadAnimation: anim=android.view.animation.AnimationSet@65efac4 animAttr=0x6 type=CLOSE isEntrance=true
03-15 13:57:06.830 12757 12829 V WindowManagerShell:    wallpaperTransit=WALLPAPER_NONE translucent=false
03-15 13:57:06.831 12320 12354 D WindowManager: makeSurface duration=1 leash=Surface(name=Surface(name=1c40cb8 Toast)/@0x7049a85 - animation-leash of window_animation)/@0xbdd790b
03-15 13:57:06.831 12757 12829 V WindowManagerShell:    change={m=TO_FRONT f=FILLS_TASK|IS_ACTIVITY leash=Surface(name=ActivityRecord{79832981 u0 com.example.kutuphane/.kitapIslemleri t609})/@0x7f8a518 sb=Rect(0, 0 - 1080, 2340) eb=Rect(0, 0 - 1080, 2340) epz=Point(1080, 2340) d=0 bc=fffafafa component=com.example.kutuphane/.kitapIslemleri opt={t=FROM_STYLE mUserId=0} inset=Rect(0, 0 - 0, 0) taskIdForActivity=609}
03-15 13:57:06.831 12320 12354 V WindowManager: performShowLocked: mDrawState=HAS_DRAWN in Window{1c40cb8 u0 Toast}
03-15 13:57:06.833 12757 12829 V WindowManagerShell: loadAnimation: anim=android.view.animation.AnimationSet@bb2d8e2 animAttr=0x7 type=CLOSE isEntrance=false
03-15 13:57:06.833 12320 12354 D PowerManagerService: [api] acquire WakeLock SCREEN_BRIGHT_WAKE_LOCK           'WindowManager/displayId:0' ON_AFTER_RELEASE (uid=1000 pid=12320 ws=WorkSource{10060 com.android.systemui} displayId=0 lock=3c2d0f3)
03-15 13:57:06.833 12757 12829 V WindowManagerShell:    wallpaperTransit=WALLPAPER_NONE translucent=false
03-15 13:57:06.833 12757 12829 V WindowManagerShell:    change={m=CLOSE f=FILLS_TASK|IS_ACTIVITY leash=Surface(name=ActivityRecord{206451061 u0 com.example.kutuphane/.kitapekle t609})/@0xf75d0fb sb=Rect(0, 0 - 1080, 2340) eb=Rect(0, 0 - 1080, 2340) epz=Point(1080, 2340) d=0 bc=fffafafa component=com.example.kutuphane/.kitapekle opt={t=FROM_STYLE mUserId=0} inset=Rect(0, 0 - 0, 0) dim=true taskIdForActivity=609}
03-15 13:57:06.837 12757 12829 V WindowManagerShell: attach dim transition, change={m=CLOSE f=FILLS_TASK|IS_ACTIVITY leash=Surface(name=ActivityRecord{206451061 u0 com.example.kutuphane/.kitapekle t609})/@0xf75d0fb sb=Rect(0, 0 - 1080, 2340) eb=Rect(0, 0 - 1080, 2340) epz=Point(1080, 2340) d=0 bc=fffafafa component=com.example.kutuphane/.kitapekle opt={t=FROM_STYLE mUserId=0} inset=Rect(0, 0 - 0, 0) dim=true taskIdForActivity=609}
03-15 13:57:06.838 12757 12829 V WindowManagerShell:  animated by com.android.wm.shell.transition.DefaultTransitionHandler@6f0cbd8
03-15 13:57:06.847 12320 12355 D PowerManagerService: [api] setPowerBoost(L) boost:0, durationMs:0, caller (uid: 1000 pid: 12320) <- m() in com.android.server.display.DisplayManagerService$BinderService$$ExternalSyntheticOutline0:1
03-15 13:57:06.850 12320 12505 V InputMethodManagerService: startInputOrWindowGainedFocusInternalLocked: reason=WINDOW_FOCUS_GAIN client=android.os.BinderProxy@9159e84 inputContext=null editorInfo=android.view.inputmethod.EditorInfo@1b013e8 startInputFlags=VIEW_HAS_FOCUS|INITIAL_CONNECTION softInputMode=STATE_UNSPECIFIED|ADJUST_PAN windowFlags=#81810100 unverifiedTargetSdkVersion=31 bindingController=com.android.server.inputmethod.InputMethodBindingController@1cc1bc1 imeDispatcher=android.window.ImeOnBackInvokedDispatcher@b795a01 cs=ClientState{ad93295 mUid=10286 mPid=23334 mSelfReportedDisplayId=0} imeRequestedVisible=false
03-15 13:57:06.850 12320 12505 V InputMethodManagerService: setWindowStateInner, windowToken=android.os.BinderProxy@22677e4, state=ImeTargetWindowState{ imeToken null imeFocusChanged true hasEditorFocused false requestedImeVisible false imeDisplayId 0 softInputModeState STATE_UNSPECIFIED|ADJUST_PAN isStartInputByGainFocus true}
03-15 13:57:06.850 12320 12505 V InputMethodManagerService: Unspecified window will hide input
03-15 13:57:06.851 12320 12505 V InputMethodManagerService: applyImeVisibility state=6
03-15 13:57:06.851 12320 12505 D SemInputMethodManagerServiceUtil: restorePreviousUsedInputMethod : failed to return the previous ime becuase the stored info is null or do not need restore
03-15 13:57:06.851 12320 12505 V InputMethodManagerService: semComputeImeDisplayIdForTarget: displayToShowIme=0
03-15 13:57:06.851 12320 12505 V InputMethodManagerService: Creating new accessibility sessions for client ClientState{ad93295 mUid=10286 mPid=23334 mSelfReportedDisplayId=0}
03-15 13:57:06.852 12320 12505 D InputMethodManagerService: isImeSwitcherDisabledPackage : false
03-15 13:57:06.852 12320 12505 D InputMethodManagerService: checkDisplayOfStartInputAndUpdateKeyboard: displayId=0, mFocusedDisplayId=0
03-15 13:57:06.853 12320 12902 D RestrictionPolicy: isScreenCaptureEnabled : ret=true userId=0
03-15 13:57:06.854 12320 12902 I WindowManager: Cancelling animation restarting=true, leash=Surface(name=Surface(name=b1749ab InputMethod)/@0x6f02ba1 - animation-leash of insets_animation)/@0xdadb44
03-15 13:57:06.854 12320 12902 I WindowManager: Reparenting to original parent: Surface(name=WindowToken{d3fbecc type=2011 android.os.Binder@42f30ff})/@0x113d1c6, destroy=false, surface=Surface(name=b1749ab InputMethod)/@0x6f02ba1
03-15 13:57:06.855 12320 12902 I WindowManager: Reparenting to leash, surface=Surface(name=b1749ab InputMethod)/@0x6f02ba1, leashParent=Surface(name=WindowToken{d3fbecc type=2011 android.os.Binder@42f30ff})/@0x113d1c6
03-15 13:57:06.856 12320 12902 D WindowManager: makeSurface duration=1 leash=Surface(name=Surface(name=b1749ab InputMethod)/@0x6f02ba1 - animation-leash of insets_animation)/@0x865132
03-15 13:57:06.856 12320 12902 D InsetsSourceProvider: updateControlForTarget: control=InsetsSourceControl: {3 mType=ime mSurfacePosition=Point(0, 80) mInsetsHint=Insets{left=0, top=0, right=0, bottom=879}}, target=Window{140b44d u0 com.example.kutuphane/com.example.kutuphane.kitapIslemleri}, from=com.android.server.wm.ImeInsetsSourceProvider.updateControlForTarget:17 com.android.server.wm.InsetsStateController.onControlTargetChanged:83 com.android.server.wm.DisplayContent.updateImeControlTarget:21 com.android.server.wm.DisplayContent.updateImeInputAndControlTarget:156 com.android.server.wm.WindowManagerService$LocalService.updateInputMethodTargetWindow:64 
03-15 13:57:06.857 12320 12353 V InputMethodManagerService: Client requesting input be hidden
03-15 13:57:06.858 12320 12353 V InputMethodManagerService: setWindowStateInner, windowToken=android.os.BinderProxy@22677e4, state=ImeTargetWindowState{ imeToken android.os.Binder@d6f7800 imeFocusChanged true hasEditorFocused false requestedImeVisible false imeDisplayId 0 softInputModeState STATE_UNSPECIFIED|ADJUST_PAN isStartInputByGainFocus true}
03-15 13:57:06.858 12320 12353 V InputMethodManagerService: hideCurrentInputLocked : canceled, shouldHideSoftInput=false, mInputShown=false, mImeWindowVis=0
03-15 13:57:06.888 14190 18305 I SDHMS:k : onTaskStackChanged
03-15 13:57:07.256 12757 12829 V WindowManagerShell: Transition animation finished (aborted=false), notifying core (#294) android.os.BinderProxy@6b0f1e8@0
03-15 13:57:07.259 12320 12902 V WindowManager: Finish Transition: TransitionRecord{de0215 id=294 type=CLOSE flags=0x0 c=[
03-15 13:57:07.259 12320 12902 V WindowManager:    ChangeInfo{1b94a93 container=DefaultTaskDisplayArea_d0@21689571 flags=0x0}
03-15 13:57:07.259 12320 12902 V WindowManager:    ChangeInfo{14fbad0 container=ActivityRecord{79832981 u0 com.example.kutuphane/.kitapIslemleri t609} flags=0x0}
03-15 13:57:07.259 12320 12902 V WindowManager:    ChangeInfo{6be1ac9 container=Task{5ede90c #609 type=standard A=10286:com.example.kutuphane} flags=0x0}
03-15 13:57:07.259 12320 12902 V WindowManager:    ChangeInfo{b90d5ce container=Display{#0 state=ON size=1080x2340 ROTATION_0} flags=0x0}
03-15 13:57:07.259 12320 12902 V WindowManager:    ChangeInfo{923fcef container=ActivityRecord{206451061 u0 com.example.kutuphane/.kitapekle t609 f}} flags=0x0}
03-15 13:57:07.259 12320 12902 V WindowManager: ]
03-15 13:57:07.259 12320 12902 V WindowManager: }, caller=com.android.server.wm.WindowOrganizerController.finishTransitionInner:31 com.android.server.wm.WindowOrganizerController.finishAllTransitions:60 android.window.IWindowOrganizerController$Stub.onTransact:283 
03-15 13:57:07.259 12320 12350 V WindowManager: Finish Transition (#294): created at 03-15 13:57:06.770 collect-started=0.472ms request-sent=0.747ms started=4.798ms ready=15.427ms sent=51.039ms commit=23.16ms finished=488.487ms
03-15 13:57:07.260 12320 12902 V WindowManager: Setting visibility of Window{b7b0b62 u0 com.example.kutuphane/com.example.kutuphane.kitapekle}: false, caller=com.android.server.wm.WindowContainer.sendAppVisibilityToClients:19 com.android.server.wm.WindowToken.setClientVisible:48 com.android.server.wm.ActivityRecord.commitVisibility:186 com.android.server.wm.TransitionController.finishTransition:846 com.android.server.wm.WindowOrganizerController.finishTransitionInner:31 
03-15 13:57:07.261 12320 12902 D ChangeTransitionController: onTransitionFinished: TransitionRecord{de0215 id=294 type=CLOSE flags=0x0 c=[
03-15 13:57:07.261 12320 12902 D ChangeTransitionController:    ChangeInfo{1b94a93 container=DefaultTaskDisplayArea_d0@21689571 flags=0x0}
03-15 13:57:07.261 12320 12902 D ChangeTransitionController:    ChangeInfo{14fbad0 container=ActivityRecord{79832981 u0 com.example.kutuphane/.kitapIslemleri t609} flags=0x0}
03-15 13:57:07.261 12320 12902 D ChangeTransitionController:    ChangeInfo{6be1ac9 container=Task{5ede90c #609 type=standard A=10286:com.example.kutuphane} flags=0x0}
03-15 13:57:07.261 12320 12902 D ChangeTransitionController:    ChangeInfo{b90d5ce container=Display{#0 state=ON size=1080x2340 ROTATION_0} flags=0x0}
03-15 13:57:07.261 12320 12902 D ChangeTransitionController:    ChangeInfo{923fcef container=ActivityRecord{206451061 u0 com.example.kutuphane/.kitapekle t609 f}} flags=0x0}
03-15 13:57:07.261 12320 12902 D ChangeTransitionController: ]
03-15 13:57:07.261 12320 12902 D ChangeTransitionController: }
03-15 13:57:07.262 12757 12829 V WindowManagerShell: Track 0 became idle
03-15 13:57:07.263 12757 12829 V WindowManagerShell: All active transition animations finished
03-15 13:57:07.283 12320 12902 D CoreBackPreview: Window{b7b0b62 u0 com.example.kutuphane/com.example.kutuphane.kitapekle}: Setting back callback null
03-15 13:57:07.285 12320 12902 V WindowManager: Remove Window{b7b0b62 u0 com.example.kutuphane/com.example.kutuphane.kitapekle}: mSurfaceControl=Surface(name=com.example.kutuphane/com.example.kutuphane.kitapekle$_23334)/@0xaf3ffdf mAnimatingExit=false mRemoveOnExit=false mHasSurface=true surfaceShowing=false animating=false app-animation=false callers=com.android.server.wm.Session.remove:16 android.view.IWindowSession$Stub.onTransact:804 com.android.server.wm.Session.onTransact:1 android.os.Binder.execTransactInternal:1457 android.os.Binder.execTransact:1401 <bottom of call stack> 
03-15 13:57:07.285 12320 12902 D RestrictionPolicy: isScreenCaptureEnabled : ret=true userId=0
03-15 13:57:07.291 12320 12353 D SGM:FgCheckThread: getForegroundApp(), foregroundPkgName=com.example.kutuphane
03-15 13:57:07.292 12320 12353 D SGM:FgCheckThread: pkgName: com.example.kutuphane is in foreground
03-15 13:57:07.293 12320 12629 D BackgroundInstallControlService: Package event received: 0
03-15 13:57:07.313 12320 14336 I ActivityManager: Changes in 90001 17 to 17, 128 to 0
03-15 13:57:07.313 12320 14336 I ActivityManager: Changes in 90000 11 to 17, 128 to 0
03-15 13:57:07.313 12320 14336 I ActivityManager: Changes in 10304 11 to 16, 128 to 0
03-15 13:57:07.317 12320 12364 I ActivityManager: Changes in 90001 17 to 17, 0 to 128
03-15 13:57:07.317 12320 12364 I ActivityManager: Changes in 90000 17 to 11, 0 to 128
03-15 13:57:07.317 12320 12364 I ActivityManager: Changes in 10304 16 to 11, 0 to 128
03-15 13:57:07.355 12320 12354 I WindowManager: Reparenting to original parent: Surface(name=WindowToken{724bfcc type=2005 android.os.Binder@c7395ff})/@0xbe880da, destroy=true, surface=Surface(name=1c40cb8 Toast)/@0x7049a85
03-15 13:57:07.356 12320 12353 D SGM:GameManager: identifyForegroundApp. com.example.kutuphane, mCurrentUserId: 0, callerUserId: 0
03-15 13:57:07.356 12320 12353 D SGM:SemGameManager: isForegroundGame(), ret=false
03-15 13:57:07.675 12721 12721 I wpa_supplicant: Heartbeat 722
03-15 13:57:08.148   582   582 D io_stats: !@   8,32 r 7528905 164002112 w 5336114 69987196 d 591160 219041476 f 469931 522555 iot 2419008 0 th 0 0 0 pt 0 inp 0 0 117312.577
03-15 13:57:08.328 12320 14336 I ActivityManager: Changes in 90001 17 to 17, 128 to 0
03-15 13:57:08.329 12320 14336 I ActivityManager: Changes in 90000 11 to 17, 128 to 0
03-15 13:57:08.330 12320 14336 I ActivityManager: Changes in 10304 11 to 16, 128 to 0
03-15 13:57:08.336 12320 12364 I ActivityManager: Changes in 90001 17 to 17, 0 to 128
03-15 13:57:08.337 12320 12364 I ActivityManager: Changes in 90000 17 to 11, 0 to 128
03-15 13:57:08.338 12320 12364 I ActivityManager: Changes in 10304 16 to 11, 0 to 128
03-15 13:57:08.416 14190 15483 I SDHMS:x : SIOP:: AP:284 BAT:263 USB:261 CHG:276 PA:285 WIFI:283 BLK:0 SUBBAT:0 SKIN:277 SKINF:269 SKINB:277 LRP2:277 LRF2:269 LRB2:277 AP2:277 CHG2:265 MEM2:277 WIFI2:277 SPK2:281 VAP05:287 AVGCUR:-391 POWER:-1594
03-15 13:57:08.894 12320 12485 D PowerManagerService: [api] userActivityFromNative : touch displayId=0 eventTime=117313320
