03-15 13:56:11.279 12320 14425 D ChangeTransitionController:    ChangeInfo{410b4df container=ActivityRecord{206451061 u0 com.example.kutuphane/.kitapekle t609} flags=0x0}
03-15 13:56:11.279 12320 14425 D ChangeTransitionController:    ChangeInfo{5b3252c container=Task{fc17dcd #593 type=home I=com.sec.android.app.launcher/.activities.LauncherActivity} flags=0x10}
03-15 13:56:11.279 12320 14425 D ChangeTransitionController:    ChangeInfo{ea26bf5 container=RemoteWallpaperAnim:1:1@264671916 flags=0x0}
03-15 13:56:11.279 12320 14425 D ChangeTransitionController: ]
03-15 13:56:11.279 12320 14425 D ChangeTransitionController: }
03-15 13:56:11.280 12757 12829 V WindowManagerShell: Track 0 became idle
03-15 13:56:11.280 12757 12829 V WindowManagerShell: All active transition animations finished
03-15 13:56:11.280 12757 12829 V ShellRecents: [178452554] RecentsController.finishInner: calling finish callback
03-15 13:56:11.287 12320 12353 I ActivityManager: Changes in 10135 2 to 5, 255 to 184
03-15 13:56:11.289 12320 12351 D SGM:GameManager: identifyForegroundApp. com.google.android.googlequicksearchbox, mCurrentUserId: 0, callerUserId: 0
03-15 13:56:11.289 12320 12351 D SGM:SemGameManager: isForegroundGame(), ret=false
03-15 13:56:11.300 12320 13885 D FreecessHandler: freeze com.google.android.apps.photos(10285) result : 51
03-15 13:56:11.300 12320 13885 D FreecessHandler: stop trying to freeze com.google.android.apps.photos
03-15 13:56:11.301 12320 12353 D SGM:FgCheckThread: notePauseComponent(), received pkgName: com.sec.android.app.launcher, userId: 0
03-15 13:56:11.302 12320 12351 D SGM:GameManager: identifyForegroundApp. com.google.android.googlequicksearchbox, mCurrentUserId: 0, callerUserId: 0
03-15 13:56:11.302 12320 12351 D SGM:SemGameManager: isForegroundGame(), ret=false
03-15 13:56:11.302 12320 12629 D BackgroundInstallControlService: Package event received: 0
03-15 13:56:11.305 12320 12353 D BBA2    : updateWindowVisible for pid : 23334, visible : 0
03-15 13:56:11.306 12320 12619 I CocktailBarManagerServiceContainer: handleMessage: entry what = 6
03-15 13:56:11.309 12320 12353 I ActivityManager: Changes in 10286 2 to 15, 255 to 128
03-15 13:56:11.313 12320 12320 I WALLPAPER_SVC:SemWallpaperManagerService: isHomeActivityVisible : false 
03-15 13:56:11.314 12320 13885 D FreecessHandler: freeze com.whatsapp(10309) result : 51
03-15 13:56:11.314 12320 13885 D FreecessHandler: stop trying to freeze com.whatsapp
03-15 13:56:11.314 12320 12320 D WALLPAPER_SVC:WallpaperData: getWallpaperFile: file = /data/system/users/0/wallpaper_orig 
03-15 13:56:11.314 12320 12320 D WALLPAPER_SVC:WallpaperData: getWallpaperFile: file = /data/system/users/0/wallpaper_orig 
03-15 13:56:11.314 12320 12320 D WALLPAPER_SVC:WallpaperManagerService: dispatchHomeVisibilityChanged: visible = false, connection = com.android.server.wallpaper.WallpaperManagerService$WallpaperConnection@a6886c4, systemWallpaper = WallpaperData@82ef73e, id: 47, which: 5, file mod: 1753992592748, info: null, engine(s): Proxy@8ace404, type = 0, userId = 0, uri= null, allowBackup= true, wallpaperComponent = ComponentInfo{com.android.systemui/com.android.systemui.wallpapers.ImageWallpaper}, nextWallpaperComponent = ComponentInfo{com.android.systemui/com.android.systemui.wallpapers.ImageWallpaper} 
03-15 13:56:11.323 12320 12902 E WindowManager: win=Window{b7b0b62 u0 com.example.kutuphane/com.example.kutuphane.kitapekle} destroySurfaces: appStopped=true cleanupOnResume=false win.mWindowRemovalAllowed=false win.mRemoveOnExit=false win.mViewVisibility=8 caller=com.android.server.wm.ActivityRecord.destroySurfaces:25 com.android.server.wm.ActivityRecord.activityStopped:192 com.android.server.wm.ActivityClientController.activityStopped:97 android.app.IActivityClientController$Stub.onTransact:740 com.android.server.wm.ActivityClientController.onTransact:1 android.os.Binder.execTransactInternal:1462 android.os.Binder.execTransact:1401 
03-15 13:56:11.324 12320 12353 D SGM:FgCheckThread: getForegroundApp(), foregroundPkgName=com.google.android.googlequicksearchbox
03-15 13:56:11.326 12320 12629 D BackgroundInstallControlService: Package event received: 0
03-15 13:56:11.327 14068 14812 W KeyphraseEnrollmentInfo: No enrollment application supports the given keyphrase/locale: 'X Google'/tr_TR
03-15 13:56:11.327 14068 14812 W KeyphraseEnrollmentInfo: No enrollment application supports the given keyphrase/locale: 'X Google'/tr_TR
03-15 13:56:11.327 14068 14812 W KeyphraseEnrollmentInfo: No enrollment application supports the given keyphrase/locale: 'X Google'/ar_EG
03-15 13:56:11.327 14068 14812 W KeyphraseEnrollmentInfo: No enrollment application supports the given keyphrase/locale: 'X Google'/en_US
03-15 13:56:11.328 14068 14812 W KeyphraseEnrollmentInfo: No enrollment application supports the given keyphrase/locale: 'Ok Google'/tr_TR
03-15 13:56:11.328 14068 14812 W KeyphraseEnrollmentInfo: No enrollment application supports the given keyphrase/locale: 'Ok Google'/ar_EG
03-15 13:56:11.328 14068 14812 W KeyphraseEnrollmentInfo: No enrollment application supports the given keyphrase/locale: 'Ok Google'/en_US
03-15 13:56:11.328 14068 14812 W KeyphraseEnrollmentInfo: No enrollment application supports the given keyphrase/locale: 'Y Google'/tr_TR
03-15 13:56:11.330 12320 12351 D SGM:GameManager: identifyForegroundApp. com.google.android.googlequicksearchbox, mCurrentUserId: 0, callerUserId: 0
03-15 13:56:11.330 12320 12351 D SGM:SemGameManager: isForegroundGame(), ret=false
03-15 13:56:11.332 12320 12902 I ActivityManager: Changes in 10286 15 to 15, 128 to 0
03-15 13:56:11.333 12320 12902 E WindowManager: win=Window{3df34fd u0 com.sec.android.app.launcher/com.sec.android.app.launcher.activities.LauncherActivity} destroySurfaces: appStopped=true cleanupOnResume=false win.mWindowRemovalAllowed=false win.mRemoveOnExit=false win.mViewVisibility=8 caller=com.android.server.wm.ActivityRecord.destroySurfaces:25 com.android.server.wm.ActivityRecord.activityStopped:192 com.android.server.wm.ActivityClientController.activityStopped:97 android.app.IActivityClientController$Stub.onTransact:740 com.android.server.wm.ActivityClientController.onTransact:1 android.os.Binder.execTransactInternal:1462 android.os.Binder.execTransact:1401 
03-15 13:56:11.333 12320 12353 D SGM:FgCheckThread: pkgName: com.example.kutuphane is not in foreground
03-15 13:56:11.333 12320 12353 D SGM:FgCheckThread: noteStopComponent(), received pkgName: com.example.kutuphane, focusedPkgName: com.google.android.googlequicksearchbox, userId: 0
03-15 13:56:11.335 12320 12353 D SGM:FgCheckThread: getForegroundApp(), foregroundPkgName=com.google.android.googlequicksearchbox
03-15 13:56:11.335 12320 12629 D BackgroundInstallControlService: Package event received: 0
03-15 13:56:11.337 12320 12351 D SGM:GameManager: identifyForegroundApp. com.google.android.googlequicksearchbox, mCurrentUserId: 0, callerUserId: 0
03-15 13:56:11.337 12320 12351 D SGM:SemGameManager: isForegroundGame(), ret=false
03-15 13:56:11.337 12320 12353 D SGM:FgCheckThread: pkgName: com.sec.android.app.launcher is not in foreground
03-15 13:56:11.338 12320 12353 D SGM:FgCheckThread: noteStopComponent(), received pkgName: com.sec.android.app.launcher, focusedPkgName: com.google.android.googlequicksearchbox, userId: 0
03-15 13:56:11.339 12320 12351 D SGM:GameManager: identifyForegroundApp. com.google.android.googlequicksearchbox, mCurrentUserId: 0, callerUserId: 0
03-15 13:56:11.339 12320 12351 D SGM:SemGameManager: isForegroundGame(), ret=false
03-15 13:56:11.343 14068 14813 W KeyphraseEnrollmentInfo: No enrollment application supports the given keyphrase/locale: 'X Google'/tr_TR
03-15 13:56:11.343 14068 14813 W KeyphraseEnrollmentInfo: No enrollment application supports the given keyphrase/locale: 'X Google'/tr_TR
03-15 13:56:11.343 14068 14813 W KeyphraseEnrollmentInfo: No enrollment application supports the given keyphrase/locale: 'X Google'/ar_EG
03-15 13:56:11.343 14068 14813 W KeyphraseEnrollmentInfo: No enrollment application supports the given keyphrase/locale: 'X Google'/en_US
03-15 13:56:11.343 14068 14813 W KeyphraseEnrollmentInfo: No enrollment application supports the given keyphrase/locale: 'Ok Google'/tr_TR
03-15 13:56:11.343 14068 14813 W KeyphraseEnrollmentInfo: No enrollment application supports the given keyphrase/locale: 'Ok Google'/ar_EG
03-15 13:56:11.343 14068 14813 W KeyphraseEnrollmentInfo: No enrollment application supports the given keyphrase/locale: 'Ok Google'/en_US
03-15 13:56:11.343 14068 14813 W KeyphraseEnrollmentInfo: No enrollment application supports the given keyphrase/locale: 'Y Google'/tr_TR
03-15 13:56:11.344 12320 12351 D SGM:GameManager: identifyForegroundApp. com.google.android.googlequicksearchbox, mCurrentUserId: 0, callerUserId: 0
03-15 13:56:11.344 12320 12351 D SGM:SemGameManager: isForegroundGame(), ret=false
03-15 13:56:11.371 12320 12365 I ActivityManager: Start proc 25976:com.google.android.webview:sandboxed_process0:org.chromium.content.app.SandboxedProcessService0:0/u0i10 for  {com.google.android.googlequicksearchbox/org.chromium.content.app.SandboxedProcessService0:0}
03-15 13:56:11.371 12320 12365 I DynamicHiddenApp_BGProtectManager: check webview name : com.google.android.webview:sandboxed_process0:org.chromium.content.app.SandboxedProcessService0:0check hostingname webview : {com.google.android.googlequicksearchbox/org.chromium.content.app.SandboxedProcessService0:0}
03-15 13:56:11.371 12320 12365 I ActivityManager: ProcessObserver broadcast disabled
03-15 13:56:11.422 12320 13084 I ActivityManager: Changes in 99010 19 to 3, 0 to 184
03-15 13:56:11.424 12320 12629 D BackgroundInstallControlService: Package event received: 0
03-15 13:56:11.472 12320 12584 D MdnieScenarioControlService:  packageName : com.google.android.googlequicksearchbox    className : com.google.android.apps.search.googleapp.activity.GoogleAppActivity
03-15 13:56:11.472 12320 12584 V MdnieScenarioControlService: setUIMode from UI function(3)
03-15 13:56:11.493 12320 12902 D KNOX_MDM_SettingsProvider: isChangeAllowed() : name = enabled_input_methods
03-15 13:56:11.493 12320 12902 D KNOX_MDM_SettingsProvider: edmUri: content://com.sec.knox.provider/RestrictionPolicy3
03-15 13:56:11.493 12320 12902 D KNOX_MDM_SettingsProvider: projectionArgs: isSettingsChangesAllowed
03-15 13:56:11.493 12320 12902 D KNOX_MDM_SettingsProvider: selectionArgs: false
03-15 13:56:11.493 12320 12902 D KNOX_MDM_SettingsProvider: selectionArgs: 10170
03-15 13:56:11.494 12320 12902 D SecContentProvider: called from android.uid.honeyboard:10170
03-15 13:56:11.494 12320 12902 D RestrictionPolicy: isSettingsChangesAllowedAsUser, userId 0 : true
03-15 13:56:11.494 12320 12902 D KNOX_MDM_SettingsProvider: ret = 1
03-15 13:56:11.495 12320 13084 D KNOX_MDM_SettingsProvider: isChangeAllowed() : name = default_input_method
03-15 13:56:11.495 12320 13084 D KNOX_MDM_SettingsProvider: edmUri: content://com.sec.knox.provider/RestrictionPolicy3
03-15 13:56:11.495 12320 13084 D KNOX_MDM_SettingsProvider: projectionArgs: isSettingsChangesAllowed
03-15 13:56:11.495 12320 13084 D KNOX_MDM_SettingsProvider: selectionArgs: false
03-15 13:56:11.495 12320 13084 D KNOX_MDM_SettingsProvider: selectionArgs: 10170
03-15 13:56:11.495 12320 13084 D SecContentProvider: called from android.uid.honeyboard:10170
03-15 13:56:11.495 12320 13084 D RestrictionPolicy: isSettingsChangesAllowedAsUser, userId 0 : true
03-15 13:56:11.496 12320 13084 D KNOX_MDM_SettingsProvider: ret = 1
03-15 13:56:11.498 12320 14425 D SecContentProvider: called from android.uid.honeyboard:10170
03-15 13:56:11.499 12320 14425 D RestrictionPolicy: isClipboardAllowed : true
03-15 13:56:11.502 12320 12320 I InputMethodManagerService: subtype state: oldSubtype = android.view.inputmethod.InputMethodSubtype@420000 newSubtype = android.view.inputmethod.InputMethodSubtype@420000 force = false, intent received : false
03-15 13:56:11.504 12320 14334 E WindowManager: win=Window{7b4c344 u0 com.sec.android.app.launcher/com.sec.android.app.launcher.activities.LauncherActivity} destroySurfaces: appStopped=true cleanupOnResume=false win.mWindowRemovalAllowed=false win.mRemoveOnExit=false win.mViewVisibility=8 caller=com.android.server.wm.WindowManagerService.tryStartExitingAnimation:134 com.android.server.wm.WindowManagerService.relayoutWindow:1138 com.android.server.wm.Session.relayout:27 android.view.IWindowSession$Stub.onTransact:829 com.android.server.wm.Session.onTransact:1 android.os.Binder.execTransactInternal:1457 android.os.Binder.execTransact:1401 
03-15 13:56:11.516 12320 13084 D SecContentProvider: called from android.uid.honeyboard:10170
03-15 13:56:11.516 12320 13084 D RestrictionPolicy: isClipboardAllowed : true
03-15 13:56:11.537 12320 13084 I InputMethodManagerService: isAccessoryKeyboard 0
03-15 13:56:11.539 12320 12946 I InputMethodManagerService: isAccessoryKeyboard 0
03-15 13:56:11.540 12320 12629 D BackgroundInstallControlService: Package event received: 0
03-15 13:56:11.574 12320 12584 V MdnieScenarioControlService: mAclOffEnabled : false
03-15 13:56:11.584 12320 14334 D SecContentProvider: called from android.uid.honeyboard:10170
03-15 13:56:11.584 12320 14334 D RestrictionPolicy: isClipboardAllowed : true
03-15 13:56:11.588 12320 14425 D SecContentProvider: called from android.uid.honeyboard:10170
03-15 13:56:11.588 12320 14425 D RestrictionPolicy: isClipboardAllowed : true
03-15 13:56:11.590 12320 14425 D SecContentProvider: called from android.uid.honeyboard:10170
03-15 13:56:11.590 12320 14425 D RestrictionPolicy: isClipboardAllowed : true
03-15 13:56:11.593 12320 14425 D SecContentProvider: called from android.uid.honeyboard:10170
03-15 13:56:11.593 12320 14425 D RestrictionPolicy: isClipboardAllowed : true
03-15 13:56:11.597 12320 14425 D SecContentProvider: called from android.uid.honeyboard:10170
03-15 13:56:11.597 12320 14425 D RestrictionPolicy: isClipboardAllowed : true
03-15 13:56:11.602 12320 14334 D SecContentProvider: called from android.uid.honeyboard:10170
03-15 13:56:11.602 12320 14334 D RestrictionPolicy: isClipboardAllowed : true
03-15 13:56:11.605 12320 14425 I ActivityManager: Changes in 90001 17 to 17, 128 to 0
03-15 13:56:11.606 12320 14425 I ActivityManager: Changes in 90000 10 to 10, 128 to 0
03-15 13:56:11.606 12320 14425 I ActivityManager: Changes in 10304 10 to 10, 128 to 0
03-15 13:56:11.606 12320 14334 D SecContentProvider: called from android.uid.honeyboard:10170
03-15 13:56:11.606 12320 14334 D RestrictionPolicy: isClipboardAllowed : true
03-15 13:56:11.611 12320 14425 D SecContentProvider: called from android.uid.honeyboard:10170
03-15 13:56:11.611 12320 14425 D RestrictionPolicy: isClipboardAllowed : true
03-15 13:56:11.613 12320 12364 I ActivityManager: Changes in 90001 17 to 17, 0 to 128
03-15 13:56:11.614 12320 12364 I ActivityManager: Changes in 90000 10 to 10, 0 to 128
03-15 13:56:11.614 12320 12364 I ActivityManager: Changes in 10304 10 to 10, 0 to 128
03-15 13:56:11.618 12320 14425 D WindowManager: setInsetsWindow Window{b1749ab u0 InputMethod}, contentInsets=Rect(0, 1381 - 0, 0) -> Rect(0, 1381 - 0, 0), visibleInsets=Rect(0, 1381 - 0, 0) -> Rect(0, 1381 - 0, 0), touchableRegion=SkRegion((0,1381,1080,2134)) -> SkRegion((0,1381,1080,2134)), touchableInsets 3 -> 3
03-15 13:56:11.634 12320 14334 V InputMethodManagerService: IME window vis: 3 active: 1 visible: 2 displayId: 0
03-15 13:56:11.634 12320 14334 D InputMethodManagerService: isImeSwitcherDisabledPackage : false
03-15 13:56:11.636 12320 14334 V InputMethodManagerService: IME window vis: 3 active: 1 visible: 2 displayId: 0
03-15 13:56:11.636 12320 14334 D InputMethodManagerService: isImeSwitcherDisabledPackage : false
03-15 13:56:11.660 12320 12629 D BackgroundInstallControlService: Package event received: 0
03-15 13:56:11.993 12320 13885 D FreecessHandler: freeze com.example.kutuphane(10286) result : 2
03-15 13:56:12.101   582   582 D io_stats: !@   8,32 r 7526990 163956704 w 5333887 69967940 d 589825 219005544 f 469305 522203 iot 2417988 0 th 0 0 0 pt 0 inp 0 0 117256.530
03-15 13:56:12.223 12320 12485 D PowerManagerService: [api] userActivityFromNative : touch, IME displayId=0 eventTime=117256647
03-15 13:56:12.228 12320 12946 D VibratorManagerService: converted usage = TOUCH(18)
03-15 13:56:12.228 12320 12946 D VibratorManagerService: vibrate - uid: 10170, opPkg: com.samsung.android.honeyboard, effect: Mono{mEffect=Composed{segments=[SemHaptic{mType=50124, mMagnitude=-1}], repeat=-1, mMagnitudeType=TYPE_TOUCH}}, attrs: VibrationAttributes{mUsage=TOUCH, mAudioUsage= USAGE_UNKNOWN, mFlags=0, tags=}, reason: null, token: android.os.BinderProxy@1086e89
03-15 13:56:12.228 12320 12946 D VibratorManagerService: magnitude value is under 0
03-15 13:56:12.228 12320 12946 D SingleVibrationSession: semDcVibrate : EFFECT_CLICK_RESERVED_DC(100), repeat: -1, usage: TOUCH(18), magnitude: 0
03-15 13:56:12.228 12320 12946 D VibratorManagerService: Vibration was not generated normally.
03-15 13:56:12.374 12320 12946 D SecContentProvider: called from android.uid.honeyboard:10170
03-15 13:56:12.374 12320 12946 D RestrictionPolicy: isClipboardAllowed : true
03-15 13:56:12.519 12320 13084 D VibratorManagerService: converted usage = TOUCH(18)
03-15 13:56:12.519 12320 13084 D VibratorManagerService: vibrate - uid: 10170, opPkg: com.samsung.android.honeyboard, effect: Mono{mEffect=Composed{segments=[SemHaptic{mType=50124, mMagnitude=-1}], repeat=-1, mMagnitudeType=TYPE_TOUCH}}, attrs: VibrationAttributes{mUsage=TOUCH, mAudioUsage= USAGE_UNKNOWN, mFlags=0, tags=}, reason: null, token: android.os.BinderProxy@1086e89
03-15 13:56:12.519 12320 13084 D VibratorManagerService: magnitude value is under 0
03-15 13:56:12.519 12320 13084 D SingleVibrationSession: semDcVibrate : EFFECT_CLICK_RESERVED_DC(100), repeat: -1, usage: TOUCH(18), magnitude: 0
03-15 13:56:12.519 12320 13084 D VibratorManagerService: Vibration was not generated normally.
03-15 13:56:12.615 12320 13084 I ActivityManager: Changes in 90001 17 to 17, 128 to 0
03-15 13:56:12.616 12320 13084 I ActivityManager: Changes in 90000 10 to 10, 128 to 0
03-15 13:56:12.616 12320 13084 I ActivityManager: Changes in 10304 10 to 10, 128 to 0
03-15 13:56:12.620 12320 12364 I ActivityManager: Changes in 90001 17 to 17, 0 to 128
03-15 13:56:12.620 12320 12364 I ActivityManager: Changes in 90000 10 to 10, 0 to 128
03-15 13:56:12.620 12320 12364 I ActivityManager: Changes in 10304 10 to 10, 0 to 128
03-15 13:56:12.818 12320 12946 D VibratorManagerService: converted usage = TOUCH(18)
03-15 13:56:12.818 12320 12946 D VibratorManagerService: vibrate - uid: 10170, opPkg: com.samsung.android.honeyboard, effect: Mono{mEffect=Composed{segments=[SemHaptic{mType=50124, mMagnitude=-1}], repeat=-1, mMagnitudeType=TYPE_TOUCH}}, attrs: VibrationAttributes{mUsage=TOUCH, mAudioUsage= USAGE_UNKNOWN, mFlags=0, tags=}, reason: null, token: android.os.BinderProxy@1086e89
03-15 13:56:12.818 12320 12946 D VibratorManagerService: magnitude value is under 0
03-15 13:56:12.818 12320 12946 D SingleVibrationSession: semDcVibrate : EFFECT_CLICK_RESERVED_DC(100), repeat: -1, usage: TOUCH(18), magnitude: 0
03-15 13:56:12.818 12320 12946 D VibratorManagerService: Vibration was not generated normally.
03-15 13:56:12.833 12320 12946 D WindowManager: setInsetsWindow Window{b1749ab u0 InputMethod}, contentInsets=Rect(0, 1381 - 0, 0) -> Rect(0, 1381 - 0, 0), visibleInsets=Rect(0, 1381 - 0, 0) -> Rect(0, 1381 - 0, 0), touchableRegion=SkRegion((0,1381,1080,2134)) -> SkRegion((160,1138,742,1381)(0,1381,1080,2134)), touchableInsets 3 -> 3
03-15 13:56:12.837 12757 12829 D WindowManagerShell: onKeepClearAreasChanged: restricted={}, unrestricted={Rect(0, 1461 - 1080, 2214)}
03-15 13:56:13.047 12320 14425 D WindowManager: setInsetsWindow Window{b1749ab u0 InputMethod}, contentInsets=Rect(0, 1381 - 0, 0) -> Rect(0, 1381 - 0, 0), visibleInsets=Rect(0, 1381 - 0, 0) -> Rect(0, 1381 - 0, 0), touchableRegion=SkRegion((160,1138,742,1381)(0,1381,1080,2134)) -> SkRegion((0,1381,1080,2134)), touchableInsets 3 -> 3
03-15 13:56:13.057 12757 12829 D WindowManagerShell: onKeepClearAreasChanged: restricted={}, unrestricted={Rect(0, 1461 - 1080, 2214)}
03-15 13:56:13.065 12320 14425 D SecContentProvider: called from android.uid.honeyboard:10170
03-15 13:56:13.065 12320 14425 D RestrictionPolicy: isClipboardAllowed : true
03-15 13:56:13.522 12320 12485 D PowerManagerService: [api] userActivityFromNative : touch, IME displayId=0 eventTime=117257948
03-15 13:56:13.525 12320 12946 D VibratorManagerService: converted usage = TOUCH(18)
03-15 13:56:13.526 12320 12946 D VibratorManagerService: vibrate - uid: 10170, opPkg: com.samsung.android.honeyboard, effect: Mono{mEffect=Composed{segments=[SemHaptic{mType=50124, mMagnitude=-1}], repeat=-1, mMagnitudeType=TYPE_TOUCH}}, attrs: VibrationAttributes{mUsage=TOUCH, mAudioUsage= USAGE_UNKNOWN, mFlags=0, tags=}, reason: null, token: android.os.BinderProxy@1086e89
03-15 13:56:13.526 12320 12946 D VibratorManagerService: magnitude value is under 0
03-15 13:56:13.526 12320 12946 D SingleVibrationSession: semDcVibrate : EFFECT_CLICK_RESERVED_DC(100), repeat: -1, usage: TOUCH(18), magnitude: 0
03-15 13:56:13.526 12320 12946 D VibratorManagerService: Vibration was not generated normally.
03-15 13:56:13.626 12320 12946 I ActivityManager: Changes in 90001 17 to 17, 128 to 0
03-15 13:56:13.626 12320 12946 I ActivityManager: Changes in 90000 10 to 10, 128 to 0
03-15 13:56:13.626 12320 12946 I ActivityManager: Changes in 10304 10 to 10, 128 to 0
03-15 13:56:13.632 12320 12364 I ActivityManager: Changes in 90001 17 to 17, 0 to 128
03-15 13:56:13.633 12320 12364 I ActivityManager: Changes in 90000 10 to 10, 0 to 128
03-15 13:56:13.633 12320 12364 I ActivityManager: Changes in 10304 10 to 10, 0 to 128
03-15 13:56:13.825 12320 14425 D VibratorManagerService: converted usage = TOUCH(18)
03-15 13:56:13.825 12320 14425 D VibratorManagerService: vibrate - uid: 10170, opPkg: com.samsung.android.honeyboard, effect: Mono{mEffect=Composed{segments=[SemHaptic{mType=50124, mMagnitude=-1}], repeat=-1, mMagnitudeType=TYPE_TOUCH}}, attrs: VibrationAttributes{mUsage=TOUCH, mAudioUsage= USAGE_UNKNOWN, mFlags=0, tags=}, reason: null, token: android.os.BinderProxy@1086e89
03-15 13:56:13.825 12320 14425 D VibratorManagerService: magnitude value is under 0
03-15 13:56:13.825 12320 14425 D SingleVibrationSession: semDcVibrate : EFFECT_CLICK_RESERVED_DC(100), repeat: -1, usage: TOUCH(18), magnitude: 0
03-15 13:56:13.825 12320 14425 D VibratorManagerService: Vibration was not generated normally.
03-15 13:56:13.900 12320 14260 E TaskPersister: File error accessing recents directory (directory doesn't exist?).
03-15 13:56:14.103   582   582 D io_stats: !@   8,32 r 7527194 163958508 w 5333892 69967956 d 589825 219005544 f 469305 522204 iot 2418068 0 th 0 0 0 pt 0 inp 0 0 117258.532
03-15 13:56:14.104   582   582 D io_stats: !@ Read_top(KB): chbox:googleapp:top(25675) 2612 kworker/u32:13:/(22725) 256 earchbox:search:high(25762) 140
03-15 13:56:14.104   582   582 D io_stats: !@ Write_top(KB): chbox:googleapp:top(25675) 76 id.diagmonagent:high(14183) 28 system_server:high(12320) 16
03-15 13:56:14.138 12320 12733 I Pageboost: Launcher App Execution
03-15 13:56:14.139 12320 12733 E Pageboost: ioinfo read failed
03-15 13:56:14.148 12320 13084 D SecContentProvider: called from android.uid.honeyboard:10170
03-15 13:56:14.148 12320 13084 D RestrictionPolicy: isClipboardAllowed : true
03-15 13:56:14.639 12320 13084 I ActivityManager: Changes in 90001 17 to 17, 128 to 0
03-15 13:56:14.640 12320 13084 I ActivityManager: Changes in 90000 10 to 10, 128 to 0
03-15 13:56:14.640 12320 13084 I ActivityManager: Changes in 10304 10 to 10, 128 to 0
03-15 13:56:14.645 12320 12364 I ActivityManager: Changes in 90001 17 to 17, 0 to 128
03-15 13:56:14.645 12320 12364 I ActivityManager: Changes in 90000 10 to 10, 0 to 128
03-15 13:56:14.646 12320 12364 I ActivityManager: Changes in 10304 10 to 10, 0 to 128
03-15 13:56:14.755 12320 12629 D BackgroundInstallControlService: Package event received: 0
03-15 13:56:14.804 12320 12629 D BackgroundInstallControlService: Package event received: 0
03-15 13:56:15.201 12320 13885 D FreecessHandler: freeze com.instagram.android(10304) result : 33
03-15 13:56:15.653 12320 14425 I ActivityManager: Changes in 90001 17 to 17, 128 to 0
03-15 13:56:15.654 12320 14425 I ActivityManager: Changes in 90000 10 to 10, 128 to 0
03-15 13:56:15.655 12320 14425 I ActivityManager: Changes in 10304 10 to 10, 128 to 0
03-15 13:56:15.661 12320 12364 I ActivityManager: Changes in 90001 17 to 17, 0 to 128
03-15 13:56:15.661 12320 12364 I ActivityManager: Changes in 90000 10 to 10, 0 to 128
03-15 13:56:15.662 12320 12364 I ActivityManager: Changes in 10304 10 to 10, 0 to 128
03-15 13:56:16.030 12320 13084 D CustomizedBinderCallsStatsInternal: reportCpuUsage() : 4%
03-15 13:56:16.032 12320 12363 I BinderCallsStats: Collected cpu time : 6204us, collected call count : 5030 for 41447301 ms
03-15 13:56:16.032 12320 13084 D ProcessCpuUsage: [0] 944, {500=36080, 700=260, 750=330, 800=160, 850=190, 900=260, 950=150, 1000=180, 1050=100, 1100=180, 1150=7360, 1200=190, 1250=460, 1300=200, 1350=140, 1400=130, 1450=110, 1500=110, 1600=200, 1700=120, 2000=13110}
03-15 13:56:16.032 12320 13084 D ProcessCpuUsage: [6] 1060, {725=41400, 1100=3270, 1200=270, 1300=2940, 1400=250, 1500=180, 1600=130, 1700=590, 1800=140, 1900=660, 2000=100, 2200=10180}
03-15 13:56:16.106   582   582 D io_stats: !@   8,32 r 7527265 163959076 w 5333962 69968720 d 589825 219005544 f 469306 522208 iot 2418132 0 th 0 0 0 pt 0 inp 0 0 117260.535
03-15 13:56:16.668 12320 13084 I ActivityManager: Changes in 90001 17 to 17, 128 to 0
03-15 13:56:16.668 12320 13084 I ActivityManager: Changes in 90000 10 to 10, 128 to 0
03-15 13:56:16.668 12320 13084 I ActivityManager: Changes in 10304 10 to 10, 128 to 0
03-15 13:56:16.676 12320 12364 I ActivityManager: Changes in 90001 17 to 17, 0 to 128
03-15 13:56:16.677 12320 12364 I ActivityManager: Changes in 90000 10 to 10, 0 to 128
03-15 13:56:16.677 12320 12364 I ActivityManager: Changes in 10304 10 to 10, 0 to 128
03-15 13:56:17.058 12320 12410 D PowerManagerService: UserActivityStateListenerState: 0
03-15 13:56:17.224 12320 12485 D PowerManagerService: [api] userActivityFromNative : touch displayId=0 eventTime=117261648
03-15 13:56:17.225 12320 12485 D PowerManagerService: UserActivityStateListenerState: 1
03-15 13:56:17.309 25675 25675 D InsetsController: Setting requestedVisibleTypes to -9 (was -1)
03-15 13:56:17.357 12320 14425 I BatteryService_BatteryPropertiesRegistrar: [getProperty]id:1
03-15 13:56:17.357 12320 14425 I BatteryService_BatteryPropertiesRegistrar: [getProperty]prop.long:-9223372036854775808 ,prop.string:null
03-15 13:56:17.597 12320 12946 V InputMethodManagerService: IME window vis: 3 active: 1 visible: 2 displayId: 0
03-15 13:56:17.598 12320 12946 D InputMethodManagerService: isImeSwitcherDisabledPackage : false
03-15 13:56:17.670 12721 12721 I wpa_supplicant: Heartbeat 717
03-15 13:56:17.677 12320 12363 I ActivityManager: Changes in 10105 5 to 15, 144 to 0
03-15 13:56:17.699 12320 13084 D InsetsSourceProvider: updateVisibility: serverVisible=true, clientVisible=false, source=InsetsSource: {3 mType=ime mFrame=[0,1461][1080,2340] mVisible=false mFlags= mSideHint=BOTTOM mBoundingRects=null}, controlTarget=Window{e987794 u0 com.google.android.googlequicksearchbox/com.google.android.googlequicksearchbox.InternalGoogleAppActivityEntrypoint}, from=com.android.server.wm.ImeInsetsSourceProvider.updateVisibility:7 com.android.server.wm.InsetsSourceProvider.setClientVisible:8 com.android.server.wm.ImeInsetsSourceProvider.setClientVisible:17 com.android.server.wm.InsetsSourceProvider.updateClientVisibility:20 com.android.server.wm.ImeInsetsSourceProvider.updateClientVisibility:142 com.android.server.wm.InsetsStateController.onRequestedVisibleTypesChanged:44 com.android.server.wm.InsetsPolicy.onRequestedVisibleTypesChanged:3 com.android.server.wm.Session.updateRequestedVisibleTypes:37 android.view.IWindowSession$Stub.onTransact:1188 com.android.server.wm.Session.onTransact:1 
03-15 13:56:17.700 12320 13084 I WindowManager: Cancelling animation restarting=true, leash=Surface(name=Surface(name=3c1eb49 NavigationBar0)/@0x13224f6 - animation-leash of insets_animation)/@0xb5ab079
03-15 13:56:17.700 12320 13084 I WindowManager: Reparenting to original parent: Surface(name=WindowToken{b67d50 type=2019 android.os.BinderProxy@b916202})/@0x5e0e0f7, destroy=false, surface=Surface(name=3c1eb49 NavigationBar0)/@0x13224f6
03-15 13:56:17.700 12320 13084 I WindowManager: Reparenting to leash, surface=Surface(name=3c1eb49 NavigationBar0)/@0x13224f6, leashParent=Surface(name=WindowToken{b67d50 type=2019 android.os.BinderProxy@b916202})/@0x5e0e0f7
03-15 13:56:17.702 12320 13084 D WindowManager: makeSurface duration=2 leash=Surface(name=Surface(name=3c1eb49 NavigationBar0)/@0x13224f6 - animation-leash of insets_animation)/@0x874a27e
03-15 13:56:17.703 12320 13084 D InsetsSourceProvider: updateControlForTarget: control=InsetsSourceControl: {c4460001 mType=navigationBars initiallyVisible mSurfacePosition=Point(0, 2214) mInsetsHint=Insets{left=0, top=0, right=0, bottom=39}}, target=Window{e987794 u0 com.google.android.googlequicksearchbox/com.google.android.googlequicksearchbox.InternalGoogleAppActivityEntrypoint}, from=com.android.server.wm.InsetsStateController.onControlTargetChanged:83 com.android.server.wm.InsetsPolicy.updateBarControlTarget:225 com.android.server.wm.DisplayPolicy.updateSystemBarAttributes:262 com.android.server.wm.InsetsStateController.onRequestedVisibleTypesChanged:86 com.android.server.wm.InsetsPolicy.onRequestedVisibleTypesChanged:3 
03-15 13:56:17.703 12320 13084 D WindowManager: updateSystemBarAttributes: displayId=0, focusedCanBeNavColorWin=false, win=Window{e987794 u0 com.google.android.googlequicksearchbox/com.google.android.googlequicksearchbox.InternalGoogleAppActivityEntrypoint}, navColorWin=Window{e987794 u0 com.google.android.googlequicksearchbox/com.google.android.googlequicksearchbox.InternalGoogleAppActivityEntrypoint}, caller=com.android.server.wm.InsetsStateController.onRequestedVisibleTypesChanged:86 com.android.server.wm.InsetsPolicy.onRequestedVisibleTypesChanged:3 com.android.server.wm.Session.updateRequestedVisibleTypes:37 
03-15 13:56:17.703 12320 13084 D WindowManager: updateSystemBarAttributes, bhv=1, apr=0, statusBarAprRegions=[AppearanceRegion{ bounds=[0,0][1080,2340]}], requestedVisibilities=-9
03-15 13:56:17.708 12757 12829 D WindowManagerShell: onKeepClearAreasChanged: restricted={}, unrestricted={}
03-15 13:56:17.710 12320 12353 V InputMethodManagerService: Client requesting input be hidden
03-15 13:56:17.710 12320 12353 V InputMethodManagerService: setWindowStateInner, windowToken=android.os.BinderProxy@657afe7, state=ImeTargetWindowState{ imeToken android.os.Binder@e9fc3df imeFocusChanged true hasEditorFocused true requestedImeVisible false imeDisplayId 0 softInputModeState STATE_UNSPECIFIED|ADJUST_PAN|IS_FORWARD_NAVIGATION isStartInputByGainFocus true}
03-15 13:56:17.710 12320 12353 V InputMethodManagerService: Calling com.android.server.inputmethod.IInputMethodInvoker@7c4363f.hideSoftInput(0, android.os.BinderProxy@657afe7, null) for reason: HIDE_SOFT_INPUT
03-15 13:56:17.712 12320 12353 I ActivityManager: Changes in 10170 5 to 7, 255 to 128
03-15 13:56:17.714 12320 14334 V InputMethodManagerService: IME window vis: 0 active: 0 visible: 0 displayId: 0
03-15 13:56:17.714 12320 14334 D InputMethodManagerService: isImeSwitcherDisabledPackage : false
03-15 13:56:17.715 12320 14334 I InputMethodManagerService: setImeWindowStatus: vis=0, backDisposition=0
03-15 13:56:17.739 12320 14334 D WindowManager: setInsetsWindow Window{b1749ab u0 InputMethod}, contentInsets=Rect(0, 1381 - 0, 0) -> Rect(0, 1381 - 0, 0), visibleInsets=Rect(0, 1381 - 0, 0) -> Rect(0, 1381 - 0, 0), touchableRegion=SkRegion((0,1381,1080,2134)) -> SkRegion((0,1381,1080,2134)), touchableInsets 3 -> 3
03-15 13:56:17.744 12320 12902 D WindowManager: finishDrawingWindow: Window{b1749ab u0 InputMethod} mDrawState=HAS_DRAWN seqId=0
03-15 13:56:18.002 12320 13885 D FreecessHandler: freeze com.example.kutuphane(10286) result : 2
03-15 13:56:18.090 12320 13084 E WindowManager: win=Window{b1749ab u0 InputMethod} destroySurfaces: appStopped=true cleanupOnResume=false win.mWindowRemovalAllowed=false win.mRemoveOnExit=false win.mViewVisibility=8 caller=com.android.server.wm.WindowManagerService.tryStartExitingAnimation:134 com.android.server.wm.WindowManagerService.relayoutWindow:1138 com.android.server.wm.Session.relayout:27 android.view.IWindowSession$Stub.onTransact:829 com.android.server.wm.Session.onTransact:1 android.os.Binder.execTransactInternal:1457 android.os.Binder.execTransact:1401 
03-15 13:56:18.092 12320 13084 I WindowManager: Cancelling animation restarting=true, leash=Surface(name=Surface(name=b1749ab InputMethod)/@0x6f02ba1 - animation-leash of insets_animation)/@0xaea86ee
03-15 13:56:18.092 12320 13084 I WindowManager: Reparenting to original parent: Surface(name=WindowToken{d3fbecc type=2011 android.os.Binder@42f30ff})/@0x113d1c6, destroy=false, surface=Surface(name=b1749ab InputMethod)/@0x6f02ba1
03-15 13:56:18.094 12320 13084 I WindowManager: Reparenting to leash, surface=Surface(name=b1749ab InputMethod)/@0x6f02ba1, leashParent=Surface(name=WindowToken{d3fbecc type=2011 android.os.Binder@42f30ff})/@0x113d1c6
03-15 13:56:18.095 12320 13084 D WindowManager: makeSurface duration=1 leash=Surface(name=Surface(name=b1749ab InputMethod)/@0x6f02ba1 - animation-leash of insets_animation)/@0x3d84fd7
03-15 13:56:18.095 12320 13084 D InsetsSourceProvider: updateControlForTarget: control=InsetsSourceControl: {3 mType=ime mSurfacePosition=Point(0, 80) mInsetsHint=Insets{left=0, top=0, right=0, bottom=879}}, target=Window{e987794 u0 com.google.android.googlequicksearchbox/com.google.android.googlequicksearchbox.InternalGoogleAppActivityEntrypoint}, from=com.android.server.wm.ImeInsetsSourceProvider.updateControlForTarget:17 com.android.server.wm.ImeInsetsSourceProvider.setServerVisible:68 com.android.server.wm.InsetsSourceProvider.onPostLayout:30 com.android.server.wm.ImeInsetsSourceProvider.onPostLayout:3 com.android.server.wm.InsetsStateController.onPostLayout:26 
03-15 13:56:18.096 12320 12353 V InputMethodManagerService: Client requesting input be hidden
03-15 13:56:18.097 12320 12353 V InputMethodManagerService: setWindowStateInner, windowToken=android.os.BinderProxy@657afe7, state=ImeTargetWindowState{ imeToken android.os.Binder@baa2bad imeFocusChanged true hasEditorFocused true requestedImeVisible false imeDisplayId 0 softInputModeState STATE_UNSPECIFIED|ADJUST_PAN|IS_FORWARD_NAVIGATION isStartInputByGainFocus true}
03-15 13:56:18.097 12320 12353 V InputMethodManagerService: hideCurrentInputLocked : canceled, shouldHideSoftInput=false, mInputShown=false, mImeWindowVis=0
03-15 13:56:18.106 12320 13084 D WindowManager: setInsetsWindow Window{b1749ab u0 InputMethod}, contentInsets=Rect(0, 1381 - 0, 0) -> Rect(0, 1381 - 0, 0), visibleInsets=Rect(0, 1381 - 0, 0) -> Rect(0, 1381 - 0, 0), touchableRegion=SkRegion((0,1381,1080,2134)) -> SkRegion((0,1381,1080,2134)), touchableInsets 3 -> 3
03-15 13:56:18.107   582   582 D io_stats: !@   8,32 r 7527291 163959588 w 5334313 69970260 d 589825 219005544 f 469804 522290 iot 2418200 0 th 0 0 0 pt 0 inp 0 0 117262.536
03-15 13:56:18.107   582   582 D io_stats: !@ Read_top(KB): chbox:googleapp:top(25675) 976 gle.android.gms:high(13922) 60 earchbox:search:high(25762) 20
03-15 13:56:18.107   582   582 D io_stats: !@ Write_top(KB): f2fs_ckpt-254:6:/(3359) 728 kworker/u32:8:/(21375) 688 kworker/4:0:/(16574) 536
03-15 13:56:18.217 12320 12353 D SGM:GameManager: identifyForegroundApp. com.google.android.googlequicksearchbox, mCurrentUserId: 0, callerUserId: 0
03-15 13:56:18.217 12320 12353 D SGM:SemGameManager: isForegroundGame(), ret=false
03-15 13:56:18.218 12320 26085 D TspStateManager: wrote command: cmd=0, type=5
03-15 13:56:18.219 12320 26086 D TspStateManager: wrote command: cmd=1,45,7,15,702, type=1
03-15 13:56:18.392 14190 15483 I SDHMS:x : SIOP:: AP:283 BAT:260 USB:258 CHG:272 PA:279 WIFI:278 BLK:0 SUBBAT:0 SKIN:273 SKINF:266 SKINB:273 LRP2:273 LRF2:266 LRB2:273 AP2:273 CHG2:262 MEM2:273 WIFI2:273 SPK2:277 VAP05:281 AVGCUR:-194 POWER:-791
03-15 13:56:18.506 12320 12376 D BatteryExternalStatsWorker: update stats : update-network-netlog (6)
03-15 13:56:18.506 12320 12376 D BatteryExternalStatsWorker: Update Rail Energy data
03-15 13:56:18.507 12320 12376 D BatteryExternalStatsWorker: mStats lock released
03-15 13:56:18.507 12320 12376 D BatteryExternalStatsWorker: done updateExternalStatsLocked
03-15 13:56:18.690 12320 14334 I ActivityManager: Changes in 90001 17 to 17, 128 to 0
03-15 13:56:18.690 12320 14334 I ActivityManager: Changes in 90000 10 to 10, 128 to 0
03-15 13:56:18.690 12320 14334 I ActivityManager: Changes in 10304 10 to 10, 128 to 0
03-15 13:56:18.695 12320 12364 I ActivityManager: Changes in 90001 17 to 17, 0 to 128
03-15 13:56:18.695 12320 12364 I ActivityManager: Changes in 90000 10 to 10, 0 to 128
03-15 13:56:18.696 12320 12364 I ActivityManager: Changes in 10304 10 to 10, 0 to 128
03-15 13:56:19.268 12320 12476 D ActivityManager: Received BROADCAST intent 0x1ef2635 Key{broadcastIntent pkg=com.instagram.android intent=act=com.instagram.warm_heartbeat xflg=0x4 cmp=com.instagram.android/com.instagram.util.startup.appwarmer.KeepWarmReceiver flags=0x4000000 u=0} requestCode=0 sent=0 from uid 1000
03-15 13:56:19.270 12320 12476 D ActivityManager: Received BROADCAST intent 0xaa27b22 Key{broadcastIntent pkg=com.samsung.android.rubin.app intent=act=com.samsung.android.rubin.controller.keepaliveservice.ACTION_SERVICE_ALARM xflg=0x4 pkg=com.samsung.android.rubin.app cmp=com.samsung.android.rubin.app/com.samsung.android.rubin.controller.services.KeepAliveService$AlarmBroadcastReceiver flags=0x4000000 u=0} requestCode=1 sent=0 from uid 1000
03-15 13:56:19.273 12320 12364 I ActivityManager: Changes in 10096 10 to 10, 0 to 128
03-15 13:56:19.275 12320 12946 I ActivityManager: Changes in 10096 10 to 10, 128 to 0
03-15 13:56:20.108   582   582 D io_stats: !@   8,32 r 7527368 163959932 w 5334348 69971240 d 589825 219005544 f 469804 522291 iot 2418264 0 th 0 0 0 pt 0 inp 0 0 117264.538
03-15 13:56:20.226 12320 12410 D PowerManagerService: UserActivityStateListenerState: 0
03-15 13:56:20.710 12320 14334 I ActivityManager: Changes in 90001 17 to 17, 128 to 0
03-15 13:56:20.711 12320 14334 I ActivityManager: Changes in 90000 10 to 10, 128 to 0
03-15 13:56:20.711 12320 14334 I ActivityManager: Changes in 10304 10 to 10, 128 to 0
03-15 13:56:20.718 12320 12364 I ActivityManager: Changes in 90001 17 to 17, 0 to 128
03-15 13:56:20.719 12320 12364 I ActivityManager: Changes in 90000 10 to 10, 0 to 128
03-15 13:56:20.719 12320 12364 I ActivityManager: Changes in 10304 10 to 10, 0 to 128
03-15 13:56:21.222 12320 13885 D FreecessHandler: freeze com.instagram.android(10304) result : 33
03-15 13:56:21.235 12320 12485 D PowerManagerService: [api] userActivityFromNative : touch displayId=0 eventTime=117265662
03-15 13:56:21.237 12320 12485 D PowerManagerService: UserActivityStateListenerState: 1
03-15 13:56:21.244 12320 12505 E HandwritingModeController: Cannot get requestId: Handwriting was not initialized.
03-15 13:56:21.247 12320 13084 I WindowManager: Reparenting to leash, surface=Surface(name=RemoteWallpaperAnim:1:1)/@0xd50ed48, leashParent=Surface(name=OneHanded:0:14)/@0x17127e1
03-15 13:56:21.247 12757 12829 V ShellDesktopMode: DesktopTasksController: Recents transition state changed: TRANSITION_STATE_REQUESTED
03-15 13:56:21.247 12757 12829 V ShellRecents: RecentsTransitionHandler.startRecentsTransition
03-15 13:56:21.248 12757 12829 V WindowManagerShell: Directly starting a new transition type=TO_FRONT wct=WindowContainerTransaction { changes= {} hops= [{pendingIntent: options=Bundle[{android.activity.splashScreenStyle=-1, android.activity.sourceInfo=Supplier{VAL_PARCELABLE@148+104}, android:activity.isMlLaunch=-1, android.activity.splitTaskDeferResume=false, android.pendingIntent.backgroundActivityAllowed=1, android:activity.isActiveLaunch=false, android.activity.launchTypeDnD=false, android:activity.startedFromWindowTypeLauncher=false, android.activity.launchDisplayId=0, android:activity.unhandledDropLaunch=false, android:activity.launchInFocusedStageRoot=false, android:activity.animAbortListener=null, android.activity.disableSplashScreen=false, android.activity.startAssistantActivity=false, android.activity.applySystemModalPolicy=false, android:activity.applyBigFreeformSize=false, android.activity.enterPipWhileLaunching=false, android.activity.splitPosition=0, android.activity.preserveTaskWindowingMode=false, android:activity.enterSplitSideWithAdjacentFlag=0, android.activity.transientLaunch=true}]}] errorCallbackToken=null taskFragmentOrganizer=null } handler=com.android.wm.shell.recents.RecentsTransitionHandler@f5163b0
03-15 13:56:21.249 12320 13084 D WindowManager: makeSurface duration=2 leash=Surface(name=Surface(name=RemoteWallpaperAnim:1:1)/@0xd50ed48 - animation-leash of remote_wallpaper)/@0x7065a48
03-15 13:56:21.249 12320 13084 D WindowManager: startAnimation for remote wallpaper, leash=Surface(name=Surface(name=RemoteWallpaperAnim:1:1)/@0xd50ed48 - animation-leash of remote_wallpaper)/@0x7065a48
03-15 13:56:21.250 12320 13084 D WindowManager: startRemoteWallpaperAnimation, d=0, leash=Surface(name=Surface(name=RemoteWallpaperAnim:1:1)/@0xd50ed48 - animation-leash of remote_wallpaper)/@0x7065a48
03-15 13:56:21.250 12320 12902 D WindowManager: Transition is created, t=TransitionRecord{9566e06 id=-1 type=TO_FRONT flags=0x0}, caller=com.android.server.wm.Transition.<init>:182 com.android.server.wm.WindowOrganizerController.startTransition:18 com.android.server.wm.WindowOrganizerController.startNewTransition:2 android.window.IWindowOrganizerController$Stub.onTransact:247 com.android.server.wm.WindowOrganizerController.onTransact:1 
03-15 13:56:21.250 12320 12902 V WindowManager: Starting a Recents transition which can be parallel.
03-15 13:56:21.251 12320 12902 D BLASTSyncEngine: SyncGroup is created, id=279, name=Transition-TO_FRONT, caller=com.android.server.wm.BLASTSyncEngine$SyncGroup.<init>:52 com.android.server.wm.TransitionController.moveToCollecting:79 com.android.server.wm.TransitionController.startCollectOrQueue:94 com.android.server.wm.WindowOrganizerController.startTransition:22 com.android.server.wm.WindowOrganizerController.startNewTransition:2 android.window.IWindowOrganizerController$Stub.onTransact:247 com.android.server.wm.WindowOrganizerController.onTransact:1 
03-15 13:56:21.251 12320 12902 W BLASTSyncEngine: setSyncMethod, id=279, method=0, caller=com.android.server.wm.TransitionController.moveToCollecting:91 com.android.server.wm.TransitionController.startCollectOrQueue:94 com.android.server.wm.WindowOrganizerController.startTransition:22 
03-15 13:56:21.251 12320 12902 V WindowManager: Start collecting in Transition: TransitionRecord{9566e06 id=279 type=TO_FRONT flags=0x0}, caller=com.android.server.wm.TransitionController.startCollectOrQueue:94 com.android.server.wm.WindowOrganizerController.startTransition:22 com.android.server.wm.WindowOrganizerController.startNewTransition:2 android.window.IWindowOrganizerController$Stub.onTransact:247 com.android.server.wm.WindowOrganizerController.onTransact:1 
03-15 13:56:21.251 12320 12902 V WindowManager: Starting Transition 279, caller=com.android.server.wm.WindowOrganizerController$$ExternalSyntheticLambda5.onCollectStarted:16 com.android.server.wm.TransitionController.startCollectOrQueue:97 com.android.server.wm.WindowOrganizerController.startTransition:22 
03-15 13:56:21.251 12320 12902 V WindowManager: Transition 279: Set Task{845d6d4 #611 type=standard A=10220:com.google.android.googlequicksearchbox.googleapp} as transient-hidden-task, caller=com.android.server.wm.Task.forAllTasks:4 com.android.server.wm.WindowContainer.forAllTasks:2 com.android.server.wm.DisplayArea.forAllTasks:9 
03-15 13:56:21.252 12320 12902 V WindowManager: Collecting in transition 279: Task{845d6d4 #611 type=standard A=10220:com.google.android.googlequicksearchbox.googleapp}, caller=com.android.server.wm.Transition$$ExternalSyntheticLambda20.test:119 com.android.server.wm.Task.forAllTasks:4 com.android.server.wm.WindowContainer.forAllTasks:2 com.android.server.wm.DisplayArea.forAllTasks:9 com.android.server.wm.Transition.setTransientLaunch:138 
03-15 13:56:21.252 12320 12902 V WindowManager: Collecting in transition 279: TransientLaunchOverlayToken{af55f9c token=android.os.BinderProxy@dc6930f}, caller=com.android.server.wm.TransientLaunchOverlayToken.setVisibility:22 com.android.server.wm.Transition.setTransientLaunch:209 com.android.server.wm.ActivityStartController.startExistingRecents:191 com.android.server.wm.WindowOrganizerController.applyHierarchyOp:309 com.android.server.wm.WindowOrganizerController.applyTransaction:148 
03-15 13:56:21.252 12320 12902 D WindowManager: prepareSync <SYNC_STATE_WAITING_FOR_DRAW>, mPrepareSyncSeqId=0, win=Window{7e3512b u0 RecentsTransitionOverlay}
03-15 13:56:21.252 12320 12902 I TransientLaunchOverlayToken: setVisibility, visible=true, t=TransientLaunchOverlayToken{af55f9c token=android.os.BinderProxy@dc6930f}, caller=com.android.server.wm.Transition.setTransientLaunch:209 com.android.server.wm.ActivityStartController.startExistingRecents:191 com.android.server.wm.WindowOrganizerController.applyHierarchyOp:309 
03-15 13:56:21.252 12320 12902 V WindowManager: Transition 279: Set ActivityRecord{70907090 u0 com.sec.android.app.launcher/.activities.LauncherActivity t593} as transient-launch, caller=com.android.server.wm.ActivityStartController.startExistingRecents:191 com.android.server.wm.WindowOrganizerController.applyHierarchyOp:309 com.android.server.wm.WindowOrganizerController.applyTransaction:148 
03-15 13:56:21.253 12320 12902 D ActivityManagerPerformance: AMP_acquire() HOME
03-15 13:56:21.254 12320 12902 V WindowManager: Collecting in transition 279: ActivityRecord{70907090 u0 com.sec.android.app.launcher/.activities.LauncherActivity t593}, caller=com.android.server.wm.TransitionController.collect:7 com.android.server.wm.ActivityRecord.setVisibility:132 com.android.server.wm.TaskFragment.resumeTopActivity:1662 com.android.server.wm.ActivityStartController.startExistingRecents:206 com.android.server.wm.WindowOrganizerController.applyHierarchyOp:309 
03-15 13:56:21.254 12320 12353 I ActivityManager: Changes in 10135 5 to 2, 184 to 255
03-15 13:56:21.255 12320 12902 D WindowManager: prepareSync <SYNC_STATE_WAITING_FOR_DRAW>, mPrepareSyncSeqId=0, win=Window{3df34fd u0 com.sec.android.app.launcher/com.sec.android.app.launcher.activities.LauncherActivity}
03-15 13:56:21.255 12320 12902 V WindowManager: Setting visibility of Window{7b4c344 u0 com.sec.android.app.launcher/com.sec.android.app.launcher.activities.LauncherActivity}: true, caller=com.android.server.wm.WindowContainer.sendAppVisibilityToClients:19 com.android.server.wm.WindowToken.setClientVisible:48 com.android.server.wm.ActivityRecord.setVisibility:486 com.android.server.wm.TaskFragment.resumeTopActivity:1662 com.android.server.wm.ActivityStartController.startExistingRecents:206 
03-15 13:56:21.255 12320 12902 V WindowManager: Setting visibility of Window{3df34fd u0 com.sec.android.app.launcher/com.sec.android.app.launcher.activities.LauncherActivity}: true, caller=com.android.server.wm.WindowContainer.sendAppVisibilityToClients:19 com.android.server.wm.WindowToken.setClientVisible:48 com.android.server.wm.ActivityRecord.setVisibility:486 com.android.server.wm.TaskFragment.resumeTopActivity:1662 com.android.server.wm.ActivityStartController.startExistingRecents:206 
03-15 13:56:21.256 12320 12353 I ActivityManager: updateOomAdj start time is before than pendingPid added, don't delete it
03-15 13:56:21.257 12320 12902 V WindowManager: rotationForOrientation(orient=SCREEN_ORIENTATION_NOSENSOR (5), last=ROTATION_0 (0)); user=ROTATION_0 (0) USER_ROTATION_LOCKED
03-15 13:56:21.257 12320 12902 D WindowManager: rotationForOrientation, orientationSource=ActivityRecord{70907090 u0 com.sec.android.app.launcher/.activities.LauncherActivity t593}
03-15 13:56:21.257 12320 12902 V WindowManager: Computed rotation=ROTATION_0 (0) for display id=0 based on lastOrientation=SCREEN_ORIENTATION_NOSENSOR (5) and oldRotation=ROTATION_0 (0), caller=com.android.server.wm.DisplayRotation.updateOrientation:79 com.android.server.wm.DisplayContent.updateOrientation:41 com.android.server.wm.DisplayContent.updateOrientationAndComputeConfig:48 com.android.server.wm.RootWindowContainer.ensureVisibilityAndConfig:7 com.android.server.wm.TaskFragment.resumeTopActivity:1724 com.android.server.wm.ActivityStartController.startExistingRecents:206 
03-15 13:56:21.257 12320 12902 D WindowManagerServiceExt: updateTaskbarTargetIfNeeded: reset
03-15 13:56:21.261 12320 12902 D BLASTSyncEngine: SyncGroup 279: Set ready true, caller=com.android.server.wm.BLASTSyncEngine.setReady:32 com.android.server.wm.Transition.applyReady:54 com.android.server.wm.WindowOrganizerController.applyTransaction:175 com.android.server.wm.WindowOrganizerController.applyTransaction:16 com.android.server.wm.WindowOrganizerController$$ExternalSyntheticLambda5.onCollectStarted:27 com.android.server.wm.TransitionController.startCollectOrQueue:97 
