03-15 13:56:38.937 12320 12364 I ActivityManager: Changes in 10304 16 to 11, 0 to 128
03-15 13:56:38.984 12320 12902 D SecContentProvider: called from android.uid.honeyboard:10170
03-15 13:56:38.984 12320 12902 D RestrictionPolicy: isClipboardAllowed : true
03-15 13:56:39.344 12320 12485 D PowerManagerService: [api] userActivityFromNative : touch, IME displayId=0 eventTime=117283770
03-15 13:56:39.348 12320 14335 D VibratorManagerService: converted usage = TOUCH(18)
03-15 13:56:39.348 12320 14335 D VibratorManagerService: vibrate - uid: 10170, opPkg: com.samsung.android.honeyboard, effect: Mono{mEffect=Composed{segments=[SemHaptic{mType=50124, mMagnitude=-1}], repeat=-1, mMagnitudeType=TYPE_TOUCH}}, attrs: VibrationAttributes{mUsage=TOUCH, mAudioUsage= USAGE_UNKNOWN, mFlags=0, tags=}, reason: null, token: android.os.BinderProxy@b29b219
03-15 13:56:39.348 12320 14335 D VibratorManagerService: magnitude value is under 0
03-15 13:56:39.348 12320 14335 D SingleVibrationSession: semDcVibrate : EFFECT_CLICK_RESERVED_DC(100), repeat: -1, usage: TOUCH(18), magnitude: 0
03-15 13:56:39.348 12320 14335 D VibratorManagerService: Vibration was not generated normally.
03-15 13:56:39.357 12320 12902 D SecContentProvider: called from android.uid.honeyboard:10170
03-15 13:56:39.357 12320 12902 D RestrictionPolicy: isClipboardAllowed : true
03-15 13:56:39.432 12320 12902 D SecContentProvider: called from android.uid.honeyboard:10170
03-15 13:56:39.432 12320 12902 D RestrictionPolicy: isClipboardAllowed : true
03-15 13:56:39.552 12320 13885 D FreecessHandler: freeze com.instagram.android(10304) result : 33
03-15 13:56:39.591 12320 14335 D VibratorManagerService: converted usage = TOUCH(18)
03-15 13:56:39.591 12320 14335 D VibratorManagerService: vibrate - uid: 10170, opPkg: com.samsung.android.honeyboard, effect: Mono{mEffect=Composed{segments=[SemHaptic{mType=50124, mMagnitude=-1}], repeat=-1, mMagnitudeType=TYPE_TOUCH}}, attrs: VibrationAttributes{mUsage=TOUCH, mAudioUsage= USAGE_UNKNOWN, mFlags=0, tags=}, reason: null, token: android.os.BinderProxy@b29b219
03-15 13:56:39.591 12320 14335 D VibratorManagerService: magnitude value is under 0
03-15 13:56:39.591 12320 14335 D SingleVibrationSession: semDcVibrate : EFFECT_CLICK_RESERVED_DC(100), repeat: -1, usage: TOUCH(18), magnitude: 0
03-15 13:56:39.591 12320 14335 D VibratorManagerService: Vibration was not generated normally.
03-15 13:56:39.681 12320 14335 D SecContentProvider: called from android.uid.honeyboard:10170
03-15 13:56:39.682 12320 14335 D RestrictionPolicy: isClipboardAllowed : true
03-15 13:56:39.813 12320 14335 D VibratorManagerService: converted usage = TOUCH(18)
03-15 13:56:39.813 12320 14335 D VibratorManagerService: vibrate - uid: 10170, opPkg: com.samsung.android.honeyboard, effect: Mono{mEffect=Composed{segments=[SemHaptic{mType=50124, mMagnitude=-1}], repeat=-1, mMagnitudeType=TYPE_TOUCH}}, attrs: VibrationAttributes{mUsage=TOUCH, mAudioUsage= USAGE_UNKNOWN, mFlags=0, tags=}, reason: null, token: android.os.BinderProxy@b29b219
03-15 13:56:39.813 12320 14335 D VibratorManagerService: magnitude value is under 0
03-15 13:56:39.813 12320 14335 D SingleVibrationSession: semDcVibrate : EFFECT_CLICK_RESERVED_DC(100), repeat: -1, usage: TOUCH(18), magnitude: 0
03-15 13:56:39.813 12320 14335 D VibratorManagerService: Vibration was not generated normally.
03-15 13:56:39.882 12320 14299 D SecContentProvider: called from android.uid.honeyboard:10170
03-15 13:56:39.882 12320 14299 D RestrictionPolicy: isClipboardAllowed : true
03-15 13:56:39.882 12320 12733 I Pageboost: Launcher App Execution
03-15 13:56:39.883 12320 14260 E TaskPersister: File error accessing recents directory (directory doesn't exist?).
03-15 13:56:39.945 12320 14299 I ActivityManager: Changes in 90001 17 to 17, 128 to 0
03-15 13:56:39.946 12320 14299 I ActivityManager: Changes in 90000 11 to 17, 128 to 0
03-15 13:56:39.946 12320 14299 I ActivityManager: Changes in 10304 11 to 16, 128 to 0
03-15 13:56:39.953 12320 12364 I ActivityManager: Changes in 90001 17 to 17, 0 to 128
03-15 13:56:39.954 12320 12364 I ActivityManager: Changes in 90000 17 to 11, 0 to 128
03-15 13:56:39.954 12320 12364 I ActivityManager: Changes in 10304 16 to 11, 0 to 128
03-15 13:56:40.044 12320 12363 I ActivityManager: Changes in 10105 5 to 15, 144 to 0
03-15 13:56:40.127   582   582 D io_stats: !@   8,32 r 7528191 163981364 w 5335493 69982456 d 589826 219009640 f 469905 522497 iot 2418632 0 th 0 0 0 pt 0 inp 0 0 117284.556
03-15 13:56:40.218 12320 14299 D VibratorManagerService: converted usage = TOUCH(18)
03-15 13:56:40.219 12320 14299 D VibratorManagerService: vibrate - uid: 10170, opPkg: com.samsung.android.honeyboard, effect: Mono{mEffect=Composed{segments=[SemHaptic{mType=50124, mMagnitude=-1}], repeat=-1, mMagnitudeType=TYPE_TOUCH}}, attrs: VibrationAttributes{mUsage=TOUCH, mAudioUsage= USAGE_UNKNOWN, mFlags=0, tags=}, reason: null, token: android.os.BinderProxy@b29b219
03-15 13:56:40.219 12320 14299 D VibratorManagerService: magnitude value is under 0
03-15 13:56:40.219 12320 14299 D SingleVibrationSession: semDcVibrate : EFFECT_CLICK_RESERVED_DC(100), repeat: -1, usage: TOUCH(18), magnitude: 0
03-15 13:56:40.219 12320 14299 D VibratorManagerService: Vibration was not generated normally.
03-15 13:56:40.273 12320 14299 D SecContentProvider: called from android.uid.honeyboard:10170
03-15 13:56:40.273 12320 14299 D RestrictionPolicy: isClipboardAllowed : true
03-15 13:56:40.523 12320 12485 D PowerManagerService: [api] userActivityFromNative : touch, IME displayId=0 eventTime=117284948
03-15 13:56:40.526 12320 14299 D VibratorManagerService: converted usage = TOUCH(18)
03-15 13:56:40.527 12320 14299 D VibratorManagerService: vibrate - uid: 10170, opPkg: com.samsung.android.honeyboard, effect: Mono{mEffect=Composed{segments=[SemHaptic{mType=50124, mMagnitude=-1}], repeat=-1, mMagnitudeType=TYPE_TOUCH}}, attrs: VibrationAttributes{mUsage=TOUCH, mAudioUsage= USAGE_UNKNOWN, mFlags=0, tags=}, reason: null, token: android.os.BinderProxy@b29b219
03-15 13:56:40.527 12320 14299 D VibratorManagerService: magnitude value is under 0
03-15 13:56:40.527 12320 14299 D SingleVibrationSession: semDcVibrate : EFFECT_CLICK_RESERVED_DC(100), repeat: -1, usage: TOUCH(18), magnitude: 0
03-15 13:56:40.527 12320 14299 D VibratorManagerService: Vibration was not generated normally.
03-15 13:56:40.587 12320 14335 D SecContentProvider: called from android.uid.honeyboard:10170
03-15 13:56:40.587 12320 14335 D RestrictionPolicy: isClipboardAllowed : true
03-15 13:56:40.890 12320 14335 D VibratorManagerService: converted usage = TOUCH(18)
03-15 13:56:40.890 12320 14335 D VibratorManagerService: vibrate - uid: 10170, opPkg: com.samsung.android.honeyboard, effect: Mono{mEffect=Composed{segments=[SemHaptic{mType=50124, mMagnitude=-1}], repeat=-1, mMagnitudeType=TYPE_TOUCH}}, attrs: VibrationAttributes{mUsage=TOUCH, mAudioUsage= USAGE_UNKNOWN, mFlags=0, tags=}, reason: null, token: android.os.BinderProxy@b29b219
03-15 13:56:40.890 12320 14335 D VibratorManagerService: magnitude value is under 0
03-15 13:56:40.890 12320 14335 D SingleVibrationSession: semDcVibrate : EFFECT_CLICK_RESERVED_DC(100), repeat: -1, usage: TOUCH(18), magnitude: 0
03-15 13:56:40.890 12320 14335 D VibratorManagerService: Vibration was not generated normally.
03-15 13:56:40.950 12320 14335 D SecContentProvider: called from android.uid.honeyboard:10170
03-15 13:56:40.950 12320 14335 D RestrictionPolicy: isClipboardAllowed : true
03-15 13:56:40.958 12320 14335 I ActivityManager: Changes in 90001 17 to 17, 128 to 0
03-15 13:56:40.958 12320 14335 I ActivityManager: Changes in 90000 11 to 17, 128 to 0
03-15 13:56:40.958 12320 14335 I ActivityManager: Changes in 10304 11 to 16, 128 to 0
03-15 13:56:40.961 12320 12364 I ActivityManager: Changes in 90001 17 to 17, 0 to 128
03-15 13:56:40.961 12320 12364 I ActivityManager: Changes in 90000 17 to 11, 0 to 128
03-15 13:56:40.961 12320 12364 I ActivityManager: Changes in 10304 16 to 11, 0 to 128
03-15 13:56:41.616 12320 12451 D DeviceIdleController: startMonitoringMotionLocked()
03-15 13:56:41.621 12320 12476 D ActivityManager: Received BROADCAST intent 0x3dfd780 Key{broadcastIntent pkg=com.google.android.gms/com.google.android.gms.location_base intent=act=com.google.android.location.ALARM_WAKEUP_ACTIVITY_DETECTION xflg=0x4 pkg=com.google.android.gms flags=0x4000000 u=0} requestCode=0 sent=0 from uid 1000
03-15 13:56:41.971 12320 12345 I ActivityManager: Changes in 90001 17 to 17, 128 to 0
03-15 13:56:41.971 12320 12345 I ActivityManager: Changes in 90000 11 to 17, 128 to 0
03-15 13:56:41.972 12320 12345 I ActivityManager: Changes in 10304 11 to 16, 128 to 0
03-15 13:56:41.980 12320 12364 I ActivityManager: Changes in 90001 17 to 17, 0 to 128
03-15 13:56:41.980 12320 12364 I ActivityManager: Changes in 90000 17 to 11, 0 to 128
03-15 13:56:41.981 12320 12364 I ActivityManager: Changes in 10304 16 to 11, 0 to 128
03-15 13:56:42.047 12320 12485 D PowerManagerService: [api] userActivityFromNative : touch displayId=0 eventTime=117286473
03-15 13:56:42.061 12320 13885 D FreecessHandler: freeze com.example.kutuphane(10286) result : 12
03-15 13:56:42.128   582   582 D io_stats: !@   8,32 r 7528191 163981364 w 5335539 69983032 d 589826 219009640 f 469905 522498 iot 2418636 0 th 0 0 0 pt 0 inp 0 0 117286.557
03-15 13:56:42.128   582   582 D io_stats: !@ Write_top(KB): kworker/u32:6:/(20631) 548 id.diagmonagent:high(14183) 36 chbox:googleapp:low(25675) 24
03-15 13:56:42.184 12757 12829 V ShellDesktopMode: DesktopTasksController: Recents transition state changed: TRANSITION_STATE_REQUESTED
03-15 13:56:42.185 12757 12829 V ShellRecents: RecentsTransitionHandler.startRecentsTransition
03-15 13:56:42.185 12757 12829 V WindowManagerShell: Directly starting a new transition type=TO_FRONT wct=WindowContainerTransaction { changes= {} hops= [{pendingIntent: options=Bundle[{android.activity.splashScreenStyle=-1, android.activity.sourceInfo=Supplier{VAL_PARCELABLE@148+104}, android:activity.isMlLaunch=-1, android.activity.splitTaskDeferResume=false, android.pendingIntent.backgroundActivityAllowed=1, android:activity.isActiveLaunch=false, android.activity.launchTypeDnD=false, android:activity.startedFromWindowTypeLauncher=false, android.activity.launchDisplayId=0, android:activity.unhandledDropLaunch=false, android:activity.launchInFocusedStageRoot=false, android:activity.animAbortListener=null, android.activity.disableSplashScreen=false, android.activity.startAssistantActivity=false, android.activity.applySystemModalPolicy=false, android:activity.applyBigFreeformSize=false, android.activity.enterPipWhileLaunching=false, android.activity.splitPosition=0, android.activity.preserveTaskWindowingMode=false, android:activity.enterSplitSideWithAdjacentFlag=0, android.activity.transientLaunch=true}]}] errorCallbackToken=null taskFragmentOrganizer=null } handler=com.android.wm.shell.recents.RecentsTransitionHandler@f5163b0
03-15 13:56:42.186 12320 14335 I WindowManager: Reparenting to leash, surface=Surface(name=RemoteWallpaperAnim:1:1)/@0xd50ed48, leashParent=Surface(name=OneHanded:0:14)/@0x17127e1
03-15 13:56:42.187 12320 14335 D WindowManager: makeSurface duration=2 leash=Surface(name=Surface(name=RemoteWallpaperAnim:1:1)/@0xd50ed48 - animation-leash of remote_wallpaper)/@0x6743ce7
03-15 13:56:42.188 12320 14335 D WindowManager: startAnimation for remote wallpaper, leash=Surface(name=Surface(name=RemoteWallpaperAnim:1:1)/@0xd50ed48 - animation-leash of remote_wallpaper)/@0x6743ce7
03-15 13:56:42.189 12757 12757 V ShellDragAndDrop: Receive android.intent.action.CLOSE_SYSTEM_DIALOGS
03-15 13:56:42.189 12320 14335 D WindowManager: startRemoteWallpaperAnimation, d=0, leash=Surface(name=Surface(name=RemoteWallpaperAnim:1:1)/@0xd50ed48 - animation-leash of remote_wallpaper)/@0x6743ce7
03-15 13:56:42.190 12320 12345 D WindowManager: Transition is created, t=TransitionRecord{e5a073d id=-1 type=TO_FRONT flags=0x0}, caller=com.android.server.wm.Transition.<init>:182 com.android.server.wm.WindowOrganizerController.startTransition:18 com.android.server.wm.WindowOrganizerController.startNewTransition:2 android.window.IWindowOrganizerController$Stub.onTransact:247 com.android.server.wm.WindowOrganizerController.onTransact:1 
03-15 13:56:42.190 12320 12345 V WindowManager: Starting a Recents transition which can be parallel.
03-15 13:56:42.190 12320 12345 D BLASTSyncEngine: SyncGroup is created, id=285, name=Transition-TO_FRONT, caller=com.android.server.wm.BLASTSyncEngine$SyncGroup.<init>:52 com.android.server.wm.TransitionController.moveToCollecting:79 com.android.server.wm.TransitionController.startCollectOrQueue:94 com.android.server.wm.WindowOrganizerController.startTransition:22 com.android.server.wm.WindowOrganizerController.startNewTransition:2 android.window.IWindowOrganizerController$Stub.onTransact:247 com.android.server.wm.WindowOrganizerController.onTransact:1 
03-15 13:56:42.190 12320 12345 W BLASTSyncEngine: setSyncMethod, id=285, method=0, caller=com.android.server.wm.TransitionController.moveToCollecting:91 com.android.server.wm.TransitionController.startCollectOrQueue:94 com.android.server.wm.WindowOrganizerController.startTransition:22 
03-15 13:56:42.191 12320 12345 V WindowManager: Start collecting in Transition: TransitionRecord{e5a073d id=285 type=TO_FRONT flags=0x0}, caller=com.android.server.wm.TransitionController.startCollectOrQueue:94 com.android.server.wm.WindowOrganizerController.startTransition:22 com.android.server.wm.WindowOrganizerController.startNewTransition:2 android.window.IWindowOrganizerController$Stub.onTransact:247 com.android.server.wm.WindowOrganizerController.onTransact:1 
03-15 13:56:42.191 12320 12345 V WindowManager: Starting Transition 285, caller=com.android.server.wm.WindowOrganizerController$$ExternalSyntheticLambda5.onCollectStarted:16 com.android.server.wm.TransitionController.startCollectOrQueue:97 com.android.server.wm.WindowOrganizerController.startTransition:22 
03-15 13:56:42.192 12320 12345 V WindowManager: Transition 285: Set Task{5ede90c #609 type=standard A=10286:com.example.kutuphane} as transient-hidden-task, caller=com.android.server.wm.Task.forAllTasks:4 com.android.server.wm.WindowContainer.forAllTasks:2 com.android.server.wm.DisplayArea.forAllTasks:9 
03-15 13:56:42.193 12320 12345 V WindowManager: Collecting in transition 285: Task{5ede90c #609 type=standard A=10286:com.example.kutuphane}, caller=com.android.server.wm.Transition$$ExternalSyntheticLambda20.test:119 com.android.server.wm.Task.forAllTasks:4 com.android.server.wm.WindowContainer.forAllTasks:2 com.android.server.wm.DisplayArea.forAllTasks:9 com.android.server.wm.Transition.setTransientLaunch:138 
03-15 13:56:42.193 12320 12345 V WindowManager: Collecting in transition 285: TransientLaunchOverlayToken{af55f9c token=android.os.BinderProxy@dc6930f}, caller=com.android.server.wm.TransientLaunchOverlayToken.setVisibility:22 com.android.server.wm.Transition.setTransientLaunch:209 com.android.server.wm.ActivityStartController.startExistingRecents:191 com.android.server.wm.WindowOrganizerController.applyHierarchyOp:309 com.android.server.wm.WindowOrganizerController.applyTransaction:148 
03-15 13:56:42.194 12320 12345 D WindowManager: prepareSync <SYNC_STATE_WAITING_FOR_DRAW>, mPrepareSyncSeqId=0, win=Window{7e3512b u0 RecentsTransitionOverlay}
03-15 13:56:42.194 12320 12345 I TransientLaunchOverlayToken: setVisibility, visible=true, t=TransientLaunchOverlayToken{af55f9c token=android.os.BinderProxy@dc6930f}, caller=com.android.server.wm.Transition.setTransientLaunch:209 com.android.server.wm.ActivityStartController.startExistingRecents:191 com.android.server.wm.WindowOrganizerController.applyHierarchyOp:309 
03-15 13:56:42.194 12320 12345 V WindowManager: Transition 285: Set ActivityRecord{70907090 u0 com.sec.android.app.launcher/.activities.LauncherActivity t593} as transient-launch, caller=com.android.server.wm.ActivityStartController.startExistingRecents:191 com.android.server.wm.WindowOrganizerController.applyHierarchyOp:309 com.android.server.wm.WindowOrganizerController.applyTransaction:148 
03-15 13:56:42.195 12320 12353 I ActivityManager: Changes in 10135 5 to 2, 184 to 255
03-15 13:56:42.197 12320 12345 D ActivityManagerPerformance: AMP_acquire() HOME
03-15 13:56:42.198 12320 12345 V WindowManager: Collecting in transition 285: ActivityRecord{70907090 u0 com.sec.android.app.launcher/.activities.LauncherActivity t593}, caller=com.android.server.wm.TransitionController.collect:7 com.android.server.wm.ActivityRecord.setVisibility:132 com.android.server.wm.TaskFragment.resumeTopActivity:1662 com.android.server.wm.ActivityStartController.startExistingRecents:206 com.android.server.wm.WindowOrganizerController.applyHierarchyOp:309 
03-15 13:56:42.198 12320 12345 D WindowManager: prepareSync <SYNC_STATE_WAITING_FOR_DRAW>, mPrepareSyncSeqId=0, win=Window{3df34fd u0 com.sec.android.app.launcher/com.sec.android.app.launcher.activities.LauncherActivity}
03-15 13:56:42.199 12320 12345 V WindowManager: Setting visibility of Window{7b4c344 u0 com.sec.android.app.launcher/com.sec.android.app.launcher.activities.LauncherActivity}: true, caller=com.android.server.wm.WindowContainer.sendAppVisibilityToClients:19 com.android.server.wm.WindowToken.setClientVisible:48 com.android.server.wm.ActivityRecord.setVisibility:486 com.android.server.wm.TaskFragment.resumeTopActivity:1662 com.android.server.wm.ActivityStartController.startExistingRecents:206 
03-15 13:56:42.199 12320 12345 V WindowManager: Setting visibility of Window{3df34fd u0 com.sec.android.app.launcher/com.sec.android.app.launcher.activities.LauncherActivity}: true, caller=com.android.server.wm.WindowContainer.sendAppVisibilityToClients:19 com.android.server.wm.WindowToken.setClientVisible:48 com.android.server.wm.ActivityRecord.setVisibility:486 com.android.server.wm.TaskFragment.resumeTopActivity:1662 com.android.server.wm.ActivityStartController.startExistingRecents:206 
03-15 13:56:42.200 12320 12345 V WindowManager: rotationForOrientation(orient=SCREEN_ORIENTATION_NOSENSOR (5), last=ROTATION_0 (0)); user=ROTATION_0 (0) USER_ROTATION_LOCKED
03-15 13:56:42.200 12320 12345 D WindowManager: rotationForOrientation, orientationSource=ActivityRecord{70907090 u0 com.sec.android.app.launcher/.activities.LauncherActivity t593}
03-15 13:56:42.201 12320 12345 V WindowManager: Computed rotation=ROTATION_0 (0) for display id=0 based on lastOrientation=SCREEN_ORIENTATION_NOSENSOR (5) and oldRotation=ROTATION_0 (0), caller=com.android.server.wm.DisplayRotation.updateOrientation:79 com.android.server.wm.DisplayContent.updateOrientation:41 com.android.server.wm.DisplayContent.updateOrientationAndComputeConfig:48 com.android.server.wm.RootWindowContainer.ensureVisibilityAndConfig:7 com.android.server.wm.TaskFragment.resumeTopActivity:1724 com.android.server.wm.ActivityStartController.startExistingRecents:206 
03-15 13:56:42.201 12320 12345 D WindowManagerServiceExt: updateTaskbarTargetIfNeeded: reset
03-15 13:56:42.202 12320 12345 D BLASTSyncEngine: SyncGroup 285: Set ready true, caller=com.android.server.wm.BLASTSyncEngine.setReady:32 com.android.server.wm.Transition.applyReady:54 com.android.server.wm.WindowOrganizerController.applyTransaction:175 com.android.server.wm.WindowOrganizerController.applyTransaction:16 com.android.server.wm.WindowOrganizerController$$ExternalSyntheticLambda5.onCollectStarted:27 com.android.server.wm.TransitionController.startCollectOrQueue:97 
03-15 13:56:42.202 12320 12345 D ActivityTaskManager: scheduleTopResumedActivityChanged, onTop=false, r=ActivityRecord{206451061 u0 com.example.kutuphane/.kitapekle t609}, caller=com.android.server.wm.ActivityTaskSupervisor.scheduleTopResumedActivityStateLossIfNeeded:19 com.android.server.wm.ActivityTaskSupervisor.endDeferResume:21 com.android.server.wm.WindowOrganizerController.applyTransaction:186 com.android.server.wm.WindowOrganizerController.applyTransaction:16 com.android.server.wm.WindowOrganizerController$$ExternalSyntheticLambda5.onCollectStarted:27 com.android.server.wm.TransitionController.startCollectOrQueue:97 
03-15 13:56:42.203 12320 12345 D FreeformController: beginPostLayoutPolicyLw: forceHideRequester changed, old=null, new=Window{7e3512b u0 RecentsTransitionOverlay}
03-15 13:56:42.203 12320 12345 D FreeformController: setBlockToAddForceHideFreeformTasks: blockToAddForceHide=true, Caller=com.android.server.wm.DisplayPolicy.finishPostLayoutPolicyLw:127
03-15 13:56:42.203 12320 12345 D BLASTSyncEngine: SyncGroup 285:  Unfinished container: ActivityRecord{70907090 u0 com.sec.android.app.launcher/.activities.LauncherActivity t593} mSyncState=2
03-15 13:56:42.204 12320 12505 E HandwritingModeController: Cannot get requestId: Handwriting was not initialized.
03-15 13:56:42.204 12757 12829 V ShellRecents: [173340224] RecentsController.setTransition: id=android.os.BinderProxy@2498dc3
03-15 13:56:42.205 12757 12829 V ShellDragAndDrop: Do not update drop target window visibility: window is already set to 4.
03-15 13:56:42.205 12757 12829 D WindowManagerShell: onKeepClearAreasChanged: restricted={}, unrestricted={}
03-15 13:56:42.206 12320 12347 D BLASTSyncEngine: SyncGroup 285:  Unfinished container: ActivityRecord{70907090 u0 com.sec.android.app.launcher/.activities.LauncherActivity t593} mSyncState=2
03-15 13:56:42.208 12320 12345 D ActivityTaskManager: scheduleTopResumedActivityChanged, onTop=true, r=ActivityRecord{70907090 u0 com.sec.android.app.launcher/.activities.LauncherActivity t593}, caller=com.android.server.wm.ActivityTaskSupervisor.scheduleTopResumedActivityStateIfNeeded:18 com.android.server.wm.ActivityTaskSupervisor.handleTopResumedStateReleased:44 com.android.server.wm.ActivityClientController.activityTopResumedStateLost:14 android.app.IActivityClientController$Stub.onTransact:716 com.android.server.wm.ActivityClientController.onTransact:1 android.os.Binder.execTransactInternal:1457 
03-15 13:56:42.212 12320 14299 D WindowManager: makeSurface duration=1 name=com.sec.android.app.launcher/com.sec.android.app.launcher.activities.LauncherActivity$_25675
03-15 13:56:42.212 12320 12353 D SGM:FgCheckThread: noteResumeComponent(), received pkgName: com.sec.android.app.launcher, userId: 0
03-15 13:56:42.213 12320 12619 I CocktailBarManagerServiceContainer: handleMessage: entry what = 5
03-15 13:56:42.213 14190 15940 I SDHMS:k : handleResumeComponent : put = com.sec.android.app.launcher, userid = 0 instanceid =94372243
03-15 13:56:42.214 12320 14299 D BLASTSyncEngine: SyncGroup 285:  Unfinished container: ActivityRecord{70907090 u0 com.sec.android.app.launcher/.activities.LauncherActivity t593} mSyncState=2
03-15 13:56:42.214 12320 12629 D BackgroundInstallControlService: Package event received: 0
03-15 13:56:42.215 14190 14190 I SDHMS:LOAD: type: LoadsFreqs, value: 0:0:0:0:0:0:0:0:0:0:0:0
03-15 13:56:42.216 12320 12353 D SGM:GameManager: identifyGamePackage. com.sec.android.app.launcher, mCurrentUserId: 0, callingMethodInfo: com.samsung.android.game.SemGameManager.isGamePackage(SemGameManager.java:106)
03-15 13:56:42.216 12320 12353 D SGM:SemGameManager: isGamePackage(), pkgName=com.sec.android.app.launcher, ret=false
03-15 13:56:42.218 12320 12351 D SGM:GameManager: identifyForegroundApp. com.example.kutuphane, mCurrentUserId: 0, callerUserId: 0
03-15 13:56:42.218 12320 12351 D SGM:SemGameManager: isForegroundGame(), ret=false
03-15 13:56:42.219 12320 12353 D WindowManager: mRunner#onAnimationStart for remote wallpaper=[android.view.RemoteAnimationTarget@dbdc083], transaction=startRemoteWallpaperAnimation_196509844
03-15 13:56:42.220 12320 12353 D PowerManagerService: [api] setScreenDimDurationOverrideFromWindowManagerInternal: timeoutMillis: 40000
03-15 13:56:42.220 12320 12629 D BackgroundInstallControlService: Package event received: 0
03-15 13:56:42.223 12320 12351 D SGM:GameManager: identifyForegroundApp. com.example.kutuphane, mCurrentUserId: 0, callerUserId: 0
03-15 13:56:42.223 12320 12351 D SGM:SemGameManager: isForegroundGame(), ret=false
03-15 13:56:42.225 12320 12351 D WindowManager: requestTransientBars: swipeTarget=Window{3c1eb49 u0 NavigationBarView}, controlTarget=PermanentControlTarget, canShowTransient=false, restorePositionTypes=0x3, from=com.android.server.wm.DisplayPolicy$1.onSwipeFromBottom:21 com.android.server.wm.SystemGesturesPointerEventListener.onPointerEvent:545 
03-15 13:56:42.230 12320 14299 D WindowManager: finishDrawingWindow: Window{7b4c344 u0 com.sec.android.app.launcher/com.sec.android.app.launcher.activities.LauncherActivity} mDrawState=DRAW_PENDING seqId=0
03-15 13:56:42.232 12320 12354 D BLASTSyncEngine: SyncGroup 285:  Unfinished container: ActivityRecord{70907090 u0 com.sec.android.app.launcher/.activities.LauncherActivity t593} mSyncState=2
03-15 13:56:42.238 12320 14299 I ActivityManager: Changes in 99010 17 to 3, 128 to 184
03-15 13:56:42.239 12320 12629 D BackgroundInstallControlService: Package event received: 0
03-15 13:56:42.241 12320 12629 D BackgroundInstallControlService: Package event received: 0
03-15 13:56:42.243 12320 14299 D WindowManager: makeSurface duration=0 name=com.sec.android.app.launcher/com.sec.android.app.launcher.activities.LauncherActivity$_13277
03-15 13:56:42.245 12320 14299 D BLASTSyncEngine: SyncGroup 285:  Unfinished container: ActivityRecord{70907090 u0 com.sec.android.app.launcher/.activities.LauncherActivity t593} mSyncState=2
03-15 13:56:42.247 12320 12629 D BackgroundInstallControlService: Package event received: 0
03-15 13:56:42.247 12320 12629 D BackgroundInstallControlService: Package event received: 0
03-15 13:56:42.247 12320 12629 D BackgroundInstallControlService: Package event received: 0
03-15 13:56:42.248 12320 12354 V WindowManager: Collecting in transition 285: WallpaperWindowToken{384c472 showWhenLocked=false}_<system>, caller=com.android.server.wm.TransitionController.collect:7 com.android.server.wm.WallpaperWindowToken.setVisibility:55 com.android.server.wm.WallpaperController.adjustWallpaperWindows:857 com.android.server.wm.RootWindowContainer.applySurfaceChangesTransaction$1:141 com.android.server.wm.RootWindowContainer.performSurfacePlacementNoTrace:59 
03-15 13:56:42.249 12320 12354 V WindowManager: Setting visibility of Window{54ad81e u0 com.android.systemui.wallpapers.ImageWallpaper}: true, caller=com.android.server.wm.WindowContainer.sendAppVisibilityToClients:19 com.android.server.wm.WindowToken.setClientVisible:48 com.android.server.wm.WallpaperWindowToken.setVisible$1:3 com.android.server.wm.WallpaperWindowToken.commitVisibility:48 com.android.server.wm.WallpaperWindowToken.setVisibility:101 
03-15 13:56:42.250 12320 12354 D BLASTSyncEngine: SyncGroup 285:  Unfinished container: ActivityRecord{70907090 u0 com.sec.android.app.launcher/.activities.LauncherActivity t593} mSyncState=2
03-15 13:56:42.252 12320 12354 D BLASTSyncEngine: SyncGroup 285:  Unfinished container: ActivityRecord{70907090 u0 com.sec.android.app.launcher/.activities.LauncherActivity t593} mSyncState=2
03-15 13:56:42.264 12320 12345 D WindowManager: finishDrawingWindow: Window{3df34fd u0 com.sec.android.app.launcher/com.sec.android.app.launcher.activities.LauncherActivity} mDrawState=DRAW_PENDING seqId=0
03-15 13:56:42.266 12320 12354 V WindowManager: SyncGroup 285: Finished!
03-15 13:56:42.267 12320 12347 I AppWidgetServiceImpl: startListening() 
03-15 13:56:42.267 12320 12354 V WindowManager: performShowLocked: mDrawState=HAS_DRAWN in Window{7b4c344 u0 com.sec.android.app.launcher/com.sec.android.app.launcher.activities.LauncherActivity}
03-15 13:56:42.267 12320 12347 I AppWidgetServiceImpl: startListening() finish
03-15 13:56:42.267 12320 12354 V WindowManager: performShowLocked: mDrawState=HAS_DRAWN in Window{3df34fd u0 com.sec.android.app.launcher/com.sec.android.app.launcher.activities.LauncherActivity}
03-15 13:56:42.268 12320 12354 D Transition: updateTaskbarTargetIfNeeded: defer to send callbackwhile on transient launch
03-15 13:56:42.268 12320 12354 D ChangeTransitionController: onTransactionReady: TransitionRecord{e5a073d id=285 type=TO_FRONT flags=0x80 c=[
03-15 13:56:42.268 12320 12354 D ChangeTransitionController:    ChangeInfo{f91e1df container=DefaultTaskDisplayArea_d0@21689571 flags=0x0}
03-15 13:56:42.268 12320 12354 D ChangeTransitionController:    ChangeInfo{5694e2c container=WallpaperWindowToken{384c472 showWhenLocked=false}_<system> flags=0x0}
03-15 13:56:42.268 12320 12354 D ChangeTransitionController:    ChangeInfo{5afe0f5 container=Task{3cba496 #1 type=home} flags=0x0}
03-15 13:56:42.268 12320 12354 D ChangeTransitionController:    ChangeInfo{4eb9e8a container=ActivityRecord{70907090 u0 com.sec.android.app.launcher/.activities.LauncherActivity t593} flags=0x0}
03-15 13:56:42.268 12320 12354 D ChangeTransitionController:    ChangeInfo{b5cbcfb container=Task{5ede90c #609 type=standard A=10286:com.example.kutuphane} flags=0x4}
03-15 13:56:42.268 12320 12354 D ChangeTransitionController:    ChangeInfo{d332118 container=TransientLaunchOverlayToken{af55f9c token=android.os.BinderProxy@dc6930f} flags=0x0}
03-15 13:56:42.268 12320 12354 D ChangeTransitionController:    ChangeInfo{36a9771 container=Display{#0 state=ON size=1080x2340 ROTATION_0} flags=0x0}
03-15 13:56:42.268 12320 12354 D ChangeTransitionController:    ChangeInfo{ed1956 container=Task{fc17dcd #593 type=home I=com.sec.android.app.launcher/.activities.LauncherActivity} flags=0x0}
03-15 13:56:42.268 12320 12354 D ChangeTransitionController:    ChangeInfo{1302dd7 container=RemoteWallpaperAnim:1:1@264671916 flags=0x0}
03-15 13:56:42.268 12320 12354 D ChangeTransitionController: ]
03-15 13:56:42.268 12320 12354 D ChangeTransitionController: }
03-15 13:56:42.268 12320 12354 V WindowManager: Start calculating TransitionInfo based on participants: {WallpaperWindowToken{384c472 showWhenLocked=false}_<system>, Task{3cba496 #1 type=home}, ActivityRecord{70907090 u0 com.sec.android.app.launcher/.activities.LauncherActivity t593}, Task{5ede90c #609 type=standard A=10286:com.example.kutuphane}, TransientLaunchOverlayToken{af55f9c token=android.os.BinderProxy@dc6930f}, Task{fc17dcd #593 type=home I=com.sec.android.app.launcher/.activities.LauncherActivity}}
03-15 13:56:42.269 12320 12354 V WindowManager:   Final targets: [ChangeInfo{d332118 container=TransientLaunchOverlayToken{af55f9c token=android.os.BinderProxy@dc6930f} flags=0x0}, ChangeInfo{5afe0f5 container=Task{3cba496 #1 type=home} flags=0x30}, ChangeInfo{b5cbcfb container=Task{5ede90c #609 type=standard A=10286:com.example.kutuphane} flags=0x4}, ChangeInfo{5694e2c container=WallpaperWindowToken{384c472 showWhenLocked=false}_<system> flags=0x0}]
03-15 13:56:42.271 12320 12354 D WindowManager: setActiveRecents, recents=Task{3cba496 #1 type=home}, task=Task{5ede90c #609 type=standard A=10286:com.example.kutuphane}, caller=com.android.server.wm.InputMonitor.setActiveRecents:33 com.android.server.wm.Transition.onTransactionReady:1795 com.android.server.wm.BLASTSyncEngine$SyncGroup.finishNow:240 
03-15 13:56:42.273 12320 12354 V WindowManager: Calling onTransitionReady: {id=285 t=TO_FRONT f=0x80 trk=0 r=[0@Point(0, 0)] c=[
03-15 13:56:42.273 12320 12354 V WindowManager:         {m=TO_FRONT f=TRANSLUCENT|FLAG_IS_SYSTEM_WINDOW|TRANSIENT_LAUNCH_OVERLAY leash=Surface(name=TransientLaunchOverlayToken{af55f9c token=android.os.BinderProxy@dc6930f})/@0x377df45 sb=Rect(0, 0 - 1080, 2340) eb=Rect(0, 0 - 1080, 2340) epz=Point(1080, 2340) d=0 inset=Rect(0, 0 - 0, 0)},
03-15 13:56:42.273 12320 12354 V WindowManager:         {WCT{RemoteToken{9720ccf Task{3cba496 #1 type=home}}} m=TO_FRONT f=SHOW_WALLPAPER|MOVE_TO_TOP|EDGE_EXTENSION_RESTRICTION leash=Surface(name=Task=1)/@0xd813e23 sb=Rect(0, 0 - 1080, 2340) eb=Rect(0, 0 - 1080, 2340) epz=Point(1080, 2340) d=0 taskParent=-1 inset=Rect(0, 80 - 0, 39)},
03-15 13:56:42.273 12320 12354 V WindowManager:         {WCT{RemoteToken{2dc67f3 Task{5ede90c #609 type=standard A=10286:com.example.kutuphane}}} m=TO_BACK f=NONE leash=Surface(name=Task=609)/@0xa252d sb=Rect(0, 0 - 1080, 2340) eb=Rect(0, 0 - 1080, 2340) epz=Point(1080, 2340) d=0 taskParent=-1 inset=Rect(0, 80 - 0, 39) dim=true},
03-15 13:56:42.273 12320 12354 V WindowManager:         {m=TO_FRONT f=IS_WALLPAPER p=WCT{RemoteToken{e1c459c RemoteWallpaperAnim:1:1@264671916}} leash=Surface(name=WallpaperWindowToken{384c472 showWhenLocked=false})/@0xaa6efa9 sb=Rect(0, 0 - 1080, 2340) eb=Rect(0, 0 - 1080, 2340) epz=Point(1080, 2340) d=0 inset=Rect(0, 0 - 0, 0)}
03-15 13:56:42.273 12320 12354 V WindowManager:     ]}
03-15 13:56:42.276 12320 12354 D WindowManager: updateSystemBarAttributes: displayId=0, focusedCanBeNavColorWin=false, win=Window{b7b0b62 u0 com.example.kutuphane/com.example.kutuphane.kitapekle}, navColorWin=Window{b7b0b62 u0 com.example.kutuphane/com.example.kutuphane.kitapekle}, caller=com.android.server.wm.DisplayPolicy.finishPostLayoutPolicyLw:17 com.android.server.wm.RootWindowContainer.applySurfaceChangesTransaction$1:195 com.android.server.wm.RootWindowContainer.performSurfacePlacementNoTrace:59 
03-15 13:56:42.276 12757 23072 V WindowManagerShell: onTransitionReady(transaction=52913997108054)
03-15 13:56:42.276 12320 12354 D WindowManager: updateSystemBarAttributes, bhv=1, apr=16, statusBarAprRegions=[AppearanceRegion{ bounds=[0,0][1080,2340]}], requestedVisibilities=-1
03-15 13:56:42.277 12757 12829 V WindowManagerShell: onTransitionReady (#285) android.os.BinderProxy@2498dc3: {id=285 t=TO_FRONT f=0x80 trk=0 r=[0@Point(0, 0)] c=[
03-15 13:56:42.277 12757 12829 V WindowManagerShell:         {m=TO_FRONT f=TRANSLUCENT|FLAG_IS_SYSTEM_WINDOW|TRANSIENT_LAUNCH_OVERLAY leash=Surface(name=TransientLaunchOverlayToken{af55f9c token=android.os.BinderProxy@dc6930f})/@0x72d431f sb=Rect(0, 0 - 1080, 2340) eb=Rect(0, 0 - 1080, 2340) epz=Point(1080, 2340) d=0 inset=Rect(0, 0 - 0, 0)},
03-15 13:56:42.277 12757 12829 V WindowManagerShell:         {m=TO_FRONT f=SHOW_WALLPAPER|MOVE_TO_TOP|EDGE_EXTENSION_RESTRICTION leash=Surface(name=Task=1)/@0x1b3366c sb=Rect(0, 0 - 1080, 2340) eb=Rect(0, 0 - 1080, 2340) epz=Point(1080, 2340) d=0 taskParent=-1 inset=Rect(0, 80 - 0, 39)},
03-15 13:56:42.277 12757 12829 V WindowManagerShell:         {m=TO_BACK f=NONE leash=Surface(name=Task=609)/@0x76b4435 sb=Rect(0, 0 - 1080, 2340) eb=Rect(0, 0 - 1080, 2340) epz=Point(1080, 2340) d=0 taskParent=-1 inset=Rect(0, 80 - 0, 39) dim=true},
03-15 13:56:42.277 12757 12829 V WindowManagerShell:         {m=TO_FRONT f=IS_WALLPAPER p=WCT{android.window.IWindowContainerToken$Stub$Proxy@9d34d58} leash=Surface(name=WallpaperWindowToken{384c472 showWhenLocked=false})/@0xd7260ca sb=Rect(0, 0 - 1080, 2340) eb=Rect(0, 0 - 1080, 2340) epz=Point(1080, 2340) d=0 inset=Rect(0, 0 - 0, 0)}
03-15 13:56:42.277 12757 12829 V WindowManagerShell:     ]}
03-15 13:56:42.277 12757 12829 V ShellDesktopMode: DesktopModeLogger: Recents animation running, saving tasks for later
03-15 13:56:42.278 12757 12829 V ShellDesktopMode: DesktopModeLogger: taskInfo map after processing changes 0
03-15 13:56:42.278 12757 12829 D ShellDesktopMode: DesktopTaskChangeListener: onTaskMovingToFront for taskId=1, displayId=0
03-15 13:56:42.279 12757 12829 V WindowManagerShell: Playing animation for (#285) android.os.BinderProxy@2498dc3@0
03-15 13:56:42.281 12757 12829 V WindowManagerShell:  try firstHandler com.android.wm.shell.recents.RecentsTransitionHandler@f5163b0
03-15 13:56:42.281 12757 12829 V ShellRecents: [173340224] RecentsController.start
03-15 13:56:42.282 12320 12345 D WindowManager: finishDrawingWindow: Window{3df34fd u0 com.sec.android.app.launcher/com.sec.android.app.launcher.activities.LauncherActivity} mDrawState=HAS_DRAWN seqId=0
03-15 13:56:42.283 12757 12829 V ShellRecents:   not handling home taskId=1
03-15 13:56:42.284 12320 12350 D [secipm]: mSecIpmManager report to nap
03-15 13:56:42.284 12757 12829 V ShellRecents:   adding pausing leaf taskId=609 at layer=10
03-15 13:56:42.285 12757 12829 V ShellRecents:  Excluded change from remote targets, change={m=TO_FRONT f=IS_WALLPAPER p=WCT{android.window.IWindowContainerToken$Stub$Proxy@9d34d58} leash=Surface(name=WallpaperWindowToken{384c472 showWhenLocked=false})/@0xd7260ca sb=Rect(0, 0 - 1080, 2340) eb=Rect(0, 0 - 1080, 2340) epz=Point(1080, 2340) d=0 inset=Rect(0, 0 - 0, 0)}
03-15 13:56:42.285 12757 12829 V ShellRecents: Applying transaction=52913997108054
03-15 13:56:42.286 12320 12350 V WindowManager: Sent Transition (#285) createdAt=03-15 13:56:42.189
03-15 13:56:42.286 12320 12350 V WindowManager:     startWCT=WindowContainerTransaction { changes= {} hops= [{pendingIntent: options=Bundle[{android.activity.splashScreenStyle=-1, android.activity.sourceInfo=android.app.ActivityOptions$SourceInfo@1b974e2, android:activity.isMlLaunch=-1, android.activity.splitTaskDeferResume=false, android.pendingIntent.backgroundActivityAllowed=1, android:activity.isActiveLaunch=false, android.activity.launchTypeDnD=false, android:activity.startedFromWindowTypeLauncher=false, android.activity.launchDisplayId=0, android:activity.unhandledDropLaunch=false, android:activity.launchInFocusedStageRoot=false, android:activity.animAbortListener=null, android.activity.disableSplashScreen=false, android.activity.startAssistantActivity=false, android.activity.applySystemModalPolicy=false, android:activity.applyBigFreeformSize=false, android.activity.enterPipWhileLaunching=false, android.activity.splitPosition=0, android.activity.preserveTaskWindowingMode=false, android:activity.enterSplitSideWithAdjacentFlag=0, android.activity.transientLaunch=true}]}] errorCallbackToken=null taskFragmentOrganizer=null }
03-15 13:56:42.286 12320 12350 V WindowManager:     info={id=285 t=TO_FRONT f=0x80 trk=0 r=[0@Point(0, 0)] c=[
03-15 13:56:42.286 12320 12350 V WindowManager:         {m=TO_FRONT f=TRANSLUCENT|FLAG_IS_SYSTEM_WINDOW|TRANSIENT_LAUNCH_OVERLAY leash=Surface(name=TransientLaunchOverlayToken{af55f9c token=android.os.BinderProxy@dc6930f})/@0x377df45 sb=Rect(0, 0 - 1080, 2340) eb=Rect(0, 0 - 1080, 2340) epz=Point(1080, 2340) d=0 inset=Rect(0, 0 - 0, 0)},
03-15 13:56:42.286 12320 12350 V WindowManager:         {WCT{RemoteToken{9720ccf Task{3cba496 #1 type=home}}} m=TO_FRONT f=SHOW_WALLPAPER|MOVE_TO_TOP|EDGE_EXTENSION_RESTRICTION leash=Surface(name=Task=1)/@0xd813e23 sb=Rect(0, 0 - 1080, 2340) eb=Rect(0, 0 - 1080, 2340) epz=Point(1080, 2340) d=0 taskParent=-1 inset=Rect(0, 80 - 0, 39)},
03-15 13:56:42.286 12320 12350 V WindowManager:         {WCT{RemoteToken{2dc67f3 Task{5ede90c #609 type=standard A=10286:com.example.kutuphane}}} m=TO_BACK f=NONE leash=Surface(name=Task=609)/@0xa252d sb=Rect(0, 0 - 1080, 2340) eb=Rect(0, 0 - 1080, 2340) epz=Point(1080, 2340) d=0 taskParent=-1 inset=Rect(0, 80 - 0, 39) dim=true},
03-15 13:56:42.286 12320 12350 V WindowManager:         {m=TO_FRONT f=IS_WALLPAPER p=WCT{RemoteToken{e1c459c RemoteWallpaperAnim:1:1@264671916}} leash=Surface(name=WallpaperWindowToken{384c472 showWhenLocked=false})/@0xaa6efa9 sb=Rect(0, 0 - 1080, 2340) eb=Rect(0, 0 - 1080, 2340) epz=Point(1080, 2340) d=0 inset=Rect(0, 0 - 0, 0)}
03-15 13:56:42.286 12320 12350 V WindowManager:     ]}
03-15 13:56:42.287 12757 12829 V ShellRecents: No matching remote found to takeover (#285)
03-15 13:56:42.288 12757 12829 V ShellSplitScreen: getSplitBoundsForTaskId: expected split bounds for taskId=609 but not found
03-15 13:56:42.288 12757 12829 V ShellRecents: [173340224] RecentsController.start: calling onAnimationStart with 3 apps
03-15 13:56:42.288 12757 12829 V ShellDesktopMode: DesktopTasksController: Recents transition state changed: TRANSITION_STATE_ANIMATING
03-15 13:56:42.290 12757 12829 V WindowManagerShell:  animated by firstHandler
03-15 13:56:42.295 12757 12829 V ShellRecents: [173340224] RecentsController.setInputConsumerEnabled: set focus to recents
03-15 13:56:42.297 12320 14299 D SGM:FgCheckThread: TaskStackListener.onTaskFocusChanged(), taskId=609, focused=false
03-15 13:56:42.297 12320 14299 D SGM:FgCheckThread: TaskStackListener.onTaskFocusChanged(), taskId=593, focused=true
03-15 13:56:42.298 12320 14299 D SGM:FgCheckThread:   sendRunningComponentFocus(), pkgName: com.sec.android.app.launcher, userId: 0
03-15 13:56:42.298 12320 12510 D SGM:FgCheckThread: onLooperPrepared(), msg: MSG_TASK_FOCUSED, pkgName: com.sec.android.app.launcher, userId: 0
03-15 13:56:42.298 12320 12510 D SGM:FgCheckThread: handleTaskFocused().
03-15 13:56:42.299 12320 12510 D SGM:FgCheckThread: sendFocusOutConditionally() - mPrevNotiPkg: (unknown), userId: 0
03-15 13:56:42.299 12320 12510 D SGM:FgCheckThread:   handleTaskFocused(), pkgName: com.sec.android.app.launcher, userID:0
03-15 13:56:42.299 12320 14299 D WindowManager: Changing focus from Window{b7b0b62 u0 com.example.kutuphane/com.example.kutuphane.kitapekle} to Window{3df34fd u0 com.sec.android.app.launcher/com.sec.android.app.launcher.activities.LauncherActivity} displayId=0 Callers=com.android.server.wm.ActivityTaskManagerService.setLastResumedActivityUncheckLocked:264 com.android.server.wm.ActivityTaskManagerService.setFocusedTask:19 com.android.server.wm.ActivityTaskManagerService.focusTopTask:53 android.app.IActivityTaskManager$Stub.onTransact:2020 
03-15 13:56:42.299 12320 14299 I WindowManager: Cancelling animation restarting=true, leash=Surface(name=Surface(name=2aa07a4 StatusBar)/@0x2227e1b - animation-leash of insets_animation)/@0x286741a
03-15 13:56:42.299 12320 14299 I WindowManager: Reparenting to original parent: Surface(name=WindowToken{df48736 type=2000 android.os.BinderProxy@5f2a3f8})/@0xefe1bb8, destroy=false, surface=Surface(name=2aa07a4 StatusBar)/@0x2227e1b
03-15 13:56:42.299 12320 12510 D SGM:FgCheckThread: handleResume().
03-15 13:56:42.300 12320 14299 I WindowManager: Reparenting to leash, surface=Surface(name=2aa07a4 StatusBar)/@0x2227e1b, leashParent=Surface(name=WindowToken{df48736 type=2000 android.os.BinderProxy@5f2a3f8})/@0xefe1bb8
03-15 13:56:42.300 12320 12510 D SGM:FgCheckThread: sendFocusOutConditionally() - mPrevNotiPkg: (unknown), userId: 0
03-15 13:56:42.300 12320 12510 D SGM:FgCheckThread:   handleResume(). pkgName: com.sec.android.app.launcher, userId: 0, category: non-game
03-15 13:56:42.300 12320 12510 D SGM:FgCheckThread: notifyFocusInOut(). of pkg: com.sec.android.app.launcher, type: 4, isSecGameFamily: false, userId: 0
03-15 13:56:42.300 12320 12510 D SGM:FgCheckThread:   notifyFocusInOut(). unexpected mPrevNotiType: -1
03-15 13:56:42.300 12320 12510 D SGM:SystemHelper: callReleaseBlock needReleaseBlock:false
03-15 13:56:42.300 12320 14299 D WindowManager: makeSurface duration=1 leash=Surface(name=Surface(name=2aa07a4 StatusBar)/@0x2227e1b - animation-leash of insets_animation)/@0x440fb30
03-15 13:56:42.301 12320 14299 D InsetsSourceProvider: updateControlForTarget: control=InsetsSourceControl: {5cf20000 mType=statusBars initiallyVisible mSurfacePosition=Point(0, 0) mInsetsHint=Insets{left=0, top=80, right=0, bottom=0}}, target=Window{3df34fd u0 com.sec.android.app.launcher/com.sec.android.app.launcher.activities.LauncherActivity}, from=com.android.server.wm.InsetsStateController.onControlTargetChanged:83 com.android.server.wm.InsetsPolicy.updateBarControlTarget:212 com.android.server.wm.DisplayPolicy.updateSystemBarAttributes:262 com.android.server.wm.WindowManagerService.updateFocusedWindowLocked:372 com.android.server.wm.ActivityTaskManagerService.setLastResumedActivityUncheckLocked:264 
03-15 13:56:42.302 12320 14299 D WindowManager: updateSystemBarAttributes: displayId=0, focusedCanBeNavColorWin=false, win=Window{3df34fd u0 com.sec.android.app.launcher/com.sec.android.app.launcher.activities.LauncherActivity}, navColorWin=Window{b7b0b62 u0 com.example.kutuphane/com.example.kutuphane.kitapekle}, caller=com.android.server.wm.WindowManagerService.updateFocusedWindowLocked:372 com.android.server.wm.ActivityTaskManagerService.setLastResumedActivityUncheckLocked:264 com.android.server.wm.ActivityTaskManagerService.setFocusedTask:19 
03-15 13:56:42.302 12320 14299 D WindowManager: updateSystemBarAttributes, bhv=2, apr=16, statusBarAprRegions=[AppearanceRegion{ bounds=[0,0][1080,2340]}], requestedVisibilities=-9
03-15 13:56:42.303 12320 14299 V SystemKeyManager: updateFocusedWindow() is called, com.sec.android.app.launcher/com.sec.android.app.launcher.activities.LauncherActivity
03-15 13:56:42.305 12320 12354 D WindowManager: updateSystemBarAttributes: displayId=0, focusedCanBeNavColorWin=false, win=Window{3df34fd u0 com.sec.android.app.launcher/com.sec.android.app.launcher.activities.LauncherActivity}, navColorWin=Window{3df34fd u0 com.sec.android.app.launcher/com.sec.android.app.launcher.activities.LauncherActivity}, caller=com.android.server.wm.DisplayPolicy.finishPostLayoutPolicyLw:17 com.android.server.wm.RootWindowContainer.applySurfaceChangesTransaction$1:195 com.android.server.wm.RootWindowContainer.performSurfacePlacementNoTrace:59 
03-15 13:56:42.305 12320 12354 D WindowManager: updateSystemBarAttributes, bhv=2, apr=0, statusBarAprRegions=[AppearanceRegion{ bounds=[0,0][1080,2340]}], requestedVisibilities=-9
03-15 13:56:42.305 12320 12505 E HandwritingModeController: Cannot get requestId: Handwriting was not initialized.
03-15 13:56:42.305 12320 12505 V InputMethodManagerService: IME window vis: 0 active: 0 visible: 0 displayId: 0
03-15 13:56:42.305 12320 12505 D InputMethodManagerService: isImeSwitcherDisabledPackage : false
03-15 13:56:42.307 12320 12505 V InputMethodManagerService: IME window vis: 0 active: 0 visible: 0 displayId: 0
03-15 13:56:42.307 12320 12505 D InputMethodManagerService: isImeSwitcherDisabledPackage : false
03-15 13:56:42.329 12320 12505 V InputMethodManagerService: IME window vis: 0 active: 0 visible: 0 displayId: 0
03-15 13:56:42.329 12320 12505 D InputMethodManagerService: isImeSwitcherDisabledPackage : false
03-15 13:56:42.351 12320 12584 D MdnieScenarioControlService:  packageName : com.sec.android.app.launcher    className : com.sec.android.app.launcher.Launcher
03-15 13:56:42.352 12320 12584 V MdnieScenarioControlService: setUIMode from UI function(3)
03-15 13:56:42.373 12320 12345 D VibratorManagerService: converted usage = TOUCH(18)
03-15 13:56:42.375 12320 12345 D VibratorManagerService: vibrate - uid: 10135, opPkg: com.sec.android.app.launcher, effect: Mono{mEffect=Composed{segments=[SemHaptic{mType=50124, mMagnitude=-1}], repeat=-1, mMagnitudeType=TYPE_TOUCH}}, attrs: VibrationAttributes{mUsage=TOUCH, mAudioUsage= USAGE_UNKNOWN, mFlags=0, tags=}, reason: null, token: android.os.BinderProxy@f01b2dd
03-15 13:56:42.375 12320 12345 D VibratorManagerService: magnitude value is under 0
03-15 13:56:42.375 12320 12345 D SingleVibrationSession: semDcVibrate : EFFECT_CLICK_RESERVED_DC(100), repeat: -1, usage: TOUCH(18), magnitude: 0
03-15 13:56:42.375 12320 12345 D VibratorManagerService: Vibration was not generated normally.
03-15 13:56:42.380 12757 12757 V ShellDragAndDrop: Receive android.intent.action.CLOSE_SYSTEM_DIALOGS
03-15 13:56:42.381 12757 12829 V ShellDragAndDrop: Do not update drop target window visibility: window is already set to 4.
03-15 13:56:42.453 12320 12584 V MdnieScenarioControlService: mAclOffEnabled : false
03-15 13:56:42.680 12320 12347 D WindowManager: applyWithNextDraw, mSyncSeqId=42, win=Window{7e3512b u0 RecentsTransitionOverlay}, caller=com.android.server.wm.WindowState.applyWithNextDraw:131 com.android.server.wm.WindowState.updateSurfacePosition:302 com.android.server.wm.RootWindowContainer.performSurfacePlacementNoTrace:145 com.android.server.wm.WindowSurfacePlacer.performSurfacePlacement:166 com.android.server.wm.WindowManagerService.relayoutWindow:1198 com.android.server.wm.Session.relayout:27 
03-15 13:56:42.681 12320 12505 V InputMethodManagerService: IME window vis: 0 active: 0 visible: 0 displayId: 0
03-15 13:56:42.681 12320 12505 D InputMethodManagerService: isImeSwitcherDisabledPackage : false
03-15 13:56:42.689 12320 12347 D WindowManager: finishDrawingWindow: Window{7e3512b u0 RecentsTransitionOverlay} mDrawState=HAS_DRAWN seqId=42
03-15 13:56:42.689 12320 12347 D WindowManager: finishDrawingWindow: syncBuffer=syncBuffer_VRI[RecentsTransitionOverlay]@1970a2a#25_seqId<42>
03-15 13:56:42.690 12320 12347 D WindowManager: executeDrawHandlers, seqId=42, h.mSeqId=42, hadHandlers=true, win=Window{7e3512b u0 RecentsTransitionOverlay}
03-15 13:56:42.690 12320 12347 D WindowManager: finishDrawing, postDrawTransaction=syncBuffer_VRI[RecentsTransitionOverlay]@1970a2a#25_seqId<42>, syncTransaction=null, pendingTransaction=null, w=Window{7e3512b u0 RecentsTransitionOverlay}
03-15 13:56:42.695 12320 12505 V InputMethodManagerService: IME window vis: 0 active: 0 visible: 0 displayId: 0
03-15 13:56:42.695 12320 12505 D InputMethodManagerService: isImeSwitcherDisabledPackage : false
03-15 13:56:42.701 12320 12347 D WindowManager: finishDrawingWindow: Window{7e3512b u0 RecentsTransitionOverlay} mDrawState=HAS_DRAWN seqId=42
03-15 13:56:42.705 12320 12505 V InputMethodManagerService: IME window vis: 0 active: 0 visible: 0 displayId: 0
03-15 13:56:42.705 12320 12505 D InputMethodManagerService: isImeSwitcherDisabledPackage : false
03-15 13:56:42.804 12320 26283 D TspStateManager: wrote command: cmd=0, type=5
03-15 13:56:42.804 12320 26284 D TspStateManager: wrote command: cmd=1,45,7,24,702, type=1
03-15 13:56:43.179 12757 12829 V ShellRecents: [173340224] RecentsController.finishInner: toHome=true userLeave=true willFinishToHome=true state=0 hasPausingTasks=true reason=requested
03-15 13:56:43.179 12757 12829 V ShellRecents:   normal finish
03-15 13:56:43.179 12757 12829 V ShellRecents: [173340224] RecentsController.finishInner: Completing finish
03-15 13:56:43.179 12757 12829 V ShellRecents: [173340224] RecentsController.cleanup
03-15 13:56:43.180 12757 12829 V ShellDesktopMode: DesktopTasksController: Recents transition state changed: TRANSITION_STATE_NOT_RUNNING
