03-15 13:55:27.130 12757 12829 V WindowManagerShell: Transition requested (#274): android.os.BinderProxy@9d6acb0 TransitionRequestInfo { type = TO_FRONT, triggerTask = TaskInfo{userId=0 taskId=609 effectiveUid=10286 displayId=0 isRunning=true baseIntent=Intent { act=android.intent.action.MAIN cat=[android.intent.category.LAUNCHER] flg=0x10200000 cmp=com.example.kutuphane/.MainActivity } baseActivity=ComponentInfo{com.example.kutuphane/com.example.kutuphane.goster} topActivity=ComponentInfo{com.example.kutuphane/com.example.kutuphane.kitapekle} origActivity=null realActivity=ComponentInfo{com.example.kutuphane/com.example.kutuphane.MainActivity} numActivities=3 lastActiveTime=241407042 supportsMultiWindow=true resizeMode=1 isResizeable=true minWidth=-1 minHeight=-1 maxWidth=-1 maxHeight=-1 defaultMinSize=220 desktopDefaultMinSize=304 token=WCT{android.window.IWindowContainerToken$Stub$Proxy@9255729} topActivityType=1 pictureInPictureParams=null shouldDockBigOverlays=false launchIntoPipHostTaskId=-1 lastParentTaskIdBeforePip=-1 displayCutoutSafeInsets=Rect(0, 80 - 0, 0) topActivityInfo=ActivityInfo{82acaae com.example.kutuphane.kitapekle} launchCookies=[android.os.BinderProxy@e6499d3] positionInParent=Point(0, 0) parentTaskId=-1 isFocused=false isVisible=false isVisibleRequested=false isTopActivityNoDisplay=false isSleeping=false locusId=null displayAreaFeatureId=1 isTopActivityTransparent=false isActivityStackTransparent=false lastNonFullscreenBounds=Rect(81, 605 - 999, 1775) capturedLink=null capturedLinkTimestamp=0 requestedVisibleTypes=-9 topActivityRequestOpenInBrowserEducationTimestamp=0 appCompatTaskInfo=AppCompatTaskInfo { topActivityInSizeCompat=false eligibleForLetterboxEducation= false isLetterboxEducationEnabled= false isLetterboxDoubleTapEnabled= false eligibleForUserAspectRatioButton= false topActivityBoundsLetterboxed= false isFromLetterboxDoubleTap= false topActivityLetterboxVerticalPosition= -1 topActivityLetterboxHorizontalPosition= -1 topActivityLetterboxWidth=-1 topActivityLetterboxHeight=-1 topActivityAppBounds=Rect(0, 80 - 1080, 2301) isUserFullscreenOverrideEnabled=false isSystemFullscreenOverrideEnabled=false hasMinAspectRatioOverride=false topActivityLetterboxBounds=null cameraCompatTaskInfo=CameraCompatTaskInfo { freeformCameraCompatMode=inactive} topActivityBounds=null topActivityInDisplayCompat=false singleTapFromLetterbox=false} topActivityMainWindowFrame=null originallySupportedMultiWindow=true hasWallpaper=false rootAffinity=10286:com.example.kutuphane isTopTaskInStage=false CoverLauncherWidgetTask=false LaunchedFromAppsCoverLauncherTask=false LaunchedFromMultistarCoverLauncherTask=false isAllowedSeamlessRotation=false isTopTransparentActivity=false isAliasManaged=false hasConfigChanged=false snappingGuideBounds=null isAiKeyRemoveAppTask=false lastDesktopWindowingBounds=null lastExternalDesktopWindowingBounds=null safeCutoutInsets=null}, pipChange = null, remoteTransition = RemoteTransition { remoteTransition = android.window.IRemoteTransition$Stub$Proxy@48d804f, appThread = android.app.IApplicationThread$Stub$Proxy@971e3dc, debugName = QuickstepLaunchflags =NONE }, displayChange = null, flags = 0, debugId = 274 }
03-15 13:55:27.130 12757 12829 V ShellDesktopMode: DesktopTasksController: isDesktopModeShowing: hasVisibleTasks=false hasTopTransparentFullscreenTask=false
03-15 13:55:27.130 12757 12829 D ShellSplitScreen: logExit: no-op, mLoggerSessionId is null
03-15 13:55:27.132 12757 12829 V ShellDesktopMode: DesktopTasksController: handleFullscreenTaskLaunch
03-15 13:55:27.132 12757 12829 V ShellDesktopMode: DesktopTasksController: isDesktopModeShowing: hasVisibleTasks=false hasTopTransparentFullscreenTask=false
03-15 13:55:27.132 12757 12829 V ShellDesktopMode: DesktopTasksController: handleRequest result=null
03-15 13:55:27.132 12757 12829 V WindowManagerShell: RemoteTransition directly requested for (#274) android.os.BinderProxy@9d6acb0: RemoteTransition { remoteTransition = android.window.IRemoteTransition$Stub$Proxy@48d804f, appThread = android.app.IApplicationThread$Stub$Proxy@971e3dc, debugName = QuickstepLaunchflags =NONE }
03-15 13:55:27.132 12757 12829 V WindowManagerShell: Transition (#274): request handled by DefaultMixedHandler
03-15 13:55:27.132 12320 14299 D MARsPolicyManager: cancelDisablePolicy com.example.kutuphane(0) false|32|disablepolicy(8)
03-15 13:55:27.132 12320 14299 D ActivityManagerPerformance: AMP_acquire() ACT_RESUME
03-15 13:55:27.133 12320 21642 I PerProcessNandswap$NandswapMsgHandler: madvise_prefetch for com.example.kutuphane
03-15 13:55:27.133 12320 14299 V WindowManager: Collecting in transition 274: ActivityRecord{72205323 u0 com.example.kutuphane/.kitapekle t609}, caller=com.android.server.wm.TransitionController.collect:7 com.android.server.wm.ActivityRecord.setVisibility:132 com.android.server.wm.TaskFragment.resumeTopActivity:1662 com.android.server.wm.Task.resumeTopActivityInnerLocked:138 com.android.server.wm.Task.resumeTopActivityUncheckedLocked:23 
03-15 13:55:27.134 12320 14299 V WindowManager: Setting visibility of Window{b68a983 u0 com.example.kutuphane/com.example.kutuphane.kitapekle}: true, caller=com.android.server.wm.WindowContainer.sendAppVisibilityToClients:19 com.android.server.wm.WindowToken.setClientVisible:48 com.android.server.wm.ActivityRecord.setVisibility:486 com.android.server.wm.TaskFragment.resumeTopActivity:1662 com.android.server.wm.Task.resumeTopActivityInnerLocked:138 
03-15 13:55:27.134 12320 14299 D SGM:FgCheckThread: TaskStackListener.onTaskFocusChanged(), taskId=596, focused=false
03-15 13:55:27.134 12320 14299 D SGM:FgCheckThread: TaskStackListener.onTaskFocusChanged(), taskId=609, focused=true
03-15 13:55:27.135 12320 14299 D SGM:FgCheckThread:   sendRunningComponentFocus(), pkgName: com.example.kutuphane, userId: 0
03-15 13:55:27.136 12320 12353 I ActivityManager: Changes in 10286 16 to 2, 0 to 255
03-15 13:55:27.136 12320 14299 D WindowManager: Changing focus from Window{4dfb408 u0 com.sec.android.app.launcher/com.android.quickstep.RecentsActivity} to null displayId=0 Callers=com.android.server.wm.ActivityTaskManagerService.setLastResumedActivityUncheckLocked:264 com.android.server.wm.ActivityTaskSupervisor.updateTopResumedActivityIfNeeded:51 com.android.server.wm.TaskFragment.setResumedActivity:30 com.android.server.wm.ActivityRecord.setState:100 
03-15 13:55:27.136 12320 14299 V SystemKeyManager: updateFocusedWindow() is called, 
03-15 13:55:27.136 12320 12510 D SGM:FgCheckThread: onLooperPrepared(), msg: MSG_TASK_FOCUSED, pkgName: com.example.kutuphane, userId: 0
03-15 13:55:27.136 12320 12351 D SGM:GameManager: identifyForegroundApp. com.sec.android.app.launcher, mCurrentUserId: 0, callerUserId: 0
03-15 13:55:27.136 12320 12510 D SGM:FgCheckThread: handleTaskFocused().
03-15 13:55:27.137 12320 12510 D SGM:FgCheckThread: sendFocusOutConditionally() - mPrevNotiPkg: (unknown), userId: 0
03-15 13:55:27.137 12320 12510 D SGM:FgCheckThread:   handleTaskFocused(), pkgName: com.example.kutuphane, userID:0 mResumedPkgMap does not containsKey.
03-15 13:55:27.137 12320 12351 D SGM:SemGameManager: isForegroundGame(), ret=false
03-15 13:55:27.137 12320 14299 D ActivityTaskManager: scheduleTopResumedActivityChanged, onTop=true, r=ActivityRecord{72205323 u0 com.example.kutuphane/.kitapekle t609}, caller=com.android.server.wm.ActivityTaskSupervisor.scheduleTopResumedActivityStateIfNeeded:18 com.android.server.wm.ActivityTaskSupervisor.updateTopResumedActivityIfNeeded:54 com.android.server.wm.TaskFragment.setResumedActivity:30 com.android.server.wm.ActivityRecord.setState:100 com.android.server.wm.TaskFragment.resumeTopActivity:1705 com.android.server.wm.Task.resumeTopActivityInnerLocked:138 
03-15 13:55:27.138 12320 12629 D BackgroundInstallControlService: Package event received: 0
03-15 13:55:27.138 12320 14299 V WindowManager: Collecting in transition 274: ActivityRecord{48835708 u0 com.sec.android.app.launcher/com.android.quickstep.RecentsActivity t596}, caller=com.android.server.wm.TransitionController.collect:7 com.android.server.wm.ActivityRecord.setVisibility:132 com.android.server.wm.ActivityRecord.makeInvisible:32 com.android.server.wm.EnsureActivitiesVisibleHelper.process:542 com.android.server.wm.TaskFragment.updateActivityVisibilities:12 
03-15 13:55:27.138 12320 14299 D WindowManager: prepareSync <SYNC_STATE_WAITING_FOR_DRAW>, mPrepareSyncSeqId=0, win=Window{4dfb408 u0 com.sec.android.app.launcher/com.android.quickstep.RecentsActivity}
03-15 13:55:27.138 12320 14299 V WindowManager: Collecting in transition 274: WallpaperWindowToken{86131fa showWhenLocked=true}_<lock>, caller=com.android.server.wm.Transition.collect:387 com.android.server.wm.TransitionController.collect:7 com.android.server.wm.ActivityRecord.setVisibility:132 com.android.server.wm.ActivityRecord.makeInvisible:32 com.android.server.wm.EnsureActivitiesVisibleHelper.process:542 
03-15 13:55:27.139 12320 14299 V WindowManager: Collecting in transition 274: WallpaperWindowToken{384c472 showWhenLocked=false}_<system>, caller=com.android.server.wm.Transition.collect:410 com.android.server.wm.TransitionController.collect:7 com.android.server.wm.ActivityRecord.setVisibility:132 com.android.server.wm.ActivityRecord.makeInvisible:32 com.android.server.wm.EnsureActivitiesVisibleHelper.process:542 
03-15 13:55:27.139 12320 12353 D SGM:FgCheckThread: notePauseComponent(), received pkgName: com.sec.android.app.launcher, userId: 0
03-15 13:55:27.139 12320 14299 V WindowManager: rotationForOrientation(orient=SCREEN_ORIENTATION_UNSPECIFIED (-1), last=ROTATION_0 (0)); user=ROTATION_0 (0) USER_ROTATION_LOCKED
03-15 13:55:27.139 12320 14299 D WindowManager: rotationForOrientation, orientationSource=ActivityRecord{72205323 u0 com.example.kutuphane/.kitapekle t609}
03-15 13:55:27.140 12320 14299 V WindowManager: Computed rotation=ROTATION_0 (0) for display id=0 based on lastOrientation=SCREEN_ORIENTATION_UNSPECIFIED (-1) and oldRotation=ROTATION_0 (0), caller=com.android.server.wm.DisplayRotation.updateOrientation:79 com.android.server.wm.DisplayContent.updateOrientation:41 com.android.server.wm.DisplayContent.updateOrientationAndComputeConfig:48 com.android.server.wm.RootWindowContainer.ensureVisibilityAndConfig:7 com.android.server.wm.TaskFragment.resumeTopActivity:1724 com.android.server.wm.Task.resumeTopActivityInnerLocked:138 
03-15 13:55:27.140 12320 14299 D WindowManagerServiceExt: updateTaskbarTargetIfNeeded: cn=ComponentInfo{com.example.kutuphane/com.example.kutuphane.kitapekle} occludesParent=true isInSplitScreenMode=false
03-15 13:55:27.140 12320 12629 D BackgroundInstallControlService: Package event received: 0
03-15 13:55:27.141 12320 12619 I CocktailBarManagerServiceContainer: handleMessage: entry what = 6
03-15 13:55:27.141 12320 14299 V WindowManager: Collecting in transition 274: WallpaperWindowToken{384c472 showWhenLocked=false}_<system>, caller=com.android.server.wm.TransitionController.collect:7 com.android.server.wm.WallpaperWindowToken.setVisibility:55 com.android.server.wm.WallpaperController.adjustWallpaperWindows:857 com.android.server.wm.RootWindowContainer.applySurfaceChangesTransaction$1:141 com.android.server.wm.RootWindowContainer.performSurfacePlacementNoTrace:59 
03-15 13:55:27.141 12320 14299 D FreeformController: beginPostLayoutPolicyLw: forceHideRequester changed, old=Window{4dfb408 u0 com.sec.android.app.launcher/com.android.quickstep.RecentsActivity}, new=null
03-15 13:55:27.141 12320 14299 D FreeformController: setBlockToAddForceHideFreeformTasks: blockToAddForceHide=false, Caller=com.android.server.wm.DisplayPolicy.beginPostLayoutPolicyLw:142
03-15 13:55:27.143 12320 12345 V WindowManager: Starting Transition 274, caller=com.android.server.wm.WindowOrganizerController.startTransition:47 com.android.server.wm.WindowOrganizerController.startTransition:1 android.window.IWindowOrganizerController$Stub.onTransact:259 
03-15 13:55:27.143 12320 12345 D BLASTSyncEngine: SyncGroup 274: Set ready true, caller=com.android.server.wm.BLASTSyncEngine.setReady:32 com.android.server.wm.Transition.applyReady:54 com.android.server.wm.Transition.start:105 com.android.server.wm.WindowOrganizerController.startTransition:47 com.android.server.wm.WindowOrganizerController.startTransition:1 android.window.IWindowOrganizerController$Stub.onTransact:259 
03-15 13:55:27.144 12757 12829 D WindowManagerShell: onActivityRestartAttempt: topActivity=ComponentInfo{com.example.kutuphane/com.example.kutuphane.kitapekle}, wasVisible=false
03-15 13:55:27.145 12320 12351 D SGM:GameManager: identifyForegroundApp. com.example.kutuphane, mCurrentUserId: 0, callerUserId: 0
03-15 13:55:27.146 12320 12351 D SGM:SemGameManager: isForegroundGame(), ret=false
03-15 13:55:27.147 12320 12947 D SGM:GameManager: identifyForegroundApp. com.example.kutuphane, mCurrentUserId: 0, callerUserId: 0
03-15 13:55:27.148 12320 14299 D WindowManager: prepareSync <SYNC_STATE_WAITING_FOR_DRAW>, mPrepareSyncSeqId=0, win=Window{baea46 u0 SnapshotStartingWindow for taskId=609}
03-15 13:55:27.149 12320 14299 D RestrictionPolicy: isScreenCaptureEnabled : ret=true userId=0
03-15 13:55:27.150 12320 14299 V WindowManager: addWindow: ActivityRecord{72205323 u0 com.example.kutuphane/.kitapekle t609} startingWindow=Window{baea46 u0 SnapshotStartingWindow for taskId=609}
03-15 13:55:27.151 12320 12353 D SGM:FgCheckThread: noteResumeComponent(), received pkgName: com.example.kutuphane, userId: 0
03-15 13:55:27.151 12320 12510 D SGM:FgCheckThread: onLooperPrepared(), msg: MSG_APP_RESUME, pkgName: com.example.kutuphane, userid: 0
03-15 13:55:27.151 12320 12510 D SGM:FgCheckThread: handleResume().
03-15 13:55:27.151 12320 12510 D SGM:FgCheckThread: sendFocusOutConditionally() - mPrevNotiPkg: (unknown), userId: 0
03-15 13:55:27.151 12320 12510 D SGM:FgCheckThread:   handleResume(). pkgName: com.example.kutuphane, userId: 0, category: non-game
03-15 13:55:27.151 12320 12510 D SGM:FgCheckThread: notifyFocusInOut(). of pkg: com.example.kutuphane, type: 4, isSecGameFamily: false, userId: 0
03-15 13:55:27.151 12320 12510 D SGM:FgCheckThread:   notifyFocusInOut(). unexpected mPrevNotiType: -1
03-15 13:55:27.151 12320 12510 D SGM:SystemHelper: callReleaseBlock needReleaseBlock:false
03-15 13:55:27.153 14190 15781 I SDHMS:k : handleResumeComponent : put = com.example.kutuphane, userid = 0 instanceid =39453416
03-15 13:55:27.153 12320 12619 I CocktailBarManagerServiceContainer: handleMessage: entry what = 5
03-15 13:55:27.154 12320 12947 D SGM:GameManager: identifyGamePackage. com.example.kutuphane, mCurrentUserId: 0, callingMethodInfo: com.samsung.android.game.IGameManagerService$Stub.onTransact(IGameManagerService.java:247)
03-15 13:55:27.154 12320 12629 D BackgroundInstallControlService: Package event received: 0
03-15 13:55:27.154 12320 14299 D WindowManager: makeSurface duration=1 name=SnapshotStartingWindow for taskId=609$_12757
03-15 13:55:27.154 12320 12320 I WALLPAPER_SVC:SemWallpaperManagerService: isHomeActivityVisible : false 
03-15 13:55:27.154 12320 12320 D WALLPAPER_SVC:WallpaperData: getWallpaperFile: file = /data/system/users/0/wallpaper_orig 
03-15 13:55:27.154 12320 12320 D WALLPAPER_SVC:WallpaperData: getWallpaperFile: file = /data/system/users/0/wallpaper_orig 
03-15 13:55:27.155 12320 12320 D WALLPAPER_SVC:WallpaperManagerService: dispatchHomeVisibilityChanged: visible = false, connection = com.android.server.wallpaper.WallpaperManagerService$WallpaperConnection@a6886c4, systemWallpaper = WallpaperData@82ef73e, id: 47, which: 5, file mod: 1753992592748, info: null, engine(s): Proxy@8ace404, type = 0, userId = 0, uri= null, allowBackup= true, wallpaperComponent = ComponentInfo{com.android.systemui/com.android.systemui.wallpapers.ImageWallpaper}, nextWallpaperComponent = ComponentInfo{com.android.systemui/com.android.systemui.wallpapers.ImageWallpaper} 
03-15 13:55:27.155 12320 14299 D BLASTSyncEngine: SyncGroup 274:  Unfinished container: Task{5ede90c #609 type=standard A=10286:com.example.kutuphane} mSyncState=2
03-15 13:55:27.156 12320 12354 D BLASTSyncEngine: SyncGroup 274:  Unfinished container: Task{5ede90c #609 type=standard A=10286:com.example.kutuphane} mSyncState=2
03-15 13:55:27.157 12757 12870 D ShellStartingWindow: Relayout returned: frame=ClientWindowFrames{frame=[0,0][1080,2340] display=[0,0][1080,2340] parentFrame=[0,0][0,0]}, attrs={(0,0)(fillxfill) ty=APPLICATION_STARTING fmt=RGBA_8888 wanim=0x1030317 if=INPUT_FEATURE_NO_INPUT_CHANNEL
03-15 13:55:27.157 12757 12870 D ShellStartingWindow:   fl=80010118
03-15 13:55:27.157 12757 12870 D ShellStartingWindow:   pfl=30008000
03-15 13:55:27.157 12757 12870 D ShellStartingWindow:   apr=10
03-15 13:55:27.157 12757 12870 D ShellStartingWindow:   bhv=1
03-15 13:55:27.157 12757 12870 D ShellStartingWindow:   fitSides=0
03-15 13:55:27.157 12757 12870 D ShellStartingWindow:   frameRateBoostOnTouch=true naviIconColor=0}
03-15 13:55:27.158 12320 13084 D WindowManager: makeSurface duration=1 name=com.example.kutuphane/com.example.kutuphane.kitapekle$_23334
03-15 13:55:27.159 12320 13084 D BLASTSyncEngine: SyncGroup 274:  Unfinished container: Task{5ede90c #609 type=standard A=10286:com.example.kutuphane} mSyncState=2
03-15 13:55:27.162 12320 13084 D WindowManager: Changing focus from null to Window{b68a983 u0 com.example.kutuphane/com.example.kutuphane.kitapekle} displayId=0 Callers=com.android.server.wm.WindowManagerService.relayoutWindow:1350 com.android.server.wm.Session.relayout:27 android.view.IWindowSession$Stub.onTransact:829 com.android.server.wm.Session.onTransact:1 
03-15 13:55:27.162 12320 13084 D MARsPolicyManager: cancelDisablePolicy com.example.kutuphane(0) false|32|disablepolicy(8)
03-15 13:55:27.163 12320 13084 I WindowManager: Cancelling animation restarting=true, leash=Surface(name=Surface(name=2aa07a4 StatusBar)/@0x2227e1b - animation-leash of insets_animation)/@0xed4956a
03-15 13:55:27.163 12320 13084 I WindowManager: Reparenting to original parent: Surface(name=WindowToken{df48736 type=2000 android.os.BinderProxy@5f2a3f8})/@0xefe1bb8, destroy=false, surface=Surface(name=2aa07a4 StatusBar)/@0x2227e1b
03-15 13:55:27.163 12320 13084 I WindowManager: Reparenting to leash, surface=Surface(name=2aa07a4 StatusBar)/@0x2227e1b, leashParent=Surface(name=WindowToken{df48736 type=2000 android.os.BinderProxy@5f2a3f8})/@0xefe1bb8
03-15 13:55:27.164 12320 13084 D WindowManager: makeSurface duration=1 leash=Surface(name=Surface(name=2aa07a4 StatusBar)/@0x2227e1b - animation-leash of insets_animation)/@0x3b2c4a0
03-15 13:55:27.164 12320 13084 D InsetsSourceProvider: updateControlForTarget: control=InsetsSourceControl: {5cf20000 mType=statusBars initiallyVisible mSurfacePosition=Point(0, 0) mInsetsHint=Insets{left=0, top=80, right=0, bottom=0}}, target=Window{b68a983 u0 com.example.kutuphane/com.example.kutuphane.kitapekle}, from=com.android.server.wm.InsetsStateController.onControlTargetChanged:83 com.android.server.wm.InsetsPolicy.updateBarControlTarget:212 com.android.server.wm.DisplayPolicy.updateSystemBarAttributes:262 com.android.server.wm.WindowManagerService.updateFocusedWindowLocked:372 com.android.server.wm.WindowManagerService.relayoutWindow:1350 
03-15 13:55:27.164 12320 13084 I WindowManager: Cancelling animation restarting=true, leash=Surface(name=Surface(name=3c1eb49 NavigationBar0)/@0x13224f6 - animation-leash of insets_animation)/@0x51e9e36
03-15 13:55:27.164 12320 13084 I WindowManager: Reparenting to original parent: Surface(name=WindowToken{b67d50 type=2019 android.os.BinderProxy@b916202})/@0x5e0e0f7, destroy=false, surface=Surface(name=3c1eb49 NavigationBar0)/@0x13224f6
03-15 13:55:27.165 12320 13084 I WindowManager: Reparenting to leash, surface=Surface(name=3c1eb49 NavigationBar0)/@0x13224f6, leashParent=Surface(name=WindowToken{b67d50 type=2019 android.os.BinderProxy@b916202})/@0x5e0e0f7
03-15 13:55:27.165 12320 13084 D WindowManager: makeSurface duration=1 leash=Surface(name=Surface(name=3c1eb49 NavigationBar0)/@0x13224f6 - animation-leash of insets_animation)/@0xfb6fc1e
03-15 13:55:27.165 12320 13084 D InsetsSourceProvider: updateControlForTarget: control=InsetsSourceControl: {c4460001 mType=navigationBars initiallyVisible mSurfacePosition=Point(0, 2214) mInsetsHint=Insets{left=0, top=0, right=0, bottom=39}}, target=Window{b68a983 u0 com.example.kutuphane/com.example.kutuphane.kitapekle}, from=com.android.server.wm.InsetsStateController.onControlTargetChanged:83 com.android.server.wm.InsetsPolicy.updateBarControlTarget:225 com.android.server.wm.DisplayPolicy.updateSystemBarAttributes:262 com.android.server.wm.WindowManagerService.updateFocusedWindowLocked:372 com.android.server.wm.WindowManagerService.relayoutWindow:1350 
03-15 13:55:27.166 12320 13084 D WindowManager: updateSystemBarAttributes: displayId=0, focusedCanBeNavColorWin=false, win=Window{b68a983 u0 com.example.kutuphane/com.example.kutuphane.kitapekle}, navColorWin=Window{4dfb408 u0 com.sec.android.app.launcher/com.android.quickstep.RecentsActivity}, caller=com.android.server.wm.WindowManagerService.updateFocusedWindowLocked:372 com.android.server.wm.WindowManagerService.relayoutWindow:1350 com.android.server.wm.Session.relayout:27 
03-15 13:55:27.166 12320 13084 D WindowManager: updateSystemBarAttributes, bhv=1, apr=0, statusBarAprRegions=[AppearanceRegion{ bounds=[0,0][1080,2340]}], requestedVisibilities=-9
03-15 13:55:27.166 12320 13084 V SystemKeyManager: updateFocusedWindow() is called, com.example.kutuphane/com.example.kutuphane.kitapekle
03-15 13:55:27.167 12320 14334 D WindowManager: finishDrawingWindow: Window{baea46 u0 SnapshotStartingWindow for taskId=609} mDrawState=DRAW_PENDING seqId=2147483647
03-15 13:55:27.167 12320 12353 D SGM:GameManager: identifyGamePackage. com.example.kutuphane, mCurrentUserId: 0, callingMethodInfo: com.samsung.android.game.SemGameManager.isGamePackage(SemGameManager.java:106)
03-15 13:55:27.167 12320 12353 D SGM:SemGameManager: isGamePackage(), pkgName=com.example.kutuphane, ret=false
03-15 13:55:27.167 12320 14334 V WindowManager: Finishing drawing window Window{baea46 u0 SnapshotStartingWindow for taskId=609}: mDrawState=DRAW_PENDING
03-15 13:55:27.167 12320 14334 V WindowManager: Draw state now committed in Window{baea46 u0 SnapshotStartingWindow for taskId=609}
03-15 13:55:27.169 12320 12629 D BackgroundInstallControlService: Package event received: 0
03-15 13:55:27.171 12320 12354 V WindowManager: SyncGroup 274: Finished!
03-15 13:55:27.171 12320 12354 V WindowManager: performShowLocked: mDrawState=HAS_DRAWN in Window{baea46 u0 SnapshotStartingWindow for taskId=609}
03-15 13:55:27.172 12320 12354 D ChangeTransitionController: onTransactionReady: TransitionRecord{3fb220f id=274 type=TO_FRONT flags=0x0 c=[
03-15 13:55:27.172 12320 12354 D ChangeTransitionController:    ChangeInfo{5e9407a container=DefaultTaskDisplayArea_d0@21689571 flags=0x0}
03-15 13:55:27.172 12320 12354 D ChangeTransitionController:    ChangeInfo{eeeacff container=ActivityRecord{48835708 u0 com.sec.android.app.launcher/com.android.quickstep.RecentsActivity t596} flags=0x0}
03-15 13:55:27.172 12320 12354 D ChangeTransitionController:    ChangeInfo{8f8acc container=WallpaperWindowToken{384c472 showWhenLocked=false}_<system> flags=0x0}
03-15 13:55:27.172 12320 12354 D ChangeTransitionController:    ChangeInfo{f307115 container=ActivityRecord{72205323 u0 com.example.kutuphane/.kitapekle t609} flags=0x0}
03-15 13:55:27.172 12320 12354 D ChangeTransitionController:    ChangeInfo{e51d02b container=Task{5ede90c #609 type=standard A=10286:com.example.kutuphane} flags=0x0}
03-15 13:55:27.172 12320 12354 D ChangeTransitionController:    ChangeInfo{552bc2a container=WallpaperWindowToken{86131fa showWhenLocked=true}_<lock> flags=0x0}
03-15 13:55:27.172 12320 12354 D ChangeTransitionController:    ChangeInfo{284ec88 container=Display{#0 state=ON size=1080x2340 ROTATION_0} flags=0x0}
03-15 13:55:27.172 12320 12354 D ChangeTransitionController:    ChangeInfo{c0b1a1b container=Task{cbde905 #596 type=recents I=com.sec.android.app.launcher/com.android.quickstep.RecentsActivity} flags=0x0}
03-15 13:55:27.172 12320 12354 D ChangeTransitionController:    ChangeInfo{e9087b8 container=RemoteWallpaperAnim:1:1@264671916 flags=0x0}
03-15 13:55:27.172 12320 12354 D ChangeTransitionController: ]
03-15 13:55:27.172 12320 12354 D ChangeTransitionController: }
03-15 13:55:27.172 12320 12354 V WindowManager: Start calculating TransitionInfo based on participants: {ActivityRecord{48835708 u0 com.sec.android.app.launcher/com.android.quickstep.RecentsActivity t596}, WallpaperWindowToken{384c472 showWhenLocked=false}_<system>, ActivityRecord{72205323 u0 com.example.kutuphane/.kitapekle t609}, Task{5ede90c #609 type=standard A=10286:com.example.kutuphane}, WallpaperWindowToken{86131fa showWhenLocked=true}_<lock>}
03-15 13:55:27.172 12320 12354 V WindowManager:   Final targets: [ChangeInfo{e51d02b container=Task{5ede90c #609 type=standard A=10286:com.example.kutuphane} flags=0x30}, ChangeInfo{c0b1a1b container=Task{cbde905 #596 type=recents I=com.sec.android.app.launcher/com.android.quickstep.RecentsActivity} flags=0x10}, ChangeInfo{8f8acc container=WallpaperWindowToken{384c472 showWhenLocked=false}_<system> flags=0x0}]
03-15 13:55:27.174 12320 12354 V WindowManager: Calling onTransitionReady: {id=274 t=TO_FRONT f=0x0 trk=0 r=[0@Point(0, 0)] c=[
03-15 13:55:27.174 12320 12354 V WindowManager:         {WCT{RemoteToken{2dc67f3 Task{5ede90c #609 type=standard A=10286:com.example.kutuphane}}} m=TO_FRONT f=MOVE_TO_TOP leash=Surface(name=Task=609)/@0xa252d sb=Rect(0, 0 - 1080, 2340) eb=Rect(0, 0 - 1080, 2340) epz=Point(1080, 2340) d=0 taskParent=-1 inset=Rect(0, 80 - 0, 39) dim=true},
03-15 13:55:27.174 12320 12354 V WindowManager:         {WCT{RemoteToken{8e7b347 Task{cbde905 #596 type=recents I=com.sec.android.app.launcher/com.android.quickstep.RecentsActivity}}} m=TO_BACK f=SHOW_WALLPAPER|EDGE_EXTENSION_RESTRICTION leash=Surface(name=Task=596)/@0x9e4e361 sb=Rect(0, 0 - 1080, 2340) eb=Rect(0, 0 - 1080, 2340) epz=Point(1080, 2340) d=0 taskParent=-1 inset=Rect(0, 80 - 0, 39)},
03-15 13:55:27.174 12320 12354 V WindowManager:         {m=TO_BACK f=IS_WALLPAPER p=WCT{RemoteToken{e1c459c RemoteWallpaperAnim:1:1@264671916}} leash=Surface(name=WallpaperWindowToken{384c472 showWhenLocked=false})/@0xaa6efa9 sb=Rect(0, 0 - 1080, 2340) eb=Rect(0, 0 - 1080, 2340) epz=Point(1080, 2340) d=0 inset=Rect(0, 0 - 0, 0)}
03-15 13:55:27.174 12320 12354 V WindowManager:     ]}
03-15 13:55:27.176 12320 12350 V WindowManager: Sent Transition (#274) createdAt=03-15 13:55:27.118 via request=TransitionRequestInfo { type = TO_FRONT, triggerTask = TaskInfo{userId=0 taskId=609 effectiveUid=10286 displayId=0 isRunning=true baseIntent=Intent { act=android.intent.action.MAIN cat=[android.intent.category.LAUNCHER] flg=0x10200000 cmp=com.example.kutuphane/.MainActivity } baseActivity=ComponentInfo{com.example.kutuphane/com.example.kutuphane.goster} topActivity=ComponentInfo{com.example.kutuphane/com.example.kutuphane.kitapekle} origActivity=null realActivity=ComponentInfo{com.example.kutuphane/com.example.kutuphane.MainActivity} numActivities=3 lastActiveTime=241407042 supportsMultiWindow=true resizeMode=1 isResizeable=true minWidth=-1 minHeight=-1 maxWidth=-1 maxHeight=-1 defaultMinSize=220 desktopDefaultMinSize=304 token=WCT{RemoteToken{2dc67f3 Task{5ede90c #609 type=standard A=10286:com.example.kutuphane}}} topActivityType=1 pictureInPictureParams=null shouldDockBigOverlays=false launchIntoPipHostTaskId=-1 lastParentTaskIdBeforePip=-1 displayCutoutSafeInsets=Rect(0, 80 - 0, 0) topActivityInfo=ActivityInfo{3125bc4 com.example.kutuphane.kitapekle} launchCookies=[android.os.BinderProxy@ad71aae] positionInParent=Point(0, 0) parentTaskId=-1 isFocused=false isVisible=false isVisibleRequested=false isTopActivityNoDisplay=false isSleeping=false locusId=null displayAreaFeatureId=1 isTopActivityTransparent=false isActivityStackTransparent=false lastNonFullscreenBounds=Rect(81, 605 - 999, 1775) capturedLink=null capturedLinkTimestamp=0 requestedVisibleTypes=-9 topActivityRequestOpenInBrowserEducationTimestamp=0 appCompatTaskInfo=AppCompatTaskInfo { topActivityInSizeCompat=false eligibleForLetterboxEducation= false isLetterboxEducationEnabled= false isLetterboxDoubleTapEnabled= false eligibleForUserAspectRatioButton= false topActivityBoundsLetterboxed= false isFromLetterboxDoubleTap= false topActivityLetterboxVerticalPosition= -1 topActivityLetterboxHorizontalPosition= -1 topActivityLetterboxWidth=-1 topActivityLetterboxHeight=-1 topActivityAppBounds=Rect(0, 80 - 1080, 2301) isUserFullscreenOverrideEnabled=false isSystemFullscreenOverrideEnabled=false hasMinAspectRatioOverride=false topActivityLetterboxBounds=null cameraCompatTaskInfo=CameraCompatTaskInfo { freeformCameraCompatMode=inactive} topActivityBounds=null topActivityInDisplayCompat=false singleTapFromLetterbox=false} topActivityMainWindowFrame=null originallySupportedMultiWindow=true hasWallpaper=false rootAffinity=10286:com.example.kutuphane isTopTaskInStage=false CoverLauncherWidgetTask=false LaunchedFromAppsCoverLauncherTask=false LaunchedFromMultistarCoverLauncherTask=false isAllowedSeamlessRotation=false isTopTransparentActivity=false isAliasManaged=false hasConfigChanged=false snappingGuideBounds=null isAiKeyRemoveAppTask=false lastDesktopWindowingBounds=null lastExternalDesktopWindowingBounds=null safeCutoutInsets=null}, pipChange = null, remoteTransition = RemoteTransition { remoteTransition = android.window.IRemoteTransition$Stub$Proxy@13870f6, appThread = android.app.IApplicationThread$Stub$Proxy@bb73cf7, debugName = QuickstepLaunchflags =NONE }, displayChange = null, flags = 0, debugId = 274 }
03-15 13:55:27.176 12320 12350 V WindowManager:     startWCT=WindowContainerTransaction { changes= {} hops= [] errorCallbackToken=null taskFragmentOrganizer=null }
03-15 13:55:27.176 12320 12350 V WindowManager:     info={id=274 t=TO_FRONT f=0x0 trk=0 r=[0@Point(0, 0)] c=[
03-15 13:55:27.176 12320 12350 V WindowManager:         {WCT{RemoteToken{2dc67f3 Task{5ede90c #609 type=standard A=10286:com.example.kutuphane}}} m=TO_FRONT f=MOVE_TO_TOP leash=Surface(name=Task=609)/@0xa252d sb=Rect(0, 0 - 1080, 2340) eb=Rect(0, 0 - 1080, 2340) epz=Point(1080, 2340) d=0 taskParent=-1 inset=Rect(0, 80 - 0, 39) dim=true},
03-15 13:55:27.176 12320 12350 V WindowManager:         {WCT{RemoteToken{8e7b347 Task{cbde905 #596 type=recents I=com.sec.android.app.launcher/com.android.quickstep.RecentsActivity}}} m=TO_BACK f=SHOW_WALLPAPER|EDGE_EXTENSION_RESTRICTION leash=Surface(name=Task=596)/@0x9e4e361 sb=Rect(0, 0 - 1080, 2340) eb=Rect(0, 0 - 1080, 2340) epz=Point(1080, 2340) d=0 taskParent=-1 inset=Rect(0, 80 - 0, 39)},
03-15 13:55:27.176 12320 12350 V WindowManager:         {m=TO_BACK f=IS_WALLPAPER p=WCT{RemoteToken{e1c459c RemoteWallpaperAnim:1:1@264671916}} leash=Surface(name=WallpaperWindowToken{384c472 showWhenLocked=false})/@0xaa6efa9 sb=Rect(0, 0 - 1080, 2340) eb=Rect(0, 0 - 1080, 2340) epz=Point(1080, 2340) d=0 inset=Rect(0, 0 - 0, 0)}
03-15 13:55:27.176 12320 12350 V WindowManager:     ]}
03-15 13:55:27.177 12757 12779 V WindowManagerShell: onTransitionReady(transaction=52913997107610)
03-15 13:55:27.177 12757 12829 V WindowManagerShell: onTransitionReady (#274) android.os.BinderProxy@9d6acb0: {id=274 t=TO_FRONT f=0x0 trk=0 r=[0@Point(0, 0)] c=[
03-15 13:55:27.177 12757 12829 V WindowManagerShell:         {m=TO_FRONT f=MOVE_TO_TOP leash=Surface(name=Task=609)/@0xa4bd26b sb=Rect(0, 0 - 1080, 2340) eb=Rect(0, 0 - 1080, 2340) epz=Point(1080, 2340) d=0 taskParent=-1 inset=Rect(0, 80 - 0, 39) dim=true},
03-15 13:55:27.177 12757 12829 V WindowManagerShell:         {m=TO_BACK f=SHOW_WALLPAPER|EDGE_EXTENSION_RESTRICTION leash=Surface(name=Task=596)/@0x62761c8 sb=Rect(0, 0 - 1080, 2340) eb=Rect(0, 0 - 1080, 2340) epz=Point(1080, 2340) d=0 taskParent=-1 inset=Rect(0, 80 - 0, 39)},
03-15 13:55:27.177 12757 12829 V WindowManagerShell:         {m=TO_BACK f=IS_WALLPAPER p=WCT{android.window.IWindowContainerToken$Stub$Proxy@b532a47} leash=Surface(name=WallpaperWindowToken{384c472 showWhenLocked=false})/@0x73fc261 sb=Rect(0, 0 - 1080, 2340) eb=Rect(0, 0 - 1080, 2340) epz=Point(1080, 2340) d=0 inset=Rect(0, 0 - 0, 0)}
03-15 13:55:27.177 12757 12829 V WindowManagerShell:     ]}
03-15 13:55:27.178 12757 12829 V ShellDesktopMode: DesktopModeLogger: taskInfo map after processing changes 0
03-15 13:55:27.178 12757 12829 D ShellDesktopMode: DesktopTaskChangeListener: onTaskMovingToFront for taskId=609, displayId=0
03-15 13:55:27.180 12757 12829 V WindowManagerShell: Playing animation for (#274) android.os.BinderProxy@9d6acb0@0
03-15 13:55:27.180 12757 12829 V WindowManagerShell:  try firstHandler com.android.wm.shell.transition.DefaultMixedHandler@5b14b67
03-15 13:55:27.180 12757 12829 V WindowManagerShell: Mixed transition for opening an intent with a remote transition and PIP or Desktop #274
03-15 13:55:27.180 12757 12829 V WindowManagerShell: tryAnimateOpenIntentWithRemoteAndPipOrDesktop
03-15 13:55:27.180 12757 12829 V WindowManagerShell:  Delegate animation for (#274) to RemoteTransition { remoteTransition = android.window.IRemoteTransition$Stub$Proxy@48d804f, appThread = android.app.IApplicationThread$Stub$Proxy@971e3dc, debugName = QuickstepLaunchflags =NONE }
03-15 13:55:27.180 12757 12829 V WindowManagerShell:  Excluded change from remote targets at (#274), change={m=TO_BACK f=IS_WALLPAPER p=WCT{android.window.IWindowContainerToken$Stub$Proxy@b532a47} leash=Surface(name=WallpaperWindowToken{384c472 showWhenLocked=false})/@0x73fc261 sb=Rect(0, 0 - 1080, 2340) eb=Rect(0, 0 - 1080, 2340) epz=Point(1080, 2340) d=0 inset=Rect(0, 0 - 0, 0)}
03-15 13:55:27.182 12757 12829 V WindowManagerShell:  animated by firstHandler
03-15 13:55:27.189 12320 12902 D WindowManager: finishDrawingWindow: Window{b68a983 u0 com.example.kutuphane/com.example.kutuphane.kitapekle} mDrawState=DRAW_PENDING seqId=0
03-15 13:55:27.190 12320 12354 D WindowManager: updateSystemBarAttributes: displayId=0, focusedCanBeNavColorWin=false, win=Window{b68a983 u0 com.example.kutuphane/com.example.kutuphane.kitapekle}, navColorWin=Window{b68a983 u0 com.example.kutuphane/com.example.kutuphane.kitapekle}, caller=com.android.server.wm.DisplayPolicy.finishPostLayoutPolicyLw:17 com.android.server.wm.RootWindowContainer.applySurfaceChangesTransaction$1:195 com.android.server.wm.RootWindowContainer.performSurfacePlacementNoTrace:59 
03-15 13:55:27.190 12320 12354 D WindowManager: updateSystemBarAttributes, bhv=1, apr=16, statusBarAprRegions=[AppearanceRegion{ bounds=[0,0][1080,2340]}], requestedVisibilities=-9
03-15 13:55:27.190 12320 12354 V WindowManager: Finish starting ActivityRecord{72205323 u0 com.example.kutuphane/.kitapekle t609}: first real window is shown, no animation
03-15 13:55:27.190 12320 12354 I ActivityTaskManager: done cause=notifyWindowsDrawn timestamp=117211620394908 info=TransitionInfo{fa26764 a=ActivityRecord{72205323 u0 com.example.kutuphane/.kitapekle t609} d=true}
03-15 13:55:27.191 12320 12354 D ActivityManagerPerformance: AMP_release() ACT_RESUME
03-15 13:55:27.191 12320 12354 V WindowManager: performShowLocked: mDrawState=HAS_DRAWN in Window{b68a983 u0 com.example.kutuphane/com.example.kutuphane.kitapekle}
03-15 13:55:27.193 12320 12350 D [secipm]: mSecIpmManager report to nap
03-15 13:55:27.197 12320 12353 D BBA2    : updateWindowVisible for pid : 23334, visible : 1
03-15 13:55:27.198 12320 12902 V WindowManager: Schedule remove starting ActivityRecord{72205323 u0 com.example.kutuphane/.kitapekle t609} startingWindow=Window{baea46 u0 SnapshotStartingWindow for taskId=609} animate=false Callers=com.android.server.wm.ActivityRecord.onSyncTransactionCommitted:16 com.android.server.wm.BLASTSyncEngine$SyncGroup$1CommitCallback.onCommitted:104 com.android.server.wm.BLASTSyncEngine$SyncGroup$$ExternalSyntheticLambda0.onTransactionCommitted:8 android.view.SurfaceControl$Transaction$$ExternalSyntheticLambda4.run:0 com.android.server.SystemServerInitThreadPool$$ExternalSyntheticLambda0.execute:1 
03-15 13:55:27.228 12320 12505 V InputMethodManagerService: startInputOrWindowGainedFocusInternalLocked: reason=WINDOW_FOCUS_GAIN client=android.os.BinderProxy@9159e84 inputContext=null editorInfo=android.view.inputmethod.EditorInfo@65559c9 startInputFlags=VIEW_HAS_FOCUS|INITIAL_CONNECTION softInputMode=STATE_UNSPECIFIED|ADJUST_PAN|IS_FORWARD_NAVIGATION windowFlags=#81810100 unverifiedTargetSdkVersion=31 bindingController=com.android.server.inputmethod.InputMethodBindingController@1cc1bc1 imeDispatcher=android.window.ImeOnBackInvokedDispatcher@e28a8ce cs=ClientState{ad93295 mUid=10286 mPid=23334 mSelfReportedDisplayId=0} imeRequestedVisible=false
03-15 13:55:27.228 12320 12505 V InputMethodManagerService: setWindowStateInner, windowToken=android.os.BinderProxy@a08c832, state=ImeTargetWindowState{ imeToken null imeFocusChanged true hasEditorFocused false requestedImeVisible false imeDisplayId 0 softInputModeState STATE_UNSPECIFIED|ADJUST_PAN|IS_FORWARD_NAVIGATION isStartInputByGainFocus true}
03-15 13:55:27.228 12320 12505 V InputMethodManagerService: Unspecified window will hide input
03-15 13:55:27.228 12320 12505 V InputMethodManagerService: applyImeVisibility state=6
03-15 13:55:27.229 12320 12505 D SemInputMethodManagerServiceUtil: restorePreviousUsedInputMethod : failed to return the previous ime becuase the stored info is null or do not need restore
03-15 13:55:27.229 12320 12505 V InputMethodManagerService: semComputeImeDisplayIdForTarget: displayToShowIme=0
03-15 13:55:27.229 12320 12505 V InputMethodManagerService: unbindCurrentInputLocked: client=android.os.BinderProxy@469731a
03-15 13:55:27.230 12320 12505 V InputMethodManagerService: Creating new accessibility sessions for client ClientState{ad93295 mUid=10286 mPid=23334 mSelfReportedDisplayId=0}
03-15 13:55:27.230 12320 12505 D InputMethodManagerService: isImeSwitcherDisabledPackage : false
03-15 13:55:27.231 12320 12505 V InputMethodManagerService: Disabling: SessionState{uid=10135 pid=13277 method=655539e session=c02ee7f channel=ClientState{b6792a7 mUid=10135 mPid=13277 mSelfReportedDisplayId=0} userId=0}
03-15 13:55:27.231 12320 12505 V InputMethodManagerService: Enabling: SessionState{uid=10286 pid=23334 method=655539e session=5a8c76 channel=ClientState{ad93295 mUid=10286 mPid=23334 mSelfReportedDisplayId=0} userId=0}
03-15 13:55:27.232 12320 12505 D InputMethodManagerService: checkDisplayOfStartInputAndUpdateKeyboard: displayId=0, mFocusedDisplayId=0
03-15 13:55:27.234 12320 13084 D RestrictionPolicy: isScreenCaptureEnabled : ret=true userId=0
03-15 13:55:27.235 12320 13084 I WindowManager: Cancelling animation restarting=true, leash=Surface(name=Surface(name=b1749ab InputMethod)/@0x6f02ba1 - animation-leash of insets_animation)/@0x61fa627
03-15 13:55:27.235 12320 13084 I WindowManager: Reparenting to original parent: Surface(name=WindowToken{d3fbecc type=2011 android.os.Binder@42f30ff})/@0x113d1c6, destroy=false, surface=Surface(name=b1749ab InputMethod)/@0x6f02ba1
03-15 13:55:27.235 12320 13084 I WindowManager: Reparenting to leash, surface=Surface(name=b1749ab InputMethod)/@0x6f02ba1, leashParent=Surface(name=WindowToken{d3fbecc type=2011 android.os.Binder@42f30ff})/@0x113d1c6
03-15 13:55:27.237 12320 13084 D WindowManager: makeSurface duration=1 leash=Surface(name=Surface(name=b1749ab InputMethod)/@0x6f02ba1 - animation-leash of insets_animation)/@0xbaa83da
03-15 13:55:27.237 12320 13084 D InsetsSourceProvider: updateControlForTarget: control=InsetsSourceControl: {3 mType=ime mSurfacePosition=Point(0, 80) mInsetsHint=Insets{left=0, top=0, right=0, bottom=879}}, target=Window{b68a983 u0 com.example.kutuphane/com.example.kutuphane.kitapekle}, from=com.android.server.wm.ImeInsetsSourceProvider.updateControlForTarget:17 com.android.server.wm.InsetsStateController.onControlTargetChanged:83 com.android.server.wm.DisplayContent.updateImeControlTarget:21 com.android.server.wm.DisplayContent.updateImeInputAndControlTarget:156 com.android.server.wm.WindowManagerService$LocalService.updateInputMethodTargetWindow:64 
03-15 13:55:27.238 12320 12353 V InputMethodManagerService: Client requesting input be hidden
03-15 13:55:27.239 12320 12353 V InputMethodManagerService: setWindowStateInner, windowToken=android.os.BinderProxy@a08c832, state=ImeTargetWindowState{ imeToken android.os.Binder@4114ee8 imeFocusChanged true hasEditorFocused false requestedImeVisible false imeDisplayId 0 softInputModeState STATE_UNSPECIFIED|ADJUST_PAN|IS_FORWARD_NAVIGATION isStartInputByGainFocus true}
03-15 13:55:27.239 12320 12353 V InputMethodManagerService: hideCurrentInputLocked : canceled, shouldHideSoftInput=false, mInputShown=false, mImeWindowVis=0
03-15 13:55:27.241 14190 20788 I SDHMS:k : onTaskStackChanged
03-15 13:55:27.267 12320 12902 D KNOX_MDM_SettingsProvider: isChangeAllowed() : name = enabled_input_methods
03-15 13:55:27.267 12320 12902 D KNOX_MDM_SettingsProvider: edmUri: content://com.sec.knox.provider/RestrictionPolicy3
03-15 13:55:27.267 12320 12902 D KNOX_MDM_SettingsProvider: projectionArgs: isSettingsChangesAllowed
03-15 13:55:27.267 12320 12902 D KNOX_MDM_SettingsProvider: selectionArgs: false
03-15 13:55:27.267 12320 12902 D KNOX_MDM_SettingsProvider: selectionArgs: 10170
03-15 13:55:27.267 12320 12902 D SecContentProvider: called from android.uid.honeyboard:10170
03-15 13:55:27.267 12320 12902 D RestrictionPolicy: isSettingsChangesAllowedAsUser, userId 0 : true
03-15 13:55:27.267 12320 12902 D KNOX_MDM_SettingsProvider: ret = 1
03-15 13:55:27.267 12320 12902 D KNOX_MDM_SettingsProvider: isChangeAllowed() : name = default_input_method
03-15 13:55:27.267 12320 12902 D KNOX_MDM_SettingsProvider: edmUri: content://com.sec.knox.provider/RestrictionPolicy3
03-15 13:55:27.267 12320 12902 D KNOX_MDM_SettingsProvider: projectionArgs: isSettingsChangesAllowed
03-15 13:55:27.267 12320 12902 D KNOX_MDM_SettingsProvider: selectionArgs: false
03-15 13:55:27.267 12320 12902 D KNOX_MDM_SettingsProvider: selectionArgs: 10170
03-15 13:55:27.268 12320 12902 D SecContentProvider: called from android.uid.honeyboard:10170
03-15 13:55:27.268 12320 12902 D RestrictionPolicy: isSettingsChangesAllowedAsUser, userId 0 : true
03-15 13:55:27.268 12320 12902 D KNOX_MDM_SettingsProvider: ret = 1
03-15 13:55:27.269 12320 12902 D KNOX_MDM_SettingsProvider: isChangeAllowed() : name = enabled_input_methods
03-15 13:55:27.270 12320 12902 D KNOX_MDM_SettingsProvider: edmUri: content://com.sec.knox.provider/RestrictionPolicy3
03-15 13:55:27.270 12320 12902 D KNOX_MDM_SettingsProvider: projectionArgs: isSettingsChangesAllowed
03-15 13:55:27.270 12320 12902 D KNOX_MDM_SettingsProvider: selectionArgs: false
03-15 13:55:27.270 12320 12902 D KNOX_MDM_SettingsProvider: selectionArgs: 10170
03-15 13:55:27.270 12320 12902 D SecContentProvider: called from android.uid.honeyboard:10170
03-15 13:55:27.270 12320 12902 D RestrictionPolicy: isSettingsChangesAllowedAsUser, userId 0 : true
03-15 13:55:27.270 12320 12902 D KNOX_MDM_SettingsProvider: ret = 1
03-15 13:55:27.270 12320 12584 D MdnieScenarioControlService:  packageName : com.example.kutuphane    className : com.example.kutuphane.kitapekle
03-15 13:55:27.271 12320 12902 D KNOX_MDM_SettingsProvider: isChangeAllowed() : name = default_input_method
03-15 13:55:27.271 12320 12902 D KNOX_MDM_SettingsProvider: edmUri: content://com.sec.knox.provider/RestrictionPolicy3
03-15 13:55:27.271 12320 12902 D KNOX_MDM_SettingsProvider: projectionArgs: isSettingsChangesAllowed
03-15 13:55:27.271 12320 12902 D KNOX_MDM_SettingsProvider: selectionArgs: false
03-15 13:55:27.271 12320 12902 D KNOX_MDM_SettingsProvider: selectionArgs: 10170
03-15 13:55:27.271 12320 12902 D SecContentProvider: called from android.uid.honeyboard:10170
03-15 13:55:27.271 12320 12902 D RestrictionPolicy: isSettingsChangesAllowedAsUser, userId 0 : true
03-15 13:55:27.271 12320 12902 D KNOX_MDM_SettingsProvider: ret = 1
03-15 13:55:27.271 12320 12584 V MdnieScenarioControlService: setUIMode from UI function(3)
03-15 13:55:27.272 12320 12320 I InputMethodManagerService: subtype state: oldSubtype = android.view.inputmethod.InputMethodSubtype@420000 newSubtype = android.view.inputmethod.InputMethodSubtype@420000 force = false, intent received : false
03-15 13:55:27.276 12320 12320 I InputMethodManagerService: subtype state: oldSubtype = android.view.inputmethod.InputMethodSubtype@420000 newSubtype = android.view.inputmethod.InputMethodSubtype@420000 force = false, intent received : false
03-15 13:55:27.299 12320 12902 D WindowManager: Starting window removed Window{baea46 u0 SnapshotStartingWindow for taskId=609}
03-15 13:55:27.299 12320 12902 V WindowManager: Remove Window{baea46 u0 SnapshotStartingWindow for taskId=609}: mSurfaceControl=Surface(name=SnapshotStartingWindow for taskId=609$_12757)/@0xbe3a43d mAnimatingExit=false mRemoveOnExit=false mHasSurface=true surfaceShowing=true animating=false app-animation=false callers=com.android.server.wm.Session.remove:16 android.view.IWindowSession$Stub.onTransact:804 com.android.server.wm.Session.onTransact:1 android.os.Binder.execTransactInternal:1457 android.os.Binder.execTransact:1401 <bottom of call stack> 
03-15 13:55:27.300 12320 12902 I WindowManager: Reparenting to leash, surface=Surface(name=baea46 SnapshotStartingWindow for taskId=609)/@0x25b432, leashParent=Surface(name=ActivityRecord{72205323 u0 com.example.kutuphane/.kitapekle t609})/@0x16f4871
03-15 13:55:27.302 12320 12902 D WindowManager: makeSurface duration=1 leash=Surface(name=Surface(name=baea46 SnapshotStartingWindow for taskId=609)/@0x25b432 - animation-leash of window_animation)/@0xda12583
03-15 13:55:27.366 12320 12675 D KNOX_MDM_SettingsProvider: isChangeAllowed() : name = wifi_wcm_qos_sharing_score_summary
03-15 13:55:27.373 12320 12584 V MdnieScenarioControlService: mAclOffEnabled : false
03-15 13:55:27.457 12757 12829 V WindowManagerShell: Transition animation finished (aborted=false), notifying core (#274) android.os.BinderProxy@9d6acb0@0
03-15 13:55:27.459 12320 12902 V WindowManager: Finish Transition: TransitionRecord{3fb220f id=274 type=TO_FRONT flags=0x0 c=[
03-15 13:55:27.459 12320 12902 V WindowManager:    ChangeInfo{5e9407a container=DefaultTaskDisplayArea_d0@21689571 flags=0x0}
03-15 13:55:27.459 12320 12902 V WindowManager:    ChangeInfo{eeeacff container=ActivityRecord{48835708 u0 com.sec.android.app.launcher/com.android.quickstep.RecentsActivity t596} flags=0x0}
03-15 13:55:27.459 12320 12902 V WindowManager:    ChangeInfo{8f8acc container=WallpaperWindowToken{384c472 showWhenLocked=false}_<system> flags=0x0}
03-15 13:55:27.459 12320 12902 V WindowManager:    ChangeInfo{f307115 container=ActivityRecord{72205323 u0 com.example.kutuphane/.kitapekle t609} flags=0x0}
03-15 13:55:27.459 12320 12902 V WindowManager:    ChangeInfo{e51d02b container=Task{5ede90c #609 type=standard A=10286:com.example.kutuphane} flags=0x30}
03-15 13:55:27.459 12320 12902 V WindowManager:    ChangeInfo{552bc2a container=WallpaperWindowToken{86131fa showWhenLocked=true}_<lock> flags=0x0}
03-15 13:55:27.459 12320 12902 V WindowManager:    ChangeInfo{284ec88 container=Display{#0 state=ON size=1080x2340 ROTATION_0} flags=0x0}
03-15 13:55:27.459 12320 12902 V WindowManager:    ChangeInfo{c0b1a1b container=Task{cbde905 #596 type=recents I=com.sec.android.app.launcher/com.android.quickstep.RecentsActivity} flags=0x10}
03-15 13:55:27.459 12320 12902 V WindowManager:    ChangeInfo{e9087b8 container=RemoteWallpaperAnim:1:1@264671916 flags=0x0}
03-15 13:55:27.459 12320 12902 V WindowManager: ]
03-15 13:55:27.459 12320 12902 V WindowManager: }, caller=com.android.server.wm.WindowOrganizerController.finishTransitionInner:31 com.android.server.wm.WindowOrganizerController.finishAllTransitions:60 android.window.IWindowOrganizerController$Stub.onTransact:283 
03-15 13:55:27.460 12320 12350 V WindowManager: Finish Transition (#274): created at 03-15 13:55:27.118 collect-started=1.554ms request-sent=9.773ms started=24.702ms ready=24.663ms sent=55.881ms commit=21.556ms finished=340.666ms
03-15 13:55:27.461 12320 12902 V WindowManager: Setting visibility of Window{4dfb408 u0 com.sec.android.app.launcher/com.android.quickstep.RecentsActivity}: false, caller=com.android.server.wm.WindowContainer.sendAppVisibilityToClients:19 com.android.server.wm.WindowToken.setClientVisible:48 com.android.server.wm.ActivityRecord.commitVisibility:186 com.android.server.wm.TransitionController.finishTransition:846 com.android.server.wm.WindowOrganizerController.finishTransitionInner:31 
03-15 13:55:27.462 12320 12902 V WindowManager: Setting visibility of Window{54ad81e u0 com.android.systemui.wallpapers.ImageWallpaper}: false, caller=com.android.server.wm.WindowContainer.sendAppVisibilityToClients:19 com.android.server.wm.WindowToken.setClientVisible:48 com.android.server.wm.WallpaperWindowToken.setVisible$1:3 com.android.server.wm.WallpaperWindowToken.commitVisibility:48 com.android.server.wm.TransitionController.finishTransition:1252 
03-15 13:55:27.466 12320 12902 D ChangeTransitionController: onTransitionFinished: TransitionRecord{3fb220f id=274 type=TO_FRONT flags=0x0 c=[
03-15 13:55:27.466 12320 12902 D ChangeTransitionController:    ChangeInfo{5e9407a container=DefaultTaskDisplayArea_d0@21689571 flags=0x0}
03-15 13:55:27.466 12320 12902 D ChangeTransitionController:    ChangeInfo{eeeacff container=ActivityRecord{48835708 u0 com.sec.android.app.launcher/com.android.quickstep.RecentsActivity t596} flags=0x0}
03-15 13:55:27.466 12320 12902 D ChangeTransitionController:    ChangeInfo{8f8acc container=WallpaperWindowToken{384c472 showWhenLocked=false}_<system> flags=0x0}
03-15 13:55:27.466 12320 12902 D ChangeTransitionController:    ChangeInfo{f307115 container=ActivityRecord{72205323 u0 com.example.kutuphane/.kitapekle t609} flags=0x0}
