03-15 13:55:45.843 12320 12902 V WindowManager: }, caller=com.android.server.wm.WindowOrganizerController.finishTransitionInner:31 com.android.server.wm.WindowOrganizerController.finishAllTransitions:60 android.window.IWindowOrganizerController$Stub.onTransact:283 
03-15 13:55:45.844 12320 12350 V WindowManager: Finish Transition (#276): created at 03-15 13:55:45.261 collect-started=0.687ms request-sent=8.966ms started=12.865ms ready=19.15ms sent=101.083ms commit=21.293ms finished=582.331ms
03-15 13:55:45.845 12320 12902 V WindowManager: Setting visibility of Window{140b44d u0 com.example.kutuphane/com.example.kutuphane.kitapIslemleri}: false, caller=com.android.server.wm.WindowContainer.sendAppVisibilityToClients:19 com.android.server.wm.WindowToken.setClientVisible:48 com.android.server.wm.ActivityRecord.commitVisibility:186 com.android.server.wm.TransitionController.finishTransition:846 com.android.server.wm.WindowOrganizerController.finishTransitionInner:31 
03-15 13:55:45.847 12320 12902 D ChangeTransitionController: onTransitionFinished: TransitionRecord{24490ac id=276 type=OPEN flags=0x0 c=[
03-15 13:55:45.847 12320 12902 D ChangeTransitionController:    ChangeInfo{cc00b98 container=DefaultTaskDisplayArea_d0@21689571 flags=0x0}
03-15 13:55:45.847 12320 12902 D ChangeTransitionController:    ChangeInfo{5f8ff6b container=ActivityRecord{79832981 u0 com.example.kutuphane/.kitapIslemleri t609} flags=0x0}
03-15 13:55:45.847 12320 12902 D ChangeTransitionController:    ChangeInfo{dd6ff1 container=Task{5ede90c #609 type=standard A=10286:com.example.kutuphane} flags=0x0}
03-15 13:55:45.847 12320 12902 D ChangeTransitionController:    ChangeInfo{bca47d6 container=Display{#0 state=ON size=1080x2340 ROTATION_0} flags=0x0}
03-15 13:55:45.847 12320 12902 D ChangeTransitionController:    ChangeInfo{c87fa57 container=ActivityRecord{206451061 u0 com.example.kutuphane/.kitapekle t609} flags=0x0}
03-15 13:55:45.847 12320 12902 D ChangeTransitionController: ]
03-15 13:55:45.847 12320 12902 D ChangeTransitionController: }
03-15 13:55:45.848 12757 12829 V WindowManagerShell: Track 0 became idle
03-15 13:55:45.848 12757 12829 V WindowManagerShell: All active transition animations finished
03-15 13:55:45.873 12320 12902 E WindowManager: win=Window{140b44d u0 com.example.kutuphane/com.example.kutuphane.kitapIslemleri} destroySurfaces: appStopped=true cleanupOnResume=false win.mWindowRemovalAllowed=false win.mRemoveOnExit=false win.mViewVisibility=8 caller=com.android.server.wm.ActivityRecord.destroySurfaces:25 com.android.server.wm.ActivityRecord.activityStopped:192 com.android.server.wm.ActivityClientController.activityStopped:97 android.app.IActivityClientController$Stub.onTransact:740 com.android.server.wm.ActivityClientController.onTransact:1 android.os.Binder.execTransactInternal:1462 android.os.Binder.execTransact:1401 
03-15 13:55:45.874 12320 12353 D SGM:FgCheckThread: getForegroundApp(), foregroundPkgName=com.example.kutuphane
03-15 13:55:45.875 12320 12353 D SGM:FgCheckThread: pkgName: com.example.kutuphane is in foreground
03-15 13:55:45.875 12320 12629 D BackgroundInstallControlService: Package event received: 0
03-15 13:55:45.897 12320 12353 D SGM:GameManager: identifyForegroundApp. com.example.kutuphane, mCurrentUserId: 0, callerUserId: 0
03-15 13:55:45.897 12320 12353 D SGM:SemGameManager: isForegroundGame(), ret=false
03-15 13:55:46.078   582   582 D io_stats: !@ Read_top(KB): .gms.persistent:high(13499) 4
03-15 13:55:46.079   582   582 D io_stats: !@ Write_top(KB): kworker/u32:13:/(22725) 224 vendor.samsung.:normal(1528) 8
03-15 13:55:46.283 12320 14299 I ActivityManager: Changes in 90001 17 to 17, 128 to 0
03-15 13:55:46.283 12320 14299 I ActivityManager: Changes in 90000 10 to 10, 128 to 0
03-15 13:55:46.283 12320 14299 I ActivityManager: Changes in 10304 10 to 10, 128 to 0
03-15 13:55:46.288 12320 12364 I ActivityManager: Changes in 90001 17 to 17, 0 to 128
03-15 13:55:46.289 12320 12364 I ActivityManager: Changes in 90000 10 to 10, 0 to 128
03-15 13:55:46.289 12320 12364 I ActivityManager: Changes in 10304 10 to 10, 0 to 128
03-15 13:55:46.655 12320 12485 D PowerManagerService: [api] userActivityFromNative : touch displayId=0 eventTime=117231082
03-15 13:55:46.657 12320 14299 I InputMethodManagerService: isInputMethodShown: isShown=false
03-15 13:55:46.747 12320 14299 V AutofillSession: Primary service component name: ComponentInfo{com.samsung.android.samsungpassautofill/com.samsung.android.samsungpassautofill.AutofillServiceMain}, secondary service component name: ComponentInfo{com.android.credentialmanager/com.samsung.android.credentialmanager.autofill.SecCredentialAutofillService}
03-15 13:55:46.747 12320 14299 V SecondaryProviderHandler: Creating a secondary provider handler with component name, ComponentInfo{com.android.credentialmanager/com.samsung.android.credentialmanager.autofill.SecCredentialAutofillService}
03-15 13:55:46.749 12320 14299 D PresentationStatsEventLogger: Started new PresentationStatsEvent
03-15 13:55:46.754 12320 12505 V InputMethodManagerService: startInputOrWindowGainedFocusInternalLocked: reason=CHECK_FOCUS client=android.os.BinderProxy@9159e84 inputContext=com.android.internal.inputmethod.IRemoteInputConnection$Stub$Proxy@f2935f8 editorInfo=android.view.inputmethod.EditorInfo@8cdbad1 startInputFlags=VIEW_HAS_FOCUS|IS_TEXT_EDITOR|INITIAL_CONNECTION softInputMode=STATE_UNSPECIFIED|ADJUST_PAN windowFlags=#81810100 unverifiedTargetSdkVersion=31 bindingController=com.android.server.inputmethod.InputMethodBindingController@1cc1bc1 imeDispatcher=android.window.ImeOnBackInvokedDispatcher@d2a6936 cs=ClientState{ad93295 mUid=10286 mPid=23334 mSelfReportedDisplayId=0} imeRequestedVisible=false
03-15 13:55:46.754 12320 12505 V InputMethodManagerService: startInputOrWindowGainedFocusInternalLocked: reason=CHECK_FOCUS clientState=ad93295 editorInfo=android.view.inputmethod.EditorInfo@8cdbad1 startInputFlags=VIEW_HAS_FOCUS|IS_TEXT_EDITOR|INITIAL_CONNECTION softInputMode=STATE_UNSPECIFIED|ADJUST_PAN windowFlags=#81810100 sameWindowFocused=true
03-15 13:55:46.754 23334 23334 D InsetsController: Setting requestedVisibleTypes to -1 (was -9)
03-15 13:55:46.754 12320 12505 V InputMethodManagerService: setWindowStateInner, windowToken=android.os.BinderProxy@d481a2d, state=ImeTargetWindowState{ imeToken null imeFocusChanged false hasEditorFocused true requestedImeVisible false imeDisplayId 0 softInputModeState STATE_UNSPECIFIED|ADJUST_PAN isStartInputByGainFocus false}
03-15 13:55:46.754 12320 12505 V InputMethodManagerService: Window already focused, ignoring focus gain of: com.android.internal.inputmethod.IInputMethodClient$Stub$Proxy@ce17037 editorInfo=android.view.inputmethod.EditorInfo@8cdbad1, token=android.os.BinderProxy@d481a2d, startInputReason=CHECK_FOCUS
03-15 13:55:46.755 12320 12505 D SemInputMethodManagerServiceUtil: restorePreviousUsedInputMethod : failed to return the previous ime becuase the stored info is null or do not need restore
03-15 13:55:46.755 12320 12505 V InputMethodManagerService: semComputeImeDisplayIdForTarget: displayToShowIme=0
03-15 13:55:46.755 12320 12505 V InputMethodManagerService: Creating new accessibility sessions for client ClientState{ad93295 mUid=10286 mPid=23334 mSelfReportedDisplayId=0}
03-15 13:55:46.755 12320 12902 I InputMethodManagerService: isInputMethodShown: isShown=false
03-15 13:55:46.756 12320 14299 D WindowManager: updateSystemBarAttributes: displayId=0, focusedCanBeNavColorWin=false, win=Window{b7b0b62 u0 com.example.kutuphane/com.example.kutuphane.kitapekle}, navColorWin=Window{b7b0b62 u0 com.example.kutuphane/com.example.kutuphane.kitapekle}, caller=com.android.server.wm.InsetsStateController.onRequestedVisibleTypesChanged:86 com.android.server.wm.InsetsPolicy.onRequestedVisibleTypesChanged:3 com.android.server.wm.Session.updateRequestedVisibleTypes:37 
03-15 13:55:46.756 12320 14299 D WindowManager: updateSystemBarAttributes, bhv=1, apr=16, statusBarAprRegions=[AppearanceRegion{ bounds=[0,0][1080,2340]}], requestedVisibilities=-1
03-15 13:55:46.759 12320 12505 D InputMethodManagerService: isImeSwitcherDisabledPackage : false
03-15 13:55:46.760 12320 12505 D InputMethodManagerService: checkDisplayOfStartInputAndUpdateKeyboard: displayId=0, mFocusedDisplayId=0
03-15 13:55:46.763 12320 12353 V InputMethodManagerService: Client requesting input be shown
03-15 13:55:46.763 12320 12353 D InputMethodManagerService: ACCESS_CONTROL_ENABLED = false, ACCESS_CONTROL_KEYBOARD_BLOCK = true
03-15 13:55:46.763 12320 12353 V InputMethodManagerService: setWindowStateInner, windowToken=android.os.BinderProxy@d481a2d, state=ImeTargetWindowState{ imeToken android.os.Binder@aa2330d imeFocusChanged false hasEditorFocused true requestedImeVisible true imeDisplayId 0 softInputModeState STATE_UNSPECIFIED|ADJUST_PAN isStartInputByGainFocus false}
03-15 13:55:46.763 12320 12353 D InputMethodBindingController: bindCurrentInputMethodService: caller=com.android.server.inputmethod.InputMethodBindingController.bindCurrentInputMethodService:17 com.android.server.inputmethod.InputMethodManagerService.showCurrentInputLocked:125 com.android.server.inputmethod.InputMethodManagerService.showCurrentInputInternal:45 com.android.server.wm.ImeInsetsSourceProvider$$ExternalSyntheticLambda0.run:88 android.os.Handler.handleCallback:995 android.os.Handler.dispatchMessage:103 android.os.Looper.loopOnce:273 android.os.Looper.loop:363 android.os.HandlerThread.run:85 com.android.server.ServiceThread.run:49 
03-15 13:55:46.764 12320 12902 D AutofillSession: createPendingIntent for request 440
03-15 13:55:46.764 12320 12902 D ContentCapturePerUserService: Notified activity assist data for activity: Token{5dae50a ActivityRecord{206451061 u0 com.example.kutuphane/.kitapekle t609}} without a session Id
03-15 13:55:46.765 12320 12353 I ActivityManager: Changes in 10170 7 to 5, 128 to 255
03-15 13:55:46.766 12320 12353 V InputMethodManagerService: Calling com.android.server.inputmethod.IInputMethodInvoker@7c4363f.showSoftInput(android.os.BinderProxy@d481a2d, 1, null) for reason: SHOW_SOFT_INPUT
03-15 13:55:46.767 12320 12629 D BackgroundInstallControlService: Package event received: 0
03-15 13:55:46.768 12320 12902 I InputMethodManagerService: isAccessoryKeyboard 0
03-15 13:55:46.770 12320 14299 I InputMethodManagerService: isAccessoryKeyboard 0
03-15 13:55:46.771 12320 12629 D BackgroundInstallControlService: Package event received: 0
03-15 13:55:46.773 12320 12629 D BackgroundInstallControlService: Package event received: 0
03-15 13:55:46.773 12320 12629 D BackgroundInstallControlService: Package event received: 0
03-15 13:55:46.775 12320 12320 D ActivityManager: sync unfroze 20781 com.samsung.android.authfw for 6
03-15 13:55:46.775 12320 12320 I ActivityManager: Changes in 10185 19 to 6, 0 to 128
03-15 13:55:46.776 12320 14299 D KNOX_MDM_SettingsProvider: isChangeAllowed() : name = enabled_input_methods
03-15 13:55:46.776 12320 12320 I ActivityManager: Changes in 10114 19 to 6, 0 to 128
03-15 13:55:46.776 12320 12320 I ActivityManager: Changes in 5278 19 to 6, 0 to 128
03-15 13:55:46.776 12320 14299 D KNOX_MDM_SettingsProvider: edmUri: content://com.sec.knox.provider/RestrictionPolicy3
03-15 13:55:46.776 12320 14299 D KNOX_MDM_SettingsProvider: projectionArgs: isSettingsChangesAllowed
03-15 13:55:46.776 12320 14299 D KNOX_MDM_SettingsProvider: selectionArgs: false
03-15 13:55:46.776 12320 14299 D KNOX_MDM_SettingsProvider: selectionArgs: 10170
03-15 13:55:46.777 12320 14299 D SecContentProvider: called from android.uid.honeyboard:10170
03-15 13:55:46.777 12320 14299 D RestrictionPolicy: isSettingsChangesAllowedAsUser, userId 0 : true
03-15 13:55:46.777 12320 14299 D KNOX_MDM_SettingsProvider: ret = 1
03-15 13:55:46.778 12320 14299 D KNOX_MDM_SettingsProvider: isChangeAllowed() : name = default_input_method
03-15 13:55:46.778 12320 14299 D KNOX_MDM_SettingsProvider: edmUri: content://com.sec.knox.provider/RestrictionPolicy3
03-15 13:55:46.778 12320 14299 D KNOX_MDM_SettingsProvider: projectionArgs: isSettingsChangesAllowed
03-15 13:55:46.778 12320 14299 D KNOX_MDM_SettingsProvider: selectionArgs: false
03-15 13:55:46.778 12320 14299 D KNOX_MDM_SettingsProvider: selectionArgs: 10170
03-15 13:55:46.778 12320 14299 D SecContentProvider: called from android.uid.honeyboard:10170
03-15 13:55:46.778 12320 14299 D RestrictionPolicy: isSettingsChangesAllowedAsUser, userId 0 : true
03-15 13:55:46.778 12320 14299 D KNOX_MDM_SettingsProvider: ret = 1
03-15 13:55:46.779 12320 12629 D BackgroundInstallControlService: Package event received: 0
03-15 13:55:46.781 12320 12902 D SecContentProvider: called from android.uid.honeyboard:10170
03-15 13:55:46.781 12320 12902 D RestrictionPolicy: isClipboardAllowed : true
03-15 13:55:46.781 12320 12947 W ProcessStats: Tracking association SourceState{50ee74b com.samsung.android.samsungpass/10114 ImpFg #28309} whose proc state 5 is better than process ProcessState{f3ad93d com.samsung.android.authfw/5278 pkg=com.samsung.android.authfw} proc state 15 (1 skipped)
03-15 13:55:46.784 12320 12320 I InputMethodManagerService: subtype state: oldSubtype = android.view.inputmethod.InputMethodSubtype@420000 newSubtype = android.view.inputmethod.InputMethodSubtype@420000 force = false, intent received : false
03-15 13:55:46.790 12320 12947 D SecContentProvider: called from android.uid.honeyboard:10170
03-15 13:55:46.790 12320 12947 D RestrictionPolicy: isClipboardAllowed : true
03-15 13:55:46.797 12320 12947 V InputMethodManagerService: IME window vis: 3 active: 1 visible: 2 displayId: 0
03-15 13:55:46.797 12320 12947 D InputMethodManagerService: isImeSwitcherDisabledPackage : false
03-15 13:55:46.798 12320 12947 I InputMethodManagerService: setImeWindowStatus: vis=3, backDisposition=0
03-15 13:55:46.800 12320 25875 D TspStateManager: wrote command: cmd=1, type=5
03-15 13:55:46.801 12320 25876 D TspStateManager: wrote command: cmd=1,18,7,24,1924, type=1
03-15 13:55:46.803 12320 14334 D CoreBackPreview: Window{b7b0b62 u0 com.example.kutuphane/com.example.kutuphane.kitapekle}: Setting back callback OnBackInvokedCallbackInfo{mCallback=android.window.IOnBackInvokedCallback$Stub$Proxy@3d39cc3, mPriority=0, mIsAnimationCallback=true, mOverrideBehavior=0}
03-15 13:55:46.816   778   778 W keymint_tee: [WRN]begin req PARAMS: A32, BM2, PD64, 
03-15 13:55:46.817   778   778 D android.hardware.security.keymint-service: begin: ret 0
03-15 13:55:46.820   777  3745 I keystore2: system/security/keystore2/src/security_level.rs:466 - In create_operation. Success to create IKeystoreOperation. 10114, None
03-15 13:55:46.822   778   778 D android.hardware.security.keymint-service: update: ret 0
03-15 13:55:46.824   778   778 D android.hardware.security.keymint-service: finish: ret 0
03-15 13:55:46.832   778   778 W keymint_tee: [WRN]begin req PARAMS: A32, BM2, PD64, 
03-15 13:55:46.834   778   778 D android.hardware.security.keymint-service: begin: ret 0
03-15 13:55:46.834 12320 12345 D SecContentProvider: called from android.uid.honeyboard:10170
03-15 13:55:46.834 12320 12345 D RestrictionPolicy: isClipboardAllowed : true
03-15 13:55:46.834   777   806 I keystore2: system/security/keystore2/src/security_level.rs:466 - In create_operation. Success to create IKeystoreOperation. 10114, None
03-15 13:55:46.836   778   778 D android.hardware.security.keymint-service: update: ret 0
03-15 13:55:46.837 12320 12947 D SecContentProvider: called from android.uid.honeyboard:10170
03-15 13:55:46.837 12320 12947 D RestrictionPolicy: isClipboardAllowed : true
03-15 13:55:46.839   778   778 D android.hardware.security.keymint-service: finish: ret 0
03-15 13:55:46.841 12320 12947 D SecContentProvider: called from android.uid.honeyboard:10170
03-15 13:55:46.841 12320 12947 D RestrictionPolicy: isClipboardAllowed : true
03-15 13:55:46.844 12320 12947 D SecContentProvider: called from android.uid.honeyboard:10170
03-15 13:55:46.844 12320 12947 D RestrictionPolicy: isClipboardAllowed : true
03-15 13:55:46.846   778   778 W keymint_tee: [WRN]begin req PARAMS: A32, BM2, PD64, 
03-15 13:55:46.847   778   778 D android.hardware.security.keymint-service: begin: ret 0
03-15 13:55:46.848   777   806 I keystore2: system/security/keystore2/src/security_level.rs:466 - In create_operation. Success to create IKeystoreOperation. 10114, None
03-15 13:55:46.848 12320 12947 D SecContentProvider: called from android.uid.honeyboard:10170
03-15 13:55:46.848 12320 12947 D RestrictionPolicy: isClipboardAllowed : true
03-15 13:55:46.849   778   778 D android.hardware.security.keymint-service: update: ret 0
03-15 13:55:46.850   778   778 D android.hardware.security.keymint-service: finish: ret 0
03-15 13:55:46.852 12320 12345 D SecContentProvider: called from android.uid.honeyboard:10170
03-15 13:55:46.852 12320 12345 D RestrictionPolicy: isClipboardAllowed : true
03-15 13:55:46.855 12320 12345 D SecContentProvider: called from android.uid.honeyboard:10170
03-15 13:55:46.855 12320 12345 D RestrictionPolicy: isClipboardAllowed : true
03-15 13:55:46.857   778   778 W keymint_tee: [WRN]begin req PARAMS: A32, BM2, PD64, 
03-15 13:55:46.858   778   778 D android.hardware.security.keymint-service: begin: ret 0
03-15 13:55:46.858   777  3745 I keystore2: system/security/keystore2/src/security_level.rs:466 - In create_operation. Success to create IKeystoreOperation. 10114, None
03-15 13:55:46.859 12320 12947 D SecContentProvider: called from android.uid.honeyboard:10170
03-15 13:55:46.859 12320 12947 D RestrictionPolicy: isClipboardAllowed : true
03-15 13:55:46.860   778   778 D android.hardware.security.keymint-service: update: ret 0
03-15 13:55:46.862   778   778 D android.hardware.security.keymint-service: finish: ret 0
03-15 13:55:46.864 12320 12345 D WindowManager: makeSurface duration=1 name=InputMethod$_30070
03-15 13:55:46.864 12320 12345 I WindowManager: Cancelling animation restarting=true, leash=Surface(name=Surface(name=3c1eb49 NavigationBar0)/@0x13224f6 - animation-leash of insets_animation)/@0x87ea4ba
03-15 13:55:46.864 12320 12345 I WindowManager: Reparenting to original parent: Surface(name=WindowToken{b67d50 type=2019 android.os.BinderProxy@b916202})/@0x5e0e0f7, destroy=false, surface=Surface(name=3c1eb49 NavigationBar0)/@0x13224f6
03-15 13:55:46.864 12320 12345 I WindowManager: Reparenting to leash, surface=Surface(name=3c1eb49 NavigationBar0)/@0x13224f6, leashParent=Surface(name=WindowToken{b67d50 type=2019 android.os.BinderProxy@b916202})/@0x5e0e0f7
03-15 13:55:46.865 12320 12345 D WindowManager: makeSurface duration=0 leash=Surface(name=Surface(name=3c1eb49 NavigationBar0)/@0x13224f6 - animation-leash of insets_animation)/@0xb5ab079
03-15 13:55:46.865 12320 12345 D InsetsSourceProvider: updateControlForTarget: control=InsetsSourceControl: {c4460001 mType=navigationBars initiallyVisible mSurfacePosition=Point(0, 2214) mInsetsHint=Insets{left=0, top=0, right=0, bottom=39}}, target=PermanentControlTarget, from=com.android.server.wm.InsetsStateController.onControlTargetChanged:83 com.android.server.wm.InsetsPolicy.updateBarControlTarget:225 com.android.server.wm.DisplayPolicy.updateSystemBarAttributes:262 com.android.server.wm.DisplayPolicy.finishPostLayoutPolicyLw:17 com.android.server.wm.RootWindowContainer.applySurfaceChangesTransaction$1:195 
03-15 13:55:46.865 12320 12345 D WindowManager: updateSystemBarAttributes: displayId=0, focusedCanBeNavColorWin=false, win=Window{b7b0b62 u0 com.example.kutuphane/com.example.kutuphane.kitapekle}, navColorWin=Window{b1749ab u0 InputMethod}, caller=com.android.server.wm.DisplayPolicy.finishPostLayoutPolicyLw:17 com.android.server.wm.RootWindowContainer.applySurfaceChangesTransaction$1:195 com.android.server.wm.RootWindowContainer.performSurfacePlacementNoTrace:59 
03-15 13:55:46.866 12320 12345 D WindowManager: updateSystemBarAttributes, bhv=1, apr=0, statusBarAprRegions=[AppearanceRegion{ bounds=[0,0][1080,2340]}], requestedVisibilities=-1
03-15 13:55:46.867 12757 12829 D WindowManagerShell: onKeepClearAreasChanged: restricted={}, unrestricted={Rect(0, 1461 - 1080, 2214)}
03-15 13:55:46.874 12320 14334 D WindowManager: setInsetsWindow Window{b1749ab u0 InputMethod}, contentInsets=Rect(0, 1381 - 0, 0) -> Rect(0, 1381 - 0, 0), visibleInsets=Rect(0, 1381 - 0, 0) -> Rect(0, 1381 - 0, 0), touchableRegion=SkRegion((0,1381,1080,2134)) -> SkRegion((0,1381,1080,2134)), touchableInsets 3 -> 3
03-15 13:55:46.887 12320 14334 D WindowManager: finishDrawingWindow: Window{b1749ab u0 InputMethod} mDrawState=DRAW_PENDING seqId=0
03-15 13:55:46.889 12320 12354 V WindowManager: performShowLocked: mDrawState=HAS_DRAWN in Window{b1749ab u0 InputMethod}
03-15 13:55:46.891 12320 12345 I ActivityManager: Changes in 10105 19 to 5, 0 to 144
03-15 13:55:46.894 12320 12320 W FillRequestEventLogger: Shouldn't be logging AutofillFillRequestReported again for same event
03-15 13:55:46.894 12320 12320 W FillResponseEventLogger: Shouldn't be logging AutofillFillRequestReported again for same event
03-15 13:55:46.894 12320 12320 W PresentationStatsEventLogger: Empty dataset. Autofill ignoring log
03-15 13:55:46.894 12320 12629 D BackgroundInstallControlService: Package event received: 0
03-15 13:55:46.894 12320 12320 D AutofillSession: clearPendingIntentLocked
03-15 13:55:46.895 12320 12354 D InsetsSourceProvider: updateVisibility: serverVisible=true, clientVisible=true, source=InsetsSource: {3 mType=ime mFrame=[0,1461][1080,2340] mVisible=true mFlags= mSideHint=BOTTOM mBoundingRects=null}, controlTarget=Window{b7b0b62 u0 com.example.kutuphane/com.example.kutuphane.kitapekle}, from=com.android.server.wm.ImeInsetsSourceProvider.updateVisibility:7 com.android.server.wm.InsetsSourceProvider.setServerVisible:6 com.android.server.wm.ImeInsetsSourceProvider.setServerVisible:75 com.android.server.wm.InsetsSourceProvider.onPostLayout:30 com.android.server.wm.ImeInsetsSourceProvider.onPostLayout:3 com.android.server.wm.InsetsStateController.onPostLayout:26 com.android.server.wm.RootWindowContainer.applySurfaceChangesTransaction$1:203 com.android.server.wm.RootWindowContainer.performSurfacePlacementNoTrace:59 com.android.server.wm.WindowSurfacePlacer.performSurfacePlacement:166 com.android.server.wm.WindowSurfacePlacer$Traverser.run:14 
03-15 13:55:46.899 12320 12320 I ActivityManager: Changes in 10185 6 to 10, 128 to 0
03-15 13:55:46.900 12320 12320 I ActivityManager: Changes in 10114 6 to 10, 128 to 0
03-15 13:55:46.900 12320 12320 I ActivityManager: Changes in 5278 6 to 10, 128 to 0
03-15 13:55:46.903 12320 12629 D BackgroundInstallControlService: Package event received: 0
03-15 13:55:46.903 12320 12320 I ActivityManager: Changes in 10185 10 to 6, 0 to 128
03-15 13:55:46.904 12320 12320 I ActivityManager: Changes in 10114 10 to 6, 0 to 128
03-15 13:55:46.904 12320 12320 I ActivityManager: Changes in 5278 10 to 6, 0 to 128
03-15 13:55:46.905 12320 12629 D BackgroundInstallControlService: Package event received: 0
03-15 13:55:46.906 12320 12629 D BackgroundInstallControlService: Package event received: 0
03-15 13:55:46.906 12320 12629 D BackgroundInstallControlService: Package event received: 0
03-15 13:55:46.916 12320 12947 V InputMethodManagerService: IME window vis: 3 active: 1 visible: 2 displayId: 0
03-15 13:55:46.916 12320 12947 D InputMethodManagerService: isImeSwitcherDisabledPackage : false
03-15 13:55:46.928 12320 12947 V InputMethodManagerService: IME window vis: 3 active: 1 visible: 2 displayId: 0
03-15 13:55:46.928 12320 12947 D InputMethodManagerService: isImeSwitcherDisabledPackage : false
03-15 13:55:47.197 12320 12364 D ActivityManager: sync unfroze 21849 com.samsung.android.ipsgeofence for 3
03-15 13:55:47.199 12320 12364 I ActivityManager: Changes in 5022 19 to 11, 0 to 128
03-15 13:55:47.199 12320 12629 D BackgroundInstallControlService: Package event received: 0
03-15 13:55:47.230 12320 12345 I ActivityManager: Changes in 5022 11 to 19, 128 to 0
03-15 13:55:47.238 12320 12345 I ActivityManager: Changes in 5022 19 to 8, 0 to 128
03-15 13:55:47.297 12320 12345 I ActivityManager: Changes in 90001 17 to 17, 128 to 0
03-15 13:55:47.297 12320 12345 I ActivityManager: Changes in 90000 10 to 10, 128 to 0
03-15 13:55:47.297 12320 12345 I ActivityManager: Changes in 10304 10 to 10, 128 to 0
03-15 13:55:47.300 12320 12364 I ActivityManager: Changes in 90001 17 to 17, 0 to 128
03-15 13:55:47.301 12320 12364 I ActivityManager: Changes in 90000 10 to 10, 0 to 128
03-15 13:55:47.301 12320 12364 I ActivityManager: Changes in 10304 10 to 10, 0 to 128
03-15 13:55:47.646 14190 14190 I SDHMS:LOAD: type: LoadsFreqs, value: 0:0:1:843499:2200000:725000:626000:2000000:500000:54:390:0
03-15 13:55:47.665 12721 12721 I wpa_supplicant: Heartbeat 714
03-15 13:55:47.928 12320 13885 D FreecessHandler: freeze com.example.kutuphane(10286) result : 12
03-15 13:55:48.080   582   582 D io_stats: !@   8,32 r 7526729 163954896 w 5333585 69965592 d 589823 218999400 f 469285 522173 iot 2417760 0 th 0 0 0 pt 0 inp 0 0 117232.509
03-15 13:55:48.283 12320 14260 E TaskPersister: File error accessing recents directory (directory doesn't exist?).
03-15 13:55:48.306 12320 12345 I ActivityManager: Changes in 90001 17 to 17, 128 to 0
03-15 13:55:48.307 12320 12345 I ActivityManager: Changes in 90000 10 to 10, 128 to 0
03-15 13:55:48.307 12320 12345 I ActivityManager: Changes in 10304 10 to 10, 128 to 0
03-15 13:55:48.313 12320 12364 I ActivityManager: Changes in 90001 17 to 17, 0 to 128
03-15 13:55:48.313 12320 12364 I ActivityManager: Changes in 90000 10 to 10, 0 to 128
03-15 13:55:48.313 12320 12364 I ActivityManager: Changes in 10304 10 to 10, 0 to 128
03-15 13:55:48.368 12320 12947 I ActivityManager: Changes in 5022 8 to 10, 128 to 0
03-15 13:55:48.378 12320 12733 I Pageboost: Launcher App Execution
03-15 13:55:48.382 14190 15483 I SDHMS:x : SIOP:: AP:280 BAT:258 USB:256 CHG:272 PA:276 WIFI:274 BLK:0 SUBBAT:0 SKIN:272 SKINF:266 SKINB:272 LRP2:272 LRF2:266 LRB2:272 AP2:272 CHG2:261 MEM2:272 WIFI2:272 SPK2:275 VAP05:283 AVGCUR:-186 POWER:-758
03-15 13:55:48.447 12320 12606 D UsbStatsMonitor: 0 0 0 0 0 0 0 0 0 0 0 0 3 0 0 0 0 0 0 0 0 0 0 0 0 0 0 0 0 0 0 0 0 0 0 0 0 0 0 0 0 0 0 5 0 0 0 0 0 0 0 0 0 0 0
03-15 13:55:49.318 12320 12345 I ActivityManager: Changes in 90001 17 to 17, 128 to 0
03-15 13:55:49.318 12320 12345 I ActivityManager: Changes in 90000 10 to 10, 128 to 0
03-15 13:55:49.319 12320 12345 I ActivityManager: Changes in 10304 10 to 10, 128 to 0
03-15 13:55:49.324 12320 12364 I ActivityManager: Changes in 90001 17 to 17, 0 to 128
03-15 13:55:49.325 12320 12364 I ActivityManager: Changes in 90000 10 to 10, 0 to 128
03-15 13:55:49.325 12320 12364 I ActivityManager: Changes in 10304 10 to 10, 0 to 128
03-15 13:55:49.657 12320 12410 D PowerManagerService: UserActivityStateListenerState: 0
03-15 13:55:49.707 12320 12581 W DeviceStorageMonitorService: updateBroadcasts(/data) oldLevel:0, newLevel:0, seq:1
03-15 13:55:49.709 12320 12581 D DeviceStorageMonitorService: Available File Node Number is [12579525]
03-15 13:55:49.709 12320 12581 W DeviceStorageMonitorService: updateBroadcasts_filenode(/data) fn_oldLevel:0, fn_newLevel:0, seq:1
03-15 13:55:50.082   582   582 D io_stats: !@   8,32 r 7526769 163955076 w 5333609 69965948 d 589823 218999400 f 469286 522174 iot 2417792 0 th 0 0 0 pt 0 inp 0 0 117234.511
03-15 13:55:50.082   582   582 D io_stats: !@ Read_top(KB): oid.ipsgeofence:low(21849) 1120 kworker/u32:13:/(22725) 256 android.vending:low(14772) 28
03-15 13:55:50.083   582   582 D io_stats: !@ Write_top(KB): oid.ipsgeofence:low(21849) 516 kworker/u32:6:/(20631) 24 system_server:high(12320) 8
03-15 13:55:50.319 12320 21641 D PerProcessNandswap$NandswapHandler: nandswap start for non-activity com.google.android.tts:search(pid 25329) action:14 adj:925 type:1
03-15 13:55:50.329 12320 12345 I ActivityManager: Changes in 90001 17 to 17, 128 to 0
03-15 13:55:50.329 12320 12345 I ActivityManager: Changes in 90000 10 to 10, 128 to 0
03-15 13:55:50.329 12320 12345 I ActivityManager: Changes in 10304 10 to 10, 128 to 0
03-15 13:55:50.333 12320 12364 I ActivityManager: Changes in 90001 17 to 17, 0 to 128
03-15 13:55:50.334 12320 12364 I ActivityManager: Changes in 90000 10 to 10, 0 to 128
03-15 13:55:50.334 12320 12364 I ActivityManager: Changes in 10304 10 to 10, 0 to 128
03-15 13:55:50.562 12320 21641 D PerProcessNandswap$NandswapHandler: nandswap end for non-activity com.google.android.tts:search(pid 25329) ret:8589918208 adj:925
03-15 13:55:51.138 12320 13885 D FreecessHandler: freeze com.instagram.android(10304) result : 33
03-15 13:55:51.341 12320 12947 I ActivityManager: Changes in 90001 17 to 17, 128 to 0
03-15 13:55:51.345 12320 12947 I ActivityManager: Changes in 90000 10 to 10, 128 to 0
03-15 13:55:51.345 12320 12947 I ActivityManager: Changes in 10304 10 to 10, 128 to 0
03-15 13:55:51.352 12320 12364 I ActivityManager: Changes in 90001 17 to 17, 0 to 128
03-15 13:55:51.352 12320 12364 I ActivityManager: Changes in 90000 10 to 10, 0 to 128
03-15 13:55:51.353 12320 12364 I ActivityManager: Changes in 10304 10 to 10, 0 to 128
03-15 13:55:51.913 12320 12320 I ActivityManager: Changes in 10185 6 to 10, 128 to 0
03-15 13:55:51.914 12320 12320 I ActivityManager: Changes in 10114 6 to 10, 128 to 0
03-15 13:55:51.915 12320 12320 I ActivityManager: Changes in 5278 6 to 10, 128 to 0
03-15 13:55:52.358 12320 14299 I ActivityManager: Changes in 90001 17 to 17, 128 to 0
03-15 13:55:52.359 12320 14299 I ActivityManager: Changes in 90000 10 to 10, 128 to 0
03-15 13:55:52.359 12320 14299 I ActivityManager: Changes in 10304 10 to 10, 128 to 0
03-15 13:55:52.365 12320 12364 I ActivityManager: Changes in 90001 17 to 17, 0 to 128
03-15 13:55:52.365 12320 12364 I ActivityManager: Changes in 90000 10 to 10, 0 to 128
03-15 13:55:52.365 12320 12364 I ActivityManager: Changes in 10304 10 to 10, 0 to 128
03-15 13:55:52.928 12320 12363 I ActivityManager: Changes in 10105 5 to 15, 144 to 0
03-15 13:55:53.376 12320 12902 I ActivityManager: Changes in 90001 17 to 17, 128 to 0
03-15 13:55:53.377 12320 12902 I ActivityManager: Changes in 90000 10 to 10, 128 to 0
03-15 13:55:53.377 12320 12902 I ActivityManager: Changes in 10304 10 to 10, 128 to 0
03-15 13:55:53.384 12320 12364 I ActivityManager: Changes in 90001 17 to 17, 0 to 128
03-15 13:55:53.385 12320 12364 I ActivityManager: Changes in 90000 10 to 10, 0 to 128
03-15 13:55:53.385 12320 12364 I ActivityManager: Changes in 10304 10 to 10, 0 to 128
03-15 13:55:53.947 12320 13885 D FreecessHandler: freeze com.example.kutuphane(10286) result : 12
03-15 13:55:54.085   582   582 D io_stats: !@   8,32 r 7526772 163955088 w 5333609 69965948 d 589823 218999400 f 469286 522174 iot 2417796 0 th 0 0 0 pt 0 inp 0 0 117238.515
03-15 13:55:54.086   582   582 D io_stats: !@ Read_top(KB): stagram.android:low(12538) 12
03-15 13:55:54.394 12320 12947 I ActivityManager: Changes in 90001 17 to 17, 128 to 0
03-15 13:55:54.394 12320 12947 I ActivityManager: Changes in 90000 10 to 10, 128 to 0
03-15 13:55:54.395 12320 12947 I ActivityManager: Changes in 10304 10 to 10, 128 to 0
03-15 13:55:54.402 12320 12364 I ActivityManager: Changes in 90001 17 to 17, 0 to 128
03-15 13:55:54.403 12320 12364 I ActivityManager: Changes in 90000 10 to 10, 0 to 128
03-15 13:55:54.403 12320 12364 I ActivityManager: Changes in 10304 10 to 10, 0 to 128
03-15 13:55:55.409 12320 12345 I ActivityManager: Changes in 90001 17 to 17, 128 to 0
03-15 13:55:55.409 12320 12345 I ActivityManager: Changes in 90000 10 to 10, 128 to 0
03-15 13:55:55.409 12320 12345 I ActivityManager: Changes in 10304 10 to 10, 128 to 0
03-15 13:55:55.415 12320 12364 I ActivityManager: Changes in 90001 17 to 17, 0 to 128
03-15 13:55:55.415 12320 12364 I ActivityManager: Changes in 90000 10 to 10, 0 to 128
03-15 13:55:55.416 12320 12364 I ActivityManager: Changes in 10304 10 to 10, 0 to 128
03-15 13:55:56.087   582   582 D io_stats: !@   8,32 r 7526776 163955104 w 5333615 69966076 d 589823 218999400 f 469286 522174 iot 2417808 0 th 0 0 0 pt 0 inp 0 0 117240.516
03-15 13:55:56.148 12320 12485 D PowerManagerService: [api] userActivityFromNative : touch, IME displayId=0 eventTime=117240574
03-15 13:55:56.148 12320 12485 D PowerManagerService: UserActivityStateListenerState: 1
03-15 13:55:56.152 12320 12947 D VibratorManagerService: converted usage = TOUCH(18)
03-15 13:55:56.153 12320 12947 D VibratorManagerService: vibrate - uid: 10170, opPkg: com.samsung.android.honeyboard, effect: Mono{mEffect=Composed{segments=[SemHaptic{mType=50124, mMagnitude=-1}], repeat=-1, mMagnitudeType=TYPE_TOUCH}}, attrs: VibrationAttributes{mUsage=TOUCH, mAudioUsage= USAGE_UNKNOWN, mFlags=0, tags=}, reason: null, token: android.os.BinderProxy@1086e89
03-15 13:55:56.153 12320 12947 D VibratorManagerService: magnitude value is under 0
03-15 13:55:56.153 12320 12947 D SingleVibrationSession: semDcVibrate : EFFECT_CLICK_RESERVED_DC(100), repeat: -1, usage: TOUCH(18), magnitude: 0
03-15 13:55:56.153 12320 12947 D VibratorManagerService: Vibration was not generated normally.
03-15 13:55:56.422 12320 12947 I ActivityManager: Changes in 90001 17 to 17, 128 to 0
03-15 13:55:56.422 12320 12947 I ActivityManager: Changes in 90000 10 to 10, 128 to 0
03-15 13:55:56.422 12320 12947 I ActivityManager: Changes in 10304 10 to 10, 128 to 0
03-15 13:55:56.428 12320 12364 I ActivityManager: Changes in 90001 17 to 17, 0 to 128
03-15 13:55:56.429 12320 12364 I ActivityManager: Changes in 90000 10 to 10, 0 to 128
03-15 13:55:56.429 12320 12364 I ActivityManager: Changes in 10304 10 to 10, 0 to 128
03-15 13:55:56.453 12320 12947 D VibratorManagerService: converted usage = TOUCH(18)
03-15 13:55:56.453 12320 12947 D VibratorManagerService: vibrate - uid: 10170, opPkg: com.samsung.android.honeyboard, effect: Mono{mEffect=Composed{segments=[SemHaptic{mType=50124, mMagnitude=-1}], repeat=-1, mMagnitudeType=TYPE_TOUCH}}, attrs: VibrationAttributes{mUsage=TOUCH, mAudioUsage= USAGE_UNKNOWN, mFlags=0, tags=}, reason: null, token: android.os.BinderProxy@1086e89
03-15 13:55:56.453 12320 12947 D VibratorManagerService: magnitude value is under 0
03-15 13:55:56.453 12320 12947 D SingleVibrationSession: semDcVibrate : EFFECT_CLICK_RESERVED_DC(100), repeat: -1, usage: TOUCH(18), magnitude: 0
03-15 13:55:56.454 12320 12947 D VibratorManagerService: Vibration was not generated normally.
03-15 13:55:56.586 12320 12345 D SecContentProvider: called from android.uid.honeyboard:10170
03-15 13:55:56.586 12320 12345 D RestrictionPolicy: isClipboardAllowed : true
03-15 13:55:56.595 12320 12629 D BackgroundInstallControlService: Package event received: 0
03-15 13:55:56.864   777 25878 I keystore2: system/security/keystore2/watchdog/src/lib.rs:377 - Watchdog thread idle -> terminating. Have a great day.
03-15 13:55:57.153 12320 13885 D FreecessHandler: freeze com.instagram.android(10304) result : 33
03-15 13:55:57.435 12320 12345 I ActivityManager: Changes in 90001 17 to 17, 128 to 0
03-15 13:55:57.436 12320 12345 I ActivityManager: Changes in 90000 10 to 10, 128 to 0
03-15 13:55:57.436 12320 12345 I ActivityManager: Changes in 10304 10 to 10, 128 to 0
03-15 13:55:57.441 12320 12364 I ActivityManager: Changes in 90001 17 to 17, 0 to 128
03-15 13:55:57.442 12320 12364 I ActivityManager: Changes in 90000 10 to 10, 0 to 128
03-15 13:55:57.442 12320 12364 I ActivityManager: Changes in 10304 10 to 10, 0 to 128
03-15 13:55:57.666 12721 12721 I wpa_supplicant: Heartbeat 715
03-15 13:55:57.715 12320 12485 D PowerManagerService: [api] userActivityFromNative : touch, IME displayId=0 eventTime=117242140
03-15 13:55:57.728 12320 12902 D VibratorManagerService: converted usage = TOUCH(18)
03-15 13:55:57.728 12320 12902 D VibratorManagerService: vibrate - uid: 10170, opPkg: com.samsung.android.honeyboard, effect: Mono{mEffect=Composed{segments=[SemHaptic{mType=50124, mMagnitude=-1}], repeat=-1, mMagnitudeType=TYPE_TOUCH}}, attrs: VibrationAttributes{mUsage=TOUCH, mAudioUsage= USAGE_UNKNOWN, mFlags=0, tags=}, reason: null, token: android.os.BinderProxy@1086e89
03-15 13:55:57.728 12320 12902 D VibratorManagerService: magnitude value is under 0
03-15 13:55:57.728 12320 12902 D SingleVibrationSession: semDcVibrate : EFFECT_CLICK_RESERVED_DC(100), repeat: -1, usage: TOUCH(18), magnitude: 0
03-15 13:55:57.728 12320 12902 D VibratorManagerService: Vibration was not generated normally.
03-15 13:55:57.801 14190 14190 I SDHMS:LOAD: type: LoadsFreqs, value: 0:0:0:771500:2200000:725000:569999:2000000:500000:54:390:0
03-15 13:55:57.807 12320 12947 D SecContentProvider: called from android.uid.honeyboard:10170
03-15 13:55:57.807 12320 12947 D RestrictionPolicy: isClipboardAllowed : true
03-15 13:55:58.089   582   582 D io_stats: !@   8,32 r 7526789 163955176 w 5333748 69966700 d 589823 218999400 f 469293 522190 iot 2417836 0 th 0 0 0 pt 0 inp 0 0 117242.518
03-15 13:55:58.089   582   582 D io_stats: !@ Read_top(KB): earchbox:search:low(25762) 36 ample.kutuphane:top(23334) 32 chbox:googleapp:low(25675) 12
03-15 13:55:58.090   582   582 D io_stats: !@ Write_top(KB): f2fs_ckpt-254:6:/(3359) 340 kworker/5:1:/(22203) 276 kworker/u32:3:/(13429) 128
03-15 13:55:58.379 12320 12468 D ActivityManager: freezing 21849 com.samsung.android.ipsgeofence
03-15 13:55:58.385 12320 12468 I UMR     : B|Compact com.samsung.android.ipsgeofence(21849)
03-15 13:55:58.387 14190 15483 I SDHMS:x : SIOP:: AP:277 BAT:258 USB:256 CHG:270 PA:275 WIFI:274 BLK:0 SUBBAT:0 SKIN:272 SKINF:265 SKINB:272 LRP2:272 LRF2:265 LRB2:272 AP2:272 CHG2:261 MEM2:272 WIFI2:271 SPK2:274 VAP05:280 AVGCUR:-194 POWER:-791
03-15 13:55:58.391 12320 12947 D VibratorManagerService: converted usage = TOUCH(18)
03-15 13:55:58.392 12320 12947 D VibratorManagerService: vibrate - uid: 10170, opPkg: com.samsung.android.honeyboard, effect: Mono{mEffect=Composed{segments=[SemHaptic{mType=50124, mMagnitude=-1}], repeat=-1, mMagnitudeType=TYPE_TOUCH}}, attrs: VibrationAttributes{mUsage=TOUCH, mAudioUsage= USAGE_UNKNOWN, mFlags=0, tags=}, reason: null, token: android.os.BinderProxy@1086e89
03-15 13:55:58.392 12320 12947 D VibratorManagerService: magnitude value is under 0
03-15 13:55:58.392 12320 12947 D SingleVibrationSession: semDcVibrate : EFFECT_CLICK_RESERVED_DC(100), repeat: -1, usage: TOUCH(18), magnitude: 0
03-15 13:55:58.392 12320 12947 D VibratorManagerService: Vibration was not generated normally.
03-15 13:55:58.400 12320 12947 D SecContentProvider: called from android.uid.honeyboard:10170
03-15 13:55:58.400 12320 12947 D RestrictionPolicy: isClipboardAllowed : true
03-15 13:55:58.446 12320 12947 I ActivityManager: Changes in 90001 17 to 17, 128 to 0
03-15 13:55:58.447 12320 12947 I ActivityManager: Changes in 90000 10 to 10, 128 to 0
03-15 13:55:58.447 12320 12947 I ActivityManager: Changes in 10304 10 to 10, 128 to 0
03-15 13:55:58.449 12320 12364 I ActivityManager: Changes in 90001 17 to 17, 0 to 128
03-15 13:55:58.449 12320 12364 I ActivityManager: Changes in 90000 10 to 10, 0 to 128
03-15 13:55:58.450 12320 12364 I ActivityManager: Changes in 10304 10 to 10, 0 to 128
03-15 13:55:58.547 12320 12345 D SecContentProvider: called from android.uid.honeyboard:10170
03-15 13:55:58.547 12320 12345 D RestrictionPolicy: isClipboardAllowed : true
03-15 13:55:58.815 12320 12485 D PowerManagerService: [api] userActivityFromNative : touch, IME displayId=0 eventTime=117243243
03-15 13:55:58.818 12320 12947 D VibratorManagerService: converted usage = TOUCH(18)
03-15 13:55:58.818 12320 12947 D VibratorManagerService: vibrate - uid: 10170, opPkg: com.samsung.android.honeyboard, effect: Mono{mEffect=Composed{segments=[SemHaptic{mType=50124, mMagnitude=-1}], repeat=-1, mMagnitudeType=TYPE_TOUCH}}, attrs: VibrationAttributes{mUsage=TOUCH, mAudioUsage= USAGE_UNKNOWN, mFlags=0, tags=}, reason: null, token: android.os.BinderProxy@1086e89
03-15 13:55:58.818 12320 12947 D VibratorManagerService: magnitude value is under 0
03-15 13:55:58.818 12320 12947 D SingleVibrationSession: semDcVibrate : EFFECT_CLICK_RESERVED_DC(100), repeat: -1, usage: TOUCH(18), magnitude: 0
03-15 13:55:58.818 12320 12947 D VibratorManagerService: Vibration was not generated normally.
03-15 13:55:58.928 12320 12345 D SecContentProvider: called from android.uid.honeyboard:10170
03-15 13:55:58.928 12320 12345 D RestrictionPolicy: isClipboardAllowed : true
03-15 13:55:58.945 12320 14299 W ContextImpl: Calling a method in the system process without a qualified user: android.app.ContextImpl.sendBroadcastMultiplePermissions:1385 android.content.Context.sendBroadcastMultiplePermissions:2588 com.android.server.TelephonyRegistry.broadcastServiceStateChanged:63 com.android.server.TelephonyRegistry.notifyServiceStateForPhoneId:185 com.android.internal.telephony.ITelephonyRegistry$Stub.onTransact:667 
03-15 13:55:58.947 12320 14299 W ContextImpl: Calling a method in the system process without a qualified user: android.app.ContextImpl.sendBroadcastMultiplePermissions:1418 com.android.server.TelephonyRegistry.broadcastServiceStateChanged:92 com.android.server.TelephonyRegistry.notifyServiceStateForPhoneId:185 com.android.internal.telephony.ITelephonyRegistry$Stub.onTransact:667 android.os.Binder.execTransactInternal:1462 
03-15 13:55:58.953 12320 12468 I UMR     : E|Compact d_rss=-18048KB
03-15 13:55:58.953 12320 14299 W ContextImpl: Calling a method in the system process without a qualified user: android.app.ContextImpl.sendBroadcastMultiplePermissions:1418 com.android.server.TelephonyRegistry.broadcastServiceStateChanged:121 com.android.server.TelephonyRegistry.notifyServiceStateForPhoneId:185 com.android.internal.telephony.ITelephonyRegistry$Stub.onTransact:667 android.os.Binder.execTransactInternal:1462 
03-15 13:55:58.954 12320 14299 W ContextImpl: Calling a method in the system process without a qualified user: android.app.ContextImpl.sendBroadcastMultiplePermissions:1418 com.android.server.TelephonyRegistry.broadcastServiceStateChanged:144 com.android.server.TelephonyRegistry.notifyServiceStateForPhoneId:185 com.android.internal.telephony.ITelephonyRegistry$Stub.onTransact:667 android.os.Binder.execTransactInternal:1462 
03-15 13:55:58.959 12320 12364 I ActivityManager: Changes in 10263 19 to 11, 0 to 128
03-15 13:55:58.961 12320 12902 I Telecom : SamsungTelecomServiceImpl : isInCall - callingPackage : com.android.systemui / callingUser : UserHandle{0} / hasCrossUserAccess : true
03-15 13:55:58.963 12320 14299 I ActivityManager: Changes in 10263 11 to 19, 128 to 0
03-15 13:55:58.969 12320 14299 I Telecom : SamsungTelecomServiceImpl : isInEmergencyCall - callingPid : 12732 / processName : sts
03-15 13:55:58.969 12320 14299 I Telecom : TelecomServiceImpl$1: isInEmergencyCall: false: TSI.iIEC@Bus
03-15 13:55:59.157 12320 14299 D VibratorManagerService: converted usage = TOUCH(18)
03-15 13:55:59.157 12320 14299 D VibratorManagerService: vibrate - uid: 10170, opPkg: com.samsung.android.honeyboard, effect: Mono{mEffect=Composed{segments=[SemHaptic{mType=50124, mMagnitude=-1}], repeat=-1, mMagnitudeType=TYPE_TOUCH}}, attrs: VibrationAttributes{mUsage=TOUCH, mAudioUsage= USAGE_UNKNOWN, mFlags=0, tags=}, reason: null, token: android.os.BinderProxy@1086e89
03-15 13:55:59.157 12320 14299 D VibratorManagerService: magnitude value is under 0
03-15 13:55:59.157 12320 14299 D SingleVibrationSession: semDcVibrate : EFFECT_CLICK_RESERVED_DC(100), repeat: -1, usage: TOUCH(18), magnitude: 0
03-15 13:55:59.157 12320 14299 D VibratorManagerService: Vibration was not generated normally.
03-15 13:55:59.453 12320 14299 I ActivityManager: Changes in 90001 17 to 17, 128 to 0
03-15 13:55:59.454 12320 14299 I ActivityManager: Changes in 90000 10 to 10, 128 to 0
03-15 13:55:59.454 12320 14299 I ActivityManager: Changes in 10304 10 to 10, 128 to 0
03-15 13:55:59.457 12320 14299 D VibratorManagerService: converted usage = TOUCH(18)
03-15 13:55:59.457 12320 14299 D VibratorManagerService: vibrate - uid: 10170, opPkg: com.samsung.android.honeyboard, effect: Mono{mEffect=Composed{segments=[SemHaptic{mType=50124, mMagnitude=-1}], repeat=-1, mMagnitudeType=TYPE_TOUCH}}, attrs: VibrationAttributes{mUsage=TOUCH, mAudioUsage= USAGE_UNKNOWN, mFlags=0, tags=}, reason: null, token: android.os.BinderProxy@1086e89
03-15 13:55:59.457 12320 14299 D VibratorManagerService: magnitude value is under 0
03-15 13:55:59.457 12320 14299 D SingleVibrationSession: semDcVibrate : EFFECT_CLICK_RESERVED_DC(100), repeat: -1, usage: TOUCH(18), magnitude: 0
03-15 13:55:59.457 12320 14299 D VibratorManagerService: Vibration was not generated normally.
03-15 13:55:59.460 12320 12364 I ActivityManager: Changes in 90001 17 to 17, 0 to 128
03-15 13:55:59.460 12320 12364 I ActivityManager: Changes in 90000 10 to 10, 0 to 128
03-15 13:55:59.460 12320 12364 I ActivityManager: Changes in 10304 10 to 10, 0 to 128
03-15 13:55:59.473 12320 14299 D WindowManager: setInsetsWindow Window{b1749ab u0 InputMethod}, contentInsets=Rect(0, 1381 - 0, 0) -> Rect(0, 1381 - 0, 0), visibleInsets=Rect(0, 1381 - 0, 0) -> Rect(0, 1381 - 0, 0), touchableRegion=SkRegion((0,1381,1080,2134)) -> SkRegion((160,1138,742,1381)(0,1381,1080,2134)), touchableInsets 3 -> 3
03-15 13:55:59.479 12757 12829 D WindowManagerShell: onKeepClearAreasChanged: restricted={}, unrestricted={Rect(0, 1461 - 1080, 2214)}
03-15 13:55:59.770 12320 12947 D WindowManager: setInsetsWindow Window{b1749ab u0 InputMethod}, contentInsets=Rect(0, 1381 - 0, 0) -> Rect(0, 1381 - 0, 0), visibleInsets=Rect(0, 1381 - 0, 0) -> Rect(0, 1381 - 0, 0), touchableRegion=SkRegion((160,1138,742,1381)(0,1381,1080,2134)) -> SkRegion((0,1381,1080,2134)), touchableInsets 3 -> 3
03-15 13:55:59.774 12757 12829 D WindowManagerShell: onKeepClearAreasChanged: restricted={}, unrestricted={Rect(0, 1461 - 1080, 2214)}
03-15 13:55:59.785 12320 12947 D SecContentProvider: called from android.uid.honeyboard:10170
03-15 13:55:59.785 12320 12947 D RestrictionPolicy: isClipboardAllowed : true
03-15 13:55:59.967 12320 13885 D FreecessHandler: freeze com.example.kutuphane(10286) result : 12
03-15 13:56:00.009 12320 12320 I EyeComfortSolutionService: action  :  android.intent.action.TIME_TICK
03-15 13:56:00.091   582   582 D io_stats: !@   8,32 r 7526789 163955176 w 5333773 69967000 d 589823 218999400 f 469294 522192 iot 2417852 0 th 0 0 0 pt 0 inp 0 0 117244.521
03-15 13:56:00.217 12320 12485 D PowerManagerService: [api] userActivityFromNative : touch, IME displayId=0 eventTime=117244644
03-15 13:56:00.220 12320 12902 D VibratorManagerService: converted usage = TOUCH(18)
03-15 13:56:00.221 12320 12902 D VibratorManagerService: vibrate - uid: 10170, opPkg: com.samsung.android.honeyboard, effect: Mono{mEffect=Composed{segments=[SemHaptic{mType=50124, mMagnitude=-1}], repeat=-1, mMagnitudeType=TYPE_TOUCH}}, attrs: VibrationAttributes{mUsage=TOUCH, mAudioUsage= USAGE_UNKNOWN, mFlags=0, tags=}, reason: null, token: android.os.BinderProxy@1086e89
03-15 13:56:00.221 12320 12902 D VibratorManagerService: magnitude value is under 0
03-15 13:56:00.221 12320 12902 D SingleVibrationSession: semDcVibrate : EFFECT_CLICK_RESERVED_DC(100), repeat: -1, usage: TOUCH(18), magnitude: 0
03-15 13:56:00.221 12320 12902 D VibratorManagerService: Vibration was not generated normally.
03-15 13:56:00.359 12320 12947 W ContextImpl: Calling a method in the system process without a qualified user: android.app.ContextImpl.sendBroadcastMultiplePermissions:1385 android.content.Context.sendBroadcastMultiplePermissions:2588 com.android.server.TelephonyRegistry.broadcastServiceStateChanged:63 com.android.server.TelephonyRegistry.notifyServiceStateForPhoneId:185 com.android.internal.telephony.ITelephonyRegistry$Stub.onTransact:667 
03-15 13:56:00.361 12320 12947 W ContextImpl: Calling a method in the system process without a qualified user: android.app.ContextImpl.sendBroadcastMultiplePermissions:1418 com.android.server.TelephonyRegistry.broadcastServiceStateChanged:92 com.android.server.TelephonyRegistry.notifyServiceStateForPhoneId:185 com.android.internal.telephony.ITelephonyRegistry$Stub.onTransact:667 android.os.Binder.execTransactInternal:1462 
03-15 13:56:00.371 12320 12947 W ContextImpl: Calling a method in the system process without a qualified user: android.app.ContextImpl.sendBroadcastMultiplePermissions:1418 com.android.server.TelephonyRegistry.broadcastServiceStateChanged:121 com.android.server.TelephonyRegistry.notifyServiceStateForPhoneId:185 com.android.internal.telephony.ITelephonyRegistry$Stub.onTransact:667 android.os.Binder.execTransactInternal:1462 
03-15 13:56:00.373 12320 12947 W ContextImpl: Calling a method in the system process without a qualified user: android.app.ContextImpl.sendBroadcastMultiplePermissions:1418 com.android.server.TelephonyRegistry.broadcastServiceStateChanged:144 com.android.server.TelephonyRegistry.notifyServiceStateForPhoneId:185 com.android.internal.telephony.ITelephonyRegistry$Stub.onTransact:667 android.os.Binder.execTransactInternal:1462 
03-15 13:56:00.377 12320 12364 I ActivityManager: Changes in 10263 19 to 11, 0 to 128
03-15 13:56:00.381 12320 12947 I ActivityManager: Changes in 10263 11 to 19, 128 to 0
03-15 13:56:00.386 12320 12947 I Telecom : SamsungTelecomServiceImpl : isInCall - callingPackage : com.android.systemui / callingUser : UserHandle{0} / hasCrossUserAccess : true
03-15 13:56:00.394 12320 12947 I Telecom : SamsungTelecomServiceImpl : isInEmergencyCall - callingPid : 12732 / processName : sts
03-15 13:56:00.394 12320 12947 I Telecom : TelecomServiceImpl$1: isInEmergencyCall: false: TSI.iIEC@Bu0
03-15 13:56:00.464 12320 12947 I ActivityManager: Changes in 90001 17 to 17, 128 to 0
03-15 13:56:00.464 12320 12947 I ActivityManager: Changes in 90000 10 to 10, 128 to 0
03-15 13:56:00.464 12320 12947 I ActivityManager: Changes in 10304 10 to 10, 128 to 0
03-15 13:56:00.469 12320 12364 I ActivityManager: Changes in 90001 17 to 17, 0 to 128
03-15 13:56:00.470 12320 12364 I ActivityManager: Changes in 90000 10 to 10, 0 to 128
03-15 13:56:00.471 12320 12364 I ActivityManager: Changes in 10304 10 to 10, 0 to 128
