03-15 13:57:08.957 12320 14336 D ActivityTaskManager: startActivityAsUser: callingPid=23334, callingUid=10286, caller=com.android.server.wm.ActivityTaskManagerService.startActivity:123 android.app.IActivityTaskManager$Stub.onTransact:1493 com.android.server.wm.ActivityTaskManagerService.onTransact:1 android.os.Binder.execTransactInternal:1457 android.os.Binder.execTransact:1401 <bottom of call stack> <bottom of call stack> 
03-15 13:57:08.958 12320 14336 D MARsPolicyManager: cancelDisablePolicy com.example.kutuphane(0) false|32|disablepolicy(8)
03-15 13:57:08.959 12320 14336 D ActivityTaskManager: DesktopModeLaunchParamsModifier: task=null activity=null task null, skipping
03-15 13:57:08.959 12320 14336 D ActivityTaskManager: TaskLaunchParamsModifier:task=null activity=null display-area-from-source=DefaultTaskDisplayArea_d0@21689571 display-id=0 task-display-area-windowing-mode=1 suggested-display-area=DefaultTaskDisplayArea_d0@21689571
03-15 13:57:08.960 12320 14336 W OptProp : Cannot read opt property android.window.PROPERTY_COMPAT_ALLOW_RESIZEABLE_ACTIVITY_OVERRIDES
03-15 13:57:08.960 12320 14336 W OptProp : Cannot read opt property android.window.PROPERTY_COMPAT_ALLOW_MIN_ASPECT_RATIO_OVERRIDE
03-15 13:57:08.961 12320 14336 D WindowManager: Transition is created, t=TransitionRecord{f91af56 id=-1 type=OPEN flags=0x0}, caller=com.android.server.wm.Transition.<init>:182 com.android.server.wm.TransitionController.createAndStartCollecting:106 com.android.server.wm.ActivityStarter.executeRequest:3606 com.android.server.wm.ActivityStarter.execute:1752 com.android.server.wm.ActivityTaskManagerService.startActivityAsUser:95 
03-15 13:57:08.961 12320 14336 D BLASTSyncEngine: SyncGroup is created, id=295, name=Transition-OPEN, caller=com.android.server.wm.BLASTSyncEngine$SyncGroup.<init>:52 com.android.server.wm.TransitionController.moveToCollecting:79 com.android.server.wm.TransitionController.createAndStartCollecting:109 com.android.server.wm.ActivityStarter.executeRequest:3606 com.android.server.wm.ActivityStarter.execute:1752 com.android.server.wm.ActivityTaskManagerService.startActivityAsUser:95 com.android.server.wm.ActivityTaskManagerService.startActivity:123 
03-15 13:57:08.961 12320 14336 W BLASTSyncEngine: setSyncMethod, id=295, method=0, caller=com.android.server.wm.TransitionController.moveToCollecting:91 com.android.server.wm.TransitionController.createAndStartCollecting:109 com.android.server.wm.ActivityStarter.executeRequest:3606 
03-15 13:57:08.961 12320 14336 V WindowManager: Start collecting in Transition: TransitionRecord{f91af56 id=295 type=OPEN flags=0x0}, caller=com.android.server.wm.TransitionController.createAndStartCollecting:109 com.android.server.wm.ActivityStarter.executeRequest:3606 com.android.server.wm.ActivityStarter.execute:1752 com.android.server.wm.ActivityTaskManagerService.startActivityAsUser:95 com.android.server.wm.ActivityTaskManagerService.startActivity:123 
03-15 13:57:08.961 12320 14336 V WindowManager: Collecting in transition 295: ActivityRecord{116919255 u0 com.example.kutuphane/.kitapListe, caller=com.android.server.wm.TransitionController.collect:7 com.android.server.wm.ActivityStarter.startActivityUnchecked:98 com.android.server.wm.ActivityStarter.executeRequest:3651 com.android.server.wm.ActivityStarter.execute:1752 com.android.server.wm.ActivityTaskManagerService.startActivityAsUser:95 
03-15 13:57:08.961 12320 14336 D ActivityTaskManager: DesktopModeLaunchParamsModifier: task=null activity=ActivityRecord{116919255 u0 com.example.kutuphane/.kitapListe t-1} task null, skipping
03-15 13:57:08.962 12320 14336 D ActivityTaskManager: TaskLaunchParamsModifier:task=null activity=ActivityRecord{116919255 u0 com.example.kutuphane/.kitapListe t-1} display-area-from-source=DefaultTaskDisplayArea_d0@21689571 display-id=0 task-display-area-windowing-mode=1 suggested-display-area=DefaultTaskDisplayArea_d0@21689571
03-15 13:57:08.963 12320 14336 D ActivityTaskManager: DesktopModeLaunchParamsModifier: task=Task{5ede90c #609 type=standard A=10286:com.example.kutuphane} activity=ActivityRecord{116919255 u0 com.example.kutuphane/.kitapListe t-1} non-desktop, skipping
03-15 13:57:08.963 12320 14336 D ActivityTaskManager: TaskLaunchParamsModifier:task=Task{5ede90c #609 type=standard A=10286:com.example.kutuphane} activity=ActivityRecord{116919255 u0 com.example.kutuphane/.kitapListe t-1} display-area-from-source=DefaultTaskDisplayArea_d0@21689571 display-id=0 task-display-area-windowing-mode=1 suggested-display-area=DefaultTaskDisplayArea_d0@21689571 inherit-from-source=fullscreen non-freeform-task-display-area display-area=DefaultTaskDisplayArea_d0@21689571 default-portrait freeform-size-mismatch=Rect(81, 605 - 999, 1775)
03-15 13:57:08.964 12320 14336 D ActivityManagerPerformance: AMP_acquire() ACT_START
03-15 13:57:08.964 12320 14336 D ActivityTaskManager: DesktopModeLaunchParamsModifier: task=Task{5ede90c #609 type=standard A=10286:com.example.kutuphane} activity=ActivityRecord{116919255 u0 com.example.kutuphane/.kitapListe t-1} non-desktop, skipping
03-15 13:57:08.964 12320 14336 D ActivityTaskManager: TaskLaunchParamsModifier:task=Task{5ede90c #609 type=standard A=10286:com.example.kutuphane} activity=ActivityRecord{116919255 u0 com.example.kutuphane/.kitapListe t-1} display-area-from-source=DefaultTaskDisplayArea_d0@21689571 display-id=0 task-display-area-windowing-mode=1 suggested-display-area=DefaultTaskDisplayArea_d0@21689571 inherit-from-source=fullscreen non-freeform-task-display-area display-area=DefaultTaskDisplayArea_d0@21689571 default-portrait freeform-size-mismatch=Rect(81, 605 - 999, 1775)
03-15 13:57:08.965 12320 14336 W OptProp : Cannot read opt property android.window.PROPERTY_COMPAT_ALLOW_ORIENTATION_OVERRIDE
03-15 13:57:08.967 12320 14336 V WindowManager: Checking theme of starting window: 0x7f0f0186
03-15 13:57:08.967 12320 14336 V WindowManager: Translucent=false Floating=false ShowWallpaper=false Disable=false
03-15 13:57:08.968 12320 14336 D ActivityTaskManager: addStartingWindow: type=0 typeParameter=2c
03-15 13:57:08.968 12320 14336 D ActivityTaskManager: scheduleTopResumedActivityChanged, onTop=false, r=ActivityRecord{79832981 u0 com.example.kutuphane/.kitapIslemleri t609}, caller=com.android.server.wm.ActivityTaskSupervisor.scheduleTopResumedActivityStateLossIfNeeded:19 com.android.server.wm.ActivityTaskSupervisor.updateTopResumedActivityIfNeeded:20 com.android.server.wm.TaskFragment.setResumedActivity:30 com.android.server.wm.ActivityRecord.setState:91 com.android.server.wm.TaskFragment.startPausing$1:209 com.android.server.wm.TaskFragment.resumeTopActivity:699 
03-15 13:57:08.969 12320 14336 V WindowManager: Collecting in transition 295: ActivityRecord{116919255 u0 com.example.kutuphane/.kitapListe t609}, caller=com.android.server.wm.Transition.collectExistenceChange:40 com.android.server.wm.ActivityStarter.handleStartResult:761 com.android.server.wm.ActivityStarter.startActivityUnchecked:124 com.android.server.wm.ActivityStarter.executeRequest:3651 com.android.server.wm.ActivityStarter.execute:1752 
03-15 13:57:08.969 12320 14336 V WindowManager: Requesting StartTransition: TransitionRecord{f91af56 id=295 type=OPEN flags=0x0 c=[
03-15 13:57:08.969 12320 14336 V WindowManager:    ChangeInfo{5116ae2 container=DefaultTaskDisplayArea_d0@21689571 flags=0x0}
03-15 13:57:08.969 12320 14336 V WindowManager:    ChangeInfo{3c78e73 container=Task{5ede90c #609 type=standard A=10286:com.example.kutuphane} flags=0x0}
03-15 13:57:08.969 12320 14336 V WindowManager:    ChangeInfo{950e130 container=ActivityRecord{116919255 u0 com.example.kutuphane/.kitapListe t609} flags=0x0}
03-15 13:57:08.969 12320 14336 V WindowManager:    ChangeInfo{72cb1a9 container=Display{#0 state=ON size=1080x2340 ROTATION_0} flags=0x0}
03-15 13:57:08.969 12320 14336 V WindowManager: ]
03-15 13:57:08.969 12320 14336 V WindowManager: }, caller=com.android.server.wm.ActivityStarter.handleStartResult:982 com.android.server.wm.ActivityStarter.startActivityUnchecked:124 com.android.server.wm.ActivityStarter.executeRequest:3651 com.android.server.wm.ActivityStarter.execute:1752 com.android.server.wm.ActivityTaskManagerService.startActivityAsUser:95 
03-15 13:57:08.970 12320 14336 I Pageboost: stop alp
03-15 13:57:08.970 12320 14336 I ActivityTaskManager: START u0 {xflg=0x4 cmp=com.example.kutuphane/.kitapListe (has extras)} with LAUNCH_MULTIPLE from uid 10286 (sr=79832981) (BAL_ALLOW_VISIBLE_WINDOW) result code=0
03-15 13:57:08.971 12757 12829 V WindowManagerShell: Transition requested (#295): android.os.BinderProxy@246e565 TransitionRequestInfo { type = OPEN, triggerTask = TaskInfo{userId=0 taskId=609 effectiveUid=10286 displayId=0 isRunning=true baseIntent=Intent { act=android.intent.action.MAIN cat=[android.intent.category.LAUNCHER] flg=0x10200000 cmp=com.example.kutuphane/.MainActivity } baseActivity=ComponentInfo{com.example.kutuphane/com.example.kutuphane.goster} topActivity=ComponentInfo{com.example.kutuphane/com.example.kutuphane.kitapListe} origActivity=null realActivity=ComponentInfo{com.example.kutuphane/com.example.kutuphane.MainActivity} numActivities=3 lastActiveTime=241514987 supportsMultiWindow=true resizeMode=1 isResizeable=true minWidth=-1 minHeight=-1 maxWidth=-1 maxHeight=-1 defaultMinSize=220 desktopDefaultMinSize=304 token=WCT{android.window.IWindowContainerToken$Stub$Proxy@332a23a} topActivityType=1 pictureInPictureParams=null shouldDockBigOverlays=false launchIntoPipHostTaskId=-1 lastParentTaskIdBeforePip=-1 displayCutoutSafeInsets=Rect(0, 0 - 0, 0) topActivityInfo=ActivityInfo{cd8eeeb com.example.kutuphane.kitapListe} launchCookies=[android.os.BinderProxy@e6499d3] positionInParent=Point(0, 0) parentTaskId=-1 isFocused=true isVisible=true isVisibleRequested=true isTopActivityNoDisplay=false isSleeping=false locusId=null displayAreaFeatureId=1 isTopActivityTransparent=false isActivityStackTransparent=false lastNonFullscreenBounds=Rect(81, 605 - 999, 1775) capturedLink=null capturedLinkTimestamp=0 requestedVisibleTypes=-9 topActivityRequestOpenInBrowserEducationTimestamp=0 appCompatTaskInfo=AppCompatTaskInfo { topActivityInSizeCompat=false eligibleForLetterboxEducation= false isLetterboxEducationEnabled= false isLetterboxDoubleTapEnabled= false eligibleForUserAspectRatioButton= false topActivityBoundsLetterboxed= false isFromLetterboxDoubleTap= false topActivityLetterboxVerticalPosition= -1 topActivityLetterboxHorizontalPosition= -1 topActivityLetterboxWidth=-1 topActivityLetterboxHeight=-1 topActivityAppBounds=Rect(0, 80 - 1080, 2301) isUserFullscreenOverrideEnabled=false isSystemFullscreenOverrideEnabled=false hasMinAspectRatioOverride=false topActivityLetterboxBounds=null cameraCompatTaskInfo=CameraCompatTaskInfo { freeformCameraCompatMode=inactive} topActivityBounds=null topActivityInDisplayCompat=false singleTapFromLetterbox=false} topActivityMainWindowFrame=null originallySupportedMultiWindow=true hasWallpaper=false rootAffinity=10286:com.example.kutuphane isTopTaskInStage=false CoverLauncherWidgetTask=false LaunchedFromAppsCoverLauncherTask=false LaunchedFromMultistarCoverLauncherTask=false isAllowedSeamlessRotation=false isTopTransparentActivity=false isAliasManaged=false hasConfigChanged=false snappingGuideBounds=null isAiKeyRemoveAppTask=false lastDesktopWindowingBounds=null lastExternalDesktopWindowingBounds=null safeCutoutInsets=null}, pipChange = null, remoteTransition = null, displayChange = null, flags = 0, debugId = 295 }
03-15 13:57:08.971 12757 12829 V ShellDesktopMode: DesktopTasksController: isDesktopModeShowing: hasVisibleTasks=false hasTopTransparentFullscreenTask=false
03-15 13:57:08.971 12757 12829 V ShellDesktopMode: DesktopTasksController: isDesktopModeShowing: hasVisibleTasks=false hasTopTransparentFullscreenTask=false
03-15 13:57:08.972 12757 12829 D ShellSplitScreen: logExit: no-op, mLoggerSessionId is null
03-15 13:57:08.972 12320 12347 D MARsPolicyManager: cancelDisablePolicy com.example.kutuphane(0) false|32|disablepolicy(8)
03-15 13:57:08.972 12320 12353 D SGM:FgCheckThread: notePauseComponent(), received pkgName: com.example.kutuphane, userId: 0
03-15 13:57:08.973 12320 12347 V WindowManager: Collecting in transition 295: ActivityRecord{116919255 u0 com.example.kutuphane/.kitapListe t609}, caller=com.android.server.wm.TransitionController.collect:7 com.android.server.wm.ActivityRecord.setVisibility:132 com.android.server.wm.ActivityRecord.makeVisibleIfNeeded:36 com.android.server.wm.EnsureActivitiesVisibleHelper.process:538 com.android.server.wm.TaskFragment.updateActivityVisibilities:12 
03-15 13:57:08.973 12320 12619 I CocktailBarManagerServiceContainer: handleMessage: entry what = 6
03-15 13:57:08.974 12320 12629 D BackgroundInstallControlService: Package event received: 0
03-15 13:57:08.974 12320 12347 V WindowManager: Collecting in transition 295: ActivityRecord{79832981 u0 com.example.kutuphane/.kitapIslemleri t609}, caller=com.android.server.wm.TransitionController.collect:7 com.android.server.wm.ActivityRecord.setVisibility:132 com.android.server.wm.ActivityRecord.makeInvisible:32 com.android.server.wm.EnsureActivitiesVisibleHelper.process:542 com.android.server.wm.TaskFragment.updateActivityVisibilities:12 
03-15 13:57:08.974 12320 12347 D WindowManager: prepareSync <SYNC_STATE_WAITING_FOR_DRAW>, mPrepareSyncSeqId=0, win=Window{140b44d u0 com.example.kutuphane/com.example.kutuphane.kitapIslemleri}
03-15 13:57:08.974 12320 12347 V WindowManager: rotationForOrientation(orient=SCREEN_ORIENTATION_UNSPECIFIED (-1), last=ROTATION_0 (0)); user=ROTATION_0 (0) USER_ROTATION_LOCKED
03-15 13:57:08.974 12320 12347 D WindowManager: rotationForOrientation, orientationSource=ActivityRecord{116919255 u0 com.example.kutuphane/.kitapListe t609}
03-15 13:57:08.975 12757 12829 V ShellDesktopMode: DesktopTasksController: handleFullscreenTaskLaunch
03-15 13:57:08.975 12757 12829 V ShellDesktopMode: DesktopTasksController: isDesktopModeShowing: hasVisibleTasks=false hasTopTransparentFullscreenTask=false
03-15 13:57:08.975 12757 12829 V ShellDesktopMode: DesktopTasksController: handleRequest result=null
03-15 13:57:08.974 12320 12347 V WindowManager: Computed rotation=ROTATION_0 (0) for display id=0 based on lastOrientation=SCREEN_ORIENTATION_UNSPECIFIED (-1) and oldRotation=ROTATION_0 (0), caller=com.android.server.wm.DisplayRotation.updateOrientation:79 com.android.server.wm.DisplayContent.updateOrientation:41 com.android.server.wm.DisplayContent.updateOrientationAndComputeConfig:48 com.android.server.wm.RootWindowContainer.ensureVisibilityAndConfig:7 com.android.server.wm.ActivityTaskSupervisor.realStartActivityLocked:182 com.android.server.wm.ActivityTaskSupervisor.startSpecificActivity:27 
03-15 13:57:08.975 12320 12347 V WindowManager: Collecting in transition 295: ActivityRecord{116919255 u0 com.example.kutuphane/.kitapListe t609}, caller=com.android.server.wm.TransitionController.collect:7 com.android.server.wm.ActivityRecord.setVisibility:132 com.android.server.wm.ActivityTaskSupervisor.realStartActivityLocked:203 com.android.server.wm.ActivityTaskSupervisor.startSpecificActivity:27 com.android.server.wm.TaskFragment.resumeTopActivity:2089 
03-15 13:57:08.975 12320 12347 D SGM:FgCheckThread: notifyAppCreated(), packageName: com.example.kutuphane, userId: 0, sendRet: true
03-15 13:57:08.975 12320 12510 D SGM:FgCheckThread: onLooperPrepared(), msg: MSG_APP_CREATE, pkgName: com.example.kutuphane, userId: 0
03-15 13:57:08.976 12320 12347 D WindowManager: Changing focus from Window{140b44d u0 com.example.kutuphane/com.example.kutuphane.kitapIslemleri} to null displayId=0 Callers=com.android.server.wm.ActivityTaskManagerService.setLastResumedActivityUncheckLocked:264 com.android.server.wm.ActivityTaskSupervisor.updateTopResumedActivityIfNeeded:51 com.android.server.wm.TaskFragment.setResumedActivity:30 com.android.server.wm.ActivityRecord.setState:100 
03-15 13:57:08.977 12320 12347 V SystemKeyManager: updateFocusedWindow() is called, 
03-15 13:57:08.977 12320 12347 D ActivityTaskManager: scheduleTopResumedActivityChanged, onTop=true, r=ActivityRecord{116919255 u0 com.example.kutuphane/.kitapListe t609}, caller=com.android.server.wm.ActivityTaskSupervisor.scheduleTopResumedActivityStateIfNeeded:18 com.android.server.wm.ActivityTaskSupervisor.updateTopResumedActivityIfNeeded:54 com.android.server.wm.TaskFragment.setResumedActivity:30 com.android.server.wm.ActivityRecord.setState:100 com.android.server.wm.ActivityTaskSupervisor.realStartActivityLocked:477 com.android.server.wm.ActivityTaskSupervisor.startSpecificActivity:27 
03-15 13:57:08.977 12320 12347 D WindowManagerServiceExt: updateTaskbarTargetIfNeeded: cn=ComponentInfo{com.example.kutuphane/com.example.kutuphane.kitapListe} occludesParent=true isInSplitScreenMode=false
03-15 13:57:08.980 23334 23334 D ActivityThread: com.example.kutuphane will use render engine as VK
03-15 13:57:08.980 12320 14336 V WindowManager: Starting Transition 295, caller=com.android.server.wm.WindowOrganizerController.startTransition:47 com.android.server.wm.WindowOrganizerController.startTransition:1 android.window.IWindowOrganizerController$Stub.onTransact:259 
03-15 13:57:08.980 12320 14336 D BLASTSyncEngine: SyncGroup 295: Set ready true, caller=com.android.server.wm.BLASTSyncEngine.setReady:32 com.android.server.wm.Transition.applyReady:54 com.android.server.wm.Transition.start:105 com.android.server.wm.WindowOrganizerController.startTransition:47 com.android.server.wm.WindowOrganizerController.startTransition:1 android.window.IWindowOrganizerController$Stub.onTransact:259 
03-15 13:57:08.982 12320 12353 D SGM:FgCheckThread: noteResumeComponent(), received pkgName: com.example.kutuphane, userId: 0
03-15 13:57:08.982 12320 12619 I CocktailBarManagerServiceContainer: handleMessage: entry what = 5
03-15 13:57:08.982 14190 18305 I SDHMS:k : handleResumeComponent : put = com.example.kutuphane, userid = 0 instanceid =176340164
03-15 13:57:08.983 12320 12510 D SGM:FgCheckThread: onLooperPrepared(), msg: MSG_APP_RESUME, pkgName: com.example.kutuphane, userid: 0
03-15 13:57:08.983 12320 12510 D SGM:FgCheckThread: handleResume().
03-15 13:57:08.983 12320 12510 D SGM:FgCheckThread: sendFocusOutConditionally() - mPrevNotiPkg: (unknown), userId: 0
03-15 13:57:08.983 12320 12510 D SGM:FgCheckThread:   handleResume(). pkgName: com.example.kutuphane, userId: 0, category: non-game
03-15 13:57:08.983 12320 12510 D SGM:FgCheckThread: notifyFocusInOut(). of pkg: com.example.kutuphane, type: 4, isSecGameFamily: false, userId: 0
03-15 13:57:08.983 12320 12510 D SGM:FgCheckThread:   notifyFocusInOut(). unexpected mPrevNotiType: -1
03-15 13:57:08.983 12320 12510 D SGM:SystemHelper: callReleaseBlock needReleaseBlock:false
03-15 13:57:08.983 12320 12629 D BackgroundInstallControlService: Package event received: 0
03-15 13:57:08.984 12320 12354 D BLASTSyncEngine: SyncGroup 295:  Unfinished container: ActivityRecord{116919255 u0 com.example.kutuphane/.kitapListe t609} mSyncState=2
03-15 13:57:08.987 12320 12629 D BackgroundInstallControlService: Package event received: 0
03-15 13:57:09.013 12320 14336 D WindowManager: prepareSync <SYNC_STATE_WAITING_FOR_DRAW>, mPrepareSyncSeqId=0, win=Window{7029ecf u0 com.example.kutuphane/com.example.kutuphane.kitapListe}
03-15 13:57:09.013 12320 14336 D RestrictionPolicy: isScreenCaptureEnabled : ret=true userId=0
03-15 13:57:09.013 12320 14336 D RestrictionPolicy: isScreenCaptureEnabled : ret=true userId=0
03-15 13:57:09.018 12320 14336 D CoreBackPreview: Window{7029ecf u0 com.example.kutuphane/com.example.kutuphane.kitapListe}: Setting back callback OnBackInvokedCallbackInfo{mCallback=android.window.IOnBackInvokedCallback$Stub$Proxy@475bf65, mPriority=0, mIsAnimationCallback=false, mOverrideBehavior=0}
03-15 13:57:09.020 12320 14336 D WindowManager: makeSurface duration=1 name=com.example.kutuphane/com.example.kutuphane.kitapListe$_23334
03-15 13:57:09.021 12320 14336 D BLASTSyncEngine: SyncGroup 295:  Unfinished container: ActivityRecord{116919255 u0 com.example.kutuphane/.kitapListe t609} mSyncState=2
03-15 13:57:09.021 12320 14336 D WindowManager: Changing focus from null to Window{7029ecf u0 com.example.kutuphane/com.example.kutuphane.kitapListe} displayId=0 Callers=com.android.server.wm.WindowManagerService.relayoutWindow:1350 com.android.server.wm.Session.relayout:27 android.view.IWindowSession$Stub.onTransact:829 com.android.server.wm.Session.onTransact:1 
03-15 13:57:09.021 12320 14336 I WindowManager: Cancelling animation restarting=true, leash=Surface(name=Surface(name=2aa07a4 StatusBar)/@0x2227e1b - animation-leash of insets_animation)/@0x3093c64
03-15 13:57:09.021 12320 14336 I WindowManager: Reparenting to original parent: Surface(name=WindowToken{df48736 type=2000 android.os.BinderProxy@5f2a3f8})/@0xefe1bb8, destroy=false, surface=Surface(name=2aa07a4 StatusBar)/@0x2227e1b
03-15 13:57:09.022 12320 14336 I WindowManager: Reparenting to leash, surface=Surface(name=2aa07a4 StatusBar)/@0x2227e1b, leashParent=Surface(name=WindowToken{df48736 type=2000 android.os.BinderProxy@5f2a3f8})/@0xefe1bb8
03-15 13:57:09.022 12320 14336 D WindowManager: makeSurface duration=1 leash=Surface(name=Surface(name=2aa07a4 StatusBar)/@0x2227e1b - animation-leash of insets_animation)/@0x53458eb
03-15 13:57:09.022 12320 14336 D InsetsSourceProvider: updateControlForTarget: control=InsetsSourceControl: {5cf20000 mType=statusBars initiallyVisible mSurfacePosition=Point(0, 0) mInsetsHint=Insets{left=0, top=80, right=0, bottom=0}}, target=Window{7029ecf u0 com.example.kutuphane/com.example.kutuphane.kitapListe}, from=com.android.server.wm.InsetsStateController.onControlTargetChanged:83 com.android.server.wm.InsetsPolicy.updateBarControlTarget:212 com.android.server.wm.DisplayPolicy.updateSystemBarAttributes:262 com.android.server.wm.WindowManagerService.updateFocusedWindowLocked:372 com.android.server.wm.WindowManagerService.relayoutWindow:1350 
03-15 13:57:09.022 12320 14336 I WindowManager: Cancelling animation restarting=true, leash=Surface(name=Surface(name=3c1eb49 NavigationBar0)/@0x13224f6 - animation-leash of insets_animation)/@0x420382
03-15 13:57:09.022 12320 14336 I WindowManager: Reparenting to original parent: Surface(name=WindowToken{b67d50 type=2019 android.os.BinderProxy@b916202})/@0x5e0e0f7, destroy=false, surface=Surface(name=3c1eb49 NavigationBar0)/@0x13224f6
03-15 13:57:09.022 12320 14336 I WindowManager: Reparenting to leash, surface=Surface(name=3c1eb49 NavigationBar0)/@0x13224f6, leashParent=Surface(name=WindowToken{b67d50 type=2019 android.os.BinderProxy@b916202})/@0x5e0e0f7
03-15 13:57:09.023 12320 14336 D WindowManager: makeSurface duration=0 leash=Surface(name=Surface(name=3c1eb49 NavigationBar0)/@0x13224f6 - animation-leash of insets_animation)/@0xe87ece1
03-15 13:57:09.023 12320 14336 D InsetsSourceProvider: updateControlForTarget: control=InsetsSourceControl: {c4460001 mType=navigationBars initiallyVisible mSurfacePosition=Point(0, 2214) mInsetsHint=Insets{left=0, top=0, right=0, bottom=39}}, target=Window{7029ecf u0 com.example.kutuphane/com.example.kutuphane.kitapListe}, from=com.android.server.wm.InsetsStateController.onControlTargetChanged:83 com.android.server.wm.InsetsPolicy.updateBarControlTarget:225 com.android.server.wm.DisplayPolicy.updateSystemBarAttributes:262 com.android.server.wm.WindowManagerService.updateFocusedWindowLocked:372 com.android.server.wm.WindowManagerService.relayoutWindow:1350 
03-15 13:57:09.023 12320 14336 V SystemKeyManager: updateFocusedWindow() is called, com.example.kutuphane/com.example.kutuphane.kitapListe
03-15 13:57:09.077 14190 18305 I SDHMS:k : onTaskStackChanged
03-15 13:57:09.093 12320 14336 D WindowManager: finishDrawingWindow: Window{7029ecf u0 com.example.kutuphane/com.example.kutuphane.kitapListe} mDrawState=DRAW_PENDING seqId=0
03-15 13:57:09.094 12320 12354 V WindowManager: SyncGroup 295: Finished!
03-15 13:57:09.096 12320 12354 D ActivityManagerPerformance: AMP_acquire() TAIL
03-15 13:57:09.096 12320 12354 D ActivityManagerPerformance: AMP_release() ACT_START
03-15 13:57:09.096 12320 12354 V WindowManager: performShowLocked: mDrawState=HAS_DRAWN in Window{7029ecf u0 com.example.kutuphane/com.example.kutuphane.kitapListe}
03-15 13:57:09.096 12320 12354 D ChangeTransitionController: onTransactionReady: TransitionRecord{f91af56 id=295 type=OPEN flags=0x0 c=[
03-15 13:57:09.096 12320 12354 D ChangeTransitionController:    ChangeInfo{5116ae2 container=DefaultTaskDisplayArea_d0@21689571 flags=0x0}
03-15 13:57:09.096 12320 12354 D ChangeTransitionController:    ChangeInfo{1129a06 container=ActivityRecord{79832981 u0 com.example.kutuphane/.kitapIslemleri t609} flags=0x0}
03-15 13:57:09.096 12320 12354 D ChangeTransitionController:    ChangeInfo{3c78e73 container=Task{5ede90c #609 type=standard A=10286:com.example.kutuphane} flags=0x0}
03-15 13:57:09.096 12320 12354 D ChangeTransitionController:    ChangeInfo{950e130 container=ActivityRecord{116919255 u0 com.example.kutuphane/.kitapListe t609} flags=0x0}
03-15 13:57:09.096 12320 12354 D ChangeTransitionController:    ChangeInfo{72cb1a9 container=Display{#0 state=ON size=1080x2340 ROTATION_0} flags=0x0}
03-15 13:57:09.096 12320 12354 D ChangeTransitionController: ]
03-15 13:57:09.096 12320 12354 D ChangeTransitionController: }
03-15 13:57:09.096 12320 12354 V WindowManager: Start calculating TransitionInfo based on participants: {ActivityRecord{79832981 u0 com.example.kutuphane/.kitapIslemleri t609}, ActivityRecord{116919255 u0 com.example.kutuphane/.kitapListe t609}}
03-15 13:57:09.096 12320 12354 V WindowManager:   Final targets: [ChangeInfo{950e130 container=ActivityRecord{116919255 u0 com.example.kutuphane/.kitapListe t609} flags=0x0}, ChangeInfo{1129a06 container=ActivityRecord{79832981 u0 com.example.kutuphane/.kitapIslemleri t609} flags=0x0}]
03-15 13:57:09.099 12320 12354 V WindowManager: Calling onTransitionReady: {id=295 t=OPEN f=0x0 trk=0 r=[0@Point(0, 0)] c=[
03-15 13:57:09.099 12320 12354 V WindowManager:         {m=OPEN f=FILLS_TASK|IS_ACTIVITY leash=Surface(name=ActivityRecord{116919255 u0 com.example.kutuphane/.kitapListe t609})/@0x67d98c7 sb=Rect(0, 0 - 0, 0) eb=Rect(0, 0 - 1080, 2340) epz=Point(1080, 2340) d=-1->0 r=-1->0:-1 bc=fffafafa component=com.example.kutuphane/.kitapListe opt={t=FROM_STYLE mUserId=0} inset=Rect(0, 0 - 0, 0) dim=true taskIdForActivity=609},
03-15 13:57:09.099 12320 12354 V WindowManager:         {m=TO_BACK f=FILLS_TASK|IS_ACTIVITY leash=Surface(name=ActivityRecord{79832981 u0 com.example.kutuphane/.kitapIslemleri t609})/@0xcfd2005 sb=Rect(0, 0 - 1080, 2340) eb=Rect(0, 0 - 1080, 2340) epz=Point(1080, 2340) d=0 bc=fffafafa component=com.example.kutuphane/.kitapIslemleri opt={t=FROM_STYLE mUserId=0} inset=Rect(0, 0 - 0, 0) taskIdForActivity=609}
03-15 13:57:09.099 12320 12354 V WindowManager:     ]}
03-15 13:57:09.102 12320 12354 I ActivityTaskManager: done cause=notifyTransitionStarting drawn timestamp=117313531324376 info=TransitionInfo{735761d a=ActivityRecord{116919255 u0 com.example.kutuphane/.kitapListe t609} d=true}
03-15 13:57:09.102 12757 12916 V WindowManagerShell: onTransitionReady(transaction=52913997108517)
03-15 13:57:09.102 12320 12350 I Pageboost: Launch time gathered : pid 23334 com.example.kutuphane 136
03-15 13:57:09.103 12757 12829 V WindowManagerShell: onTransitionReady (#295) android.os.BinderProxy@246e565: {id=295 t=OPEN f=0x0 trk=0 r=[0@Point(0, 0)] c=[
03-15 13:57:09.103 12757 12829 V WindowManagerShell:         {m=OPEN f=FILLS_TASK|IS_ACTIVITY leash=Surface(name=ActivityRecord{116919255 u0 com.example.kutuphane/.kitapListe t609})/@0x5eb8448 sb=Rect(0, 0 - 0, 0) eb=Rect(0, 0 - 1080, 2340) epz=Point(1080, 2340) d=-1->0 r=-1->0:-1 bc=fffafafa component=com.example.kutuphane/.kitapListe opt={t=FROM_STYLE mUserId=0} inset=Rect(0, 0 - 0, 0) dim=true taskIdForActivity=609},
03-15 13:57:09.103 12757 12829 V WindowManagerShell:         {m=TO_BACK f=FILLS_TASK|IS_ACTIVITY leash=Surface(name=ActivityRecord{79832981 u0 com.example.kutuphane/.kitapIslemleri t609})/@0xf4572e1 sb=Rect(0, 0 - 1080, 2340) eb=Rect(0, 0 - 1080, 2340) epz=Point(1080, 2340) d=0 bc=fffafafa component=com.example.kutuphane/.kitapIslemleri opt={t=FROM_STYLE mUserId=0} inset=Rect(0, 0 - 0, 0) taskIdForActivity=609}
03-15 13:57:09.103 12757 12829 V WindowManagerShell:     ]}
03-15 13:57:09.103 12320 12350 V WindowManager: Sent Transition (#295) createdAt=03-15 13:57:08.960 via request=TransitionRequestInfo { type = OPEN, triggerTask = TaskInfo{userId=0 taskId=609 effectiveUid=10286 displayId=0 isRunning=true baseIntent=Intent { act=android.intent.action.MAIN cat=[android.intent.category.LAUNCHER] flg=0x10200000 cmp=com.example.kutuphane/.MainActivity } baseActivity=ComponentInfo{com.example.kutuphane/com.example.kutuphane.goster} topActivity=ComponentInfo{com.example.kutuphane/com.example.kutuphane.kitapListe} origActivity=null realActivity=ComponentInfo{com.example.kutuphane/com.example.kutuphane.MainActivity} numActivities=3 lastActiveTime=241514987 supportsMultiWindow=true resizeMode=1 isResizeable=true minWidth=-1 minHeight=-1 maxWidth=-1 maxHeight=-1 defaultMinSize=220 desktopDefaultMinSize=304 token=WCT{RemoteToken{2dc67f3 Task{5ede90c #609 type=standard A=10286:com.example.kutuphane}}} topActivityType=1 pictureInPictureParams=null shouldDockBigOverlays=false launchIntoPipHostTaskId=-1 lastParentTaskIdBeforePip=-1 displayCutoutSafeInsets=Rect(0, 0 - 0, 0) topActivityInfo=ActivityInfo{32e5092 com.example.kutuphane.kitapListe} launchCookies=[android.os.BinderProxy@ad71aae] positionInParent=Point(0, 0) parentTaskId=-1 isFocused=true isVisible=true isVisibleRequested=true isTopActivityNoDisplay=false isSleeping=false locusId=null displayAreaFeatureId=1 isTopActivityTransparent=false isActivityStackTransparent=false lastNonFullscreenBounds=Rect(81, 605 - 999, 1775) capturedLink=null capturedLinkTimestamp=0 requestedVisibleTypes=-9 topActivityRequestOpenInBrowserEducationTimestamp=0 appCompatTaskInfo=AppCompatTaskInfo { topActivityInSizeCompat=false eligibleForLetterboxEducation= false isLetterboxEducationEnabled= false isLetterboxDoubleTapEnabled= false eligibleForUserAspectRatioButton= false topActivityBoundsLetterboxed= false isFromLetterboxDoubleTap= false topActivityLetterboxVerticalPosition= -1 topActivityLetterboxHorizontalPosition= -1 topActivityLetterboxWidth=-1 topActivityLetterboxHeight=-1 topActivityAppBounds=Rect(0, 80 - 1080, 2301) isUserFullscreenOverrideEnabled=false isSystemFullscreenOverrideEnabled=false hasMinAspectRatioOverride=false topActivityLetterboxBounds=null cameraCompatTaskInfo=CameraCompatTaskInfo { freeformCameraCompatMode=inactive} topActivityBounds=null topActivityInDisplayCompat=false singleTapFromLetterbox=false} topActivityMainWindowFrame=null originallySupportedMultiWindow=true hasWallpaper=false rootAffinity=10286:com.example.kutuphane isTopTaskInStage=false CoverLauncherWidgetTask=false LaunchedFromAppsCoverLauncherTask=false LaunchedFromMultistarCoverLauncherTask=false isAllowedSeamlessRotation=false isTopTransparentActivity=false isAliasManaged=false hasConfigChanged=false snappingGuideBounds=null isAiKeyRemoveAppTask=false lastDesktopWindowingBounds=null lastExternalDesktopWindowingBounds=null safeCutoutInsets=null}, pipChange = null, remoteTransition = null, displayChange = null, flags = 0, debugId = 295 }
03-15 13:57:09.103 12320 12350 V WindowManager:     startWCT=WindowContainerTransaction { changes= {} hops= [] errorCallbackToken=null taskFragmentOrganizer=null }
03-15 13:57:09.103 12757 12829 V ShellDesktopMode: DesktopModeLogger: taskInfo map after processing changes 0
03-15 13:57:09.103 12320 12350 V WindowManager:     info={id=295 t=OPEN f=0x0 trk=0 r=[0@Point(0, 0)] c=[
03-15 13:57:09.103 12320 12350 V WindowManager:         {m=OPEN f=FILLS_TASK|IS_ACTIVITY leash=Surface(name=ActivityRecord{116919255 u0 com.example.kutuphane/.kitapListe t609})/@0x67d98c7 sb=Rect(0, 0 - 0, 0) eb=Rect(0, 0 - 1080, 2340) epz=Point(1080, 2340) d=-1->0 r=-1->0:-1 bc=fffafafa component=com.example.kutuphane/.kitapListe opt={t=FROM_STYLE mUserId=0} inset=Rect(0, 0 - 0, 0) dim=true taskIdForActivity=609},
03-15 13:57:09.103 12320 12350 V WindowManager:         {m=TO_BACK f=FILLS_TASK|IS_ACTIVITY leash=Surface(name=ActivityRecord{79832981 u0 com.example.kutuphane/.kitapIslemleri t609})/@0xcfd2005 sb=Rect(0, 0 - 1080, 2340) eb=Rect(0, 0 - 1080, 2340) epz=Point(1080, 2340) d=0 bc=fffafafa component=com.example.kutuphane/.kitapIslemleri opt={t=FROM_STYLE mUserId=0} inset=Rect(0, 0 - 0, 0) taskIdForActivity=609}
03-15 13:57:09.103 12320 12350 V WindowManager:     ]}
03-15 13:57:09.104 12757 12829 V WindowManagerShell: Playing animation for (#295) android.os.BinderProxy@246e565@0
03-15 13:57:09.105 12757 12829 V ShellRecents: RecentsTransitionHandler.startAnimation: no controller found
03-15 13:57:09.105 12757 12829 V ShellDesktopMode: DesktopMixedTransitionHandler: No pending desktop transition
03-15 13:57:09.105 12757 12829 V WindowManagerShell: Transition doesn't have explicit remote, search filters for match for {id=295 t=OPEN f=0x0 trk=0 r=[0@Point(0, 0)] c=[{m=OPEN f=FILLS_TASK|IS_ACTIVITY leash=Surface(name=ActivityRecord{116919255 u0 com.example.kutuphane/.kitapListe t609})/@0x5eb8448 sb=Rect(0, 0 - 0, 0) eb=Rect(0, 0 - 1080, 2340) epz=Point(1080, 2340) d=-1->0 r=-1->0:-1 bc=fffafafa component=com.example.kutuphane/.kitapListe opt={t=FROM_STYLE mUserId=0} inset=Rect(0, 0 - 0, 0) dim=true taskIdForActivity=609},{m=TO_BACK f=FILLS_TASK|IS_ACTIVITY leash=Surface(name=ActivityRecord{79832981 u0 com.example.kutuphane/.kitapIslemleri t609})/@0xf4572e1 sb=Rect(0, 0 - 1080, 2340) eb=Rect(0, 0 - 1080, 2340) epz=Point(1080, 2340) d=0 bc=fffafafa component=com.example.kutuphane/.kitapIslemleri opt={t=FROM_STYLE mUserId=0} inset=Rect(0, 0 - 0, 0) taskIdForActivity=609}]}
03-15 13:57:09.105 12757 12829 V WindowManagerShell:  Checking filter Pair{{types=[] flags=0x0] notFlags=0x100 checks=[{atype=home independent=true modes=[OPEN,TO_FRONT] flags=NONE mustBeTask=false order=TOP topActivity=ComponentInfo{com.sec.android.app.launcher/com.sec.android.app.launcher.Launcher} launchCookie=null windowingMode=undefined},{atype=recents independent=true modes=[CLOSE,TO_BACK] flags=NONE mustBeTask=false order=ANY topActivity=null launchCookie=null windowingMode=undefined}]} RemoteTransition { remoteTransition = android.window.IRemoteTransition$Stub$Proxy@d71411a, appThread = android.app.IApplicationThread$Stub$Proxy@f2ad44b, debugName = QuickstepLaunchHomeFromRecentsflags =NONE }}
03-15 13:57:09.105 12757 12829 V WindowManagerShell:  Checking filter Pair{{types=[] flags=0x0] notFlags=0x100 checks=[{atype=home independent=true modes=[OPEN,TO_FRONT] flags=NONE mustBeTask=false order=TOP topActivity=ComponentInfo{com.sec.android.app.launcher/com.sec.android.app.launcher.Launcher} launchCookie=null windowingMode=undefined},{atype=standard independent=true modes=[CLOSE,TO_BACK] flags=NONE mustBeTask=false order=ANY topActivity=null launchCookie=null windowingMode=undefined}]} RemoteTransition { remoteTransition = android.window.IRemoteTransition$Stub$Proxy@78edc0c, appThread = android.app.IApplicationThread$Stub$Proxy@c278955, debugName = QuickstepLaunchHomeflags =NONE }}
03-15 13:57:09.106 12757 12829 V WindowManagerShell:  Delegate animation for (#295) to null
03-15 13:57:09.106 12757 12829 V WindowManagerShell: start default transition animation, info = {id=295 t=OPEN f=0x0 trk=0 r=[0@Point(0, 0)] c=[{m=OPEN f=FILLS_TASK|IS_ACTIVITY leash=Surface(name=ActivityRecord{116919255 u0 com.example.kutuphane/.kitapListe t609})/@0x5eb8448 sb=Rect(0, 0 - 0, 0) eb=Rect(0, 0 - 1080, 2340) epz=Point(1080, 2340) d=-1->0 r=-1->0:-1 bc=fffafafa component=com.example.kutuphane/.kitapListe opt={t=FROM_STYLE mUserId=0} inset=Rect(0, 0 - 0, 0) dim=true taskIdForActivity=609},{m=TO_BACK f=FILLS_TASK|IS_ACTIVITY leash=Surface(name=ActivityRecord{79832981 u0 com.example.kutuphane/.kitapIslemleri t609})/@0xf4572e1 sb=Rect(0, 0 - 1080, 2340) eb=Rect(0, 0 - 1080, 2340) epz=Point(1080, 2340) d=0 bc=fffafafa component=com.example.kutuphane/.kitapIslemleri opt={t=FROM_STYLE mUserId=0} inset=Rect(0, 0 - 0, 0) taskIdForActivity=609}]}
03-15 13:57:09.108 12757 12829 V WindowManagerShell: loadAnimation: anim=android.view.animation.AnimationSet@d455c1d animAttr=0x5 type=OPEN isEntrance=false
03-15 13:57:09.108 12757 12829 V WindowManagerShell:    wallpaperTransit=WALLPAPER_NONE translucent=false
03-15 13:57:09.108 12757 12829 V WindowManagerShell:    change={m=TO_BACK f=FILLS_TASK|IS_ACTIVITY leash=Surface(name=ActivityRecord{79832981 u0 com.example.kutuphane/.kitapIslemleri t609})/@0xf4572e1 sb=Rect(0, 0 - 1080, 2340) eb=Rect(0, 0 - 1080, 2340) epz=Point(1080, 2340) d=0 bc=fffafafa component=com.example.kutuphane/.kitapIslemleri opt={t=FROM_STYLE mUserId=0} inset=Rect(0, 0 - 0, 0) taskIdForActivity=609}
03-15 13:57:09.109 12757 12829 V WindowManagerShell: loadAnimation: anim=android.view.animation.AnimationSet@3125063 animAttr=0x4 type=OPEN isEntrance=true
03-15 13:57:09.109 12757 12829 V WindowManagerShell:    wallpaperTransit=WALLPAPER_NONE translucent=false
03-15 13:57:09.109 12757 12829 V WindowManagerShell:    change={m=OPEN f=FILLS_TASK|IS_ACTIVITY leash=Surface(name=ActivityRecord{116919255 u0 com.example.kutuphane/.kitapListe t609})/@0x5eb8448 sb=Rect(0, 0 - 0, 0) eb=Rect(0, 0 - 1080, 2340) epz=Point(1080, 2340) d=-1->0 r=-1->0:-1 bc=fffafafa component=com.example.kutuphane/.kitapListe opt={t=FROM_STYLE mUserId=0} inset=Rect(0, 0 - 0, 0) dim=true taskIdForActivity=609}
03-15 13:57:09.111 12757 12829 V WindowManagerShell: attach dim transition, change={m=OPEN f=FILLS_TASK|IS_ACTIVITY leash=Surface(name=ActivityRecord{116919255 u0 com.example.kutuphane/.kitapListe t609})/@0x5eb8448 sb=Rect(0, 0 - 0, 0) eb=Rect(0, 0 - 1080, 2340) epz=Point(1080, 2340) d=-1->0 r=-1->0:-1 bc=fffafafa component=com.example.kutuphane/.kitapListe opt={t=FROM_STYLE mUserId=0} inset=Rect(0, 0 - 0, 0) dim=true taskIdForActivity=609}
03-15 13:57:09.112 12320 12902 V WindowManager: Remove Window{1c40cb8 u0 Toast}: mSurfaceControl=Surface(name=Toast$_12757)/@0xa30fa63 mAnimatingExit=false mRemoveOnExit=false mHasSurface=true surfaceShowing=true animating=false app-animation=false callers=com.android.server.wm.Session.remove:16 android.view.IWindowSession$Stub.onTransact:804 com.android.server.wm.Session.onTransact:1 android.os.Binder.execTransactInternal:1457 android.os.Binder.execTransact:1401 <bottom of call stack> 
03-15 13:57:09.112 12757 12829 V WindowManagerShell:  animated by com.android.wm.shell.transition.DefaultTransitionHandler@6f0cbd8
03-15 13:57:09.112 12320 12902 I WindowManager: Reparenting to leash, surface=Surface(name=1c40cb8 Toast)/@0x7049a85, leashParent=Surface(name=WindowToken{724bfcc type=2005 android.os.Binder@c7395ff})/@0xbe880da
03-15 13:57:09.113 12320 12902 D WindowManager: makeSurface duration=0 leash=Surface(name=Surface(name=1c40cb8 Toast)/@0x7049a85 - animation-leash of window_animation)/@0xeb6f660
03-15 13:57:09.115 12320 12902 W NotificationService: Toast already killed. pkg=com.example.kutuphane token=android.os.BinderProxy@1385719
03-15 13:57:09.127 12320 12505 V InputMethodManagerService: startInputOrWindowGainedFocusInternalLocked: reason=WINDOW_FOCUS_GAIN client=android.os.BinderProxy@9159e84 inputContext=null editorInfo=android.view.inputmethod.EditorInfo@5dce3de startInputFlags=VIEW_HAS_FOCUS|INITIAL_CONNECTION softInputMode=STATE_UNSPECIFIED|ADJUST_RESIZE|IS_FORWARD_NAVIGATION windowFlags=#81810100 unverifiedTargetSdkVersion=31 bindingController=com.android.server.inputmethod.InputMethodBindingController@1cc1bc1 imeDispatcher=android.window.ImeOnBackInvokedDispatcher@82ed9bf cs=ClientState{ad93295 mUid=10286 mPid=23334 mSelfReportedDisplayId=0} imeRequestedVisible=false
03-15 13:57:09.127 12320 12505 V InputMethodManagerService: setWindowStateInner, windowToken=android.os.BinderProxy@ddf532e, state=ImeTargetWindowState{ imeToken null imeFocusChanged true hasEditorFocused false requestedImeVisible false imeDisplayId 0 softInputModeState STATE_UNSPECIFIED|ADJUST_RESIZE|IS_FORWARD_NAVIGATION isStartInputByGainFocus true}
03-15 13:57:09.127 12320 12505 V InputMethodManagerService: Unspecified window will hide input
03-15 13:57:09.127 12320 12505 V InputMethodManagerService: applyImeVisibility state=6
03-15 13:57:09.128 12320 12505 D SemInputMethodManagerServiceUtil: restorePreviousUsedInputMethod : failed to return the previous ime becuase the stored info is null or do not need restore
03-15 13:57:09.128 12320 12505 V InputMethodManagerService: semComputeImeDisplayIdForTarget: displayToShowIme=0
03-15 13:57:09.128 12320 12505 V InputMethodManagerService: Creating new accessibility sessions for client ClientState{ad93295 mUid=10286 mPid=23334 mSelfReportedDisplayId=0}
03-15 13:57:09.128 12320 12505 D InputMethodManagerService: isImeSwitcherDisabledPackage : false
03-15 13:57:09.129 12320 12505 D InputMethodManagerService: checkDisplayOfStartInputAndUpdateKeyboard: displayId=0, mFocusedDisplayId=0
03-15 13:57:09.131 12320 12902 D RestrictionPolicy: isScreenCaptureEnabled : ret=true userId=0
03-15 13:57:09.132 12320 12902 I WindowManager: Cancelling animation restarting=true, leash=Surface(name=Surface(name=b1749ab InputMethod)/@0x6f02ba1 - animation-leash of insets_animation)/@0x865132
03-15 13:57:09.132 12320 12902 I WindowManager: Reparenting to original parent: Surface(name=WindowToken{d3fbecc type=2011 android.os.Binder@42f30ff})/@0x113d1c6, destroy=false, surface=Surface(name=b1749ab InputMethod)/@0x6f02ba1
03-15 13:57:09.133 12320 12902 I WindowManager: Reparenting to leash, surface=Surface(name=b1749ab InputMethod)/@0x6f02ba1, leashParent=Surface(name=WindowToken{d3fbecc type=2011 android.os.Binder@42f30ff})/@0x113d1c6
03-15 13:57:09.134 12320 12902 D WindowManager: makeSurface duration=2 leash=Surface(name=Surface(name=b1749ab InputMethod)/@0x6f02ba1 - animation-leash of insets_animation)/@0x4313178
03-15 13:57:09.135 12320 12902 D InsetsSourceProvider: updateControlForTarget: control=InsetsSourceControl: {3 mType=ime mSurfacePosition=Point(0, 80) mInsetsHint=Insets{left=0, top=0, right=0, bottom=879}}, target=Window{7029ecf u0 com.example.kutuphane/com.example.kutuphane.kitapListe}, from=com.android.server.wm.ImeInsetsSourceProvider.updateControlForTarget:17 com.android.server.wm.InsetsStateController.onControlTargetChanged:83 com.android.server.wm.DisplayContent.updateImeControlTarget:21 com.android.server.wm.DisplayContent.updateImeInputAndControlTarget:156 com.android.server.wm.WindowManagerService$LocalService.updateInputMethodTargetWindow:64 
03-15 13:57:09.137 12320 12353 V InputMethodManagerService: Client requesting input be hidden
03-15 13:57:09.137 12320 12353 V InputMethodManagerService: setWindowStateInner, windowToken=android.os.BinderProxy@ddf532e, state=ImeTargetWindowState{ imeToken android.os.Binder@1bb90b6 imeFocusChanged true hasEditorFocused false requestedImeVisible false imeDisplayId 0 softInputModeState STATE_UNSPECIFIED|ADJUST_RESIZE|IS_FORWARD_NAVIGATION isStartInputByGainFocus true}
03-15 13:57:09.137 12320 12353 V InputMethodManagerService: hideCurrentInputLocked : canceled, shouldHideSoftInput=false, mInputShown=false, mImeWindowVis=0
03-15 13:57:09.346 12320 12902 I ActivityManager: Changes in 90001 17 to 17, 128 to 0
03-15 13:57:09.346 12320 12902 I ActivityManager: Changes in 90000 11 to 17, 128 to 0
03-15 13:57:09.347 12320 12902 I ActivityManager: Changes in 10304 11 to 16, 128 to 0
03-15 13:57:09.350 12320 12364 I ActivityManager: Changes in 90001 17 to 17, 0 to 128
03-15 13:57:09.350 12320 12364 I ActivityManager: Changes in 90000 17 to 11, 0 to 128
03-15 13:57:09.350 12320 12364 I ActivityManager: Changes in 10304 16 to 11, 0 to 128
03-15 13:57:09.576 12757 12829 V WindowManagerShell: Transition animation finished (aborted=false), notifying core (#295) android.os.BinderProxy@246e565@0
03-15 13:57:09.578 12320 14336 V WindowManager: Finish Transition: TransitionRecord{f91af56 id=295 type=OPEN flags=0x0 c=[
03-15 13:57:09.578 12320 14336 V WindowManager:    ChangeInfo{5116ae2 container=DefaultTaskDisplayArea_d0@21689571 flags=0x0}
03-15 13:57:09.578 12320 14336 V WindowManager:    ChangeInfo{1129a06 container=ActivityRecord{79832981 u0 com.example.kutuphane/.kitapIslemleri t609} flags=0x0}
03-15 13:57:09.578 12320 14336 V WindowManager:    ChangeInfo{3c78e73 container=Task{5ede90c #609 type=standard A=10286:com.example.kutuphane} flags=0x0}
03-15 13:57:09.578 12320 14336 V WindowManager:    ChangeInfo{950e130 container=ActivityRecord{116919255 u0 com.example.kutuphane/.kitapListe t609} flags=0x0}
03-15 13:57:09.578 12320 14336 V WindowManager:    ChangeInfo{72cb1a9 container=Display{#0 state=ON size=1080x2340 ROTATION_0} flags=0x0}
03-15 13:57:09.578 12320 14336 V WindowManager: ]
03-15 13:57:09.578 12320 14336 V WindowManager: }, caller=com.android.server.wm.WindowOrganizerController.finishTransitionInner:31 com.android.server.wm.WindowOrganizerController.finishAllTransitions:60 android.window.IWindowOrganizerController$Stub.onTransact:283 
03-15 13:57:09.580 12320 12350 V WindowManager: Finish Transition (#295): created at 03-15 13:57:08.960 collect-started=0.546ms request-sent=9.016ms started=20.009ms ready=19.987ms sent=138.448ms commit=19.993ms finished=619.019ms
03-15 13:57:09.581 12320 14336 V WindowManager: Setting visibility of Window{140b44d u0 com.example.kutuphane/com.example.kutuphane.kitapIslemleri}: false, caller=com.android.server.wm.WindowContainer.sendAppVisibilityToClients:19 com.android.server.wm.WindowToken.setClientVisible:48 com.android.server.wm.ActivityRecord.commitVisibility:186 com.android.server.wm.TransitionController.finishTransition:846 com.android.server.wm.WindowOrganizerController.finishTransitionInner:31 
03-15 13:57:09.583 12320 14336 D ChangeTransitionController: onTransitionFinished: TransitionRecord{f91af56 id=295 type=OPEN flags=0x0 c=[
03-15 13:57:09.583 12320 14336 D ChangeTransitionController:    ChangeInfo{5116ae2 container=DefaultTaskDisplayArea_d0@21689571 flags=0x0}
03-15 13:57:09.583 12320 14336 D ChangeTransitionController:    ChangeInfo{1129a06 container=ActivityRecord{79832981 u0 com.example.kutuphane/.kitapIslemleri t609} flags=0x0}
03-15 13:57:09.583 12320 14336 D ChangeTransitionController:    ChangeInfo{3c78e73 container=Task{5ede90c #609 type=standard A=10286:com.example.kutuphane} flags=0x0}
03-15 13:57:09.583 12320 14336 D ChangeTransitionController:    ChangeInfo{950e130 container=ActivityRecord{116919255 u0 com.example.kutuphane/.kitapListe t609} flags=0x0}
03-15 13:57:09.583 12320 14336 D ChangeTransitionController:    ChangeInfo{72cb1a9 container=Display{#0 state=ON size=1080x2340 ROTATION_0} flags=0x0}
03-15 13:57:09.583 12320 14336 D ChangeTransitionController: ]
03-15 13:57:09.583 12320 14336 D ChangeTransitionController: }
03-15 13:57:09.584 12757 12829 V WindowManagerShell: Track 0 became idle
03-15 13:57:09.584 12757 12829 V WindowManagerShell: All active transition animations finished
03-15 13:57:09.609 12320 12902 E WindowManager: win=Window{140b44d u0 com.example.kutuphane/com.example.kutuphane.kitapIslemleri} destroySurfaces: appStopped=true cleanupOnResume=false win.mWindowRemovalAllowed=false win.mRemoveOnExit=false win.mViewVisibility=8 caller=com.android.server.wm.ActivityRecord.destroySurfaces:25 com.android.server.wm.ActivityRecord.activityStopped:192 com.android.server.wm.ActivityClientController.activityStopped:97 android.app.IActivityClientController$Stub.onTransact:740 com.android.server.wm.ActivityClientController.onTransact:1 android.os.Binder.execTransactInternal:1462 android.os.Binder.execTransact:1401 
03-15 13:57:09.609 12320 12353 D SGM:FgCheckThread: getForegroundApp(), foregroundPkgName=com.example.kutuphane
03-15 13:57:09.610 12320 12353 D SGM:FgCheckThread: pkgName: com.example.kutuphane is in foreground
03-15 13:57:09.612 12320 12629 D BackgroundInstallControlService: Package event received: 0
03-15 13:57:09.623 12320 13885 D FreecessHandler: freeze com.instagram.android(10304) result : 33
03-15 13:57:09.633 12320 12354 I WindowManager: Reparenting to original parent: Surface(name=WindowToken{724bfcc type=2005 android.os.Binder@c7395ff})/@0xbe880da, destroy=true, surface=Surface(name=1c40cb8 Toast)/@0x7049a85
03-15 13:57:09.636 12320 12353 D SGM:GameManager: identifyForegroundApp. com.example.kutuphane, mCurrentUserId: 0, callerUserId: 0
03-15 13:57:09.636 12320 12353 D SGM:SemGameManager: isForegroundGame(), ret=false
03-15 13:57:09.644 12320 12354 D PowerManagerService: [api] release WakeLock SCREEN_BRIGHT_WAKE_LOCK           'WindowManager/displayId:0' ON_AFTER_RELEASE ACQ=-2s810ms (uid=1000 pid=12320 ws=WorkSource{10060 com.android.systemui} displayId=0 lock=3c2d0f3)
03-15 13:57:09.644 12320 12354 D EdgeLightingManager: hideForWakeLock is no more used
03-15 13:57:09.644 12320 12354 D PowerManagerService: [api] applyWakeLockFlagsOnReleaseLocked : userActivityNoUpdateLocked is called : SCREEN_BRIGHT_WAKE_LOCK           'WindowManager/displayId:0' ON_AFTER_RELEASE DISABLED (uid=1000 pid=12320 ws=WorkSource{10060 com.android.systemui} displayId=0 lock=3c2d0f3)
03-15 13:57:10.150   582   582 D io_stats: !@ Write_top(KB): ample.kutuphane:top(23334) 12 kworker/6:5:/(21374) 4
03-15 13:57:10.357 12320 12902 I ActivityManager: Changes in 90001 17 to 17, 128 to 0
03-15 13:57:10.361 12320 12902 I ActivityManager: Changes in 90000 11 to 17, 128 to 0
03-15 13:57:10.362 12320 12902 I ActivityManager: Changes in 10304 11 to 16, 128 to 0
03-15 13:57:10.370 12320 12364 I ActivityManager: Changes in 90001 17 to 17, 0 to 128
03-15 13:57:10.371 12320 12364 I ActivityManager: Changes in 90000 17 to 11, 0 to 128
03-15 13:57:10.371 12320 12364 I ActivityManager: Changes in 10304 16 to 11, 0 to 128
03-15 13:57:10.794 12320 12353 W WindowManager: Unable to start animation, surface is null or no children.
