03-15 13:56:31.281 12320 12345 D VibratorManagerService: vibrate - uid: 10170, opPkg: com.samsung.android.honeyboard, effect: Mono{mEffect=Composed{segments=[SemHaptic{mType=50124, mMagnitude=-1}], repeat=-1, mMagnitudeType=TYPE_TOUCH}}, attrs: VibrationAttributes{mUsage=TOUCH, mAudioUsage= USAGE_UNKNOWN, mFlags=0, tags=}, reason: null, token: android.os.BinderProxy@b29b219
03-15 13:56:31.282 12320 12345 D VibratorManagerService: magnitude value is under 0
03-15 13:56:31.282 12320 12345 D SingleVibrationSession: semDcVibrate : EFFECT_CLICK_RESERVED_DC(100), repeat: -1, usage: TOUCH(18), magnitude: 0
03-15 13:56:31.282 12320 12345 D VibratorManagerService: Vibration was not generated normally.
03-15 13:56:31.348 12320 12345 D SecContentProvider: called from android.uid.honeyboard:10170
03-15 13:56:31.348 12320 12345 D RestrictionPolicy: isClipboardAllowed : true
03-15 13:56:31.841 12320 12902 I ActivityManager: Changes in 90001 17 to 17, 128 to 0
03-15 13:56:31.841 12320 12902 I ActivityManager: Changes in 90000 11 to 17, 128 to 0
03-15 13:56:31.842 12320 12902 I ActivityManager: Changes in 10304 11 to 16, 128 to 0
03-15 13:56:31.851 12320 12364 I ActivityManager: Changes in 90001 17 to 17, 0 to 128
03-15 13:56:31.851 12320 12364 I ActivityManager: Changes in 90000 17 to 11, 0 to 128
03-15 13:56:31.851 12320 12364 I ActivityManager: Changes in 10304 16 to 11, 0 to 128
03-15 13:56:32.012 12320 12485 D PowerManagerService: [api] userActivityFromNative : touch, IME displayId=0 eventTime=117276438
03-15 13:56:32.016 12320 12347 D VibratorManagerService: converted usage = TOUCH(18)
03-15 13:56:32.016 12320 12347 D VibratorManagerService: vibrate - uid: 10170, opPkg: com.samsung.android.honeyboard, effect: Mono{mEffect=Composed{segments=[SemHaptic{mType=50124, mMagnitude=-1}], repeat=-1, mMagnitudeType=TYPE_TOUCH}}, attrs: VibrationAttributes{mUsage=TOUCH, mAudioUsage= USAGE_UNKNOWN, mFlags=0, tags=}, reason: null, token: android.os.BinderProxy@b29b219
03-15 13:56:32.016 12320 12347 D VibratorManagerService: magnitude value is under 0
03-15 13:56:32.016 12320 12347 D SingleVibrationSession: semDcVibrate : EFFECT_CLICK_RESERVED_DC(100), repeat: -1, usage: TOUCH(18), magnitude: 0
03-15 13:56:32.016 12320 12347 D VibratorManagerService: Vibration was not generated normally.
03-15 13:56:32.024 12320 12347 D SecContentProvider: called from android.uid.honeyboard:10170
03-15 13:56:32.024 12320 12347 D RestrictionPolicy: isClipboardAllowed : true
03-15 13:56:32.095 12320 12902 D SecContentProvider: called from android.uid.honeyboard:10170
03-15 13:56:32.095 12320 12902 D RestrictionPolicy: isClipboardAllowed : true
03-15 13:56:32.120   582   582 D io_stats: !@   8,32 r 7528176 163981264 w 5335416 69982128 d 589826 219009640 f 469903 522491 iot 2418572 0 th 0 0 0 pt 0 inp 0 0 117276.549
03-15 13:56:32.404 12320 12476 D ActivityManager: Received BROADCAST intent 0x56e074d Key{broadcastIntent pkg=com.google.android.gms/com.google.android.gms.scheduler intent=act=com.google.android.gms.gcm.ACTION_CHECK_QUEUE xflg=0x4 cmp=com.google.android.gms/.gcm.nts.SchedulerInternalReceiver flags=0x2000000 u=0} requestCode=0 sent=0 from uid 1000
03-15 13:56:32.725 12320 12902 I WindowManager: Reparenting to leash, surface=Surface(name=RemoteWallpaperAnim:1:1)/@0xd50ed48, leashParent=Surface(name=OneHanded:0:14)/@0x17127e1
03-15 13:56:32.726 12757 12829 V ShellDesktopMode: DesktopTasksController: Recents transition state changed: TRANSITION_STATE_REQUESTED
03-15 13:56:32.726 12320 12902 D WindowManager: makeSurface duration=1 leash=Surface(name=Surface(name=RemoteWallpaperAnim:1:1)/@0xd50ed48 - animation-leash of remote_wallpaper)/@0x59e8bc0
03-15 13:56:32.726 12757 12829 V ShellRecents: RecentsTransitionHandler.startRecentsTransition
03-15 13:56:32.727 12320 12902 D WindowManager: startAnimation for remote wallpaper, leash=Surface(name=Surface(name=RemoteWallpaperAnim:1:1)/@0xd50ed48 - animation-leash of remote_wallpaper)/@0x59e8bc0
03-15 13:56:32.727 12757 12829 V WindowManagerShell: Directly starting a new transition type=TO_FRONT wct=WindowContainerTransaction { changes= {} hops= [{pendingIntent: options=Bundle[{android.activity.splashScreenStyle=-1, android.activity.sourceInfo=Supplier{VAL_PARCELABLE@148+104}, android:activity.isMlLaunch=-1, android.activity.splitTaskDeferResume=false, android.pendingIntent.backgroundActivityAllowed=1, android:activity.isActiveLaunch=false, android.activity.launchTypeDnD=false, android:activity.startedFromWindowTypeLauncher=false, android.activity.launchDisplayId=0, android:activity.unhandledDropLaunch=false, android:activity.launchInFocusedStageRoot=false, android:activity.animAbortListener=null, android.activity.disableSplashScreen=false, android.activity.startAssistantActivity=false, android.activity.applySystemModalPolicy=false, android:activity.applyBigFreeformSize=false, android.activity.enterPipWhileLaunching=false, android.activity.splitPosition=0, android.activity.preserveTaskWindowingMode=false, android:activity.enterSplitSideWithAdjacentFlag=0, android.activity.transientLaunch=true}]}] errorCallbackToken=null taskFragmentOrganizer=null } handler=com.android.wm.shell.recents.RecentsTransitionHandler@f5163b0
03-15 13:56:32.727 12320 12902 D WindowManager: startRemoteWallpaperAnimation, d=0, leash=Surface(name=Surface(name=RemoteWallpaperAnim:1:1)/@0xd50ed48 - animation-leash of remote_wallpaper)/@0x59e8bc0
03-15 13:56:32.728 12320 12902 D WindowManager: Transition is created, t=TransitionRecord{3c0a3ec id=-1 type=TO_FRONT flags=0x0}, caller=com.android.server.wm.Transition.<init>:182 com.android.server.wm.WindowOrganizerController.startTransition:18 com.android.server.wm.WindowOrganizerController.startNewTransition:2 android.window.IWindowOrganizerController$Stub.onTransact:247 com.android.server.wm.WindowOrganizerController.onTransact:1 
03-15 13:56:32.729 12320 12505 E HandwritingModeController: Cannot get requestId: Handwriting was not initialized.
03-15 13:56:32.729 12320 12902 V WindowManager: Starting a Recents transition which can be parallel.
03-15 13:56:32.729 12320 12902 D BLASTSyncEngine: SyncGroup is created, id=282, name=Transition-TO_FRONT, caller=com.android.server.wm.BLASTSyncEngine$SyncGroup.<init>:52 com.android.server.wm.TransitionController.moveToCollecting:79 com.android.server.wm.TransitionController.startCollectOrQueue:94 com.android.server.wm.WindowOrganizerController.startTransition:22 com.android.server.wm.WindowOrganizerController.startNewTransition:2 android.window.IWindowOrganizerController$Stub.onTransact:247 com.android.server.wm.WindowOrganizerController.onTransact:1 
03-15 13:56:32.730 12320 12902 W BLASTSyncEngine: setSyncMethod, id=282, method=0, caller=com.android.server.wm.TransitionController.moveToCollecting:91 com.android.server.wm.TransitionController.startCollectOrQueue:94 com.android.server.wm.WindowOrganizerController.startTransition:22 
03-15 13:56:32.730 12757 12757 V ShellDragAndDrop: Receive android.intent.action.CLOSE_SYSTEM_DIALOGS
03-15 13:56:32.730 12320 12902 V WindowManager: Start collecting in Transition: TransitionRecord{3c0a3ec id=282 type=TO_FRONT flags=0x0}, caller=com.android.server.wm.TransitionController.startCollectOrQueue:94 com.android.server.wm.WindowOrganizerController.startTransition:22 com.android.server.wm.WindowOrganizerController.startNewTransition:2 android.window.IWindowOrganizerController$Stub.onTransact:247 com.android.server.wm.WindowOrganizerController.onTransact:1 
03-15 13:56:32.730 12320 12902 V WindowManager: Starting Transition 282, caller=com.android.server.wm.WindowOrganizerController$$ExternalSyntheticLambda5.onCollectStarted:16 com.android.server.wm.TransitionController.startCollectOrQueue:97 com.android.server.wm.WindowOrganizerController.startTransition:22 
03-15 13:56:32.731 12320 12902 V WindowManager: Transition 282: Set Task{5ede90c #609 type=standard A=10286:com.example.kutuphane} as transient-hidden-task, caller=com.android.server.wm.Task.forAllTasks:4 com.android.server.wm.WindowContainer.forAllTasks:2 com.android.server.wm.DisplayArea.forAllTasks:9 
03-15 13:56:32.732 12320 12902 V WindowManager: Collecting in transition 282: Task{5ede90c #609 type=standard A=10286:com.example.kutuphane}, caller=com.android.server.wm.Transition$$ExternalSyntheticLambda20.test:119 com.android.server.wm.Task.forAllTasks:4 com.android.server.wm.WindowContainer.forAllTasks:2 com.android.server.wm.DisplayArea.forAllTasks:9 com.android.server.wm.Transition.setTransientLaunch:138 
03-15 13:56:32.732 12320 12902 V WindowManager: Collecting in transition 282: TransientLaunchOverlayToken{af55f9c token=android.os.BinderProxy@dc6930f}, caller=com.android.server.wm.TransientLaunchOverlayToken.setVisibility:22 com.android.server.wm.Transition.setTransientLaunch:209 com.android.server.wm.ActivityStartController.startExistingRecents:191 com.android.server.wm.WindowOrganizerController.applyHierarchyOp:309 com.android.server.wm.WindowOrganizerController.applyTransaction:148 
03-15 13:56:32.733 12320 12902 D WindowManager: prepareSync <SYNC_STATE_WAITING_FOR_DRAW>, mPrepareSyncSeqId=0, win=Window{7e3512b u0 RecentsTransitionOverlay}
03-15 13:56:32.733 12320 12902 I TransientLaunchOverlayToken: setVisibility, visible=true, t=TransientLaunchOverlayToken{af55f9c token=android.os.BinderProxy@dc6930f}, caller=com.android.server.wm.Transition.setTransientLaunch:209 com.android.server.wm.ActivityStartController.startExistingRecents:191 com.android.server.wm.WindowOrganizerController.applyHierarchyOp:309 
03-15 13:56:32.733 12320 12902 V WindowManager: Transition 282: Set ActivityRecord{70907090 u0 com.sec.android.app.launcher/.activities.LauncherActivity t593} as transient-launch, caller=com.android.server.wm.ActivityStartController.startExistingRecents:191 com.android.server.wm.WindowOrganizerController.applyHierarchyOp:309 com.android.server.wm.WindowOrganizerController.applyTransaction:148 
03-15 13:56:32.735 12320 12902 D ActivityManagerPerformance: AMP_acquire() HOME
03-15 13:56:32.736 12320 12902 V WindowManager: Collecting in transition 282: ActivityRecord{70907090 u0 com.sec.android.app.launcher/.activities.LauncherActivity t593}, caller=com.android.server.wm.TransitionController.collect:7 com.android.server.wm.ActivityRecord.setVisibility:132 com.android.server.wm.TaskFragment.resumeTopActivity:1662 com.android.server.wm.ActivityStartController.startExistingRecents:206 com.android.server.wm.WindowOrganizerController.applyHierarchyOp:309 
03-15 13:56:32.736 12320 12902 D WindowManager: prepareSync <SYNC_STATE_WAITING_FOR_DRAW>, mPrepareSyncSeqId=0, win=Window{3df34fd u0 com.sec.android.app.launcher/com.sec.android.app.launcher.activities.LauncherActivity}
03-15 13:56:32.736 12320 12902 V WindowManager: Setting visibility of Window{7b4c344 u0 com.sec.android.app.launcher/com.sec.android.app.launcher.activities.LauncherActivity}: true, caller=com.android.server.wm.WindowContainer.sendAppVisibilityToClients:19 com.android.server.wm.WindowToken.setClientVisible:48 com.android.server.wm.ActivityRecord.setVisibility:486 com.android.server.wm.TaskFragment.resumeTopActivity:1662 com.android.server.wm.ActivityStartController.startExistingRecents:206 
03-15 13:56:32.737 12320 12902 V WindowManager: Setting visibility of Window{3df34fd u0 com.sec.android.app.launcher/com.sec.android.app.launcher.activities.LauncherActivity}: true, caller=com.android.server.wm.WindowContainer.sendAppVisibilityToClients:19 com.android.server.wm.WindowToken.setClientVisible:48 com.android.server.wm.ActivityRecord.setVisibility:486 com.android.server.wm.TaskFragment.resumeTopActivity:1662 com.android.server.wm.ActivityStartController.startExistingRecents:206 
03-15 13:56:32.738 12320 12902 V WindowManager: rotationForOrientation(orient=SCREEN_ORIENTATION_NOSENSOR (5), last=ROTATION_0 (0)); user=ROTATION_0 (0) USER_ROTATION_LOCKED
03-15 13:56:32.738 12320 12902 D WindowManager: rotationForOrientation, orientationSource=ActivityRecord{70907090 u0 com.sec.android.app.launcher/.activities.LauncherActivity t593}
03-15 13:56:32.738 12320 12353 I ActivityManager: Changes in 10135 5 to 2, 184 to 255
03-15 13:56:32.739 12320 12902 V WindowManager: Computed rotation=ROTATION_0 (0) for display id=0 based on lastOrientation=SCREEN_ORIENTATION_NOSENSOR (5) and oldRotation=ROTATION_0 (0), caller=com.android.server.wm.DisplayRotation.updateOrientation:79 com.android.server.wm.DisplayContent.updateOrientation:41 com.android.server.wm.DisplayContent.updateOrientationAndComputeConfig:48 com.android.server.wm.RootWindowContainer.ensureVisibilityAndConfig:7 com.android.server.wm.TaskFragment.resumeTopActivity:1724 com.android.server.wm.ActivityStartController.startExistingRecents:206 
03-15 13:56:32.739 12320 12902 D WindowManagerServiceExt: updateTaskbarTargetIfNeeded: reset
03-15 13:56:32.739 12320 12902 D BLASTSyncEngine: SyncGroup 282: Set ready true, caller=com.android.server.wm.BLASTSyncEngine.setReady:32 com.android.server.wm.Transition.applyReady:54 com.android.server.wm.WindowOrganizerController.applyTransaction:175 com.android.server.wm.WindowOrganizerController.applyTransaction:16 com.android.server.wm.WindowOrganizerController$$ExternalSyntheticLambda5.onCollectStarted:27 com.android.server.wm.TransitionController.startCollectOrQueue:97 
03-15 13:56:32.740 12320 12902 D ActivityTaskManager: scheduleTopResumedActivityChanged, onTop=false, r=ActivityRecord{206451061 u0 com.example.kutuphane/.kitapekle t609}, caller=com.android.server.wm.ActivityTaskSupervisor.scheduleTopResumedActivityStateLossIfNeeded:19 com.android.server.wm.ActivityTaskSupervisor.endDeferResume:21 com.android.server.wm.WindowOrganizerController.applyTransaction:186 com.android.server.wm.WindowOrganizerController.applyTransaction:16 com.android.server.wm.WindowOrganizerController$$ExternalSyntheticLambda5.onCollectStarted:27 com.android.server.wm.TransitionController.startCollectOrQueue:97 
03-15 13:56:32.740 12320 12902 D FreeformController: beginPostLayoutPolicyLw: forceHideRequester changed, old=null, new=Window{7e3512b u0 RecentsTransitionOverlay}
03-15 13:56:32.740 12320 12902 D FreeformController: setBlockToAddForceHideFreeformTasks: blockToAddForceHide=true, Caller=com.android.server.wm.DisplayPolicy.finishPostLayoutPolicyLw:127
03-15 13:56:32.741 12320 12902 D BLASTSyncEngine: SyncGroup 282:  Unfinished container: ActivityRecord{70907090 u0 com.sec.android.app.launcher/.activities.LauncherActivity t593} mSyncState=2
03-15 13:56:32.741 12757 12829 V ShellRecents: [216857165] RecentsController.setTransition: id=android.os.BinderProxy@76015e4
03-15 13:56:32.742 12757 12829 V ShellDragAndDrop: Do not update drop target window visibility: window is already set to 4.
03-15 13:56:32.742 12757 12829 D WindowManagerShell: onKeepClearAreasChanged: restricted={}, unrestricted={}
03-15 13:56:32.745 12320 12351 D WindowManager: requestTransientBars: swipeTarget=Window{3c1eb49 u0 NavigationBarView}, controlTarget=PermanentControlTarget, canShowTransient=false, restorePositionTypes=0x3, from=com.android.server.wm.DisplayPolicy$1.onSwipeFromBottom:21 com.android.server.wm.SystemGesturesPointerEventListener.onPointerEvent:545 
03-15 13:56:32.745 12320 12902 D ActivityTaskManager: scheduleTopResumedActivityChanged, onTop=true, r=ActivityRecord{70907090 u0 com.sec.android.app.launcher/.activities.LauncherActivity t593}, caller=com.android.server.wm.ActivityTaskSupervisor.scheduleTopResumedActivityStateIfNeeded:18 com.android.server.wm.ActivityTaskSupervisor.handleTopResumedStateReleased:44 com.android.server.wm.ActivityClientController.activityTopResumedStateLost:14 android.app.IActivityClientController$Stub.onTransact:716 com.android.server.wm.ActivityClientController.onTransact:1 android.os.Binder.execTransactInternal:1457 
03-15 13:56:32.746 12320 14060 D WindowManager: makeSurface duration=1 name=com.sec.android.app.launcher/com.sec.android.app.launcher.activities.LauncherActivity$_25675
03-15 13:56:32.748 12320 14060 D BLASTSyncEngine: SyncGroup 282:  Unfinished container: ActivityRecord{70907090 u0 com.sec.android.app.launcher/.activities.LauncherActivity t593} mSyncState=2
03-15 13:56:32.748 12320 12347 I ActivityManager: Changes in 99010 15 to 3, 128 to 184
03-15 13:56:32.752 12320 12345 D WindowManager: makeSurface duration=0 name=com.sec.android.app.launcher/com.sec.android.app.launcher.activities.LauncherActivity$_13277
03-15 13:56:32.752 12320 12353 D SGM:FgCheckThread: noteResumeComponent(), received pkgName: com.sec.android.app.launcher, userId: 0
03-15 13:56:32.752 12320 12345 D BLASTSyncEngine: SyncGroup 282:  Unfinished container: ActivityRecord{70907090 u0 com.sec.android.app.launcher/.activities.LauncherActivity t593} mSyncState=2
03-15 13:56:32.753 12320 12619 I CocktailBarManagerServiceContainer: handleMessage: entry what = 5
03-15 13:56:32.753 14190 15940 I SDHMS:k : handleResumeComponent : put = com.sec.android.app.launcher, userid = 0 instanceid =94372243
03-15 13:56:32.757 12320 12354 V WindowManager: Collecting in transition 282: WallpaperWindowToken{384c472 showWhenLocked=false}_<system>, caller=com.android.server.wm.TransitionController.collect:7 com.android.server.wm.WallpaperWindowToken.setVisibility:55 com.android.server.wm.WallpaperController.adjustWallpaperWindows:857 com.android.server.wm.RootWindowContainer.applySurfaceChangesTransaction$1:141 com.android.server.wm.RootWindowContainer.performSurfacePlacementNoTrace:59 
03-15 13:56:32.758 12320 12354 V WindowManager: Setting visibility of Window{54ad81e u0 com.android.systemui.wallpapers.ImageWallpaper}: true, caller=com.android.server.wm.WindowContainer.sendAppVisibilityToClients:19 com.android.server.wm.WindowToken.setClientVisible:48 com.android.server.wm.WallpaperWindowToken.setVisible$1:3 com.android.server.wm.WallpaperWindowToken.commitVisibility:48 com.android.server.wm.WallpaperWindowToken.setVisibility:101 
03-15 13:56:32.759 12320 12629 D BackgroundInstallControlService: Package event received: 0
03-15 13:56:32.759 14190 14190 I SDHMS:LOAD: type: LoadsFreqs, value: 0:0:0:0:0:0:0:0:0:0:0:0
03-15 13:56:32.760 12320 12629 D BackgroundInstallControlService: Package event received: 0
03-15 13:56:32.760 12320 12629 D BackgroundInstallControlService: Package event received: 0
03-15 13:56:32.760 12320 12629 D BackgroundInstallControlService: Package event received: 0
03-15 13:56:32.760 12320 12629 D BackgroundInstallControlService: Package event received: 0
03-15 13:56:32.761 12320 12629 D BackgroundInstallControlService: Package event received: 0
03-15 13:56:32.761 12320 12354 D BLASTSyncEngine: SyncGroup 282:  Unfinished container: ActivityRecord{70907090 u0 com.sec.android.app.launcher/.activities.LauncherActivity t593} mSyncState=2
03-15 13:56:32.762 12320 12354 D BLASTSyncEngine: SyncGroup 282:  Unfinished container: ActivityRecord{70907090 u0 com.sec.android.app.launcher/.activities.LauncherActivity t593} mSyncState=2
03-15 13:56:32.764 12320 12353 D SGM:GameManager: identifyGamePackage. com.sec.android.app.launcher, mCurrentUserId: 0, callingMethodInfo: com.samsung.android.game.SemGameManager.isGamePackage(SemGameManager.java:106)
03-15 13:56:32.764 12320 12353 D SGM:SemGameManager: isGamePackage(), pkgName=com.sec.android.app.launcher, ret=false
03-15 13:56:32.770 12320 12347 D WindowManager: finishDrawingWindow: Window{7b4c344 u0 com.sec.android.app.launcher/com.sec.android.app.launcher.activities.LauncherActivity} mDrawState=DRAW_PENDING seqId=0
03-15 13:56:32.771 12320 12629 D BackgroundInstallControlService: Package event received: 0
03-15 13:56:32.772 12320 12351 D SGM:GameManager: identifyForegroundApp. com.example.kutuphane, mCurrentUserId: 0, callerUserId: 0
03-15 13:56:32.772 12320 12351 D SGM:SemGameManager: isForegroundGame(), ret=false
03-15 13:56:32.773 12320 12353 D PowerManagerService: [api] setScreenDimDurationOverrideFromWindowManagerInternal: timeoutMillis: 40000
03-15 13:56:32.774 12320 12354 D BLASTSyncEngine: SyncGroup 282:  Unfinished container: ActivityRecord{70907090 u0 com.sec.android.app.launcher/.activities.LauncherActivity t593} mSyncState=2
03-15 13:56:32.775 12320 12353 D WindowManager: mRunner#onAnimationStart for remote wallpaper=[android.view.RemoteAnimationTarget@303c116], transaction=startRemoteWallpaperAnimation_24438846
03-15 13:56:32.777 12320 12351 D SGM:GameManager: identifyForegroundApp. com.example.kutuphane, mCurrentUserId: 0, callerUserId: 0
03-15 13:56:32.777 12320 12351 D SGM:SemGameManager: isForegroundGame(), ret=false
03-15 13:56:32.777 12320 14335 I AppWidgetServiceImpl: startListening() 
03-15 13:56:32.777 12320 14335 I AppWidgetServiceImpl: startListening() finish
03-15 13:56:32.777 12320 12347 D WindowManager: finishDrawingWindow: Window{3df34fd u0 com.sec.android.app.launcher/com.sec.android.app.launcher.activities.LauncherActivity} mDrawState=DRAW_PENDING seqId=0
03-15 13:56:32.785 12320 12354 V WindowManager: SyncGroup 282: Finished!
03-15 13:56:32.785 12320 12354 V WindowManager: performShowLocked: mDrawState=HAS_DRAWN in Window{7b4c344 u0 com.sec.android.app.launcher/com.sec.android.app.launcher.activities.LauncherActivity}
03-15 13:56:32.785 12320 12354 V WindowManager: performShowLocked: mDrawState=HAS_DRAWN in Window{3df34fd u0 com.sec.android.app.launcher/com.sec.android.app.launcher.activities.LauncherActivity}
03-15 13:56:32.785 12320 12354 D Transition: updateTaskbarTargetIfNeeded: defer to send callbackwhile on transient launch
03-15 13:56:32.786 12320 12354 D ChangeTransitionController: onTransactionReady: TransitionRecord{3c0a3ec id=282 type=TO_FRONT flags=0x80 c=[
03-15 13:56:32.786 12320 12354 D ChangeTransitionController:    ChangeInfo{e798484 container=DefaultTaskDisplayArea_d0@21689571 flags=0x0}
03-15 13:56:32.786 12320 12354 D ChangeTransitionController:    ChangeInfo{235d46d container=WallpaperWindowToken{384c472 showWhenLocked=false}_<system> flags=0x0}
03-15 13:56:32.786 12320 12354 D ChangeTransitionController:    ChangeInfo{f2d8a2 container=Task{3cba496 #1 type=home} flags=0x0}
03-15 13:56:32.786 12320 12354 D ChangeTransitionController:    ChangeInfo{4b3c933 container=ActivityRecord{70907090 u0 com.sec.android.app.launcher/.activities.LauncherActivity t593} flags=0x0}
03-15 13:56:32.786 12320 12354 D ChangeTransitionController:    ChangeInfo{84c64f0 container=Task{5ede90c #609 type=standard A=10286:com.example.kutuphane} flags=0x4}
03-15 13:56:32.786 12320 12354 D ChangeTransitionController:    ChangeInfo{e84a69 container=TransientLaunchOverlayToken{af55f9c token=android.os.BinderProxy@dc6930f} flags=0x0}
03-15 13:56:32.786 12320 12354 D ChangeTransitionController:    ChangeInfo{fc9dcee container=Display{#0 state=ON size=1080x2340 ROTATION_0} flags=0x0}
03-15 13:56:32.786 12320 12354 D ChangeTransitionController:    ChangeInfo{857c58f container=Task{fc17dcd #593 type=home I=com.sec.android.app.launcher/.activities.LauncherActivity} flags=0x0}
03-15 13:56:32.786 12320 12354 D ChangeTransitionController:    ChangeInfo{72ae01c container=RemoteWallpaperAnim:1:1@264671916 flags=0x0}
03-15 13:56:32.786 12320 12354 D ChangeTransitionController: ]
03-15 13:56:32.786 12320 12354 D ChangeTransitionController: }
03-15 13:56:32.786 12320 12354 V WindowManager: Start calculating TransitionInfo based on participants: {WallpaperWindowToken{384c472 showWhenLocked=false}_<system>, Task{3cba496 #1 type=home}, ActivityRecord{70907090 u0 com.sec.android.app.launcher/.activities.LauncherActivity t593}, Task{5ede90c #609 type=standard A=10286:com.example.kutuphane}, TransientLaunchOverlayToken{af55f9c token=android.os.BinderProxy@dc6930f}, Task{fc17dcd #593 type=home I=com.sec.android.app.launcher/.activities.LauncherActivity}}
03-15 13:56:32.786 12320 12354 V WindowManager:   Final targets: [ChangeInfo{e84a69 container=TransientLaunchOverlayToken{af55f9c token=android.os.BinderProxy@dc6930f} flags=0x0}, ChangeInfo{f2d8a2 container=Task{3cba496 #1 type=home} flags=0x30}, ChangeInfo{84c64f0 container=Task{5ede90c #609 type=standard A=10286:com.example.kutuphane} flags=0x4}, ChangeInfo{235d46d container=WallpaperWindowToken{384c472 showWhenLocked=false}_<system> flags=0x0}]
03-15 13:56:32.788 12320 12354 D WindowManager: setActiveRecents, recents=Task{3cba496 #1 type=home}, task=Task{5ede90c #609 type=standard A=10286:com.example.kutuphane}, caller=com.android.server.wm.InputMonitor.setActiveRecents:33 com.android.server.wm.Transition.onTransactionReady:1795 com.android.server.wm.BLASTSyncEngine$SyncGroup.finishNow:240 
03-15 13:56:32.789 12320 12354 V WindowManager: Calling onTransitionReady: {id=282 t=TO_FRONT f=0x80 trk=0 r=[0@Point(0, 0)] c=[
03-15 13:56:32.789 12320 12354 V WindowManager:         {m=TO_FRONT f=TRANSLUCENT|FLAG_IS_SYSTEM_WINDOW|TRANSIENT_LAUNCH_OVERLAY leash=Surface(name=TransientLaunchOverlayToken{af55f9c token=android.os.BinderProxy@dc6930f})/@0x377df45 sb=Rect(0, 0 - 1080, 2340) eb=Rect(0, 0 - 1080, 2340) epz=Point(1080, 2340) d=0 inset=Rect(0, 0 - 0, 0)},
03-15 13:56:32.789 12320 12354 V WindowManager:         {WCT{RemoteToken{9720ccf Task{3cba496 #1 type=home}}} m=TO_FRONT f=SHOW_WALLPAPER|MOVE_TO_TOP|EDGE_EXTENSION_RESTRICTION leash=Surface(name=Task=1)/@0xd813e23 sb=Rect(0, 0 - 1080, 2340) eb=Rect(0, 0 - 1080, 2340) epz=Point(1080, 2340) d=0 taskParent=-1 inset=Rect(0, 80 - 0, 39)},
03-15 13:56:32.789 12320 12354 V WindowManager:         {WCT{RemoteToken{2dc67f3 Task{5ede90c #609 type=standard A=10286:com.example.kutuphane}}} m=TO_BACK f=NONE leash=Surface(name=Task=609)/@0xa252d sb=Rect(0, 0 - 1080, 2340) eb=Rect(0, 0 - 1080, 2340) epz=Point(1080, 2340) d=0 taskParent=-1 inset=Rect(0, 80 - 0, 39) dim=true},
03-15 13:56:32.789 12320 12354 V WindowManager:         {m=TO_FRONT f=IS_WALLPAPER p=WCT{RemoteToken{e1c459c RemoteWallpaperAnim:1:1@264671916}} leash=Surface(name=WallpaperWindowToken{384c472 showWhenLocked=false})/@0xaa6efa9 sb=Rect(0, 0 - 1080, 2340) eb=Rect(0, 0 - 1080, 2340) epz=Point(1080, 2340) d=0 inset=Rect(0, 0 - 0, 0)}
03-15 13:56:32.789 12320 12354 V WindowManager:     ]}
03-15 13:56:32.791 12320 12354 D WindowManager: updateSystemBarAttributes: displayId=0, focusedCanBeNavColorWin=false, win=Window{b7b0b62 u0 com.example.kutuphane/com.example.kutuphane.kitapekle}, navColorWin=Window{b7b0b62 u0 com.example.kutuphane/com.example.kutuphane.kitapekle}, caller=com.android.server.wm.DisplayPolicy.finishPostLayoutPolicyLw:17 com.android.server.wm.RootWindowContainer.applySurfaceChangesTransaction$1:195 com.android.server.wm.RootWindowContainer.performSurfacePlacementNoTrace:59 
03-15 13:56:32.791 12320 12354 D WindowManager: updateSystemBarAttributes, bhv=1, apr=16, statusBarAprRegions=[AppearanceRegion{ bounds=[0,0][1080,2340]}], requestedVisibilities=-1
03-15 13:56:32.792 12757 12779 V WindowManagerShell: onTransitionReady(transaction=52913997107943)
03-15 13:56:32.793 12757 12829 V WindowManagerShell: onTransitionReady (#282) android.os.BinderProxy@76015e4: {id=282 t=TO_FRONT f=0x80 trk=0 r=[0@Point(0, 0)] c=[
03-15 13:56:32.793 12757 12829 V WindowManagerShell:         {m=TO_FRONT f=TRANSLUCENT|FLAG_IS_SYSTEM_WINDOW|TRANSIENT_LAUNCH_OVERLAY leash=Surface(name=TransientLaunchOverlayToken{af55f9c token=android.os.BinderProxy@dc6930f})/@0x9faac50 sb=Rect(0, 0 - 1080, 2340) eb=Rect(0, 0 - 1080, 2340) epz=Point(1080, 2340) d=0 inset=Rect(0, 0 - 0, 0)},
03-15 13:56:32.793 12757 12829 V WindowManagerShell:         {m=TO_FRONT f=SHOW_WALLPAPER|MOVE_TO_TOP|EDGE_EXTENSION_RESTRICTION leash=Surface(name=Task=1)/@0x61bee49 sb=Rect(0, 0 - 1080, 2340) eb=Rect(0, 0 - 1080, 2340) epz=Point(1080, 2340) d=0 taskParent=-1 inset=Rect(0, 80 - 0, 39)},
03-15 13:56:32.793 12757 12829 V WindowManagerShell:         {m=TO_BACK f=NONE leash=Surface(name=Task=609)/@0x1f4e34e sb=Rect(0, 0 - 1080, 2340) eb=Rect(0, 0 - 1080, 2340) epz=Point(1080, 2340) d=0 taskParent=-1 inset=Rect(0, 80 - 0, 39) dim=true},
03-15 13:56:32.793 12757 12829 V WindowManagerShell:         {m=TO_FRONT f=IS_WALLPAPER p=WCT{android.window.IWindowContainerToken$Stub$Proxy@d2c2605} leash=Surface(name=WallpaperWindowToken{384c472 showWhenLocked=false})/@0xedabc6f sb=Rect(0, 0 - 1080, 2340) eb=Rect(0, 0 - 1080, 2340) epz=Point(1080, 2340) d=0 inset=Rect(0, 0 - 0, 0)}
03-15 13:56:32.793 12757 12829 V WindowManagerShell:     ]}
03-15 13:56:32.793 12757 12829 V ShellDesktopMode: DesktopModeLogger: Recents animation running, saving tasks for later
03-15 13:56:32.793 12757 12829 V ShellDesktopMode: DesktopModeLogger: taskInfo map after processing changes 0
03-15 13:56:32.793 12757 12829 D ShellDesktopMode: DesktopTaskChangeListener: onTaskMovingToFront for taskId=1, displayId=0
03-15 13:56:32.794 12757 12829 V WindowManagerShell: Playing animation for (#282) android.os.BinderProxy@76015e4@0
03-15 13:56:32.794 12757 12829 V WindowManagerShell:  try firstHandler com.android.wm.shell.recents.RecentsTransitionHandler@f5163b0
03-15 13:56:32.794 12757 12829 V ShellRecents: [216857165] RecentsController.start
03-15 13:56:32.796 12757 12829 V ShellRecents:   not handling home taskId=1
03-15 13:56:32.797 12757 12829 V ShellRecents:   adding pausing leaf taskId=609 at layer=10
03-15 13:56:32.797 12757 12829 V ShellRecents:  Excluded change from remote targets, change={m=TO_FRONT f=IS_WALLPAPER p=WCT{android.window.IWindowContainerToken$Stub$Proxy@d2c2605} leash=Surface(name=WallpaperWindowToken{384c472 showWhenLocked=false})/@0xedabc6f sb=Rect(0, 0 - 1080, 2340) eb=Rect(0, 0 - 1080, 2340) epz=Point(1080, 2340) d=0 inset=Rect(0, 0 - 0, 0)}
03-15 13:56:32.797 12757 12829 V ShellRecents: Applying transaction=52913997107943
03-15 13:56:32.798 12757 12829 V ShellRecents: No matching remote found to takeover (#282)
03-15 13:56:32.798 12757 12829 V ShellSplitScreen: getSplitBoundsForTaskId: expected split bounds for taskId=609 but not found
03-15 13:56:32.798 12757 12829 V ShellRecents: [216857165] RecentsController.start: calling onAnimationStart with 3 apps
03-15 13:56:32.800 12757 12829 V ShellDesktopMode: DesktopTasksController: Recents transition state changed: TRANSITION_STATE_ANIMATING
03-15 13:56:32.801 12320 12350 D [secipm]: mSecIpmManager report to nap
03-15 13:56:32.802 12757 12829 V WindowManagerShell:  animated by firstHandler
03-15 13:56:32.803 12320 12350 V WindowManager: Sent Transition (#282) createdAt=03-15 13:56:32.728
03-15 13:56:32.803 12320 12350 V WindowManager:     startWCT=WindowContainerTransaction { changes= {} hops= [{pendingIntent: options=Bundle[{android.activity.splashScreenStyle=-1, android.activity.sourceInfo=android.app.ActivityOptions$SourceInfo@e13e208, android:activity.isMlLaunch=-1, android.activity.splitTaskDeferResume=false, android.pendingIntent.backgroundActivityAllowed=1, android:activity.isActiveLaunch=false, android.activity.launchTypeDnD=false, android:activity.startedFromWindowTypeLauncher=false, android.activity.launchDisplayId=0, android:activity.unhandledDropLaunch=false, android:activity.launchInFocusedStageRoot=false, android:activity.animAbortListener=null, android.activity.disableSplashScreen=false, android.activity.startAssistantActivity=false, android.activity.applySystemModalPolicy=false, android:activity.applyBigFreeformSize=false, android.activity.enterPipWhileLaunching=false, android.activity.splitPosition=0, android.activity.preserveTaskWindowingMode=false, android:activity.enterSplitSideWithAdjacentFlag=0, android.activity.transientLaunch=true}]}] errorCallbackToken=null taskFragmentOrganizer=null }
03-15 13:56:32.803 12320 12350 V WindowManager:     info={id=282 t=TO_FRONT f=0x80 trk=0 r=[0@Point(0, 0)] c=[
03-15 13:56:32.803 12320 12350 V WindowManager:         {m=TO_FRONT f=TRANSLUCENT|FLAG_IS_SYSTEM_WINDOW|TRANSIENT_LAUNCH_OVERLAY leash=Surface(name=TransientLaunchOverlayToken{af55f9c token=android.os.BinderProxy@dc6930f})/@0x377df45 sb=Rect(0, 0 - 1080, 2340) eb=Rect(0, 0 - 1080, 2340) epz=Point(1080, 2340) d=0 inset=Rect(0, 0 - 0, 0)},
03-15 13:56:32.803 12320 12350 V WindowManager:         {WCT{RemoteToken{9720ccf Task{3cba496 #1 type=home}}} m=TO_FRONT f=SHOW_WALLPAPER|MOVE_TO_TOP|EDGE_EXTENSION_RESTRICTION leash=Surface(name=Task=1)/@0xd813e23 sb=Rect(0, 0 - 1080, 2340) eb=Rect(0, 0 - 1080, 2340) epz=Point(1080, 2340) d=0 taskParent=-1 inset=Rect(0, 80 - 0, 39)},
03-15 13:56:32.803 12320 12350 V WindowManager:         {WCT{RemoteToken{2dc67f3 Task{5ede90c #609 type=standard A=10286:com.example.kutuphane}}} m=TO_BACK f=NONE leash=Surface(name=Task=609)/@0xa252d sb=Rect(0, 0 - 1080, 2340) eb=Rect(0, 0 - 1080, 2340) epz=Point(1080, 2340) d=0 taskParent=-1 inset=Rect(0, 80 - 0, 39) dim=true},
03-15 13:56:32.803 12320 12350 V WindowManager:         {m=TO_FRONT f=IS_WALLPAPER p=WCT{RemoteToken{e1c459c RemoteWallpaperAnim:1:1@264671916}} leash=Surface(name=WallpaperWindowToken{384c472 showWhenLocked=false})/@0xaa6efa9 sb=Rect(0, 0 - 1080, 2340) eb=Rect(0, 0 - 1080, 2340) epz=Point(1080, 2340) d=0 inset=Rect(0, 0 - 0, 0)}
03-15 13:56:32.803 12320 12350 V WindowManager:     ]}
03-15 13:56:32.804 12757 12829 V ShellRecents: [216857165] RecentsController.setInputConsumerEnabled: set focus to recents
03-15 13:56:32.805 12320 12347 D SGM:FgCheckThread: TaskStackListener.onTaskFocusChanged(), taskId=609, focused=false
03-15 13:56:32.805 12320 12347 D SGM:FgCheckThread: TaskStackListener.onTaskFocusChanged(), taskId=593, focused=true
03-15 13:56:32.805 12320 12347 D SGM:FgCheckThread:   sendRunningComponentFocus(), pkgName: com.sec.android.app.launcher, userId: 0
03-15 13:56:32.805 12320 12510 D SGM:FgCheckThread: onLooperPrepared(), msg: MSG_TASK_FOCUSED, pkgName: com.sec.android.app.launcher, userId: 0
03-15 13:56:32.805 12320 12510 D SGM:FgCheckThread: handleTaskFocused().
03-15 13:56:32.806 12320 12510 D SGM:FgCheckThread: sendFocusOutConditionally() - mPrevNotiPkg: (unknown), userId: 0
03-15 13:56:32.806 12320 12510 D SGM:FgCheckThread:   handleTaskFocused(), pkgName: com.sec.android.app.launcher, userID:0
03-15 13:56:32.806 12320 12510 D SGM:FgCheckThread: handleResume().
03-15 13:56:32.806 12320 12347 D WindowManager: Changing focus from Window{b7b0b62 u0 com.example.kutuphane/com.example.kutuphane.kitapekle} to Window{3df34fd u0 com.sec.android.app.launcher/com.sec.android.app.launcher.activities.LauncherActivity} displayId=0 Callers=com.android.server.wm.ActivityTaskManagerService.setLastResumedActivityUncheckLocked:264 com.android.server.wm.ActivityTaskManagerService.setFocusedTask:19 com.android.server.wm.ActivityTaskManagerService.focusTopTask:53 android.app.IActivityTaskManager$Stub.onTransact:2020 
03-15 13:56:32.806 12320 12510 D SGM:FgCheckThread: sendFocusOutConditionally() - mPrevNotiPkg: (unknown), userId: 0
03-15 13:56:32.806 12320 12510 D SGM:FgCheckThread:   handleResume(). pkgName: com.sec.android.app.launcher, userId: 0, category: non-game
03-15 13:56:32.806 12320 12510 D SGM:FgCheckThread: notifyFocusInOut(). of pkg: com.sec.android.app.launcher, type: 4, isSecGameFamily: false, userId: 0
03-15 13:56:32.806 12320 12510 D SGM:FgCheckThread:   notifyFocusInOut(). unexpected mPrevNotiType: -1
03-15 13:56:32.806 12320 12510 D SGM:SystemHelper: callReleaseBlock needReleaseBlock:false
03-15 13:56:32.806 12320 12347 I WindowManager: Cancelling animation restarting=true, leash=Surface(name=Surface(name=2aa07a4 StatusBar)/@0x2227e1b - animation-leash of insets_animation)/@0xed050ed
03-15 13:56:32.806 12320 12347 I WindowManager: Reparenting to original parent: Surface(name=WindowToken{df48736 type=2000 android.os.BinderProxy@5f2a3f8})/@0xefe1bb8, destroy=false, surface=Surface(name=2aa07a4 StatusBar)/@0x2227e1b
03-15 13:56:32.806 12320 12347 I WindowManager: Reparenting to leash, surface=Surface(name=2aa07a4 StatusBar)/@0x2227e1b, leashParent=Surface(name=WindowToken{df48736 type=2000 android.os.BinderProxy@5f2a3f8})/@0xefe1bb8
03-15 13:56:32.807 12320 12347 D WindowManager: makeSurface duration=0 leash=Surface(name=Surface(name=2aa07a4 StatusBar)/@0x2227e1b - animation-leash of insets_animation)/@0x90c9bc6
03-15 13:56:32.807 12320 12347 D InsetsSourceProvider: updateControlForTarget: control=InsetsSourceControl: {5cf20000 mType=statusBars initiallyVisible mSurfacePosition=Point(0, 0) mInsetsHint=Insets{left=0, top=80, right=0, bottom=0}}, target=Window{3df34fd u0 com.sec.android.app.launcher/com.sec.android.app.launcher.activities.LauncherActivity}, from=com.android.server.wm.InsetsStateController.onControlTargetChanged:83 com.android.server.wm.InsetsPolicy.updateBarControlTarget:212 com.android.server.wm.DisplayPolicy.updateSystemBarAttributes:262 com.android.server.wm.WindowManagerService.updateFocusedWindowLocked:372 com.android.server.wm.ActivityTaskManagerService.setLastResumedActivityUncheckLocked:264 
03-15 13:56:32.807 12320 12347 D WindowManager: updateSystemBarAttributes: displayId=0, focusedCanBeNavColorWin=false, win=Window{3df34fd u0 com.sec.android.app.launcher/com.sec.android.app.launcher.activities.LauncherActivity}, navColorWin=Window{b7b0b62 u0 com.example.kutuphane/com.example.kutuphane.kitapekle}, caller=com.android.server.wm.WindowManagerService.updateFocusedWindowLocked:372 com.android.server.wm.ActivityTaskManagerService.setLastResumedActivityUncheckLocked:264 com.android.server.wm.ActivityTaskManagerService.setFocusedTask:19 
03-15 13:56:32.808 12320 12347 D WindowManager: updateSystemBarAttributes, bhv=2, apr=16, statusBarAprRegions=[AppearanceRegion{ bounds=[0,0][1080,2340]}], requestedVisibilities=-9
03-15 13:56:32.808 12320 12347 V SystemKeyManager: updateFocusedWindow() is called, com.sec.android.app.launcher/com.sec.android.app.launcher.activities.LauncherActivity
03-15 13:56:32.808 12320 12505 V InputMethodManagerService: IME window vis: 0 active: 0 visible: 0 displayId: 0
03-15 13:56:32.808 12320 12505 D InputMethodManagerService: isImeSwitcherDisabledPackage : false
03-15 13:56:32.826 12320 12505 V InputMethodManagerService: IME window vis: 0 active: 0 visible: 0 displayId: 0
03-15 13:56:32.826 12320 12505 D InputMethodManagerService: isImeSwitcherDisabledPackage : false
03-15 13:56:32.855 12320 12345 I ActivityManager: Changes in 90001 17 to 17, 128 to 0
03-15 13:56:32.855 12320 12345 I ActivityManager: Changes in 90000 11 to 17, 128 to 0
03-15 13:56:32.855 12320 12345 I ActivityManager: Changes in 10304 11 to 16, 128 to 0
03-15 13:56:32.858 12320 12364 I ActivityManager: Changes in 90001 17 to 17, 0 to 128
03-15 13:56:32.859 12320 12364 I ActivityManager: Changes in 90000 17 to 11, 0 to 128
03-15 13:56:32.859 12320 12364 I ActivityManager: Changes in 10304 16 to 11, 0 to 128
03-15 13:56:32.867 12320 12505 E HandwritingModeController: Cannot get requestId: Handwriting was not initialized.
03-15 13:56:32.869 12320 12354 D WindowManager: updateSystemBarAttributes: displayId=0, focusedCanBeNavColorWin=false, win=Window{3df34fd u0 com.sec.android.app.launcher/com.sec.android.app.launcher.activities.LauncherActivity}, navColorWin=Window{3df34fd u0 com.sec.android.app.launcher/com.sec.android.app.launcher.activities.LauncherActivity}, caller=com.android.server.wm.DisplayPolicy.finishPostLayoutPolicyLw:17 com.android.server.wm.RootWindowContainer.applySurfaceChangesTransaction$1:195 com.android.server.wm.RootWindowContainer.performSurfacePlacementNoTrace:59 
03-15 13:56:32.869 12320 12354 D WindowManager: updateSystemBarAttributes, bhv=2, apr=0, statusBarAprRegions=[AppearanceRegion{ bounds=[0,0][1080,2340]}], requestedVisibilities=-9
03-15 13:56:32.871 12320 12505 V InputMethodManagerService: IME window vis: 0 active: 0 visible: 0 displayId: 0
03-15 13:56:32.871 12320 12505 D InputMethodManagerService: isImeSwitcherDisabledPackage : false
03-15 13:56:32.905 12320 12584 D MdnieScenarioControlService:  packageName : com.sec.android.app.launcher    className : com.sec.android.app.launcher.Launcher
03-15 13:56:32.906 12320 12584 V MdnieScenarioControlService: setUIMode from UI function(3)
03-15 13:56:33.000 12320 12902 D VibratorManagerService: converted usage = TOUCH(18)
03-15 13:56:33.000 12320 12902 D VibratorManagerService: vibrate - uid: 10135, opPkg: com.sec.android.app.launcher, effect: Mono{mEffect=Composed{segments=[SemHaptic{mType=50124, mMagnitude=-1}], repeat=-1, mMagnitudeType=TYPE_TOUCH}}, attrs: VibrationAttributes{mUsage=TOUCH, mAudioUsage= USAGE_UNKNOWN, mFlags=0, tags=}, reason: null, token: android.os.BinderProxy@f01b2dd
03-15 13:56:33.000 12320 12902 D VibratorManagerService: magnitude value is under 0
03-15 13:56:33.000 12320 12902 D SingleVibrationSession: semDcVibrate : EFFECT_CLICK_RESERVED_DC(100), repeat: -1, usage: TOUCH(18), magnitude: 0
03-15 13:56:33.001 12320 12902 D VibratorManagerService: Vibration was not generated normally.
03-15 13:56:33.002 12320 12345 D WindowManager: applyWithNextDraw, mSyncSeqId=40, win=Window{7e3512b u0 RecentsTransitionOverlay}, caller=com.android.server.wm.WindowState.applyWithNextDraw:131 com.android.server.wm.WindowState.updateSurfacePosition:302 com.android.server.wm.RootWindowContainer.performSurfacePlacementNoTrace:145 com.android.server.wm.WindowSurfacePlacer.performSurfacePlacement:166 com.android.server.wm.WindowManagerService.relayoutWindow:1198 com.android.server.wm.Session.relayout:27 
03-15 13:56:33.004 12320 12505 V InputMethodManagerService: IME window vis: 0 active: 0 visible: 0 displayId: 0
03-15 13:56:33.004 12320 12505 D InputMethodManagerService: isImeSwitcherDisabledPackage : false
03-15 13:56:33.007 12320 12584 V MdnieScenarioControlService: mAclOffEnabled : false
03-15 13:56:33.014 12320 12485 D PowerManagerService: [api] userActivityFromNative : touch displayId=0 eventTime=117277443
03-15 13:56:33.019 12320 12902 D WindowManager: finishDrawingWindow: Window{7e3512b u0 RecentsTransitionOverlay} mDrawState=HAS_DRAWN seqId=40
03-15 13:56:33.019 12320 12902 D WindowManager: finishDrawingWindow: syncBuffer=syncBuffer_VRI[RecentsTransitionOverlay]@1970a2a#12_seqId<40>
03-15 13:56:33.019 12320 12902 D WindowManager: executeDrawHandlers, seqId=40, h.mSeqId=40, hadHandlers=true, win=Window{7e3512b u0 RecentsTransitionOverlay}
03-15 13:56:33.019 12320 12902 D WindowManager: finishDrawing, postDrawTransaction=syncBuffer_VRI[RecentsTransitionOverlay]@1970a2a#12_seqId<40>, syncTransaction=null, pendingTransaction=null, w=Window{7e3512b u0 RecentsTransitionOverlay}
03-15 13:56:33.023 12320 12505 V InputMethodManagerService: IME window vis: 0 active: 0 visible: 0 displayId: 0
03-15 13:56:33.023 12320 12505 D InputMethodManagerService: isImeSwitcherDisabledPackage : false
03-15 13:56:33.028 12320 12505 V InputMethodManagerService: IME window vis: 0 active: 0 visible: 0 displayId: 0
03-15 13:56:33.028 12320 12505 D InputMethodManagerService: isImeSwitcherDisabledPackage : false
03-15 13:56:33.037 12320 12345 D WindowManager: finishDrawingWindow: Window{7e3512b u0 RecentsTransitionOverlay} mDrawState=HAS_DRAWN seqId=40
03-15 13:56:33.040 12320 12505 V InputMethodManagerService: IME window vis: 0 active: 0 visible: 0 displayId: 0
03-15 13:56:33.040 12320 12505 D InputMethodManagerService: isImeSwitcherDisabledPackage : false
03-15 13:56:33.310 12320 26223 D TspStateManager: wrote command: cmd=1,45,7,24,702, type=1
03-15 13:56:33.310 12320 26222 D TspStateManager: wrote command: cmd=0, type=5
03-15 13:56:33.348 12320 12505 V InputMethodManagerService: IME window vis: 0 active: 0 visible: 0 displayId: 0
03-15 13:56:33.348 12320 12505 D InputMethodManagerService: isImeSwitcherDisabledPackage : false
03-15 13:56:33.534 12320 13885 D FreecessHandler: freeze com.instagram.android(10304) result : 33
03-15 13:56:33.543 12320 12902 I WindowManager: Cancelling animation restarting=false, leash=Surface(name=Surface(name=RemoteWallpaperAnim:1:1)/@0xd50ed48 - animation-leash of remote_wallpaper)/@0x59e8bc0
03-15 13:56:33.543 12320 12902 I WindowManager: Reparenting to original parent: Surface(name=OneHanded:0:14)/@0x17127e1, destroy=false, surface=Surface(name=RemoteWallpaperAnim:1:1)/@0xd50ed48
03-15 13:56:33.544 12320 12902 D WindowManager: mRunner#onAnimationCancelled, leash=Surface(name=Surface(name=RemoteWallpaperAnim:1:1)/@0xd50ed48 - animation-leash of remote_wallpaper)/@0x59e8bc0, caller=com.android.server.wm.SurfaceAnimator.cancelAnimation:14 com.android.server.wm.SurfaceAnimator.cancelAnimation:1 com.android.server.wm.WindowContainer.cancelAnimation:3 com.android.server.wm.WindowManagerService.finishRemoteWallpaperAnimation:81 android.view.IWindowManager$Stub.onTransact:4336 
03-15 13:56:33.544 12320 12902 D WindowManager: finishRemoteWallpaperAnimation, success=true
03-15 13:56:33.600 12320 12347 D ActivityTaskManager: startActivityAsUser: callingPid=13277, callingUid=10135, caller=com.android.server.wm.ActivityTaskManagerService.startActivity:123 android.app.IActivityTaskManager$Stub.onTransact:1493 com.android.server.wm.ActivityTaskManagerService.onTransact:1 android.os.Binder.execTransactInternal:1457 android.os.Binder.execTransact:1401 <bottom of call stack> <bottom of call stack> 
03-15 13:56:33.601 12320 12347 D ActivityTaskManager: DesktopModeLaunchParamsModifier: task=null activity=null task null, skipping
03-15 13:56:33.601 12320 12347 D ActivityTaskManager: TaskLaunchParamsModifier:task=null activity=null display-area-from-source=DefaultTaskDisplayArea_d0@21689571 display-id=0 task-display-area-windowing-mode=1 suggested-display-area=DefaultTaskDisplayArea_d0@21689571
03-15 13:56:33.601 12320 12347 W OptProp : Cannot read opt property android.window.PROPERTY_COMPAT_ALLOW_RESIZEABLE_ACTIVITY_OVERRIDES
03-15 13:56:33.602 12320 12347 W OptProp : Cannot read opt property android.window.PROPERTY_COMPAT_ALLOW_MIN_ASPECT_RATIO_OVERRIDE
03-15 13:56:33.602 12320 12347 D WindowManager: Transition is created, t=TransitionRecord{46b9fd9 id=-1 type=OPEN flags=0x0}, caller=com.android.server.wm.Transition.<init>:182 com.android.server.wm.TransitionController.createAndStartCollecting:106 com.android.server.wm.ActivityStarter.executeRequest:3606 com.android.server.wm.ActivityStarter.execute:1752 com.android.server.wm.ActivityTaskManagerService.startActivityAsUser:95 
03-15 13:56:33.602 12320 12347 D BLASTSyncEngine: SyncGroup is created, id=283, name=Transition-OPEN, caller=com.android.server.wm.BLASTSyncEngine$SyncGroup.<init>:52 com.android.server.wm.TransitionController.moveToCollecting:79 com.android.server.wm.TransitionController.createAndStartCollecting:109 com.android.server.wm.ActivityStarter.executeRequest:3606 com.android.server.wm.ActivityStarter.execute:1752 com.android.server.wm.ActivityTaskManagerService.startActivityAsUser:95 com.android.server.wm.ActivityTaskManagerService.startActivity:123 
03-15 13:56:33.602 12320 12347 W BLASTSyncEngine: setSyncMethod, id=283, method=0, caller=com.android.server.wm.TransitionController.moveToCollecting:91 com.android.server.wm.TransitionController.createAndStartCollecting:109 com.android.server.wm.ActivityStarter.executeRequest:3606 
03-15 13:56:33.603 12320 12347 V WindowManager: Start collecting in Transition: TransitionRecord{46b9fd9 id=283 type=OPEN flags=0x0}, caller=com.android.server.wm.TransitionController.createAndStartCollecting:109 com.android.server.wm.ActivityStarter.executeRequest:3606 com.android.server.wm.ActivityStarter.execute:1752 com.android.server.wm.ActivityTaskManagerService.startActivityAsUser:95 com.android.server.wm.ActivityTaskManagerService.startActivity:123 
03-15 13:56:33.603 12320 12347 V WindowManager: Collecting in transition 283: ActivityRecord{123559326 u0 com.sec.android.app.launcher/com.android.quickstep.RecentsActivity, caller=com.android.server.wm.TransitionController.collect:7 com.android.server.wm.ActivityStarter.startActivityUnchecked:98 com.android.server.wm.ActivityStarter.executeRequest:3651 com.android.server.wm.ActivityStarter.execute:1752 com.android.server.wm.ActivityTaskManagerService.startActivityAsUser:95 
03-15 13:56:33.603 12320 12347 D ActivityTaskManager: DesktopModeLaunchParamsModifier: task=null activity=ActivityRecord{123559326 u0 com.sec.android.app.launcher/com.android.quickstep.RecentsActivity t-1} task null, skipping
03-15 13:56:33.603 12320 12347 D ActivityTaskManager: TaskLaunchParamsModifier:task=null activity=ActivityRecord{123559326 u0 com.sec.android.app.launcher/com.android.quickstep.RecentsActivity t-1} display-area-from-source=DefaultTaskDisplayArea_d0@21689571 display-id=0 task-display-area-windowing-mode=1 suggested-display-area=DefaultTaskDisplayArea_d0@21689571
03-15 13:56:33.603 12320 12347 D ActivityTaskManager: DesktopModeLaunchParamsModifier: task=Task{cbde905 #596 type=recents I=com.sec.android.app.launcher/com.android.quickstep.RecentsActivity} activity=ActivityRecord{123559326 u0 com.sec.android.app.launcher/com.android.quickstep.RecentsActivity t-1} non-desktop, skipping
03-15 13:56:33.603 12320 12347 D ActivityTaskManager: TaskLaunchParamsModifier:task=Task{cbde905 #596 type=recents I=com.sec.android.app.launcher/com.android.quickstep.RecentsActivity} activity=ActivityRecord{123559326 u0 com.sec.android.app.launcher/com.android.quickstep.RecentsActivity t-1} display-area-from-source=DefaultTaskDisplayArea_d0@21689571 display-id=0 task-display-area-windowing-mode=1 suggested-display-area=DefaultTaskDisplayArea_d0@21689571 inherit-from-source=fullscreen non-freeform-task-display-area display-area=DefaultTaskDisplayArea_d0@21689571 default-portrait freeform-size-mismatch=Rect(81, 605 - 999, 1775)
03-15 13:56:33.603 12320 12347 D ActivityManagerPerformance: AMP_acquire() ACT_START
03-15 13:56:33.604 12320 12347 D ActivityTaskManager: DesktopModeLaunchParamsModifier: task=Task{cbde905 #596 type=recents I=com.sec.android.app.launcher/com.android.quickstep.RecentsActivity} activity=ActivityRecord{123559326 u0 com.sec.android.app.launcher/com.android.quickstep.RecentsActivity t-1} non-desktop, skipping
