03-15 13:57:33.534 12320 14060 D WindowManager: makeSurface duration=1 leash=Surface(name=Surface(name=2aa07a4 StatusBar)/@0x2227e1b - animation-leash of insets_animation)/@0xd8bbfa2
03-15 13:57:33.534 12320 14060 D InsetsSourceProvider: updateControlForTarget: control=InsetsSourceControl: {5cf20000 mType=statusBars initiallyVisible mSurfacePosition=Point(0, 0) mInsetsHint=Insets{left=0, top=80, right=0, bottom=0}}, target=Window{4f001df u0 com.example.kutuphane/com.example.kutuphane.goster}, from=com.android.server.wm.InsetsStateController.onControlTargetChanged:83 com.android.server.wm.InsetsPolicy.updateBarControlTarget:212 com.android.server.wm.DisplayPolicy.updateSystemBarAttributes:262 com.android.server.wm.WindowManagerService.updateFocusedWindowLocked:372 com.android.server.wm.WindowManagerService.relayoutWindow:1350 
03-15 13:57:33.534 12320 14060 I WindowManager: Cancelling animation restarting=true, leash=Surface(name=Surface(name=3c1eb49 NavigationBar0)/@0x13224f6 - animation-leash of insets_animation)/@0xe80d4fd
03-15 13:57:33.534 12320 14060 I WindowManager: Reparenting to original parent: Surface(name=WindowToken{b67d50 type=2019 android.os.BinderProxy@b916202})/@0x5e0e0f7, destroy=false, surface=Surface(name=3c1eb49 NavigationBar0)/@0x13224f6
03-15 13:57:33.534 12320 14060 I WindowManager: Reparenting to leash, surface=Surface(name=3c1eb49 NavigationBar0)/@0x13224f6, leashParent=Surface(name=WindowToken{b67d50 type=2019 android.os.BinderProxy@b916202})/@0x5e0e0f7
03-15 13:57:33.535 12320 14060 D WindowManager: makeSurface duration=0 leash=Surface(name=Surface(name=3c1eb49 NavigationBar0)/@0x13224f6 - animation-leash of insets_animation)/@0xbf923f0
03-15 13:57:33.535 12320 14060 D InsetsSourceProvider: updateControlForTarget: control=InsetsSourceControl: {c4460001 mType=navigationBars initiallyVisible mSurfacePosition=Point(0, 2214) mInsetsHint=Insets{left=0, top=0, right=0, bottom=39}}, target=Window{4f001df u0 com.example.kutuphane/com.example.kutuphane.goster}, from=com.android.server.wm.InsetsStateController.onControlTargetChanged:83 com.android.server.wm.InsetsPolicy.updateBarControlTarget:225 com.android.server.wm.DisplayPolicy.updateSystemBarAttributes:262 com.android.server.wm.WindowManagerService.updateFocusedWindowLocked:372 com.android.server.wm.WindowManagerService.relayoutWindow:1350 
03-15 13:57:33.535 12320 14060 V SystemKeyManager: updateFocusedWindow() is called, com.example.kutuphane/com.example.kutuphane.goster
03-15 13:57:33.548 12320 14060 D WindowManager: finishDrawingWindow: Window{4f001df u0 com.example.kutuphane/com.example.kutuphane.goster} mDrawState=DRAW_PENDING seqId=0
03-15 13:57:33.549 12320 12354 V WindowManager: SyncGroup 299: Finished!
03-15 13:57:33.550 12320 12354 D ActivityManagerPerformance: AMP_release() ACT_RESUME
03-15 13:57:33.550 12320 12354 V WindowManager: performShowLocked: mDrawState=HAS_DRAWN in Window{4f001df u0 com.example.kutuphane/com.example.kutuphane.goster}
03-15 13:57:33.550 12320 12354 D ChangeTransitionController: onTransactionReady: TransitionRecord{e885384 id=299 type=CLOSE flags=0x0 c=[
03-15 13:57:33.550 12320 12354 D ChangeTransitionController:    ChangeInfo{da79d69 container=DefaultTaskDisplayArea_d0@21689571 flags=0x0}
03-15 13:57:33.550 12320 12354 D ChangeTransitionController:    ChangeInfo{a8a33ee container=ActivityRecord{79832981 u0 com.example.kutuphane/.kitapIslemleri t609 f}} flags=0x0}
03-15 13:57:33.550 12320 12354 D ChangeTransitionController:    ChangeInfo{bed08f container=Task{5ede90c #609 type=standard A=10286:com.example.kutuphane} flags=0x0}
03-15 13:57:33.550 12320 12354 D ChangeTransitionController:    ChangeInfo{2648f1c container=ActivityRecord{131888336 u0 com.example.kutuphane/.goster t609} flags=0x0}
03-15 13:57:33.550 12320 12354 D ChangeTransitionController:    ChangeInfo{413a725 container=Display{#0 state=ON size=1080x2340 ROTATION_0} flags=0x0}
03-15 13:57:33.550 12320 12354 D ChangeTransitionController: ]
03-15 13:57:33.550 12320 12354 D ChangeTransitionController: }
03-15 13:57:33.550 12320 12354 V WindowManager: Start calculating TransitionInfo based on participants: {ActivityRecord{79832981 u0 com.example.kutuphane/.kitapIslemleri t609 f}}, ActivityRecord{131888336 u0 com.example.kutuphane/.goster t609}}
03-15 13:57:33.550 12320 12354 V WindowManager:   Final targets: [ChangeInfo{a8a33ee container=ActivityRecord{79832981 u0 com.example.kutuphane/.kitapIslemleri t609 f}} flags=0x0}, ChangeInfo{2648f1c container=ActivityRecord{131888336 u0 com.example.kutuphane/.goster t609} flags=0x0}]
03-15 13:57:33.554 12320 12354 V WindowManager: Calling onTransitionReady: {id=299 t=CLOSE f=0x0 trk=0 r=[0@Point(0, 0)] c=[
03-15 13:57:33.554 12320 12354 V WindowManager:         {m=CLOSE f=FILLS_TASK|IS_ACTIVITY leash=Surface(name=ActivityRecord{79832981 u0 com.example.kutuphane/.kitapIslemleri t609})/@0xcfd2005 sb=Rect(0, 0 - 1080, 2340) eb=Rect(0, 0 - 1080, 2340) epz=Point(1080, 2340) d=0 bc=fffafafa component=com.example.kutuphane/.kitapIslemleri opt={t=FROM_STYLE mUserId=0} inset=Rect(0, 0 - 0, 0) dim=true taskIdForActivity=609},
03-15 13:57:33.554 12320 12354 V WindowManager:         {m=TO_FRONT f=FILLS_TASK|IS_ACTIVITY leash=Surface(name=ActivityRecord{131888336 u0 com.example.kutuphane/.goster t609})/@0x46cd6c4 sb=Rect(0, 0 - 1080, 2340) eb=Rect(0, 0 - 1080, 2340) epz=Point(1080, 2340) d=0 bc=fffafafa component=com.example.kutuphane/.goster opt={t=FROM_STYLE mUserId=0} inset=Rect(0, 0 - 0, 0) taskIdForActivity=609}
03-15 13:57:33.554 12320 12354 V WindowManager:     ]}
03-15 13:57:33.557 12320 12350 V WindowManager: Sent Transition (#299) createdAt=03-15 13:57:33.505 via request=TransitionRequestInfo { type = CLOSE, triggerTask = null, pipChange = null, remoteTransition = null, displayChange = null, flags = 0, debugId = 299 }
03-15 13:57:33.557 12320 12350 V WindowManager:     startWCT=WindowContainerTransaction { changes= {} hops= [] errorCallbackToken=null taskFragmentOrganizer=null }
03-15 13:57:33.557 12320 12350 V WindowManager:     info={id=299 t=CLOSE f=0x0 trk=0 r=[0@Point(0, 0)] c=[
03-15 13:57:33.557 12320 12350 V WindowManager:         {m=CLOSE f=FILLS_TASK|IS_ACTIVITY leash=Surface(name=ActivityRecord{79832981 u0 com.example.kutuphane/.kitapIslemleri t609})/@0xcfd2005 sb=Rect(0, 0 - 1080, 2340) eb=Rect(0, 0 - 1080, 2340) epz=Point(1080, 2340) d=0 bc=fffafafa component=com.example.kutuphane/.kitapIslemleri opt={t=FROM_STYLE mUserId=0} inset=Rect(0, 0 - 0, 0) dim=true taskIdForActivity=609},
03-15 13:57:33.557 12320 12350 V WindowManager:         {m=TO_FRONT f=FILLS_TASK|IS_ACTIVITY leash=Surface(name=ActivityRecord{131888336 u0 com.example.kutuphane/.goster t609})/@0x46cd6c4 sb=Rect(0, 0 - 1080, 2340) eb=Rect(0, 0 - 1080, 2340) epz=Point(1080, 2340) d=0 bc=fffafafa component=com.example.kutuphane/.goster opt={t=FROM_STYLE mUserId=0} inset=Rect(0, 0 - 0, 0) taskIdForActivity=609}
03-15 13:57:33.557 12320 12350 V WindowManager:     ]}
03-15 13:57:33.557 12757 12916 V WindowManagerShell: onTransitionReady(transaction=52913997109212)
03-15 13:57:33.558 12757 12829 V WindowManagerShell: onTransitionReady (#299) android.os.BinderProxy@ebc2c6e: {id=299 t=CLOSE f=0x0 trk=0 r=[0@Point(0, 0)] c=[
03-15 13:57:33.558 12757 12829 V WindowManagerShell:         {m=CLOSE f=FILLS_TASK|IS_ACTIVITY leash=Surface(name=ActivityRecord{79832981 u0 com.example.kutuphane/.kitapIslemleri t609})/@0x6bc9f0f sb=Rect(0, 0 - 1080, 2340) eb=Rect(0, 0 - 1080, 2340) epz=Point(1080, 2340) d=0 bc=fffafafa component=com.example.kutuphane/.kitapIslemleri opt={t=FROM_STYLE mUserId=0} inset=Rect(0, 0 - 0, 0) dim=true taskIdForActivity=609},
03-15 13:57:33.558 12757 12829 V WindowManagerShell:         {m=TO_FRONT f=FILLS_TASK|IS_ACTIVITY leash=Surface(name=ActivityRecord{131888336 u0 com.example.kutuphane/.goster t609})/@0xb607b9c sb=Rect(0, 0 - 1080, 2340) eb=Rect(0, 0 - 1080, 2340) epz=Point(1080, 2340) d=0 bc=fffafafa component=com.example.kutuphane/.goster opt={t=FROM_STYLE mUserId=0} inset=Rect(0, 0 - 0, 0) taskIdForActivity=609}
03-15 13:57:33.558 12757 12829 V WindowManagerShell:     ]}
03-15 13:57:33.558 12757 12829 V ShellDesktopMode: DesktopModeLogger: taskInfo map after processing changes 0
03-15 13:57:33.560 12757 12829 V WindowManagerShell: Playing animation for (#299) android.os.BinderProxy@ebc2c6e@0
03-15 13:57:33.560 12757 12829 V ShellRecents: RecentsTransitionHandler.startAnimation: no controller found
03-15 13:57:33.561 12757 12829 V ShellDesktopMode: DesktopMixedTransitionHandler: No pending desktop transition
03-15 13:57:33.561 12757 12829 V WindowManagerShell: Transition doesn't have explicit remote, search filters for match for {id=299 t=CLOSE f=0x0 trk=0 r=[0@Point(0, 0)] c=[{m=CLOSE f=FILLS_TASK|IS_ACTIVITY leash=Surface(name=ActivityRecord{79832981 u0 com.example.kutuphane/.kitapIslemleri t609})/@0x6bc9f0f sb=Rect(0, 0 - 1080, 2340) eb=Rect(0, 0 - 1080, 2340) epz=Point(1080, 2340) d=0 bc=fffafafa component=com.example.kutuphane/.kitapIslemleri opt={t=FROM_STYLE mUserId=0} inset=Rect(0, 0 - 0, 0) dim=true taskIdForActivity=609},{m=TO_FRONT f=FILLS_TASK|IS_ACTIVITY leash=Surface(name=ActivityRecord{131888336 u0 com.example.kutuphane/.goster t609})/@0xb607b9c sb=Rect(0, 0 - 1080, 2340) eb=Rect(0, 0 - 1080, 2340) epz=Point(1080, 2340) d=0 bc=fffafafa component=com.example.kutuphane/.goster opt={t=FROM_STYLE mUserId=0} inset=Rect(0, 0 - 0, 0) taskIdForActivity=609}]}
03-15 13:57:33.561 12757 12829 V WindowManagerShell:  Checking filter Pair{{types=[] flags=0x0] notFlags=0x100 checks=[{atype=home independent=true modes=[OPEN,TO_FRONT] flags=NONE mustBeTask=false order=TOP topActivity=ComponentInfo{com.sec.android.app.launcher/com.sec.android.app.launcher.Launcher} launchCookie=null windowingMode=undefined},{atype=recents independent=true modes=[CLOSE,TO_BACK] flags=NONE mustBeTask=false order=ANY topActivity=null launchCookie=null windowingMode=undefined}]} RemoteTransition { remoteTransition = android.window.IRemoteTransition$Stub$Proxy@d71411a, appThread = android.app.IApplicationThread$Stub$Proxy@f2ad44b, debugName = QuickstepLaunchHomeFromRecentsflags =NONE }}
03-15 13:57:33.561 12757 12829 V WindowManagerShell:  Checking filter Pair{{types=[] flags=0x0] notFlags=0x100 checks=[{atype=home independent=true modes=[OPEN,TO_FRONT] flags=NONE mustBeTask=false order=TOP topActivity=ComponentInfo{com.sec.android.app.launcher/com.sec.android.app.launcher.Launcher} launchCookie=null windowingMode=undefined},{atype=standard independent=true modes=[CLOSE,TO_BACK] flags=NONE mustBeTask=false order=ANY topActivity=null launchCookie=null windowingMode=undefined}]} RemoteTransition { remoteTransition = android.window.IRemoteTransition$Stub$Proxy@78edc0c, appThread = android.app.IApplicationThread$Stub$Proxy@c278955, debugName = QuickstepLaunchHomeflags =NONE }}
03-15 13:57:33.561 12757 12829 V WindowManagerShell:  Delegate animation for (#299) to null
03-15 13:57:33.562 12757 12829 V WindowManagerShell: start default transition animation, info = {id=299 t=CLOSE f=0x0 trk=0 r=[0@Point(0, 0)] c=[{m=CLOSE f=FILLS_TASK|IS_ACTIVITY leash=Surface(name=ActivityRecord{79832981 u0 com.example.kutuphane/.kitapIslemleri t609})/@0x6bc9f0f sb=Rect(0, 0 - 1080, 2340) eb=Rect(0, 0 - 1080, 2340) epz=Point(1080, 2340) d=0 bc=fffafafa component=com.example.kutuphane/.kitapIslemleri opt={t=FROM_STYLE mUserId=0} inset=Rect(0, 0 - 0, 0) dim=true taskIdForActivity=609},{m=TO_FRONT f=FILLS_TASK|IS_ACTIVITY leash=Surface(name=ActivityRecord{131888336 u0 com.example.kutuphane/.goster t609})/@0xb607b9c sb=Rect(0, 0 - 1080, 2340) eb=Rect(0, 0 - 1080, 2340) epz=Point(1080, 2340) d=0 bc=fffafafa component=com.example.kutuphane/.goster opt={t=FROM_STYLE mUserId=0} inset=Rect(0, 0 - 0, 0) taskIdForActivity=609}]}
03-15 13:57:33.563 12757 12829 V WindowManagerShell: loadAnimation: anim=android.view.animation.AnimationSet@2c7b588 animAttr=0x6 type=CLOSE isEntrance=true
03-15 13:57:33.563 12757 12829 V WindowManagerShell:    wallpaperTransit=WALLPAPER_NONE translucent=false
03-15 13:57:33.563 12757 12829 V WindowManagerShell:    change={m=TO_FRONT f=FILLS_TASK|IS_ACTIVITY leash=Surface(name=ActivityRecord{131888336 u0 com.example.kutuphane/.goster t609})/@0xb607b9c sb=Rect(0, 0 - 1080, 2340) eb=Rect(0, 0 - 1080, 2340) epz=Point(1080, 2340) d=0 bc=fffafafa component=com.example.kutuphane/.goster opt={t=FROM_STYLE mUserId=0} inset=Rect(0, 0 - 0, 0) taskIdForActivity=609}
03-15 13:57:33.564 12757 12829 V WindowManagerShell: loadAnimation: anim=android.view.animation.AnimationSet@787eb21 animAttr=0x7 type=CLOSE isEntrance=false
03-15 13:57:33.564 12757 12829 V WindowManagerShell:    wallpaperTransit=WALLPAPER_NONE translucent=false
03-15 13:57:33.564 12757 12829 V WindowManagerShell:    change={m=CLOSE f=FILLS_TASK|IS_ACTIVITY leash=Surface(name=ActivityRecord{79832981 u0 com.example.kutuphane/.kitapIslemleri t609})/@0x6bc9f0f sb=Rect(0, 0 - 1080, 2340) eb=Rect(0, 0 - 1080, 2340) epz=Point(1080, 2340) d=0 bc=fffafafa component=com.example.kutuphane/.kitapIslemleri opt={t=FROM_STYLE mUserId=0} inset=Rect(0, 0 - 0, 0) dim=true taskIdForActivity=609}
03-15 13:57:33.567 12757 12829 V WindowManagerShell: attach dim transition, change={m=CLOSE f=FILLS_TASK|IS_ACTIVITY leash=Surface(name=ActivityRecord{79832981 u0 com.example.kutuphane/.kitapIslemleri t609})/@0x6bc9f0f sb=Rect(0, 0 - 1080, 2340) eb=Rect(0, 0 - 1080, 2340) epz=Point(1080, 2340) d=0 bc=fffafafa component=com.example.kutuphane/.kitapIslemleri opt={t=FROM_STYLE mUserId=0} inset=Rect(0, 0 - 0, 0) dim=true taskIdForActivity=609}
03-15 13:57:33.568 12757 12829 V WindowManagerShell:  animated by com.android.wm.shell.transition.DefaultTransitionHandler@6f0cbd8
03-15 13:57:33.581 12320 12505 V InputMethodManagerService: startInputOrWindowGainedFocusInternalLocked: reason=WINDOW_FOCUS_GAIN client=android.os.BinderProxy@9159e84 inputContext=null editorInfo=android.view.inputmethod.EditorInfo@1e1e6ab startInputFlags=VIEW_HAS_FOCUS|INITIAL_CONNECTION softInputMode=STATE_UNSPECIFIED|ADJUST_PAN windowFlags=#81810100 unverifiedTargetSdkVersion=31 bindingController=com.android.server.inputmethod.InputMethodBindingController@1cc1bc1 imeDispatcher=android.window.ImeOnBackInvokedDispatcher@4b98108 cs=ClientState{ad93295 mUid=10286 mPid=23334 mSelfReportedDisplayId=0} imeRequestedVisible=false
03-15 13:57:33.581 12320 12505 V InputMethodManagerService: setWindowStateInner, windowToken=android.os.BinderProxy@d07187e, state=ImeTargetWindowState{ imeToken null imeFocusChanged true hasEditorFocused false requestedImeVisible false imeDisplayId 0 softInputModeState STATE_UNSPECIFIED|ADJUST_PAN isStartInputByGainFocus true}
03-15 13:57:33.581 12320 12505 V InputMethodManagerService: Unspecified window will hide input
03-15 13:57:33.582 12320 12505 V InputMethodManagerService: applyImeVisibility state=6
03-15 13:57:33.582 12320 12505 D SemInputMethodManagerServiceUtil: restorePreviousUsedInputMethod : failed to return the previous ime becuase the stored info is null or do not need restore
03-15 13:57:33.582 12320 12505 V InputMethodManagerService: semComputeImeDisplayIdForTarget: displayToShowIme=0
03-15 13:57:33.582 12320 12505 V InputMethodManagerService: Creating new accessibility sessions for client ClientState{ad93295 mUid=10286 mPid=23334 mSelfReportedDisplayId=0}
03-15 13:57:33.583 12320 12505 D InputMethodManagerService: isImeSwitcherDisabledPackage : false
03-15 13:57:33.583 12320 12505 D InputMethodManagerService: checkDisplayOfStartInputAndUpdateKeyboard: displayId=0, mFocusedDisplayId=0
03-15 13:57:33.584 12320 13084 D RestrictionPolicy: isScreenCaptureEnabled : ret=true userId=0
03-15 13:57:33.585 12320 13084 I WindowManager: Cancelling animation restarting=true, leash=Surface(name=Surface(name=b1749ab InputMethod)/@0x6f02ba1 - animation-leash of insets_animation)/@0xa72514a
03-15 13:57:33.585 12320 13084 I WindowManager: Reparenting to original parent: Surface(name=WindowToken{d3fbecc type=2011 android.os.Binder@42f30ff})/@0x113d1c6, destroy=false, surface=Surface(name=b1749ab InputMethod)/@0x6f02ba1
03-15 13:57:33.585 12320 13084 I WindowManager: Reparenting to leash, surface=Surface(name=b1749ab InputMethod)/@0x6f02ba1, leashParent=Surface(name=WindowToken{d3fbecc type=2011 android.os.Binder@42f30ff})/@0x113d1c6
03-15 13:57:33.587 12320 13084 D WindowManager: makeSurface duration=2 leash=Surface(name=Surface(name=b1749ab InputMethod)/@0x6f02ba1 - animation-leash of insets_animation)/@0x3e9a5b4
03-15 13:57:33.588 12320 13084 D InsetsSourceProvider: updateControlForTarget: control=InsetsSourceControl: {3 mType=ime mSurfacePosition=Point(0, 80) mInsetsHint=Insets{left=0, top=0, right=0, bottom=879}}, target=Window{4f001df u0 com.example.kutuphane/com.example.kutuphane.goster}, from=com.android.server.wm.ImeInsetsSourceProvider.updateControlForTarget:17 com.android.server.wm.InsetsStateController.onControlTargetChanged:83 com.android.server.wm.DisplayContent.updateImeControlTarget:21 com.android.server.wm.DisplayContent.updateImeInputAndControlTarget:156 com.android.server.wm.WindowManagerService$LocalService.updateInputMethodTargetWindow:64 
03-15 13:57:33.589 12320 12353 V InputMethodManagerService: Client requesting input be hidden
03-15 13:57:33.589 12320 12353 V InputMethodManagerService: setWindowStateInner, windowToken=android.os.BinderProxy@d07187e, state=ImeTargetWindowState{ imeToken android.os.Binder@475552 imeFocusChanged true hasEditorFocused false requestedImeVisible false imeDisplayId 0 softInputModeState STATE_UNSPECIFIED|ADJUST_PAN isStartInputByGainFocus true}
03-15 13:57:33.589 12320 12353 V InputMethodManagerService: hideCurrentInputLocked : canceled, shouldHideSoftInput=false, mInputShown=false, mImeWindowVis=0
03-15 13:57:33.619 14190 20788 I SDHMS:k : onTaskStackChanged
03-15 13:57:33.658 12320 13885 D FreecessHandler: freeze com.instagram.android(10304) result : 33
03-15 13:57:33.699 12320 13084 I ActivityManager: Changes in 90001 17 to 17, 128 to 0
03-15 13:57:33.699 12320 13084 I ActivityManager: Changes in 90000 11 to 17, 128 to 0
03-15 13:57:33.700 12320 13084 I ActivityManager: Changes in 10304 11 to 16, 128 to 0
03-15 13:57:33.705 12320 12364 I ActivityManager: Changes in 90001 17 to 17, 0 to 128
03-15 13:57:33.706 12320 12364 I ActivityManager: Changes in 90000 17 to 11, 0 to 128
03-15 13:57:33.706 12320 12364 I ActivityManager: Changes in 10304 16 to 11, 0 to 128
03-15 13:57:33.732 12320 13885 D FreecessHandler: freeze com.example.kutuphane(10286) result : 37
03-15 13:57:33.988 12757 12829 V WindowManagerShell: Transition animation finished (aborted=false), notifying core (#299) android.os.BinderProxy@ebc2c6e@0
03-15 13:57:33.991 12320 13084 V WindowManager: Finish Transition: TransitionRecord{e885384 id=299 type=CLOSE flags=0x0 c=[
03-15 13:57:33.991 12320 13084 V WindowManager:    ChangeInfo{da79d69 container=DefaultTaskDisplayArea_d0@21689571 flags=0x0}
03-15 13:57:33.991 12320 13084 V WindowManager:    ChangeInfo{a8a33ee container=ActivityRecord{79832981 u0 com.example.kutuphane/.kitapIslemleri t609 f}} flags=0x0}
03-15 13:57:33.991 12320 13084 V WindowManager:    ChangeInfo{bed08f container=Task{5ede90c #609 type=standard A=10286:com.example.kutuphane} flags=0x0}
03-15 13:57:33.991 12320 13084 V WindowManager:    ChangeInfo{2648f1c container=ActivityRecord{131888336 u0 com.example.kutuphane/.goster t609} flags=0x0}
03-15 13:57:33.991 12320 13084 V WindowManager:    ChangeInfo{413a725 container=Display{#0 state=ON size=1080x2340 ROTATION_0} flags=0x0}
03-15 13:57:33.991 12320 13084 V WindowManager: ]
03-15 13:57:33.991 12320 13084 V WindowManager: }, caller=com.android.server.wm.WindowOrganizerController.finishTransitionInner:31 com.android.server.wm.WindowOrganizerController.finishAllTransitions:60 android.window.IWindowOrganizerController$Stub.onTransact:283 
03-15 13:57:33.993 12320 12350 V WindowManager: Finish Transition (#299): created at 03-15 13:57:33.505 collect-started=0.438ms request-sent=0.741ms started=5.065ms ready=12.894ms sent=48.805ms commit=22.231ms finished=486.32ms
03-15 13:57:33.993 12320 13084 V WindowManager: Setting visibility of Window{140b44d u0 com.example.kutuphane/com.example.kutuphane.kitapIslemleri}: false, caller=com.android.server.wm.WindowContainer.sendAppVisibilityToClients:19 com.android.server.wm.WindowToken.setClientVisible:48 com.android.server.wm.ActivityRecord.commitVisibility:186 com.android.server.wm.TransitionController.finishTransition:846 com.android.server.wm.WindowOrganizerController.finishTransitionInner:31 
03-15 13:57:33.995 12320 13084 D ChangeTransitionController: onTransitionFinished: TransitionRecord{e885384 id=299 type=CLOSE flags=0x0 c=[
03-15 13:57:33.995 12320 13084 D ChangeTransitionController:    ChangeInfo{da79d69 container=DefaultTaskDisplayArea_d0@21689571 flags=0x0}
03-15 13:57:33.995 12320 13084 D ChangeTransitionController:    ChangeInfo{a8a33ee container=ActivityRecord{79832981 u0 com.example.kutuphane/.kitapIslemleri t609 f}} flags=0x0}
03-15 13:57:33.995 12320 13084 D ChangeTransitionController:    ChangeInfo{bed08f container=Task{5ede90c #609 type=standard A=10286:com.example.kutuphane} flags=0x0}
03-15 13:57:33.995 12320 13084 D ChangeTransitionController:    ChangeInfo{2648f1c container=ActivityRecord{131888336 u0 com.example.kutuphane/.goster t609} flags=0x0}
03-15 13:57:33.995 12320 13084 D ChangeTransitionController:    ChangeInfo{413a725 container=Display{#0 state=ON size=1080x2340 ROTATION_0} flags=0x0}
03-15 13:57:33.995 12320 13084 D ChangeTransitionController: ]
03-15 13:57:33.995 12320 13084 D ChangeTransitionController: }
03-15 13:57:33.996 12757 12829 V WindowManagerShell: Track 0 became idle
03-15 13:57:33.996 12757 12829 V WindowManagerShell: All active transition animations finished
03-15 13:57:34.011 12320 13084 D CoreBackPreview: Window{140b44d u0 com.example.kutuphane/com.example.kutuphane.kitapIslemleri}: Setting back callback null
03-15 13:57:34.012 12320 14335 V WindowManager: Remove Window{140b44d u0 com.example.kutuphane/com.example.kutuphane.kitapIslemleri}: mSurfaceControl=Surface(name=com.example.kutuphane/com.example.kutuphane.kitapIslemleri$_23334)/@0xa61749e mAnimatingExit=false mRemoveOnExit=false mHasSurface=true surfaceShowing=false animating=false app-animation=false callers=com.android.server.wm.Session.remove:16 android.view.IWindowSession$Stub.onTransact:804 com.android.server.wm.Session.onTransact:1 android.os.Binder.execTransactInternal:1457 android.os.Binder.execTransact:1401 <bottom of call stack> 
03-15 13:57:34.012 12320 14335 D RestrictionPolicy: isScreenCaptureEnabled : ret=true userId=0
03-15 13:57:34.015 12320 12353 D SGM:FgCheckThread: getForegroundApp(), foregroundPkgName=com.example.kutuphane
03-15 13:57:34.015 12320 12353 D SGM:FgCheckThread: pkgName: com.example.kutuphane is in foreground
03-15 13:57:34.016 12320 12629 D BackgroundInstallControlService: Package event received: 0
03-15 13:57:34.089 12320 12353 D SGM:GameManager: identifyForegroundApp. com.example.kutuphane, mCurrentUserId: 0, callerUserId: 0
03-15 13:57:34.089 12320 12353 D SGM:SemGameManager: isForegroundGame(), ret=false
03-15 13:57:34.713 12320 14060 I ActivityManager: Changes in 90001 17 to 17, 128 to 0
03-15 13:57:34.713 12320 14060 I ActivityManager: Changes in 90000 11 to 17, 128 to 0
03-15 13:57:34.714 12320 14060 I ActivityManager: Changes in 10304 11 to 16, 128 to 0
03-15 13:57:34.720 12320 12364 I ActivityManager: Changes in 90001 17 to 17, 0 to 128
03-15 13:57:34.721 12320 12364 I ActivityManager: Changes in 90000 17 to 11, 0 to 128
03-15 13:57:34.721 12320 12364 I ActivityManager: Changes in 10304 16 to 11, 0 to 128
03-15 13:57:35.031 12320 13885 D FreecessHandler: freeze com.example.kutuphane(10286) result : 12
03-15 13:57:35.601 14190 14190 I SDHMS:LOAD: type: LoadsFreqs, value: 0:0:2:912500:1700000:725000:786999:2000000:500000:101:390:0
03-15 13:57:35.729 12320 14335 I ActivityManager: Changes in 90001 17 to 17, 128 to 0
03-15 13:57:35.729 12320 14335 I ActivityManager: Changes in 90000 11 to 17, 128 to 0
03-15 13:57:35.730 12320 14335 I ActivityManager: Changes in 10304 11 to 16, 128 to 0
03-15 13:57:35.741 12320 12364 I ActivityManager: Changes in 90001 17 to 17, 0 to 128
03-15 13:57:35.742 12320 12364 I ActivityManager: Changes in 90000 17 to 11, 0 to 128
03-15 13:57:35.742 12320 12364 I ActivityManager: Changes in 10304 16 to 11, 0 to 128
03-15 13:57:36.259 12320 14260 E TaskPersister: File error accessing recents directory (directory doesn't exist?).
03-15 13:57:36.437 12320 12410 D PowerManagerService: UserActivityStateListenerState: 0
03-15 13:57:36.648 12320 12356 E Watchdog: !@Sync: 239 heap(MB): 114 / 147 FD: 1138 [2026-03-15 13:57:36.648]
03-15 13:57:36.749 12320 14060 I ActivityManager: Changes in 90001 17 to 17, 128 to 0
03-15 13:57:36.750 12320 14060 I ActivityManager: Changes in 90000 11 to 17, 128 to 0
03-15 13:57:36.751 12320 14060 I ActivityManager: Changes in 10304 11 to 16, 128 to 0
03-15 13:57:36.758 12320 12364 I ActivityManager: Changes in 90001 17 to 17, 0 to 128
03-15 13:57:36.759 12320 12364 I ActivityManager: Changes in 90000 17 to 11, 0 to 128
03-15 13:57:36.759 12320 12364 I ActivityManager: Changes in 10304 16 to 11, 0 to 128
03-15 13:57:37.353 12320 12485 D PowerManagerService: [api] userActivityFromNative : touch displayId=0 eventTime=117341777
03-15 13:57:37.354 12320 12485 D PowerManagerService: UserActivityStateListenerState: 1
03-15 13:57:37.681 12721 12721 I wpa_supplicant: Heartbeat 725
03-15 13:57:37.769 12320 14335 I ActivityManager: Changes in 90001 17 to 17, 128 to 0
03-15 13:57:37.769 12320 14335 I ActivityManager: Changes in 90000 11 to 17, 128 to 0
03-15 13:57:37.769 12320 14335 I ActivityManager: Changes in 10304 11 to 16, 128 to 0
03-15 13:57:37.773 12320 12364 I ActivityManager: Changes in 90001 17 to 17, 0 to 128
03-15 13:57:37.773 12320 12364 I ActivityManager: Changes in 90000 17 to 11, 0 to 128
03-15 13:57:37.773 12320 12364 I ActivityManager: Changes in 10304 16 to 11, 0 to 128
03-15 13:57:38.177   582   582 D io_stats: !@   8,32 r 7529018 164003584 w 5336910 69992368 d 591163 219041500 f 469995 522655 iot 2419244 0 th 0 0 0 pt 0 inp 0 0 117342.607
03-15 13:57:38.178   582   582 D io_stats: !@ Write_top(KB): kworker/u32:8:/(21375) 100 system_server:high(12320) 16
03-15 13:57:38.429 14190 15483 I SDHMS:x : SIOP:: AP:282 BAT:265 USB:262 CHG:275 PA:282 WIFI:279 BLK:0 SUBBAT:0 SKIN:276 SKINF:269 SKINB:276 LRP2:276 LRF2:269 LRB2:276 AP2:276 CHG2:265 MEM2:276 WIFI2:276 SPK2:281 VAP05:285 AVGCUR:-583 POWER:-2362
03-15 13:57:38.781 12320 14299 I ActivityManager: Changes in 90001 17 to 17, 128 to 0
03-15 13:57:38.782 12320 14299 I ActivityManager: Changes in 90000 11 to 17, 128 to 0
03-15 13:57:38.783 12320 14299 I ActivityManager: Changes in 10304 11 to 16, 128 to 0
03-15 13:57:38.792 12320 12364 I ActivityManager: Changes in 90001 17 to 17, 0 to 128
03-15 13:57:38.792 12320 12364 I ActivityManager: Changes in 90000 17 to 11, 0 to 128
03-15 13:57:38.793 12320 12364 I ActivityManager: Changes in 10304 16 to 11, 0 to 128
03-15 13:57:39.677 12320 13885 D FreecessHandler: freeze com.instagram.android(10304) result : 33
03-15 13:57:39.804 12320 14335 I ActivityManager: Changes in 90001 17 to 17, 128 to 0
03-15 13:57:39.804 12320 14335 I ActivityManager: Changes in 90000 11 to 17, 128 to 0
03-15 13:57:39.805 12320 14335 I ActivityManager: Changes in 10304 11 to 16, 128 to 0
03-15 13:57:39.813 12320 12364 I ActivityManager: Changes in 90001 17 to 17, 0 to 128
03-15 13:57:39.814 12320 12364 I ActivityManager: Changes in 90000 17 to 11, 0 to 128
03-15 13:57:39.815 12320 12364 I ActivityManager: Changes in 10304 16 to 11, 0 to 128
03-15 13:57:40.169 12320 12485 D PowerManagerService: [api] userActivityFromNative : touch displayId=0 eventTime=117344596
03-15 13:57:40.241 12320 14335 D ActivityTaskManager: startActivityAsUser: callingPid=23334, callingUid=10286, caller=com.android.server.wm.ActivityTaskManagerService.startActivity:123 android.app.IActivityTaskManager$Stub.onTransact:1493 com.android.server.wm.ActivityTaskManagerService.onTransact:1 android.os.Binder.execTransactInternal:1457 android.os.Binder.execTransact:1401 <bottom of call stack> <bottom of call stack> 
03-15 13:57:40.242 12320 14335 D MARsPolicyManager: cancelDisablePolicy com.example.kutuphane(0) false|32|disablepolicy(8)
03-15 13:57:40.242 12320 14335 D ActivityTaskManager: DesktopModeLaunchParamsModifier: task=null activity=null task null, skipping
03-15 13:57:40.242 12320 14335 D ActivityTaskManager: TaskLaunchParamsModifier:task=null activity=null display-area-from-source=DefaultTaskDisplayArea_d0@21689571 display-id=0 task-display-area-windowing-mode=1 suggested-display-area=DefaultTaskDisplayArea_d0@21689571
03-15 13:57:40.243 12320 14335 W OptProp : Cannot read opt property android.window.PROPERTY_COMPAT_ALLOW_RESIZEABLE_ACTIVITY_OVERRIDES
03-15 13:57:40.243 12320 14335 W OptProp : Cannot read opt property android.window.PROPERTY_COMPAT_ALLOW_MIN_ASPECT_RATIO_OVERRIDE
03-15 13:57:40.243 12320 14335 D WindowManager: Transition is created, t=TransitionRecord{9cc0449 id=-1 type=OPEN flags=0x0}, caller=com.android.server.wm.Transition.<init>:182 com.android.server.wm.TransitionController.createAndStartCollecting:106 com.android.server.wm.ActivityStarter.executeRequest:3606 com.android.server.wm.ActivityStarter.execute:1752 com.android.server.wm.ActivityTaskManagerService.startActivityAsUser:95 
03-15 13:57:40.243 12320 14335 D BLASTSyncEngine: SyncGroup is created, id=300, name=Transition-OPEN, caller=com.android.server.wm.BLASTSyncEngine$SyncGroup.<init>:52 com.android.server.wm.TransitionController.moveToCollecting:79 com.android.server.wm.TransitionController.createAndStartCollecting:109 com.android.server.wm.ActivityStarter.executeRequest:3606 com.android.server.wm.ActivityStarter.execute:1752 com.android.server.wm.ActivityTaskManagerService.startActivityAsUser:95 com.android.server.wm.ActivityTaskManagerService.startActivity:123 
03-15 13:57:40.244 12320 14335 W BLASTSyncEngine: setSyncMethod, id=300, method=0, caller=com.android.server.wm.TransitionController.moveToCollecting:91 com.android.server.wm.TransitionController.createAndStartCollecting:109 com.android.server.wm.ActivityStarter.executeRequest:3606 
03-15 13:57:40.244 12320 14335 V WindowManager: Start collecting in Transition: TransitionRecord{9cc0449 id=300 type=OPEN flags=0x0}, caller=com.android.server.wm.TransitionController.createAndStartCollecting:109 com.android.server.wm.ActivityStarter.executeRequest:3606 com.android.server.wm.ActivityStarter.execute:1752 com.android.server.wm.ActivityTaskManagerService.startActivityAsUser:95 com.android.server.wm.ActivityTaskManagerService.startActivity:123 
03-15 13:57:40.245 12320 14335 V WindowManager: Collecting in transition 300: ActivityRecord{245514574 u0 com.example.kutuphane/.MainActivity, caller=com.android.server.wm.TransitionController.collect:7 com.android.server.wm.ActivityStarter.startActivityUnchecked:98 com.android.server.wm.ActivityStarter.executeRequest:3651 com.android.server.wm.ActivityStarter.execute:1752 com.android.server.wm.ActivityTaskManagerService.startActivityAsUser:95 
03-15 13:57:40.245 12320 14335 D ActivityTaskManager: DesktopModeLaunchParamsModifier: task=null activity=ActivityRecord{245514574 u0 com.example.kutuphane/.MainActivity t-1} task null, skipping
03-15 13:57:40.245 12320 14335 D ActivityTaskManager: TaskLaunchParamsModifier:task=null activity=ActivityRecord{245514574 u0 com.example.kutuphane/.MainActivity t-1} display-area-from-source=DefaultTaskDisplayArea_d0@21689571 display-id=0 task-display-area-windowing-mode=1 suggested-display-area=DefaultTaskDisplayArea_d0@21689571
03-15 13:57:40.245 12320 14335 D ActivityTaskManager: DesktopModeLaunchParamsModifier: task=Task{5ede90c #609 type=standard A=10286:com.example.kutuphane} activity=ActivityRecord{245514574 u0 com.example.kutuphane/.MainActivity t-1} non-desktop, skipping
03-15 13:57:40.245 12320 14335 D ActivityTaskManager: TaskLaunchParamsModifier:task=Task{5ede90c #609 type=standard A=10286:com.example.kutuphane} activity=ActivityRecord{245514574 u0 com.example.kutuphane/.MainActivity t-1} display-area-from-source=DefaultTaskDisplayArea_d0@21689571 display-id=0 task-display-area-windowing-mode=1 suggested-display-area=DefaultTaskDisplayArea_d0@21689571 inherit-from-source=fullscreen non-freeform-task-display-area display-area=DefaultTaskDisplayArea_d0@21689571 default-portrait freeform-size-mismatch=Rect(81, 605 - 999, 1775)
03-15 13:57:40.246 12320 14335 D ActivityManagerPerformance: AMP_acquire() ACT_START
03-15 13:57:40.246 12320 14335 D ActivityTaskManager: DesktopModeLaunchParamsModifier: task=Task{5ede90c #609 type=standard A=10286:com.example.kutuphane} activity=ActivityRecord{245514574 u0 com.example.kutuphane/.MainActivity t-1} non-desktop, skipping
03-15 13:57:40.247 12320 14335 D ActivityTaskManager: TaskLaunchParamsModifier:task=Task{5ede90c #609 type=standard A=10286:com.example.kutuphane} activity=ActivityRecord{245514574 u0 com.example.kutuphane/.MainActivity t-1} display-area-from-source=DefaultTaskDisplayArea_d0@21689571 display-id=0 task-display-area-windowing-mode=1 suggested-display-area=DefaultTaskDisplayArea_d0@21689571 inherit-from-source=fullscreen non-freeform-task-display-area display-area=DefaultTaskDisplayArea_d0@21689571 default-portrait freeform-size-mismatch=Rect(81, 605 - 999, 1775)
03-15 13:57:40.247 12320 14335 V WindowManager: Collecting in transition 300: ActivityRecord{131888336 u0 com.example.kutuphane/.goster t609 f}}, caller=com.android.server.wm.Transition.collectExistenceChange:40 com.android.server.wm.Transition.collectClose:7 com.android.server.wm.ActivityRecord.finishIfPossible:50 com.android.server.wm.ActivityRecord.finishIfPossible:1 com.android.server.wm.Task.removeActivities:65 
03-15 13:57:40.247 12320 14335 D WindowManager: prepareSync <SYNC_STATE_WAITING_FOR_DRAW>, mPrepareSyncSeqId=0, win=Window{4f001df u0 com.example.kutuphane/com.example.kutuphane.goster}
03-15 13:57:40.247 12320 14335 V WindowManager: Collecting in transition 300: ActivityRecord{131888336 u0 com.example.kutuphane/.goster t609 f}}, caller=com.android.server.wm.TransitionController.collect:7 com.android.server.wm.ActivityRecord.setVisibility:132 com.android.server.wm.ActivityRecord.finishIfPossible:87 com.android.server.wm.ActivityRecord.finishIfPossible:1 com.android.server.wm.Task.removeActivities:65 
03-15 13:57:40.249 12320 14335 D ActivityTaskManager: scheduleTopResumedActivityChanged, onTop=false, r=ActivityRecord{131888336 u0 com.example.kutuphane/.goster t609 f}}, caller=com.android.server.wm.ActivityTaskSupervisor.scheduleTopResumedActivityStateLossIfNeeded:19 com.android.server.wm.ActivityTaskSupervisor.endDeferResume:21 com.android.server.wm.Task.performClearTaskForReuse:18 com.android.server.wm.ActivityStarter.recycleTask:897 com.android.server.wm.ActivityStarter.startActivityInner:258 com.android.server.wm.ActivityStarter.startActivityUnchecked:111 
03-15 13:57:40.249 12320 14335 W OptProp : Cannot read opt property android.window.PROPERTY_COMPAT_ALLOW_ORIENTATION_OVERRIDE
03-15 13:57:40.251 12320 14335 V WindowManager: Checking theme of starting window: 0x7f0f0186
03-15 13:57:40.251 12320 14335 V WindowManager: Translucent=false Floating=false ShowWallpaper=false Disable=false
03-15 13:57:40.251 12320 14335 D ActivityTaskManager: addStartingWindow: type=2 typeParameter=2d
03-15 13:57:40.251 12320 14335 V WindowManager: Creating SplashScreenStartingData
03-15 13:57:40.251 12320 14335 V WindowManager: Add starting ActivityRecord{245514574 u0 com.example.kutuphane/.MainActivity t609}: startingData=SplashScreenStartingData{f0dcb7c removeAfterTransaction= 0}
03-15 13:57:40.251 12320 14335 V WindowManager: Added starting ActivityRecord{245514574 u0 com.example.kutuphane/.MainActivity t609}: startingWindow=null startingView=com.android.server.wm.StartingSurfaceController$StartingSurface@ac79c05
03-15 13:57:40.252 12320 14335 V WindowManager: Collecting in transition 300: ActivityRecord{245514574 u0 com.example.kutuphane/.MainActivity t609}, caller=com.android.server.wm.Transition.collectExistenceChange:40 com.android.server.wm.ActivityStarter.handleStartResult:761 com.android.server.wm.ActivityStarter.startActivityUnchecked:124 com.android.server.wm.ActivityStarter.executeRequest:3651 com.android.server.wm.ActivityStarter.execute:1752 
03-15 13:57:40.252 12320 14335 V WindowManager: Requesting StartTransition: TransitionRecord{9cc0449 id=300 type=OPEN flags=0x0 c=[
03-15 13:57:40.252 12320 14335 V WindowManager:    ChangeInfo{8c0168b container=DefaultTaskDisplayArea_d0@21689571 flags=0x0}
03-15 13:57:40.252 12320 14335 V WindowManager:    ChangeInfo{b2a2368 container=Task{5ede90c #609 type=standard A=10286:com.example.kutuphane} flags=0x0}
03-15 13:57:40.252 12320 14335 V WindowManager:    ChangeInfo{22af381 container=ActivityRecord{131888336 u0 com.example.kutuphane/.goster t609 f}} flags=0x0}
03-15 13:57:40.252 12320 14335 V WindowManager:    ChangeInfo{9412c26 container=Display{#0 state=ON size=1080x2340 ROTATION_0} flags=0x0}
03-15 13:57:40.252 12320 14335 V WindowManager:    ChangeInfo{7979067 container=ActivityRecord{245514574 u0 com.example.kutuphane/.MainActivity t609} flags=0x0}
03-15 13:57:40.252 12320 14335 V WindowManager: ]
03-15 13:57:40.252 12320 14335 V WindowManager: }, caller=com.android.server.wm.ActivityStarter.handleStartResult:982 com.android.server.wm.ActivityStarter.startActivityUnchecked:124 com.android.server.wm.ActivityStarter.executeRequest:3651 com.android.server.wm.ActivityStarter.execute:1752 com.android.server.wm.ActivityTaskManagerService.startActivityAsUser:95 
03-15 13:57:40.253 12320 14335 I Pageboost: stop alp
03-15 13:57:40.253 12320 14335 I ActivityTaskManager: START u0 {flg=0x10008000 xflg=0x4 cmp=com.example.kutuphane/.MainActivity} with LAUNCH_MULTIPLE from uid 10286 (sr=131888336) (BAL_ALLOW_VISIBLE_WINDOW) result code=0
03-15 13:57:40.253 12757 12829 V WindowManagerShell: Transition requested (#300): android.os.BinderProxy@5f1dd59 TransitionRequestInfo { type = OPEN, triggerTask = TaskInfo{userId=0 taskId=609 effectiveUid=10286 displayId=0 isRunning=true baseIntent=Intent { act=android.intent.action.MAIN cat=[android.intent.category.LAUNCHER] flg=0x10200000 cmp=com.example.kutuphane/.MainActivity } baseActivity=ComponentInfo{com.example.kutuphane/com.example.kutuphane.MainActivity} topActivity=ComponentInfo{com.example.kutuphane/com.example.kutuphane.MainActivity} origActivity=null realActivity=ComponentInfo{com.example.kutuphane/com.example.kutuphane.MainActivity} numActivities=1 lastActiveTime=241546267 supportsMultiWindow=true resizeMode=1 isResizeable=true minWidth=-1 minHeight=-1 maxWidth=-1 maxHeight=-1 defaultMinSize=220 desktopDefaultMinSize=304 token=WCT{android.window.IWindowContainerToken$Stub$Proxy@5428d1e} topActivityType=1 pictureInPictureParams=null shouldDockBigOverlays=false launchIntoPipHostTaskId=-1 lastParentTaskIdBeforePip=-1 displayCutoutSafeInsets=Rect(0, 80 - 0, 0) topActivityInfo=ActivityInfo{78969ff com.example.kutuphane.MainActivity} launchCookies=[android.os.BinderProxy@e6499d3] positionInParent=Point(0, 0) parentTaskId=-1 isFocused=true isVisible=true isVisibleRequested=false isTopActivityNoDisplay=false isSleeping=false locusId=null displayAreaFeatureId=1 isTopActivityTransparent=false isActivityStackTransparent=false lastNonFullscreenBounds=Rect(81, 605 - 999, 1775) capturedLink=null capturedLinkTimestamp=0 requestedVisibleTypes=-9 topActivityRequestOpenInBrowserEducationTimestamp=0 appCompatTaskInfo=AppCompatTaskInfo { topActivityInSizeCompat=false eligibleForLetterboxEducation= false isLetterboxEducationEnabled= false isLetterboxDoubleTapEnabled= false eligibleForUserAspectRatioButton= false topActivityBoundsLetterboxed= false isFromLetterboxDoubleTap= false topActivityLetterboxVerticalPosition= -1 topActivityLetterboxHorizontalPosition= -1 topActivityLetterboxWidth=-1 topActivityLetterboxHeight=-1 topActivityAppBounds=Rect(0, 80 - 1080, 2301) isUserFullscreenOverrideEnabled=false isSystemFullscreenOverrideEnabled=false hasMinAspectRatioOverride=false topActivityLetterboxBounds=null cameraCompatTaskInfo=CameraCompatTaskInfo { freeformCameraCompatMode=inactive} topActivityBounds=null topActivityInDisplayCompat=false singleTapFromLetterbox=false} topActivityMainWindowFrame=null originallySupportedMultiWindow=true hasWallpaper=false rootAffinity=10286:com.example.kutuphane isTopTaskInStage=false CoverLauncherWidgetTask=false LaunchedFromAppsCoverLauncherTask=false LaunchedFromMultistarCoverLauncherTask=false isAllowedSeamlessRotation=false isTopTransparentActivity=false isAliasManaged=false hasConfigChanged=false snappingGuideBounds=null isAiKeyRemoveAppTask=false lastDesktopWindowingBounds=null lastExternalDesktopWindowingBounds=null safeCutoutInsets=null}, pipChange = null, remoteTransition = null, displayChange = null, flags = 0, debugId = 300 }
03-15 13:57:40.254 12757 12829 V ShellDesktopMode: DesktopTasksController: isDesktopModeShowing: hasVisibleTasks=false hasTopTransparentFullscreenTask=false
03-15 13:57:40.254 12757 12829 V ShellDesktopMode: DesktopTasksController: isDesktopModeShowing: hasVisibleTasks=false hasTopTransparentFullscreenTask=false
03-15 13:57:40.254 12320 13084 W ActivityTaskManager: Duplicate finish request for r=ActivityRecord{131888336 u0 com.example.kutuphane/.goster t609 f}}
03-15 13:57:40.254 12757 12829 D ShellSplitScreen: logExit: no-op, mLoggerSessionId is null
03-15 13:57:40.255 12757 12829 V ShellDesktopMode: DesktopTasksController: handleFullscreenTaskLaunch
03-15 13:57:40.255 12757 12829 V ShellDesktopMode: DesktopTasksController: isDesktopModeShowing: hasVisibleTasks=false hasTopTransparentFullscreenTask=false
03-15 13:57:40.255 12757 12829 V ShellDesktopMode: DesktopTasksController: handleRequest result=null
03-15 13:57:40.256 12320 13084 V WindowManager: Starting Transition 300, caller=com.android.server.wm.WindowOrganizerController.startTransition:47 com.android.server.wm.WindowOrganizerController.startTransition:1 android.window.IWindowOrganizerController$Stub.onTransact:259 
03-15 13:57:40.257 12320 12353 D SGM:FgCheckThread: notePauseComponent(), received pkgName: com.example.kutuphane, userId: 0
03-15 13:57:40.258 12320 13084 D MARsPolicyManager: cancelDisablePolicy com.example.kutuphane(0) false|32|disablepolicy(8)
03-15 13:57:40.258 12320 12619 I CocktailBarManagerServiceContainer: handleMessage: entry what = 6
03-15 13:57:40.259 12320 13084 V WindowManager: Collecting in transition 300: ActivityRecord{245514574 u0 com.example.kutuphane/.MainActivity t609}, caller=com.android.server.wm.TransitionController.collect:7 com.android.server.wm.ActivityRecord.setVisibility:132 com.android.server.wm.ActivityRecord.makeVisibleIfNeeded:36 com.android.server.wm.EnsureActivitiesVisibleHelper.process:538 com.android.server.wm.TaskFragment.updateActivityVisibilities:12 
03-15 13:57:40.260 12320 13084 V WindowManager: rotationForOrientation(orient=SCREEN_ORIENTATION_UNSPECIFIED (-1), last=ROTATION_0 (0)); user=ROTATION_0 (0) USER_ROTATION_LOCKED
03-15 13:57:40.260 12320 12629 D BackgroundInstallControlService: Package event received: 0
03-15 13:57:40.260 12320 13084 D WindowManager: rotationForOrientation, orientationSource=ActivityRecord{245514574 u0 com.example.kutuphane/.MainActivity t609}
03-15 13:57:40.260 12320 13084 V WindowManager: Computed rotation=ROTATION_0 (0) for display id=0 based on lastOrientation=SCREEN_ORIENTATION_UNSPECIFIED (-1) and oldRotation=ROTATION_0 (0), caller=com.android.server.wm.DisplayRotation.updateOrientation:79 com.android.server.wm.DisplayContent.updateOrientation:41 com.android.server.wm.DisplayContent.updateOrientationAndComputeConfig:48 com.android.server.wm.RootWindowContainer.ensureVisibilityAndConfig:7 com.android.server.wm.ActivityTaskSupervisor.realStartActivityLocked:182 com.android.server.wm.ActivityTaskSupervisor.startSpecificActivity:27 
03-15 13:57:40.262 12320 13084 V WindowManager: Collecting in transition 300: ActivityRecord{245514574 u0 com.example.kutuphane/.MainActivity t609}, caller=com.android.server.wm.TransitionController.collect:7 com.android.server.wm.ActivityRecord.setVisibility:132 com.android.server.wm.ActivityTaskSupervisor.realStartActivityLocked:203 com.android.server.wm.ActivityTaskSupervisor.startSpecificActivity:27 com.android.server.wm.TaskFragment.resumeTopActivity:2089 
03-15 13:57:40.262 12320 13084 D SGM:FgCheckThread: notifyAppCreated(), packageName: com.example.kutuphane, userId: 0, sendRet: true
03-15 13:57:40.262 12320 12510 D SGM:FgCheckThread: onLooperPrepared(), msg: MSG_APP_CREATE, pkgName: com.example.kutuphane, userId: 0
03-15 13:57:40.264 12320 13084 D WindowManager: Changing focus from Window{4f001df u0 com.example.kutuphane/com.example.kutuphane.goster} to null displayId=0 Callers=com.android.server.wm.ActivityTaskManagerService.setLastResumedActivityUncheckLocked:264 com.android.server.wm.ActivityTaskSupervisor.updateTopResumedActivityIfNeeded:51 com.android.server.wm.TaskFragment.setResumedActivity:30 com.android.server.wm.ActivityRecord.setState:100 
03-15 13:57:40.264 12320 13084 V SystemKeyManager: updateFocusedWindow() is called, 
03-15 13:57:40.265 12320 13084 D BLASTSyncEngine: SyncGroup 300: Set ready true, caller=com.android.server.wm.BLASTSyncEngine.setReady:32 com.android.server.wm.Transition.applyReady:54 com.android.server.wm.Transition.setReady:72 com.android.server.wm.TransitionController.setReady:6 com.android.server.wm.DisplayContent.executeAppTransition:4 com.android.server.wm.ActivityRecord.completeResumeLocked:115 
03-15 13:57:40.265 12320 13084 D WindowManagerServiceExt: updateTaskbarTargetIfNeeded: cn=ComponentInfo{com.example.kutuphane/com.example.kutuphane.MainActivity} occludesParent=true isInSplitScreenMode=false
03-15 13:57:40.267 12320 13084 D BLASTSyncEngine: SyncGroup 300:  Unfinished container: ActivityRecord{245514574 u0 com.example.kutuphane/.MainActivity t609} mSyncState=2
03-15 13:57:40.270 12320 12353 D SGM:FgCheckThread: noteResumeComponent(), received pkgName: com.example.kutuphane, userId: 0
03-15 13:57:40.270 14190 20788 I SDHMS:k : handleResumeComponent : put = com.example.kutuphane, userid = 0 instanceid =189776495
03-15 13:57:40.270 12320 12619 I CocktailBarManagerServiceContainer: handleMessage: entry what = 5
03-15 13:57:40.271 12320 14335 D WindowManager: prepareSync <SYNC_STATE_WAITING_FOR_DRAW>, mPrepareSyncSeqId=0, win=Window{d1246bd u0 Splash Screen com.example.kutuphane}
03-15 13:57:40.271 12320 12510 D SGM:FgCheckThread: onLooperPrepared(), msg: MSG_APP_RESUME, pkgName: com.example.kutuphane, userid: 0
03-15 13:57:40.271 12320 12510 D SGM:FgCheckThread: handleResume().
03-15 13:57:40.271 12320 12510 D SGM:FgCheckThread: sendFocusOutConditionally() - mPrevNotiPkg: (unknown), userId: 0
03-15 13:57:40.271 12320 12510 D SGM:FgCheckThread:   handleResume(). pkgName: com.example.kutuphane, userId: 0, category: non-game
03-15 13:57:40.271 12320 12510 D SGM:FgCheckThread: notifyFocusInOut(). of pkg: com.example.kutuphane, type: 4, isSecGameFamily: false, userId: 0
03-15 13:57:40.271 12320 12510 D SGM:FgCheckThread:   notifyFocusInOut(). unexpected mPrevNotiType: -1
03-15 13:57:40.272 12320 12510 D SGM:SystemHelper: callReleaseBlock needReleaseBlock:false
03-15 13:57:40.272 12320 14335 D RestrictionPolicy: isScreenCaptureEnabled : ret=true userId=0
03-15 13:57:40.272 12320 14335 V WindowManager: addWindow: ActivityRecord{245514574 u0 com.example.kutuphane/.MainActivity t609} startingWindow=Window{d1246bd u0 Splash Screen com.example.kutuphane}
03-15 13:57:40.272 12320 14299 D ActivityTaskManager: scheduleTopResumedActivityChanged, onTop=true, r=ActivityRecord{245514574 u0 com.example.kutuphane/.MainActivity t609}, caller=com.android.server.wm.ActivityTaskSupervisor.scheduleTopResumedActivityStateIfNeeded:18 com.android.server.wm.ActivityTaskSupervisor.handleTopResumedStateReleased:44 com.android.server.wm.ActivityClientController.activityTopResumedStateLost:14 android.app.IActivityClientController$Stub.onTransact:716 com.android.server.wm.ActivityClientController.onTransact:1 android.os.Binder.execTransactInternal:1457 
03-15 13:57:40.273 12320 12629 D BackgroundInstallControlService: Package event received: 0
03-15 13:57:40.275 23334 23334 D ActivityThread: com.example.kutuphane will use render engine as VK
03-15 13:57:40.277 12320 12629 D BackgroundInstallControlService: Package event received: 0
03-15 13:57:40.278 12320 14335 D CoreBackPreview: Window{d1246bd u0 Splash Screen com.example.kutuphane}: Setting back callback OnBackInvokedCallbackInfo{mCallback=android.window.IOnBackInvokedCallback$Stub$Proxy@c82cc03, mPriority=0, mIsAnimationCallback=false, mOverrideBehavior=0}
03-15 13:57:40.281 12320 14335 D WindowManager: makeSurface duration=2 name=Splash Screen com.example.kutuphane$_12757
03-15 13:57:40.282 12320 14335 D BLASTSyncEngine: SyncGroup 300:  Unfinished container: ActivityRecord{245514574 u0 com.example.kutuphane/.MainActivity t609} mSyncState=2
03-15 13:57:40.295 12320 13084 D WindowManager: finishDrawingWindow: Window{d1246bd u0 Splash Screen com.example.kutuphane} mDrawState=DRAW_PENDING seqId=0
03-15 13:57:40.296 12320 13084 V WindowManager: Finishing drawing window Window{d1246bd u0 Splash Screen com.example.kutuphane}: mDrawState=DRAW_PENDING
03-15 13:57:40.296 12320 13084 V WindowManager: Draw state now committed in Window{d1246bd u0 Splash Screen com.example.kutuphane}
03-15 13:57:40.296 12320 12354 V WindowManager: SyncGroup 300: Finished!
03-15 13:57:40.297 12320 12354 V WindowManager: performShowLocked: mDrawState=HAS_DRAWN in Window{d1246bd u0 Splash Screen com.example.kutuphane}
