03-15 13:57:40.297 12320 12354 D ChangeTransitionController: onTransactionReady: TransitionRecord{9cc0449 id=300 type=OPEN flags=0x0 c=[
03-15 13:57:40.297 12320 12354 D ChangeTransitionController:    ChangeInfo{8c0168b container=DefaultTaskDisplayArea_d0@21689571 flags=0x0}
03-15 13:57:40.297 12320 12354 D ChangeTransitionController:    ChangeInfo{b2a2368 container=Task{5ede90c #609 type=standard A=10286:com.example.kutuphane} flags=0x0}
03-15 13:57:40.297 12320 12354 D ChangeTransitionController:    ChangeInfo{22af381 container=ActivityRecord{131888336 u0 com.example.kutuphane/.goster t609 f}} flags=0x0}
03-15 13:57:40.297 12320 12354 D ChangeTransitionController:    ChangeInfo{9412c26 container=Display{#0 state=ON size=1080x2340 ROTATION_0} flags=0x0}
03-15 13:57:40.297 12320 12354 D ChangeTransitionController:    ChangeInfo{7979067 container=ActivityRecord{245514574 u0 com.example.kutuphane/.MainActivity t609} flags=0x0}
03-15 13:57:40.297 12320 12354 D ChangeTransitionController: ]
03-15 13:57:40.297 12320 12354 D ChangeTransitionController: }
03-15 13:57:40.297 12320 12354 V WindowManager: Start calculating TransitionInfo based on participants: {ActivityRecord{131888336 u0 com.example.kutuphane/.goster t609 f}}, ActivityRecord{245514574 u0 com.example.kutuphane/.MainActivity t609}}
03-15 13:57:40.297 12320 12354 V WindowManager:   Final targets: [ChangeInfo{7979067 container=ActivityRecord{245514574 u0 com.example.kutuphane/.MainActivity t609} flags=0x0}, ChangeInfo{22af381 container=ActivityRecord{131888336 u0 com.example.kutuphane/.goster t609 f}} flags=0x0}]
03-15 13:57:40.298 12320 12354 V WindowManager: Calling onTransitionReady: {id=300 t=OPEN f=0x0 trk=0 r=[0@Point(0, 0)] c=[
03-15 13:57:40.298 12320 12354 V WindowManager:         {m=OPEN f=FILLS_TASK|IS_BEHIND_STARTING_WINDOW|IS_ACTIVITY leash=Surface(name=ActivityRecord{245514574 u0 com.example.kutuphane/.MainActivity t609})/@0xb2bf780 sb=Rect(0, 0 - 0, 0) eb=Rect(0, 0 - 1080, 2340) epz=Point(1080, 2340) d=-1->0 r=-1->0:-1 bc=fffafafa component=com.example.kutuphane/.MainActivity inset=Rect(0, 0 - 0, 0) dim=true taskIdForActivity=609},
03-15 13:57:40.298 12320 12354 V WindowManager:         {m=CLOSE f=FILLS_TASK|IS_BEHIND_STARTING_WINDOW|IS_ACTIVITY leash=Surface(name=ActivityRecord{131888336 u0 com.example.kutuphane/.goster t609})/@0x46cd6c4 sb=Rect(0, 0 - 1080, 2340) eb=Rect(0, 0 - 1080, 2340) epz=Point(1080, 2340) d=0 bc=fffafafa component=com.example.kutuphane/.goster inset=Rect(0, 0 - 0, 0) taskIdForActivity=609}
03-15 13:57:40.298 12320 12354 V WindowManager:     ]}
03-15 13:57:40.299 12757 13518 V WindowManagerShell: onTransitionReady(transaction=52913997109232)
03-15 13:57:40.299 12320 12350 V WindowManager: Sent Transition (#300) createdAt=03-15 13:57:40.243 via request=TransitionRequestInfo { type = OPEN, triggerTask = TaskInfo{userId=0 taskId=609 effectiveUid=10286 displayId=0 isRunning=true baseIntent=Intent { act=android.intent.action.MAIN cat=[android.intent.category.LAUNCHER] flg=0x10200000 cmp=com.example.kutuphane/.MainActivity } baseActivity=ComponentInfo{com.example.kutuphane/com.example.kutuphane.MainActivity} topActivity=ComponentInfo{com.example.kutuphane/com.example.kutuphane.MainActivity} origActivity=null realActivity=ComponentInfo{com.example.kutuphane/com.example.kutuphane.MainActivity} numActivities=1 lastActiveTime=241546267 supportsMultiWindow=true resizeMode=1 isResizeable=true minWidth=-1 minHeight=-1 maxWidth=-1 maxHeight=-1 defaultMinSize=220 desktopDefaultMinSize=304 token=WCT{RemoteToken{2dc67f3 Task{5ede90c #609 type=standard A=10286:com.example.kutuphane}}} topActivityType=1 pictureInPictureParams=null shouldDockBigOverlays=false launchIntoPipHostTaskId=-1 lastParentTaskIdBeforePip=-1 displayCutoutSafeInsets=Rect(0, 80 - 0, 0) topActivityInfo=ActivityInfo{ac799fe com.example.kutuphane.MainActivity} launchCookies=[android.os.BinderProxy@ad71aae] positionInParent=Point(0, 0) parentTaskId=-1 isFocused=true isVisible=true isVisibleRequested=false isTopActivityNoDisplay=false isSleeping=false locusId=null displayAreaFeatureId=1 isTopActivityTransparent=false isActivityStackTransparent=false lastNonFullscreenBounds=Rect(81, 605 - 999, 1775) capturedLink=null capturedLinkTimestamp=0 requestedVisibleTypes=-9 topActivityRequestOpenInBrowserEducationTimestamp=0 appCompatTaskInfo=AppCompatTaskInfo { topActivityInSizeCompat=false eligibleForLetterboxEducation= false isLetterboxEducationEnabled= false isLetterboxDoubleTapEnabled= false eligibleForUserAspectRatioButton= false topActivityBoundsLetterboxed= false isFromLetterboxDoubleTap= false topActivityLetterboxVerticalPosition= -1 topActivityLetterboxHorizontalPosition= -1 topActivityLetterboxWidth=-1 topActivityLetterboxHeight=-1 topActivityAppBounds=Rect(0, 80 - 1080, 2301) isUserFullscreenOverrideEnabled=false isSystemFullscreenOverrideEnabled=false hasMinAspectRatioOverride=false topActivityLetterboxBounds=null cameraCompatTaskInfo=CameraCompatTaskInfo { freeformCameraCompatMode=inactive} topActivityBounds=null topActivityInDisplayCompat=false singleTapFromLetterbox=false} topActivityMainWindowFrame=null originallySupportedMultiWindow=true hasWallpaper=false rootAffinity=10286:com.example.kutuphane isTopTaskInStage=false CoverLauncherWidgetTask=false LaunchedFromAppsCoverLauncherTask=false LaunchedFromMultistarCoverLauncherTask=false isAllowedSeamlessRotation=false isTopTransparentActivity=false isAliasManaged=false hasConfigChanged=false snappingGuideBounds=null isAiKeyRemoveAppTask=false lastDesktopWindowingBounds=null lastExternalDesktopWindowingBounds=null safeCutoutInsets=null}, pipChange = null, remoteTransition = null, displayChange = null, flags = 0, debugId = 300 }
03-15 13:57:40.299 12320 12350 V WindowManager:     startWCT=WindowContainerTransaction { changes= {} hops= [] errorCallbackToken=null taskFragmentOrganizer=null }
03-15 13:57:40.300 12320 12350 V WindowManager:     info={id=300 t=OPEN f=0x0 trk=0 r=[0@Point(0, 0)] c=[
03-15 13:57:40.300 12320 12350 V WindowManager:         {m=OPEN f=FILLS_TASK|IS_BEHIND_STARTING_WINDOW|IS_ACTIVITY leash=Surface(name=ActivityRecord{245514574 u0 com.example.kutuphane/.MainActivity t609})/@0xb2bf780 sb=Rect(0, 0 - 0, 0) eb=Rect(0, 0 - 1080, 2340) epz=Point(1080, 2340) d=-1->0 r=-1->0:-1 bc=fffafafa component=com.example.kutuphane/.MainActivity inset=Rect(0, 0 - 0, 0) dim=true taskIdForActivity=609},
03-15 13:57:40.300 12320 12350 V WindowManager:         {m=CLOSE f=FILLS_TASK|IS_BEHIND_STARTING_WINDOW|IS_ACTIVITY leash=Surface(name=ActivityRecord{131888336 u0 com.example.kutuphane/.goster t609})/@0x46cd6c4 sb=Rect(0, 0 - 1080, 2340) eb=Rect(0, 0 - 1080, 2340) epz=Point(1080, 2340) d=0 bc=fffafafa component=com.example.kutuphane/.goster inset=Rect(0, 0 - 0, 0) taskIdForActivity=609}
03-15 13:57:40.300 12320 12350 V WindowManager:     ]}
03-15 13:57:40.300 12757 12829 V WindowManagerShell: onTransitionReady (#300) android.os.BinderProxy@5f1dd59: {id=300 t=OPEN f=0x0 trk=0 r=[0@Point(0, 0)] c=[
03-15 13:57:40.300 12757 12829 V WindowManagerShell:         {m=OPEN f=FILLS_TASK|IS_BEHIND_STARTING_WINDOW|IS_ACTIVITY leash=Surface(name=ActivityRecord{245514574 u0 com.example.kutuphane/.MainActivity t609})/@0xd37cec9 sb=Rect(0, 0 - 0, 0) eb=Rect(0, 0 - 1080, 2340) epz=Point(1080, 2340) d=-1->0 r=-1->0:-1 bc=fffafafa component=com.example.kutuphane/.MainActivity inset=Rect(0, 0 - 0, 0) dim=true taskIdForActivity=609},
03-15 13:57:40.300 12757 12829 V WindowManagerShell:         {m=CLOSE f=FILLS_TASK|IS_BEHIND_STARTING_WINDOW|IS_ACTIVITY leash=Surface(name=ActivityRecord{131888336 u0 com.example.kutuphane/.goster t609})/@0xa3a79ce sb=Rect(0, 0 - 1080, 2340) eb=Rect(0, 0 - 1080, 2340) epz=Point(1080, 2340) d=0 bc=fffafafa component=com.example.kutuphane/.goster inset=Rect(0, 0 - 0, 0) taskIdForActivity=609}
03-15 13:57:40.300 12757 12829 V WindowManagerShell:     ]}
03-15 13:57:40.301 12757 12829 V ShellDesktopMode: DesktopModeLogger: taskInfo map after processing changes 0
03-15 13:57:40.301 12757 12829 V WindowManagerShell: Playing animation for (#300) android.os.BinderProxy@5f1dd59@0
03-15 13:57:40.302 12757 12829 V ShellRecents: RecentsTransitionHandler.startAnimation: no controller found
03-15 13:57:40.302 12757 12829 V ShellDesktopMode: DesktopMixedTransitionHandler: No pending desktop transition
03-15 13:57:40.302 12320 13084 D RestrictionPolicy: isScreenCaptureEnabled : ret=true userId=0
03-15 13:57:40.302 12320 13084 D RestrictionPolicy: isScreenCaptureEnabled : ret=true userId=0
03-15 13:57:40.303 12757 12829 V WindowManagerShell: Transition doesn't have explicit remote, search filters for match for {id=300 t=OPEN f=0x0 trk=0 r=[0@Point(0, 0)] c=[{m=OPEN f=FILLS_TASK|IS_BEHIND_STARTING_WINDOW|IS_ACTIVITY leash=Surface(name=ActivityRecord{245514574 u0 com.example.kutuphane/.MainActivity t609})/@0xd37cec9 sb=Rect(0, 0 - 0, 0) eb=Rect(0, 0 - 1080, 2340) epz=Point(1080, 2340) d=-1->0 r=-1->0:-1 bc=fffafafa component=com.example.kutuphane/.MainActivity inset=Rect(0, 0 - 0, 0) dim=true taskIdForActivity=609},{m=CLOSE f=FILLS_TASK|IS_BEHIND_STARTING_WINDOW|IS_ACTIVITY leash=Surface(name=ActivityRecord{131888336 u0 com.example.kutuphane/.goster t609})/@0xa3a79ce sb=Rect(0, 0 - 1080, 2340) eb=Rect(0, 0 - 1080, 2340) epz=Point(1080, 2340) d=0 bc=fffafafa component=com.example.kutuphane/.goster inset=Rect(0, 0 - 0, 0) taskIdForActivity=609}]}
03-15 13:57:40.303 12757 12829 V WindowManagerShell:  Checking filter Pair{{types=[] flags=0x0] notFlags=0x100 checks=[{atype=home independent=true modes=[OPEN,TO_FRONT] flags=NONE mustBeTask=false order=TOP topActivity=ComponentInfo{com.sec.android.app.launcher/com.sec.android.app.launcher.Launcher} launchCookie=null windowingMode=undefined},{atype=recents independent=true modes=[CLOSE,TO_BACK] flags=NONE mustBeTask=false order=ANY topActivity=null launchCookie=null windowingMode=undefined}]} RemoteTransition { remoteTransition = android.window.IRemoteTransition$Stub$Proxy@d71411a, appThread = android.app.IApplicationThread$Stub$Proxy@f2ad44b, debugName = QuickstepLaunchHomeFromRecentsflags =NONE }}
03-15 13:57:40.303 12757 12829 V WindowManagerShell:  Checking filter Pair{{types=[] flags=0x0] notFlags=0x100 checks=[{atype=home independent=true modes=[OPEN,TO_FRONT] flags=NONE mustBeTask=false order=TOP topActivity=ComponentInfo{com.sec.android.app.launcher/com.sec.android.app.launcher.Launcher} launchCookie=null windowingMode=undefined},{atype=standard independent=true modes=[CLOSE,TO_BACK] flags=NONE mustBeTask=false order=ANY topActivity=null launchCookie=null windowingMode=undefined}]} RemoteTransition { remoteTransition = android.window.IRemoteTransition$Stub$Proxy@78edc0c, appThread = android.app.IApplicationThread$Stub$Proxy@c278955, debugName = QuickstepLaunchHomeflags =NONE }}
03-15 13:57:40.303 12757 12829 V WindowManagerShell:  Delegate animation for (#300) to null
03-15 13:57:40.303 12757 12829 V WindowManagerShell: start default transition animation, info = {id=300 t=OPEN f=0x0 trk=0 r=[0@Point(0, 0)] c=[{m=OPEN f=FILLS_TASK|IS_BEHIND_STARTING_WINDOW|IS_ACTIVITY leash=Surface(name=ActivityRecord{245514574 u0 com.example.kutuphane/.MainActivity t609})/@0xd37cec9 sb=Rect(0, 0 - 0, 0) eb=Rect(0, 0 - 1080, 2340) epz=Point(1080, 2340) d=-1->0 r=-1->0:-1 bc=fffafafa component=com.example.kutuphane/.MainActivity inset=Rect(0, 0 - 0, 0) dim=true taskIdForActivity=609},{m=CLOSE f=FILLS_TASK|IS_BEHIND_STARTING_WINDOW|IS_ACTIVITY leash=Surface(name=ActivityRecord{131888336 u0 com.example.kutuphane/.goster t609})/@0xa3a79ce sb=Rect(0, 0 - 1080, 2340) eb=Rect(0, 0 - 1080, 2340) epz=Point(1080, 2340) d=0 bc=fffafafa component=com.example.kutuphane/.goster inset=Rect(0, 0 - 0, 0) taskIdForActivity=609}]}
03-15 13:57:40.303 12757 12829 V WindowManagerShell: loadAnimation: anim=android.view.animation.AnimationSet@58864da animAttr=0x5 type=OPEN isEntrance=false
03-15 13:57:40.303 12757 12829 V WindowManagerShell:    wallpaperTransit=WALLPAPER_NONE translucent=false
03-15 13:57:40.304 12757 12829 V WindowManagerShell:    change={m=CLOSE f=FILLS_TASK|IS_BEHIND_STARTING_WINDOW|IS_ACTIVITY leash=Surface(name=ActivityRecord{131888336 u0 com.example.kutuphane/.goster t609})/@0xa3a79ce sb=Rect(0, 0 - 1080, 2340) eb=Rect(0, 0 - 1080, 2340) epz=Point(1080, 2340) d=0 bc=fffafafa component=com.example.kutuphane/.goster inset=Rect(0, 0 - 0, 0) taskIdForActivity=609}
03-15 13:57:40.304 12757 12829 V WindowManagerShell: loadAnimation: anim=android.view.animation.AnimationSet@b6c97e8 animAttr=0x4 type=OPEN isEntrance=true
03-15 13:57:40.304 12757 12829 V WindowManagerShell:    wallpaperTransit=WALLPAPER_NONE translucent=false
03-15 13:57:40.304 12757 12829 V WindowManagerShell:    change={m=OPEN f=FILLS_TASK|IS_BEHIND_STARTING_WINDOW|IS_ACTIVITY leash=Surface(name=ActivityRecord{245514574 u0 com.example.kutuphane/.MainActivity t609})/@0xd37cec9 sb=Rect(0, 0 - 0, 0) eb=Rect(0, 0 - 1080, 2340) epz=Point(1080, 2340) d=-1->0 r=-1->0:-1 bc=fffafafa component=com.example.kutuphane/.MainActivity inset=Rect(0, 0 - 0, 0) dim=true taskIdForActivity=609}
03-15 13:57:40.307 12320 14060 D CoreBackPreview: Window{1190bac u0 com.example.kutuphane/com.example.kutuphane.MainActivity}: Setting back callback OnBackInvokedCallbackInfo{mCallback=android.window.IOnBackInvokedCallback$Stub$Proxy@2ff580a, mPriority=0, mIsAnimationCallback=false, mOverrideBehavior=0}
03-15 13:57:40.307 12757 12829 V WindowManagerShell: attach dim transition, change={m=OPEN f=FILLS_TASK|IS_BEHIND_STARTING_WINDOW|IS_ACTIVITY leash=Surface(name=ActivityRecord{245514574 u0 com.example.kutuphane/.MainActivity t609})/@0xd37cec9 sb=Rect(0, 0 - 0, 0) eb=Rect(0, 0 - 1080, 2340) epz=Point(1080, 2340) d=-1->0 r=-1->0:-1 bc=fffafafa component=com.example.kutuphane/.MainActivity inset=Rect(0, 0 - 0, 0) dim=true taskIdForActivity=609}
03-15 13:57:40.308 12757 12829 V WindowManagerShell:  animated by com.android.wm.shell.transition.DefaultTransitionHandler@6f0cbd8
03-15 13:57:40.309 12320 14060 D WindowManager: makeSurface duration=1 name=com.example.kutuphane/com.example.kutuphane.MainActivity$_23334
03-15 13:57:40.309 12320 14060 I WindowManager: Cancelling animation restarting=true, leash=Surface(name=Surface(name=2aa07a4 StatusBar)/@0x2227e1b - animation-leash of insets_animation)/@0xd8bbfa2
03-15 13:57:40.309 12320 14060 I WindowManager: Reparenting to original parent: Surface(name=WindowToken{df48736 type=2000 android.os.BinderProxy@5f2a3f8})/@0xefe1bb8, destroy=false, surface=Surface(name=2aa07a4 StatusBar)/@0x2227e1b
03-15 13:57:40.310 12320 14060 I WindowManager: Reparenting to leash, surface=Surface(name=2aa07a4 StatusBar)/@0x2227e1b, leashParent=Surface(name=WindowToken{df48736 type=2000 android.os.BinderProxy@5f2a3f8})/@0xefe1bb8
03-15 13:57:40.311 12320 14060 D WindowManager: makeSurface duration=2 leash=Surface(name=Surface(name=2aa07a4 StatusBar)/@0x2227e1b - animation-leash of insets_animation)/@0x3e13698
03-15 13:57:40.312 12320 14060 D InsetsSourceProvider: updateControlForTarget: control=InsetsSourceControl: {5cf20000 mType=statusBars initiallyVisible mSurfacePosition=Point(0, 0) mInsetsHint=Insets{left=0, top=80, right=0, bottom=0}}, target=Window{d1246bd u0 Splash Screen com.example.kutuphane}, from=com.android.server.wm.InsetsStateController.onControlTargetChanged:83 com.android.server.wm.InsetsPolicy.updateBarControlTarget:212 com.android.server.wm.DisplayPolicy.updateSystemBarAttributes:262 com.android.server.wm.DisplayPolicy.finishPostLayoutPolicyLw:17 com.android.server.wm.RootWindowContainer.applySurfaceChangesTransaction$1:195 
03-15 13:57:40.312 12320 14060 I WindowManager: Cancelling animation restarting=true, leash=Surface(name=Surface(name=3c1eb49 NavigationBar0)/@0x13224f6 - animation-leash of insets_animation)/@0xbf923f0
03-15 13:57:40.312 12320 14060 I WindowManager: Reparenting to original parent: Surface(name=WindowToken{b67d50 type=2019 android.os.BinderProxy@b916202})/@0x5e0e0f7, destroy=false, surface=Surface(name=3c1eb49 NavigationBar0)/@0x13224f6
03-15 13:57:40.313 12320 14060 I WindowManager: Reparenting to leash, surface=Surface(name=3c1eb49 NavigationBar0)/@0x13224f6, leashParent=Surface(name=WindowToken{b67d50 type=2019 android.os.BinderProxy@b916202})/@0x5e0e0f7
03-15 13:57:40.313 12320 14060 D WindowManager: makeSurface duration=1 leash=Surface(name=Surface(name=3c1eb49 NavigationBar0)/@0x13224f6 - animation-leash of insets_animation)/@0x242ead6
03-15 13:57:40.314 12320 14060 D InsetsSourceProvider: updateControlForTarget: control=InsetsSourceControl: {c4460001 mType=navigationBars initiallyVisible mSurfacePosition=Point(0, 2214) mInsetsHint=Insets{left=0, top=0, right=0, bottom=39}}, target=Window{d1246bd u0 Splash Screen com.example.kutuphane}, from=com.android.server.wm.InsetsStateController.onControlTargetChanged:83 com.android.server.wm.InsetsPolicy.updateBarControlTarget:225 com.android.server.wm.DisplayPolicy.updateSystemBarAttributes:262 com.android.server.wm.DisplayPolicy.finishPostLayoutPolicyLw:17 com.android.server.wm.RootWindowContainer.applySurfaceChangesTransaction$1:195 
03-15 13:57:40.315 12320 14060 D WindowManager: updateSystemBarAttributes: displayId=0, focusedCanBeNavColorWin=false, win=Window{d1246bd u0 Splash Screen com.example.kutuphane}, navColorWin=Window{d1246bd u0 Splash Screen com.example.kutuphane}, caller=com.android.server.wm.DisplayPolicy.finishPostLayoutPolicyLw:17 com.android.server.wm.RootWindowContainer.applySurfaceChangesTransaction$1:195 com.android.server.wm.RootWindowContainer.performSurfacePlacementNoTrace:59 
03-15 13:57:40.316 12320 14060 D WindowManager: updateSystemBarAttributes, bhv=1, apr=24, statusBarAprRegions=[AppearanceRegion{LIGHT_STATUS_BARS bounds=[0,0][1080,2340]}], requestedVisibilities=-9
03-15 13:57:40.317 12320 14060 D WindowManager: Changing focus from null to Window{1190bac u0 com.example.kutuphane/com.example.kutuphane.MainActivity} displayId=0 Callers=com.android.server.wm.WindowManagerService.relayoutWindow:1350 com.android.server.wm.Session.relayout:27 android.view.IWindowSession$Stub.onTransact:829 com.android.server.wm.Session.onTransact:1 
03-15 13:57:40.317 12320 14060 I WindowManager: Cancelling animation restarting=true, leash=Surface(name=Surface(name=2aa07a4 StatusBar)/@0x2227e1b - animation-leash of insets_animation)/@0x3e13698
03-15 13:57:40.317 12320 14060 I WindowManager: Reparenting to original parent: Surface(name=WindowToken{df48736 type=2000 android.os.BinderProxy@5f2a3f8})/@0xefe1bb8, destroy=false, surface=Surface(name=2aa07a4 StatusBar)/@0x2227e1b
03-15 13:57:40.318 12320 14060 I WindowManager: Reparenting to leash, surface=Surface(name=2aa07a4 StatusBar)/@0x2227e1b, leashParent=Surface(name=WindowToken{df48736 type=2000 android.os.BinderProxy@5f2a3f8})/@0xefe1bb8
03-15 13:57:40.318 12320 14060 D WindowManager: makeSurface duration=1 leash=Surface(name=Surface(name=2aa07a4 StatusBar)/@0x2227e1b - animation-leash of insets_animation)/@0x9ff2444
03-15 13:57:40.318 12320 14060 D InsetsSourceProvider: updateControlForTarget: control=InsetsSourceControl: {5cf20000 mType=statusBars initiallyVisible mSurfacePosition=Point(0, 0) mInsetsHint=Insets{left=0, top=80, right=0, bottom=0}}, target=Window{1190bac u0 com.example.kutuphane/com.example.kutuphane.MainActivity}, from=com.android.server.wm.InsetsStateController.onControlTargetChanged:83 com.android.server.wm.InsetsPolicy.updateBarControlTarget:212 com.android.server.wm.DisplayPolicy.updateSystemBarAttributes:262 com.android.server.wm.WindowManagerService.updateFocusedWindowLocked:372 com.android.server.wm.WindowManagerService.relayoutWindow:1350 
03-15 13:57:40.318 12320 14060 I WindowManager: Cancelling animation restarting=true, leash=Surface(name=Surface(name=3c1eb49 NavigationBar0)/@0x13224f6 - animation-leash of insets_animation)/@0x242ead6
03-15 13:57:40.318 12320 14060 I WindowManager: Reparenting to original parent: Surface(name=WindowToken{b67d50 type=2019 android.os.BinderProxy@b916202})/@0x5e0e0f7, destroy=false, surface=Surface(name=3c1eb49 NavigationBar0)/@0x13224f6
03-15 13:57:40.318 12320 14060 I WindowManager: Reparenting to leash, surface=Surface(name=3c1eb49 NavigationBar0)/@0x13224f6, leashParent=Surface(name=WindowToken{b67d50 type=2019 android.os.BinderProxy@b916202})/@0x5e0e0f7
03-15 13:57:40.319 12320 14060 D WindowManager: makeSurface duration=0 leash=Surface(name=Surface(name=3c1eb49 NavigationBar0)/@0x13224f6 - animation-leash of insets_animation)/@0x45ade62
03-15 13:57:40.319 12320 14060 D InsetsSourceProvider: updateControlForTarget: control=InsetsSourceControl: {c4460001 mType=navigationBars initiallyVisible mSurfacePosition=Point(0, 2214) mInsetsHint=Insets{left=0, top=0, right=0, bottom=39}}, target=Window{1190bac u0 com.example.kutuphane/com.example.kutuphane.MainActivity}, from=com.android.server.wm.InsetsStateController.onControlTargetChanged:83 com.android.server.wm.InsetsPolicy.updateBarControlTarget:225 com.android.server.wm.DisplayPolicy.updateSystemBarAttributes:262 com.android.server.wm.WindowManagerService.updateFocusedWindowLocked:372 com.android.server.wm.WindowManagerService.relayoutWindow:1350 
03-15 13:57:40.319 12320 14060 D WindowManager: updateSystemBarAttributes: displayId=0, focusedCanBeNavColorWin=false, win=Window{1190bac u0 com.example.kutuphane/com.example.kutuphane.MainActivity}, navColorWin=Window{d1246bd u0 Splash Screen com.example.kutuphane}, caller=com.android.server.wm.WindowManagerService.updateFocusedWindowLocked:372 com.android.server.wm.WindowManagerService.relayoutWindow:1350 com.android.server.wm.Session.relayout:27 
03-15 13:57:40.320 12320 14060 D WindowManager: updateSystemBarAttributes, bhv=1, apr=16, statusBarAprRegions=[AppearanceRegion{LIGHT_STATUS_BARS bounds=[0,0][1080,2340]}], requestedVisibilities=-9
03-15 13:57:40.320 12320 14060 V SystemKeyManager: updateFocusedWindow() is called, com.example.kutuphane/com.example.kutuphane.MainActivity
03-15 13:57:40.324 12320 12354 I WindowManager: notifyInsetsControlChanged, removed=false, win=Window{d1246bd u0 Splash Screen com.example.kutuphane}, caller=com.android.server.wm.InsetsStateController$$ExternalSyntheticLambda1.run:137 com.android.server.wm.WindowAnimator$$ExternalSyntheticLambda2.onTransactionCommitted:26 android.view.SurfaceControl$Transaction$$ExternalSyntheticLambda4.run:0 android.os.Handler.handleCallback:995 android.os.Handler.dispatchMessage:103 android.os.Looper.loopOnce:273 
03-15 13:57:40.340 12320 14335 D WindowManager: finishDrawingWindow: Window{1190bac u0 com.example.kutuphane/com.example.kutuphane.MainActivity} mDrawState=DRAW_PENDING seqId=0
03-15 13:57:40.342 12320 12354 V WindowManager: Finish starting ActivityRecord{245514574 u0 com.example.kutuphane/.MainActivity t609}: first real window is shown, no animation
03-15 13:57:40.342 12320 12354 V WindowManager: Schedule remove starting ActivityRecord{245514574 u0 com.example.kutuphane/.MainActivity t609} startingWindow=Window{d1246bd u0 Splash Screen com.example.kutuphane} animate=true Callers=com.android.server.wm.ActivityRecord.removeStartingWindow:178 com.android.server.wm.WindowState.performShowLocked:155 com.android.server.wm.WindowStateAnimator.commitFinishDrawingLocked:73 com.android.server.wm.DisplayContent$$ExternalSyntheticLambda1.accept$com$android$server$wm$DisplayContent$$ExternalSyntheticLambda37:23 com.android.server.wm.DisplayContent$$ExternalSyntheticLambda1.accept:143 
03-15 13:57:40.343 12320 12354 D TaskOrganizerController: applyStartingWindowAnimation, window=Window{1190bac u0 com.example.kutuphane/com.example.kutuphane.MainActivity}, caller=com.android.server.wm.TaskOrganizerController.removeStartingWindow:132 com.android.server.wm.StartingSurfaceController$StartingSurface.remove:23 com.android.server.wm.ActivityRecord.removeStartingWindowAnimation:171 
03-15 13:57:40.343 12320 12354 I WindowManager: Reparenting to leash, surface=Surface(name=1190bac com.example.kutuphane/com.example.kutuphane.MainActivity)/@0xc3ebbf3, leashParent=Surface(name=ActivityRecord{245514574 u0 com.example.kutuphane/.MainActivity t609})/@0xb2bf780
03-15 13:57:40.344 12320 12354 D WindowManager: makeSurface duration=1 leash=Surface(name=Surface(name=1190bac com.example.kutuphane/com.example.kutuphane.MainActivity)/@0xc3ebbf3 - animation-leash of starting_reveal)/@0x4ec40b0
03-15 13:57:40.344 12320 12354 I ActivityTaskManager: done cause=notifyWindowsDrawn timestamp=117344773893608 info=TransitionInfo{c6d5b29 a=ActivityRecord{245514574 u0 com.example.kutuphane/.MainActivity t609} d=true}
03-15 13:57:40.344 12320 12354 V WindowManager: performShowLocked: mDrawState=HAS_DRAWN in Window{1190bac u0 com.example.kutuphane/com.example.kutuphane.MainActivity}
03-15 13:57:40.344 12320 12350 I Pageboost: Launch time gathered : pid 23334 com.example.kutuphane 102
03-15 13:57:40.350 12320 14335 D ActivityManagerPerformance: AMP_acquire() TAIL
03-15 13:57:40.350 12320 14335 D ActivityManagerPerformance: AMP_release() ACT_START
03-15 13:57:40.363 12320 12505 V InputMethodManagerService: startInputOrWindowGainedFocusInternalLocked: reason=WINDOW_FOCUS_GAIN client=android.os.BinderProxy@9159e84 inputContext=null editorInfo=android.view.inputmethod.EditorInfo@70c7eae startInputFlags=VIEW_HAS_FOCUS|INITIAL_CONNECTION softInputMode=STATE_UNSPECIFIED|ADJUST_PAN|IS_FORWARD_NAVIGATION windowFlags=#81810100 unverifiedTargetSdkVersion=31 bindingController=com.android.server.inputmethod.InputMethodBindingController@1cc1bc1 imeDispatcher=android.window.ImeOnBackInvokedDispatcher@77f244f cs=ClientState{ad93295 mUid=10286 mPid=23334 mSelfReportedDisplayId=0} imeRequestedVisible=false
03-15 13:57:40.363 12320 12505 V InputMethodManagerService: setWindowStateInner, windowToken=android.os.BinderProxy@5c255f, state=ImeTargetWindowState{ imeToken null imeFocusChanged true hasEditorFocused false requestedImeVisible false imeDisplayId 0 softInputModeState STATE_UNSPECIFIED|ADJUST_PAN|IS_FORWARD_NAVIGATION isStartInputByGainFocus true}
03-15 13:57:40.364 12320 12505 V InputMethodManagerService: Unspecified window will hide input
03-15 13:57:40.364 12320 12505 V InputMethodManagerService: applyImeVisibility state=6
03-15 13:57:40.364 12320 12505 D SemInputMethodManagerServiceUtil: restorePreviousUsedInputMethod : failed to return the previous ime becuase the stored info is null or do not need restore
03-15 13:57:40.364 12320 12505 V InputMethodManagerService: semComputeImeDisplayIdForTarget: displayToShowIme=0
03-15 13:57:40.364 12320 12505 V InputMethodManagerService: Creating new accessibility sessions for client ClientState{ad93295 mUid=10286 mPid=23334 mSelfReportedDisplayId=0}
03-15 13:57:40.364 12320 12505 D InputMethodManagerService: isImeSwitcherDisabledPackage : false
03-15 13:57:40.365 12320 12505 D InputMethodManagerService: checkDisplayOfStartInputAndUpdateKeyboard: displayId=0, mFocusedDisplayId=0
03-15 13:57:40.367 12320 14060 D RestrictionPolicy: isScreenCaptureEnabled : ret=true userId=0
03-15 13:57:40.367 12320 14060 I WindowManager: Cancelling animation restarting=true, leash=Surface(name=Surface(name=b1749ab InputMethod)/@0x6f02ba1 - animation-leash of insets_animation)/@0x3e9a5b4
03-15 13:57:40.367 12320 14060 I WindowManager: Reparenting to original parent: Surface(name=WindowToken{d3fbecc type=2011 android.os.Binder@42f30ff})/@0x113d1c6, destroy=false, surface=Surface(name=b1749ab InputMethod)/@0x6f02ba1
03-15 13:57:40.367 12320 14060 I WindowManager: Reparenting to leash, surface=Surface(name=b1749ab InputMethod)/@0x6f02ba1, leashParent=Surface(name=WindowToken{d3fbecc type=2011 android.os.Binder@42f30ff})/@0x113d1c6
03-15 13:57:40.367 14190 20788 I SDHMS:k : onTaskStackChanged
03-15 13:57:40.369 12320 14060 D WindowManager: makeSurface duration=2 leash=Surface(name=Surface(name=b1749ab InputMethod)/@0x6f02ba1 - animation-leash of insets_animation)/@0x4b3b66b
03-15 13:57:40.369 12320 14060 D InsetsSourceProvider: updateControlForTarget: control=InsetsSourceControl: {3 mType=ime mSurfacePosition=Point(0, 80) mInsetsHint=Insets{left=0, top=0, right=0, bottom=879}}, target=Window{1190bac u0 com.example.kutuphane/com.example.kutuphane.MainActivity}, from=com.android.server.wm.ImeInsetsSourceProvider.updateControlForTarget:17 com.android.server.wm.InsetsStateController.onControlTargetChanged:83 com.android.server.wm.DisplayContent.updateImeControlTarget:21 com.android.server.wm.DisplayContent.updateImeInputAndControlTarget:156 com.android.server.wm.WindowManagerService$LocalService.updateInputMethodTargetWindow:64 
03-15 13:57:40.370 12320 12353 V InputMethodManagerService: Client requesting input be hidden
03-15 13:57:40.370 12320 12353 V InputMethodManagerService: setWindowStateInner, windowToken=android.os.BinderProxy@5c255f, state=ImeTargetWindowState{ imeToken android.os.Binder@3044661 imeFocusChanged true hasEditorFocused false requestedImeVisible false imeDisplayId 0 softInputModeState STATE_UNSPECIFIED|ADJUST_PAN|IS_FORWARD_NAVIGATION isStartInputByGainFocus true}
03-15 13:57:40.371 12320 12353 V InputMethodManagerService: hideCurrentInputLocked : canceled, shouldHideSoftInput=false, mInputShown=false, mImeWindowVis=0
03-15 13:57:40.420 12320 14299 D CoreBackPreview: Window{d1246bd u0 Splash Screen com.example.kutuphane}: Setting back callback null
03-15 13:57:40.420 12320 14060 D WindowManager: Starting window removed Window{d1246bd u0 Splash Screen com.example.kutuphane}
03-15 13:57:40.420 12320 14060 I WindowManager: Cancelling animation restarting=false, leash=Surface(name=Surface(name=1190bac com.example.kutuphane/com.example.kutuphane.MainActivity)/@0xc3ebbf3 - animation-leash of starting_reveal)/@0x4ec40b0
03-15 13:57:40.420 12320 14060 I WindowManager: Reparenting to original parent: Surface(name=ActivityRecord{245514574 u0 com.example.kutuphane/.MainActivity t609})/@0xb2bf780, destroy=false, surface=Surface(name=1190bac com.example.kutuphane/com.example.kutuphane.MainActivity)/@0xc3ebbf3
03-15 13:57:40.421 12320 14060 V WindowManager: Remove Window{d1246bd u0 Splash Screen com.example.kutuphane}: mSurfaceControl=Surface(name=Splash Screen com.example.kutuphane$_12757)/@0xe554e47 mAnimatingExit=false mRemoveOnExit=false mHasSurface=true surfaceShowing=true animating=false app-animation=false callers=com.android.server.wm.Session.remove:16 android.view.IWindowSession$Stub.onTransact:804 com.android.server.wm.Session.onTransact:1 android.os.Binder.execTransactInternal:1457 android.os.Binder.execTransact:1401 <bottom of call stack> 
03-15 13:57:40.768 12757 12829 V WindowManagerShell: Transition animation finished (aborted=false), notifying core (#300) android.os.BinderProxy@5f1dd59@0
03-15 13:57:40.771 12320 14335 V WindowManager: Finish Transition: TransitionRecord{9cc0449 id=300 type=OPEN flags=0x0 c=[
03-15 13:57:40.771 12320 14335 V WindowManager:    ChangeInfo{8c0168b container=DefaultTaskDisplayArea_d0@21689571 flags=0x0}
03-15 13:57:40.771 12320 14335 V WindowManager:    ChangeInfo{b2a2368 container=Task{5ede90c #609 type=standard A=10286:com.example.kutuphane} flags=0x0}
03-15 13:57:40.771 12320 14335 V WindowManager:    ChangeInfo{22af381 container=ActivityRecord{131888336 u0 com.example.kutuphane/.goster t609 f}} flags=0x0}
03-15 13:57:40.771 12320 14335 V WindowManager:    ChangeInfo{9412c26 container=Display{#0 state=ON size=1080x2340 ROTATION_0} flags=0x0}
03-15 13:57:40.771 12320 14335 V WindowManager:    ChangeInfo{7979067 container=ActivityRecord{245514574 u0 com.example.kutuphane/.MainActivity t609} flags=0x0}
03-15 13:57:40.771 12320 14335 V WindowManager: ]
03-15 13:57:40.771 12320 14335 V WindowManager: }, caller=com.android.server.wm.WindowOrganizerController.finishTransitionInner:31 com.android.server.wm.WindowOrganizerController.finishAllTransitions:60 android.window.IWindowOrganizerController$Stub.onTransact:283 
03-15 13:57:40.772 12320 12350 V WindowManager: Finish Transition (#300): created at 03-15 13:57:40.243 collect-started=1.02ms request-sent=8.903ms started=12.84ms ready=22.162ms sent=55.087ms commit=13.027ms finished=527.896ms
03-15 13:57:40.772 12320 14335 V WindowManager: Setting visibility of Window{4f001df u0 com.example.kutuphane/com.example.kutuphane.goster}: false, caller=com.android.server.wm.WindowContainer.sendAppVisibilityToClients:19 com.android.server.wm.WindowToken.setClientVisible:48 com.android.server.wm.ActivityRecord.commitVisibility:186 com.android.server.wm.TransitionController.finishTransition:846 com.android.server.wm.WindowOrganizerController.finishTransitionInner:31 
03-15 13:57:40.776 12320 14335 D WindowManager: updateSystemBarAttributes: displayId=0, focusedCanBeNavColorWin=false, win=Window{1190bac u0 com.example.kutuphane/com.example.kutuphane.MainActivity}, navColorWin=Window{1190bac u0 com.example.kutuphane/com.example.kutuphane.MainActivity}, caller=com.android.server.wm.DisplayPolicy.finishPostLayoutPolicyLw:17 com.android.server.wm.RootWindowContainer.applySurfaceChangesTransaction$1:195 com.android.server.wm.RootWindowContainer.performSurfacePlacementNoTrace:59 
03-15 13:57:40.777 12320 14335 D WindowManager: updateSystemBarAttributes, bhv=1, apr=16, statusBarAprRegions=[AppearanceRegion{ bounds=[0,0][1080,2340]}], requestedVisibilities=-9
03-15 13:57:40.777 12320 14335 D ChangeTransitionController: onTransitionFinished: TransitionRecord{9cc0449 id=300 type=OPEN flags=0x0 c=[
03-15 13:57:40.777 12320 14335 D ChangeTransitionController:    ChangeInfo{8c0168b container=DefaultTaskDisplayArea_d0@21689571 flags=0x0}
03-15 13:57:40.777 12320 14335 D ChangeTransitionController:    ChangeInfo{b2a2368 container=Task{5ede90c #609 type=standard A=10286:com.example.kutuphane} flags=0x0}
03-15 13:57:40.777 12320 14335 D ChangeTransitionController:    ChangeInfo{22af381 container=ActivityRecord{131888336 u0 com.example.kutuphane/.goster t609 f}} flags=0x0}
03-15 13:57:40.777 12320 14335 D ChangeTransitionController:    ChangeInfo{9412c26 container=Display{#0 state=ON size=1080x2340 ROTATION_0} flags=0x0}
03-15 13:57:40.777 12320 14335 D ChangeTransitionController:    ChangeInfo{7979067 container=ActivityRecord{245514574 u0 com.example.kutuphane/.MainActivity t609} flags=0x0}
03-15 13:57:40.777 12320 14335 D ChangeTransitionController: ]
03-15 13:57:40.777 12320 14335 D ChangeTransitionController: }
03-15 13:57:40.780 12757 12829 V WindowManagerShell: Track 0 became idle
03-15 13:57:40.780 12757 12829 V WindowManagerShell: All active transition animations finished
03-15 13:57:40.791 12320 14060 D CoreBackPreview: Window{4f001df u0 com.example.kutuphane/com.example.kutuphane.goster}: Setting back callback null
03-15 13:57:40.792 12320 14299 V WindowManager: Remove Window{4f001df u0 com.example.kutuphane/com.example.kutuphane.goster}: mSurfaceControl=Surface(name=com.example.kutuphane/com.example.kutuphane.goster$_23334)/@0xcdde79d mAnimatingExit=false mRemoveOnExit=false mHasSurface=true surfaceShowing=false animating=false app-animation=false callers=com.android.server.wm.Session.remove:16 android.view.IWindowSession$Stub.onTransact:804 com.android.server.wm.Session.onTransact:1 android.os.Binder.execTransactInternal:1457 android.os.Binder.execTransact:1401 <bottom of call stack> 
03-15 13:57:40.792 12320 14299 D RestrictionPolicy: isScreenCaptureEnabled : ret=true userId=0
03-15 13:57:40.795 12320 12353 D SGM:FgCheckThread: getForegroundApp(), foregroundPkgName=com.example.kutuphane
03-15 13:57:40.795 12320 12353 D SGM:FgCheckThread: pkgName: com.example.kutuphane is in foreground
03-15 13:57:40.797 12320 12629 D BackgroundInstallControlService: Package event received: 0
03-15 13:57:40.819 12320 14060 I ActivityManager: Changes in 90001 17 to 17, 128 to 0
03-15 13:57:40.819 12320 14060 I ActivityManager: Changes in 90000 11 to 17, 128 to 0
03-15 13:57:40.819 12320 14060 I ActivityManager: Changes in 10304 11 to 16, 128 to 0
03-15 13:57:40.828 12320 12364 I ActivityManager: Changes in 90001 17 to 17, 0 to 128
03-15 13:57:40.828 12320 12364 I ActivityManager: Changes in 90000 17 to 11, 0 to 128
03-15 13:57:40.828 12320 12364 I ActivityManager: Changes in 10304 16 to 11, 0 to 128
03-15 13:57:40.871 12320 12353 D SGM:GameManager: identifyForegroundApp. com.example.kutuphane, mCurrentUserId: 0, callerUserId: 0
03-15 13:57:40.871 12320 12353 D SGM:SemGameManager: isForegroundGame(), ret=false
03-15 13:57:41.033 12320 13885 D FreecessHandler: freeze com.example.kutuphane(10286) result : 37
03-15 13:57:41.299 12320 12485 D PowerManagerService: [api] userActivityFromNative : touch displayId=0 eventTime=117345727
03-15 13:57:41.304 12320 14060 I InputMethodManagerService: isInputMethodShown: isShown=false
03-15 13:57:41.353 12320 14060 V AutofillSession: Primary service component name: ComponentInfo{com.samsung.android.samsungpassautofill/com.samsung.android.samsungpassautofill.AutofillServiceMain}, secondary service component name: ComponentInfo{com.android.credentialmanager/com.samsung.android.credentialmanager.autofill.SecCredentialAutofillService}
03-15 13:57:41.353 12320 14060 V SecondaryProviderHandler: Creating a secondary provider handler with component name, ComponentInfo{com.android.credentialmanager/com.samsung.android.credentialmanager.autofill.SecCredentialAutofillService}
03-15 13:57:41.355 12320 14060 D PresentationStatsEventLogger: Started new PresentationStatsEvent
03-15 13:57:41.360 12320 12505 V InputMethodManagerService: startInputOrWindowGainedFocusInternalLocked: reason=CHECK_FOCUS client=android.os.BinderProxy@9159e84 inputContext=com.android.internal.inputmethod.IRemoteInputConnection$Stub$Proxy@6bef5e editorInfo=android.view.inputmethod.EditorInfo@197bf3f startInputFlags=VIEW_HAS_FOCUS|IS_TEXT_EDITOR|INITIAL_CONNECTION softInputMode=STATE_UNSPECIFIED|ADJUST_PAN windowFlags=#81810100 unverifiedTargetSdkVersion=31 bindingController=com.android.server.inputmethod.InputMethodBindingController@1cc1bc1 imeDispatcher=android.window.ImeOnBackInvokedDispatcher@39bd00c cs=ClientState{ad93295 mUid=10286 mPid=23334 mSelfReportedDisplayId=0} imeRequestedVisible=false
03-15 13:57:41.360 12320 12505 V InputMethodManagerService: startInputOrWindowGainedFocusInternalLocked: reason=CHECK_FOCUS clientState=ad93295 editorInfo=android.view.inputmethod.EditorInfo@197bf3f startInputFlags=VIEW_HAS_FOCUS|IS_TEXT_EDITOR|INITIAL_CONNECTION softInputMode=STATE_UNSPECIFIED|ADJUST_PAN windowFlags=#81810100 sameWindowFocused=true
03-15 13:57:41.360 12320 12505 V InputMethodManagerService: setWindowStateInner, windowToken=android.os.BinderProxy@5c255f, state=ImeTargetWindowState{ imeToken null imeFocusChanged false hasEditorFocused true requestedImeVisible false imeDisplayId 0 softInputModeState STATE_UNSPECIFIED|ADJUST_PAN isStartInputByGainFocus false}
03-15 13:57:41.360 12320 12505 V InputMethodManagerService: Window already focused, ignoring focus gain of: com.android.internal.inputmethod.IInputMethodClient$Stub$Proxy@8036d55 editorInfo=android.view.inputmethod.EditorInfo@197bf3f, token=android.os.BinderProxy@5c255f, startInputReason=CHECK_FOCUS
03-15 13:57:41.360 12320 12505 D SemInputMethodManagerServiceUtil: restorePreviousUsedInputMethod : failed to return the previous ime becuase the stored info is null or do not need restore
03-15 13:57:41.360 12320 12505 V InputMethodManagerService: semComputeImeDisplayIdForTarget: displayToShowIme=0
03-15 13:57:41.360 12320 12505 V InputMethodManagerService: Creating new accessibility sessions for client ClientState{ad93295 mUid=10286 mPid=23334 mSelfReportedDisplayId=0}
03-15 13:57:41.361 23334 23334 D InsetsController: Setting requestedVisibleTypes to -1 (was -9)
03-15 13:57:41.361 12320 12505 D InputMethodManagerService: isImeSwitcherDisabledPackage : false
03-15 13:57:41.362 12320 12505 D InputMethodManagerService: checkDisplayOfStartInputAndUpdateKeyboard: displayId=0, mFocusedDisplayId=0
03-15 13:57:41.362 12320 14060 I InputMethodManagerService: isInputMethodShown: isShown=false
03-15 13:57:41.362 12320 12353 V InputMethodManagerService: Client requesting input be shown
03-15 13:57:41.363 12320 12353 D InputMethodManagerService: ACCESS_CONTROL_ENABLED = false, ACCESS_CONTROL_KEYBOARD_BLOCK = true
03-15 13:57:41.363 12320 12353 V InputMethodManagerService: setWindowStateInner, windowToken=android.os.BinderProxy@5c255f, state=ImeTargetWindowState{ imeToken android.os.Binder@6d3105b imeFocusChanged false hasEditorFocused true requestedImeVisible true imeDisplayId 0 softInputModeState STATE_UNSPECIFIED|ADJUST_PAN isStartInputByGainFocus false}
03-15 13:57:41.363 12320 12353 D InputMethodBindingController: bindCurrentInputMethodService: caller=com.android.server.inputmethod.InputMethodBindingController.bindCurrentInputMethodService:17 com.android.server.inputmethod.InputMethodManagerService.showCurrentInputLocked:125 com.android.server.inputmethod.InputMethodManagerService.showCurrentInputInternal:45 com.android.server.wm.ImeInsetsSourceProvider$$ExternalSyntheticLambda0.run:88 android.os.Handler.handleCallback:995 android.os.Handler.dispatchMessage:103 android.os.Looper.loopOnce:273 android.os.Looper.loop:363 android.os.HandlerThread.run:85 com.android.server.ServiceThread.run:49 
03-15 13:57:41.364 12320 14299 D WindowManager: updateSystemBarAttributes: displayId=0, focusedCanBeNavColorWin=false, win=Window{1190bac u0 com.example.kutuphane/com.example.kutuphane.MainActivity}, navColorWin=Window{1190bac u0 com.example.kutuphane/com.example.kutuphane.MainActivity}, caller=com.android.server.wm.InsetsStateController.onRequestedVisibleTypesChanged:86 com.android.server.wm.InsetsPolicy.onRequestedVisibleTypesChanged:3 com.android.server.wm.Session.updateRequestedVisibleTypes:37 
03-15 13:57:41.364 12320 14299 D WindowManager: updateSystemBarAttributes, bhv=1, apr=16, statusBarAprRegions=[AppearanceRegion{ bounds=[0,0][1080,2340]}], requestedVisibilities=-1
03-15 13:57:41.367 12320 12353 I ActivityManager: Changes in 10170 7 to 5, 128 to 255
03-15 13:57:41.368 12320 12353 V InputMethodManagerService: Calling com.android.server.inputmethod.IInputMethodInvoker@7c4363f.showSoftInput(android.os.BinderProxy@5c255f, 1, null) for reason: SHOW_SOFT_INPUT
03-15 13:57:41.369 12320 12629 D BackgroundInstallControlService: Package event received: 0
03-15 13:57:41.372 12320 14060 D AutofillSession: createPendingIntent for request 442
03-15 13:57:41.373 12320 14060 D ContentCapturePerUserService: Notified activity assist data for activity: Token{b4fc26f ActivityRecord{245514574 u0 com.example.kutuphane/.MainActivity t609}} without a session Id
03-15 13:57:41.375 12320 14060 I InputMethodManagerService: isAccessoryKeyboard 0
03-15 13:57:41.376 12320 14299 I InputMethodManagerService: isAccessoryKeyboard 0
03-15 13:57:41.382 12320 14335 D KNOX_MDM_SettingsProvider: isChangeAllowed() : name = enabled_input_methods
03-15 13:57:41.382 12320 14335 D KNOX_MDM_SettingsProvider: edmUri: content://com.sec.knox.provider/RestrictionPolicy3
03-15 13:57:41.382 12320 14335 D KNOX_MDM_SettingsProvider: projectionArgs: isSettingsChangesAllowed
03-15 13:57:41.382 12320 14335 D KNOX_MDM_SettingsProvider: selectionArgs: false
03-15 13:57:41.382 12320 14335 D KNOX_MDM_SettingsProvider: selectionArgs: 10170
03-15 13:57:41.382 12320 14335 D SecContentProvider: called from android.uid.honeyboard:10170
03-15 13:57:41.382 12320 14335 D RestrictionPolicy: isSettingsChangesAllowedAsUser, userId 0 : true
03-15 13:57:41.382 12320 14335 D KNOX_MDM_SettingsProvider: ret = 1
03-15 13:57:41.383 12320 14299 D KNOX_MDM_SettingsProvider: isChangeAllowed() : name = default_input_method
03-15 13:57:41.383 12320 14299 D KNOX_MDM_SettingsProvider: edmUri: content://com.sec.knox.provider/RestrictionPolicy3
03-15 13:57:41.383 12320 14299 D KNOX_MDM_SettingsProvider: projectionArgs: isSettingsChangesAllowed
03-15 13:57:41.383 12320 14299 D KNOX_MDM_SettingsProvider: selectionArgs: false
03-15 13:57:41.383 12320 14299 D KNOX_MDM_SettingsProvider: selectionArgs: 10170
03-15 13:57:41.383 12320 14299 D SecContentProvider: called from android.uid.honeyboard:10170
03-15 13:57:41.383 12320 14299 D RestrictionPolicy: isSettingsChangesAllowedAsUser, userId 0 : true
03-15 13:57:41.383 12320 14299 D KNOX_MDM_SettingsProvider: ret = 1
03-15 13:57:41.385 12320 14335 D SecContentProvider: called from android.uid.honeyboard:10170
03-15 13:57:41.385 12320 14335 D RestrictionPolicy: isClipboardAllowed : true
03-15 13:57:41.387 12320 12320 I InputMethodManagerService: subtype state: oldSubtype = android.view.inputmethod.InputMethodSubtype@420000 newSubtype = android.view.inputmethod.InputMethodSubtype@420000 force = false, intent received : false
03-15 13:57:41.394 12320 13084 D SecContentProvider: called from android.uid.honeyboard:10170
03-15 13:57:41.394 12320 13084 D RestrictionPolicy: isClipboardAllowed : true
03-15 13:57:41.398 12320 13084 V InputMethodManagerService: IME window vis: 3 active: 1 visible: 2 displayId: 0
03-15 13:57:41.398 12320 13084 D InputMethodManagerService: isImeSwitcherDisabledPackage : false
03-15 13:57:41.399 12320 13084 I InputMethodManagerService: setImeWindowStatus: vis=3, backDisposition=0
03-15 13:57:41.401 12320 26634 D TspStateManager: wrote command: cmd=1,18,7,24,1548, type=1
03-15 13:57:41.401 12320 26633 D TspStateManager: wrote command: cmd=1, type=5
03-15 13:57:41.403 12320 13084 D CoreBackPreview: Window{1190bac u0 com.example.kutuphane/com.example.kutuphane.MainActivity}: Setting back callback OnBackInvokedCallbackInfo{mCallback=android.window.IOnBackInvokedCallback$Stub$Proxy@3e5d710, mPriority=0, mIsAnimationCallback=true, mOverrideBehavior=0}
03-15 13:57:41.410 12320 12320 D ActivityManager: sync unfroze 20781 com.samsung.android.authfw for 6
03-15 13:57:41.411 12320 12320 I ActivityManager: Changes in 10185 19 to 6, 0 to 128
03-15 13:57:41.411 12320 12320 I ActivityManager: Changes in 10114 19 to 6, 0 to 128
03-15 13:57:41.411 12320 12320 I ActivityManager: Changes in 5278 19 to 6, 0 to 128
03-15 13:57:41.411 12320 12629 D BackgroundInstallControlService: Package event received: 0
03-15 13:57:41.411 12320 12629 D BackgroundInstallControlService: Package event received: 0
03-15 13:57:41.411 12320 12629 D BackgroundInstallControlService: Package event received: 0
03-15 13:57:41.411 12320 12629 D BackgroundInstallControlService: Package event received: 0
03-15 13:57:41.416 12320 14060 W ProcessStats: Tracking association SourceState{50ee74b com.samsung.android.samsungpass/10114 ImpFg #28931} whose proc state 5 is better than process ProcessState{f3ad93d com.samsung.android.authfw/5278 pkg=com.samsung.android.authfw} proc state 15 (0 skipped)
03-15 13:57:41.433 12320 13084 D SecContentProvider: called from android.uid.honeyboard:10170
03-15 13:57:41.433 12320 13084 D RestrictionPolicy: isClipboardAllowed : true
03-15 13:57:41.436 12320 14299 D SecContentProvider: called from android.uid.honeyboard:10170
03-15 13:57:41.436 12320 14299 D RestrictionPolicy: isClipboardAllowed : true
03-15 13:57:41.439 12320 14299 D SecContentProvider: called from android.uid.honeyboard:10170
03-15 13:57:41.439 12320 14299 D RestrictionPolicy: isClipboardAllowed : true
03-15 13:57:41.440   778   778 W keymint_tee: [WRN]begin req PARAMS: A32, BM2, PD64, 
03-15 13:57:41.442 12320 13084 D SecContentProvider: called from android.uid.honeyboard:10170
03-15 13:57:41.442 12320 13084 D RestrictionPolicy: isClipboardAllowed : true
03-15 13:57:41.443   778   778 D android.hardware.security.keymint-service: begin: ret 0
03-15 13:57:41.443   777   806 I keystore2: system/security/keystore2/src/security_level.rs:466 - In create_operation. Success to create IKeystoreOperation. 10114, None
03-15 13:57:41.445   778   778 D android.hardware.security.keymint-service: update: ret 0
03-15 13:57:41.446 12320 13084 D SecContentProvider: called from android.uid.honeyboard:10170
03-15 13:57:41.446 12320 13084 D RestrictionPolicy: isClipboardAllowed : true
03-15 13:57:41.447   778   778 D android.hardware.security.keymint-service: finish: ret 0
03-15 13:57:41.449 12320 13084 D SecContentProvider: called from android.uid.honeyboard:10170
03-15 13:57:41.449 12320 13084 D RestrictionPolicy: isClipboardAllowed : true
03-15 13:57:41.452 12320 14299 D SecContentProvider: called from android.uid.honeyboard:10170
03-15 13:57:41.452 12320 14299 D RestrictionPolicy: isClipboardAllowed : true
03-15 13:57:41.455   778   778 W keymint_tee: [WRN]begin req PARAMS: A32, BM2, PD64, 
03-15 13:57:41.455 12320 14299 D SecContentProvider: called from android.uid.honeyboard:10170
03-15 13:57:41.455 12320 14299 D RestrictionPolicy: isClipboardAllowed : true
03-15 13:57:41.457   778   778 D android.hardware.security.keymint-service: begin: ret 0
03-15 13:57:41.457   777   806 I keystore2: system/security/keystore2/src/security_level.rs:466 - In create_operation. Success to create IKeystoreOperation. 10114, None
03-15 13:57:41.459   778   778 D android.hardware.security.keymint-service: update: ret 0
03-15 13:57:41.462   778   778 D android.hardware.security.keymint-service: finish: ret 0
03-15 13:57:41.464 12320 14299 D WindowManager: makeSurface duration=1 name=InputMethod$_30070
03-15 13:57:41.465 12320 14299 I WindowManager: Cancelling animation restarting=true, leash=Surface(name=Surface(name=3c1eb49 NavigationBar0)/@0x13224f6 - animation-leash of insets_animation)/@0x45ade62
03-15 13:57:41.465 12320 14299 I WindowManager: Reparenting to original parent: Surface(name=WindowToken{b67d50 type=2019 android.os.BinderProxy@b916202})/@0x5e0e0f7, destroy=false, surface=Surface(name=3c1eb49 NavigationBar0)/@0x13224f6
03-15 13:57:41.465 12320 14299 I WindowManager: Reparenting to leash, surface=Surface(name=3c1eb49 NavigationBar0)/@0x13224f6, leashParent=Surface(name=WindowToken{b67d50 type=2019 android.os.BinderProxy@b916202})/@0x5e0e0f7
03-15 13:57:41.466 12320 14299 D WindowManager: makeSurface duration=0 leash=Surface(name=Surface(name=3c1eb49 NavigationBar0)/@0x13224f6 - animation-leash of insets_animation)/@0x5077c27
