03-15 13:56:10.052 12320 12354 V WindowManager: Setting visibility of Window{54ad81e u0 com.android.systemui.wallpapers.ImageWallpaper}: true, caller=com.android.server.wm.WindowContainer.sendAppVisibilityToClients:19 com.android.server.wm.WindowToken.setClientVisible:48 com.android.server.wm.WallpaperWindowToken.setVisible$1:3 com.android.server.wm.WallpaperWindowToken.commitVisibility:48 com.android.server.wm.WallpaperWindowToken.setVisibility:101 
03-15 13:56:10.056 12320 12354 D BLASTSyncEngine: SyncGroup 277:  Unfinished container: ActivityRecord{70907090 u0 com.sec.android.app.launcher/.activities.LauncherActivity t593} mSyncState=2
03-15 13:56:10.058 12320 12354 D BLASTSyncEngine: SyncGroup 277:  Unfinished container: ActivityRecord{70907090 u0 com.sec.android.app.launcher/.activities.LauncherActivity t593} mSyncState=2
03-15 13:56:10.059 12320 12629 D BackgroundInstallControlService: Package event received: 0
03-15 13:56:10.062 12320 12629 D BackgroundInstallControlService: Package event received: 0
03-15 13:56:10.084 12320 12947 D WindowManager: finishDrawingWindow: Window{3df34fd u0 com.sec.android.app.launcher/com.sec.android.app.launcher.activities.LauncherActivity} mDrawState=DRAW_PENDING seqId=0
03-15 13:56:10.087 12320 12354 V WindowManager: SyncGroup 277: Finished!
03-15 13:56:10.087 12320 14334 D VibratorManagerService: converted usage = TOUCH(18)
03-15 13:56:10.087 12320 14334 D VibratorManagerService: vibrate - uid: 10135, opPkg: com.sec.android.app.launcher, effect: Mono{mEffect=Composed{segments=[SemHaptic{mType=50124, mMagnitude=-1}], repeat=-1, mMagnitudeType=TYPE_TOUCH}}, attrs: VibrationAttributes{mUsage=TOUCH, mAudioUsage= USAGE_UNKNOWN, mFlags=0, tags=}, reason: null, token: android.os.BinderProxy@9a5cc12
03-15 13:56:10.087 12320 14334 D VibratorManagerService: magnitude value is under 0
03-15 13:56:10.087 12320 14334 D SingleVibrationSession: semDcVibrate : EFFECT_CLICK_RESERVED_DC(100), repeat: -1, usage: TOUCH(18), magnitude: 0
03-15 13:56:10.087 12320 14334 D VibratorManagerService: Vibration was not generated normally.
03-15 13:56:10.087 12320 12354 V WindowManager: performShowLocked: mDrawState=HAS_DRAWN in Window{7b4c344 u0 com.sec.android.app.launcher/com.sec.android.app.launcher.activities.LauncherActivity}
03-15 13:56:10.088 12320 12354 V WindowManager: performShowLocked: mDrawState=HAS_DRAWN in Window{3df34fd u0 com.sec.android.app.launcher/com.sec.android.app.launcher.activities.LauncherActivity}
03-15 13:56:10.088 12320 12354 D Transition: updateTaskbarTargetIfNeeded: defer to send callbackwhile on transient launch
03-15 13:56:10.088 12320 12354 D ChangeTransitionController: onTransactionReady: TransitionRecord{e048e5 id=277 type=TO_FRONT flags=0x80 c=[
03-15 13:56:10.088 12320 12354 D ChangeTransitionController:    ChangeInfo{7b18fe3 container=DefaultTaskDisplayArea_d0@21689571 flags=0x0}
03-15 13:56:10.088 12320 12354 D ChangeTransitionController:    ChangeInfo{d039de0 container=WallpaperWindowToken{384c472 showWhenLocked=false}_<system> flags=0x0}
03-15 13:56:10.088 12320 12354 D ChangeTransitionController:    ChangeInfo{fe4a899 container=Task{3cba496 #1 type=home} flags=0x0}
03-15 13:56:10.088 12320 12354 D ChangeTransitionController:    ChangeInfo{f10975e container=ActivityRecord{70907090 u0 com.sec.android.app.launcher/.activities.LauncherActivity t593} flags=0x0}
03-15 13:56:10.088 12320 12354 D ChangeTransitionController:    ChangeInfo{8e3473f container=Task{5ede90c #609 type=standard A=10286:com.example.kutuphane} flags=0x4}
03-15 13:56:10.088 12320 12354 D ChangeTransitionController:    ChangeInfo{234b80c container=TransientLaunchOverlayToken{af55f9c token=android.os.BinderProxy@dc6930f} flags=0x0}
03-15 13:56:10.088 12320 12354 D ChangeTransitionController:    ChangeInfo{5ce3555 container=Display{#0 state=ON size=1080x2340 ROTATION_0} flags=0x0}
03-15 13:56:10.088 12320 12354 D ChangeTransitionController:    ChangeInfo{1cacb6a container=Task{fc17dcd #593 type=home I=com.sec.android.app.launcher/.activities.LauncherActivity} flags=0x0}
03-15 13:56:10.088 12320 12354 D ChangeTransitionController:    ChangeInfo{b4f185b container=RemoteWallpaperAnim:1:1@264671916 flags=0x0}
03-15 13:56:10.088 12320 12354 D ChangeTransitionController: ]
03-15 13:56:10.088 12320 12354 D ChangeTransitionController: }
03-15 13:56:10.088 12320 12354 V WindowManager: Start calculating TransitionInfo based on participants: {WallpaperWindowToken{384c472 showWhenLocked=false}_<system>, Task{3cba496 #1 type=home}, ActivityRecord{70907090 u0 com.sec.android.app.launcher/.activities.LauncherActivity t593}, Task{5ede90c #609 type=standard A=10286:com.example.kutuphane}, TransientLaunchOverlayToken{af55f9c token=android.os.BinderProxy@dc6930f}, Task{fc17dcd #593 type=home I=com.sec.android.app.launcher/.activities.LauncherActivity}}
03-15 13:56:10.089 12320 12354 V WindowManager:   Final targets: [ChangeInfo{234b80c container=TransientLaunchOverlayToken{af55f9c token=android.os.BinderProxy@dc6930f} flags=0x0}, ChangeInfo{fe4a899 container=Task{3cba496 #1 type=home} flags=0x30}, ChangeInfo{8e3473f container=Task{5ede90c #609 type=standard A=10286:com.example.kutuphane} flags=0x4}, ChangeInfo{d039de0 container=WallpaperWindowToken{384c472 showWhenLocked=false}_<system> flags=0x0}]
03-15 13:56:10.089 12320 14334 I AppWidgetServiceImpl: startListening() 
03-15 13:56:10.090 12320 14334 I AppWidgetServiceImpl: startListening() finish
03-15 13:56:10.091 12320 12354 D WindowManager: setActiveRecents, recents=Task{3cba496 #1 type=home}, task=Task{5ede90c #609 type=standard A=10286:com.example.kutuphane}, caller=com.android.server.wm.InputMonitor.setActiveRecents:33 com.android.server.wm.Transition.onTransactionReady:1795 com.android.server.wm.BLASTSyncEngine$SyncGroup.finishNow:240 
03-15 13:56:10.093 12320 12354 V WindowManager: Calling onTransitionReady: {id=277 t=TO_FRONT f=0x80 trk=0 r=[0@Point(0, 0)] c=[
03-15 13:56:10.093 12320 12354 V WindowManager:         {m=TO_FRONT f=TRANSLUCENT|FLAG_IS_SYSTEM_WINDOW|TRANSIENT_LAUNCH_OVERLAY leash=Surface(name=TransientLaunchOverlayToken{af55f9c token=android.os.BinderProxy@dc6930f})/@0x377df45 sb=Rect(0, 0 - 1080, 2340) eb=Rect(0, 0 - 1080, 2340) epz=Point(1080, 2340) d=0 inset=Rect(0, 0 - 0, 0)},
03-15 13:56:10.093 12320 12354 V WindowManager:         {WCT{RemoteToken{9720ccf Task{3cba496 #1 type=home}}} m=TO_FRONT f=SHOW_WALLPAPER|MOVE_TO_TOP|EDGE_EXTENSION_RESTRICTION leash=Surface(name=Task=1)/@0xd813e23 sb=Rect(0, 0 - 1080, 2340) eb=Rect(0, 0 - 1080, 2340) epz=Point(1080, 2340) d=0 taskParent=-1 inset=Rect(0, 80 - 0, 39)},
03-15 13:56:10.093 12320 12354 V WindowManager:         {WCT{RemoteToken{2dc67f3 Task{5ede90c #609 type=standard A=10286:com.example.kutuphane}}} m=TO_BACK f=NONE leash=Surface(name=Task=609)/@0xa252d sb=Rect(0, 0 - 1080, 2340) eb=Rect(0, 0 - 1080, 2340) epz=Point(1080, 2340) d=0 taskParent=-1 inset=Rect(0, 80 - 0, 39) dim=true},
03-15 13:56:10.093 12320 12354 V WindowManager:         {m=TO_FRONT f=IS_WALLPAPER p=WCT{RemoteToken{e1c459c RemoteWallpaperAnim:1:1@264671916}} leash=Surface(name=WallpaperWindowToken{384c472 showWhenLocked=false})/@0xaa6efa9 sb=Rect(0, 0 - 1080, 2340) eb=Rect(0, 0 - 1080, 2340) epz=Point(1080, 2340) d=0 inset=Rect(0, 0 - 0, 0)}
03-15 13:56:10.093 12320 12354 V WindowManager:     ]}
03-15 13:56:10.095 12757 12779 V WindowManagerShell: onTransitionReady(transaction=52913997107706)
03-15 13:56:10.096 12320 12354 D WindowManager: updateSystemBarAttributes: displayId=0, focusedCanBeNavColorWin=false, win=Window{b7b0b62 u0 com.example.kutuphane/com.example.kutuphane.kitapekle}, navColorWin=Window{b7b0b62 u0 com.example.kutuphane/com.example.kutuphane.kitapekle}, caller=com.android.server.wm.DisplayPolicy.finishPostLayoutPolicyLw:17 com.android.server.wm.RootWindowContainer.applySurfaceChangesTransaction$1:195 com.android.server.wm.RootWindowContainer.performSurfacePlacementNoTrace:59 
03-15 13:56:10.096 12757 12829 V WindowManagerShell: onTransitionReady (#277) android.os.BinderProxy@22989b5: {id=277 t=TO_FRONT f=0x80 trk=0 r=[0@Point(0, 0)] c=[
03-15 13:56:10.096 12757 12829 V WindowManagerShell:         {m=TO_FRONT f=TRANSLUCENT|FLAG_IS_SYSTEM_WINDOW|TRANSIENT_LAUNCH_OVERLAY leash=Surface(name=TransientLaunchOverlayToken{af55f9c token=android.os.BinderProxy@dc6930f})/@0x6b60c31 sb=Rect(0, 0 - 1080, 2340) eb=Rect(0, 0 - 1080, 2340) epz=Point(1080, 2340) d=0 inset=Rect(0, 0 - 0, 0)},
03-15 13:56:10.096 12757 12829 V WindowManagerShell:         {m=TO_FRONT f=SHOW_WALLPAPER|MOVE_TO_TOP|EDGE_EXTENSION_RESTRICTION leash=Surface(name=Task=1)/@0x2204f16 sb=Rect(0, 0 - 1080, 2340) eb=Rect(0, 0 - 1080, 2340) epz=Point(1080, 2340) d=0 taskParent=-1 inset=Rect(0, 80 - 0, 39)},
03-15 13:56:10.096 12757 12829 V WindowManagerShell:         {m=TO_BACK f=NONE leash=Surface(name=Task=609)/@0xde9097 sb=Rect(0, 0 - 1080, 2340) eb=Rect(0, 0 - 1080, 2340) epz=Point(1080, 2340) d=0 taskParent=-1 inset=Rect(0, 80 - 0, 39) dim=true},
03-15 13:56:10.096 12757 12829 V WindowManagerShell:         {m=TO_FRONT f=IS_WALLPAPER p=WCT{android.window.IWindowContainerToken$Stub$Proxy@4a46a2} leash=Surface(name=WallpaperWindowToken{384c472 showWhenLocked=false})/@0xa9bc284 sb=Rect(0, 0 - 1080, 2340) eb=Rect(0, 0 - 1080, 2340) epz=Point(1080, 2340) d=0 inset=Rect(0, 0 - 0, 0)}
03-15 13:56:10.096 12757 12829 V WindowManagerShell:     ]}
03-15 13:56:10.096 12757 12829 V ShellDesktopMode: DesktopModeLogger: Recents animation running, saving tasks for later
03-15 13:56:10.096 12757 12829 V ShellDesktopMode: DesktopModeLogger: taskInfo map after processing changes 0
03-15 13:56:10.096 12757 12829 D ShellDesktopMode: DesktopTaskChangeListener: onTaskMovingToFront for taskId=1, displayId=0
03-15 13:56:10.096 12320 12354 D WindowManager: updateSystemBarAttributes, bhv=1, apr=16, statusBarAprRegions=[AppearanceRegion{ bounds=[0,0][1080,2340]}], requestedVisibilities=-1
03-15 13:56:10.097 12757 12829 V WindowManagerShell: Playing animation for (#277) android.os.BinderProxy@22989b5@0
03-15 13:56:10.099 12757 12829 V WindowManagerShell:  try firstHandler com.android.wm.shell.recents.RecentsTransitionHandler@f5163b0
03-15 13:56:10.099 12757 12829 V ShellRecents: [178452554] RecentsController.start
03-15 13:56:10.099   582   582 D io_stats: !@   8,32 r 7526791 163955188 w 5333856 69967792 d 589825 219005544 f 469303 522200 iot 2417888 0 th 0 0 0 pt 0 inp 0 0 117254.529
03-15 13:56:10.100   582   582 D io_stats: !@ Read_top(KB): roid.honeyboard:top(30070) 12
03-15 13:56:10.100   582   582 D io_stats: !@ Write_top(KB): roid.honeyboard:top(30070) 380 kworker/u32:3:/(13429) 112 in.sweatco.app:high(17922) 12
03-15 13:56:10.101 12757 12829 V ShellRecents:   not handling home taskId=1
03-15 13:56:10.101 12757 12829 V ShellRecents:   adding pausing leaf taskId=609 at layer=10
03-15 13:56:10.102 12757 12829 V ShellRecents:  Excluded change from remote targets, change={m=TO_FRONT f=IS_WALLPAPER p=WCT{android.window.IWindowContainerToken$Stub$Proxy@4a46a2} leash=Surface(name=WallpaperWindowToken{384c472 showWhenLocked=false})/@0xa9bc284 sb=Rect(0, 0 - 1080, 2340) eb=Rect(0, 0 - 1080, 2340) epz=Point(1080, 2340) d=0 inset=Rect(0, 0 - 0, 0)}
03-15 13:56:10.102 12757 12829 V ShellRecents: Applying transaction=52913997107706
03-15 13:56:10.102 12757 12829 V ShellRecents: No matching remote found to takeover (#277)
03-15 13:56:10.103 12757 12829 V ShellSplitScreen: getSplitBoundsForTaskId: expected split bounds for taskId=609 but not found
03-15 13:56:10.103 12757 12829 V ShellRecents: [178452554] RecentsController.start: calling onAnimationStart with 3 apps
03-15 13:56:10.104 12757 12829 V ShellDesktopMode: DesktopTasksController: Recents transition state changed: TRANSITION_STATE_ANIMATING
03-15 13:56:10.104 12757 12829 V WindowManagerShell:  animated by firstHandler
03-15 13:56:10.104 12320 12350 D [secipm]: mSecIpmManager report to nap
03-15 13:56:10.108 12320 12350 V WindowManager: Sent Transition (#277) createdAt=03-15 13:56:10.003
03-15 13:56:10.108 12320 12350 V WindowManager:     startWCT=WindowContainerTransaction { changes= {} hops= [{pendingIntent: options=Bundle[{android.activity.splashScreenStyle=-1, android.activity.sourceInfo=android.app.ActivityOptions$SourceInfo@897fca4, android:activity.isMlLaunch=-1, android.activity.splitTaskDeferResume=false, android.pendingIntent.backgroundActivityAllowed=1, android:activity.isActiveLaunch=false, android.activity.launchTypeDnD=false, android:activity.startedFromWindowTypeLauncher=false, android.activity.launchDisplayId=0, android:activity.unhandledDropLaunch=false, android:activity.launchInFocusedStageRoot=false, android:activity.animAbortListener=null, android.activity.disableSplashScreen=false, android.activity.startAssistantActivity=false, android.activity.applySystemModalPolicy=false, android:activity.applyBigFreeformSize=false, android.activity.enterPipWhileLaunching=false, android.activity.splitPosition=0, android.activity.preserveTaskWindowingMode=false, android:activity.enterSplitSideWithAdjacentFlag=0, android.activity.transientLaunch=true}]}] errorCallbackToken=null taskFragmentOrganizer=null }
03-15 13:56:10.108 12320 12350 V WindowManager:     info={id=277 t=TO_FRONT f=0x80 trk=0 r=[0@Point(0, 0)] c=[
03-15 13:56:10.108 12320 12350 V WindowManager:         {m=TO_FRONT f=TRANSLUCENT|FLAG_IS_SYSTEM_WINDOW|TRANSIENT_LAUNCH_OVERLAY leash=Surface(name=TransientLaunchOverlayToken{af55f9c token=android.os.BinderProxy@dc6930f})/@0x377df45 sb=Rect(0, 0 - 1080, 2340) eb=Rect(0, 0 - 1080, 2340) epz=Point(1080, 2340) d=0 inset=Rect(0, 0 - 0, 0)},
03-15 13:56:10.108 12320 12350 V WindowManager:         {WCT{RemoteToken{9720ccf Task{3cba496 #1 type=home}}} m=TO_FRONT f=SHOW_WALLPAPER|MOVE_TO_TOP|EDGE_EXTENSION_RESTRICTION leash=Surface(name=Task=1)/@0xd813e23 sb=Rect(0, 0 - 1080, 2340) eb=Rect(0, 0 - 1080, 2340) epz=Point(1080, 2340) d=0 taskParent=-1 inset=Rect(0, 80 - 0, 39)},
03-15 13:56:10.108 12320 12350 V WindowManager:         {WCT{RemoteToken{2dc67f3 Task{5ede90c #609 type=standard A=10286:com.example.kutuphane}}} m=TO_BACK f=NONE leash=Surface(name=Task=609)/@0xa252d sb=Rect(0, 0 - 1080, 2340) eb=Rect(0, 0 - 1080, 2340) epz=Point(1080, 2340) d=0 taskParent=-1 inset=Rect(0, 80 - 0, 39) dim=true},
03-15 13:56:10.108 12320 12350 V WindowManager:         {m=TO_FRONT f=IS_WALLPAPER p=WCT{RemoteToken{e1c459c RemoteWallpaperAnim:1:1@264671916}} leash=Surface(name=WallpaperWindowToken{384c472 showWhenLocked=false})/@0xaa6efa9 sb=Rect(0, 0 - 1080, 2340) eb=Rect(0, 0 - 1080, 2340) epz=Point(1080, 2340) d=0 inset=Rect(0, 0 - 0, 0)}
03-15 13:56:10.108 12320 12350 V WindowManager:     ]}
03-15 13:56:10.110 12757 12829 V ShellRecents: [178452554] RecentsController.setInputConsumerEnabled: set focus to recents
03-15 13:56:10.111 12320 14334 D SGM:FgCheckThread: TaskStackListener.onTaskFocusChanged(), taskId=609, focused=false
03-15 13:56:10.111 12320 14334 D SGM:FgCheckThread: TaskStackListener.onTaskFocusChanged(), taskId=593, focused=true
03-15 13:56:10.111 12320 14334 D SGM:FgCheckThread:   sendRunningComponentFocus(), pkgName: com.sec.android.app.launcher, userId: 0
03-15 13:56:10.112 12320 12510 D SGM:FgCheckThread: onLooperPrepared(), msg: MSG_TASK_FOCUSED, pkgName: com.sec.android.app.launcher, userId: 0
03-15 13:56:10.112 12320 12510 D SGM:FgCheckThread: handleTaskFocused().
03-15 13:56:10.112 12320 12510 D SGM:FgCheckThread: sendFocusOutConditionally() - mPrevNotiPkg: (unknown), userId: 0
03-15 13:56:10.112 12320 12510 D SGM:FgCheckThread:   handleTaskFocused(), pkgName: com.sec.android.app.launcher, userID:0
03-15 13:56:10.112 12320 12510 D SGM:FgCheckThread: handleResume().
03-15 13:56:10.113 12320 12510 D SGM:FgCheckThread: sendFocusOutConditionally() - mPrevNotiPkg: (unknown), userId: 0
03-15 13:56:10.113 12320 12510 D SGM:FgCheckThread:   handleResume(). pkgName: com.sec.android.app.launcher, userId: 0, category: non-game
03-15 13:56:10.113 12320 12510 D SGM:FgCheckThread: notifyFocusInOut(). of pkg: com.sec.android.app.launcher, type: 4, isSecGameFamily: false, userId: 0
03-15 13:56:10.113 12320 12510 D SGM:FgCheckThread:   notifyFocusInOut(). unexpected mPrevNotiType: -1
03-15 13:56:10.114 12320 12510 D SGM:SystemHelper: callReleaseBlock needReleaseBlock:false
03-15 13:56:10.114 12320 14334 D WindowManager: Changing focus from Window{b7b0b62 u0 com.example.kutuphane/com.example.kutuphane.kitapekle} to Window{3df34fd u0 com.sec.android.app.launcher/com.sec.android.app.launcher.activities.LauncherActivity} displayId=0 Callers=com.android.server.wm.ActivityTaskManagerService.setLastResumedActivityUncheckLocked:264 com.android.server.wm.ActivityTaskManagerService.setFocusedTask:19 com.android.server.wm.ActivityTaskManagerService.focusTopTask:53 android.app.IActivityTaskManager$Stub.onTransact:2020 
03-15 13:56:10.115 12320 14334 I WindowManager: Cancelling animation restarting=true, leash=Surface(name=Surface(name=2aa07a4 StatusBar)/@0x2227e1b - animation-leash of insets_animation)/@0xbe37cdc
03-15 13:56:10.115 12320 14334 I WindowManager: Reparenting to original parent: Surface(name=WindowToken{df48736 type=2000 android.os.BinderProxy@5f2a3f8})/@0xefe1bb8, destroy=false, surface=Surface(name=2aa07a4 StatusBar)/@0x2227e1b
03-15 13:56:10.115 12320 14334 I WindowManager: Reparenting to leash, surface=Surface(name=2aa07a4 StatusBar)/@0x2227e1b, leashParent=Surface(name=WindowToken{df48736 type=2000 android.os.BinderProxy@5f2a3f8})/@0xefe1bb8
03-15 13:56:10.115 12757 12757 V ShellDragAndDrop: Receive android.intent.action.CLOSE_SYSTEM_DIALOGS
03-15 13:56:10.115 12320 14334 D WindowManager: makeSurface duration=1 leash=Surface(name=Surface(name=2aa07a4 StatusBar)/@0x2227e1b - animation-leash of insets_animation)/@0xa827e2f
03-15 13:56:10.116 12320 14334 D InsetsSourceProvider: updateControlForTarget: control=InsetsSourceControl: {5cf20000 mType=statusBars initiallyVisible mSurfacePosition=Point(0, 0) mInsetsHint=Insets{left=0, top=80, right=0, bottom=0}}, target=Window{3df34fd u0 com.sec.android.app.launcher/com.sec.android.app.launcher.activities.LauncherActivity}, from=com.android.server.wm.InsetsStateController.onControlTargetChanged:83 com.android.server.wm.InsetsPolicy.updateBarControlTarget:212 com.android.server.wm.DisplayPolicy.updateSystemBarAttributes:262 com.android.server.wm.WindowManagerService.updateFocusedWindowLocked:372 com.android.server.wm.ActivityTaskManagerService.setLastResumedActivityUncheckLocked:264 
03-15 13:56:10.116 12320 14334 D WindowManager: updateSystemBarAttributes: displayId=0, focusedCanBeNavColorWin=false, win=Window{3df34fd u0 com.sec.android.app.launcher/com.sec.android.app.launcher.activities.LauncherActivity}, navColorWin=Window{b7b0b62 u0 com.example.kutuphane/com.example.kutuphane.kitapekle}, caller=com.android.server.wm.WindowManagerService.updateFocusedWindowLocked:372 com.android.server.wm.ActivityTaskManagerService.setLastResumedActivityUncheckLocked:264 com.android.server.wm.ActivityTaskManagerService.setFocusedTask:19 
03-15 13:56:10.116 12320 14334 D WindowManager: updateSystemBarAttributes, bhv=2, apr=16, statusBarAprRegions=[AppearanceRegion{ bounds=[0,0][1080,2340]}], requestedVisibilities=-9
03-15 13:56:10.117 12320 14334 V SystemKeyManager: updateFocusedWindow() is called, com.sec.android.app.launcher/com.sec.android.app.launcher.activities.LauncherActivity
03-15 13:56:10.118 12757 12829 V ShellDragAndDrop: Do not update drop target window visibility: window is already set to 4.
03-15 13:56:10.118 12320 12505 E HandwritingModeController: Cannot get requestId: Handwriting was not initialized.
03-15 13:56:10.120 12320 12505 V InputMethodManagerService: IME window vis: 0 active: 0 visible: 0 displayId: 0
03-15 13:56:10.120 12320 12505 D InputMethodManagerService: isImeSwitcherDisabledPackage : false
03-15 13:56:10.121 12320 12354 D WindowManager: updateSystemBarAttributes: displayId=0, focusedCanBeNavColorWin=false, win=Window{3df34fd u0 com.sec.android.app.launcher/com.sec.android.app.launcher.activities.LauncherActivity}, navColorWin=Window{3df34fd u0 com.sec.android.app.launcher/com.sec.android.app.launcher.activities.LauncherActivity}, caller=com.android.server.wm.DisplayPolicy.finishPostLayoutPolicyLw:17 com.android.server.wm.RootWindowContainer.applySurfaceChangesTransaction$1:195 com.android.server.wm.RootWindowContainer.performSurfacePlacementNoTrace:59 
03-15 13:56:10.121 12320 12354 D WindowManager: updateSystemBarAttributes, bhv=2, apr=0, statusBarAprRegions=[AppearanceRegion{ bounds=[0,0][1080,2340]}], requestedVisibilities=-9
03-15 13:56:10.123 12320 12505 V InputMethodManagerService: IME window vis: 0 active: 0 visible: 0 displayId: 0
03-15 13:56:10.123 12320 12505 D InputMethodManagerService: isImeSwitcherDisabledPackage : false
03-15 13:56:10.134 12320 12505 V InputMethodManagerService: IME window vis: 0 active: 0 visible: 0 displayId: 0
03-15 13:56:10.134 12320 12505 D InputMethodManagerService: isImeSwitcherDisabledPackage : false
03-15 13:56:10.168 12320 12584 D MdnieScenarioControlService:  packageName : com.sec.android.app.launcher    className : com.sec.android.app.launcher.Launcher
03-15 13:56:10.169 12320 12584 V MdnieScenarioControlService: setUIMode from UI function(3)
03-15 13:56:10.270 12320 12584 V MdnieScenarioControlService: mAclOffEnabled : false
03-15 13:56:10.596 12320 14334 I ActivityManager: Changes in 90001 17 to 17, 128 to 0
03-15 13:56:10.596 12320 14334 I ActivityManager: Changes in 90000 10 to 10, 128 to 0
03-15 13:56:10.596 12320 14334 I ActivityManager: Changes in 10304 10 to 10, 128 to 0
03-15 13:56:10.599 12320 12364 I ActivityManager: Changes in 90001 17 to 17, 0 to 128
03-15 13:56:10.599 12320 12364 I ActivityManager: Changes in 90000 10 to 10, 0 to 128
03-15 13:56:10.599 12320 12364 I ActivityManager: Changes in 10304 10 to 10, 0 to 128
03-15 13:56:10.619 12320 25936 D TspStateManager: wrote command: cmd=0, type=5
03-15 13:56:10.620 12320 25937 D TspStateManager: wrote command: cmd=1,45,7,24,702, type=1
03-15 13:56:10.866 12320 12629 D BackgroundInstallControlService: Package event received: 0
03-15 13:56:10.867 12320 12946 D ActivityTaskManager: DesktopModeLaunchParamsModifier: task=null activity=null task null, skipping
03-15 13:56:10.867 12320 12946 D ActivityTaskManager: TaskLaunchParamsModifier:task=null activity=null display-from-option=0 display-id=0 task-display-area-windowing-mode=1 suggested-display-area=DefaultTaskDisplayArea_d0@21689571
03-15 13:56:10.869 14068 14813 W KeyphraseEnrollmentInfo: No enrollment application supports the given keyphrase/locale: 'X Google'/tr_TR
03-15 13:56:10.869 14068 14813 W KeyphraseEnrollmentInfo: No enrollment application supports the given keyphrase/locale: 'X Google'/tr_TR
03-15 13:56:10.869 14068 14813 W KeyphraseEnrollmentInfo: No enrollment application supports the given keyphrase/locale: 'X Google'/ar_EG
03-15 13:56:10.869 12320 12946 W OptProp : Cannot read opt property android.window.PROPERTY_COMPAT_ALLOW_RESIZEABLE_ACTIVITY_OVERRIDES
03-15 13:56:10.869 14068 14813 W KeyphraseEnrollmentInfo: No enrollment application supports the given keyphrase/locale: 'X Google'/en_US
03-15 13:56:10.870 14068 14813 W KeyphraseEnrollmentInfo: No enrollment application supports the given keyphrase/locale: 'Ok Google'/tr_TR
03-15 13:56:10.870 12320 12946 W OptProp : Cannot read opt property android.window.PROPERTY_COMPAT_ALLOW_MIN_ASPECT_RATIO_OVERRIDE
03-15 13:56:10.870 14068 14813 W KeyphraseEnrollmentInfo: No enrollment application supports the given keyphrase/locale: 'Ok Google'/ar_EG
03-15 13:56:10.870 14068 14813 W KeyphraseEnrollmentInfo: No enrollment application supports the given keyphrase/locale: 'Ok Google'/en_US
03-15 13:56:10.870 14068 14813 W KeyphraseEnrollmentInfo: No enrollment application supports the given keyphrase/locale: 'Y Google'/tr_TR
03-15 13:56:10.871 12320 12946 D WindowManager: Transition is created, t=TransitionRecord{cc2ce4b id=-1 type=OPEN flags=0x0}, caller=com.android.server.wm.Transition.<init>:182 com.android.server.wm.TransitionController.createAndStartCollecting:106 com.android.server.wm.ActivityStarter.executeRequest:3606 com.android.server.wm.ActivityStarter.execute:1752 com.android.server.wm.ActivityStartController.startActivityInPackage:33 
03-15 13:56:10.871 12320 12946 D BLASTSyncEngine: SyncGroup is created, id=278, name=Transition-OPEN, caller=com.android.server.wm.BLASTSyncEngine$SyncGroup.<init>:52 com.android.server.wm.TransitionController.moveToCollecting:79 com.android.server.wm.TransitionController.createAndStartCollecting:109 com.android.server.wm.ActivityStarter.executeRequest:3606 com.android.server.wm.ActivityStarter.execute:1752 com.android.server.wm.ActivityStartController.startActivityInPackage:33 com.android.server.am.PendingIntentRecord.sendInner:126 
03-15 13:56:10.872 12320 12946 W BLASTSyncEngine: setSyncMethod, id=278, method=0, caller=com.android.server.wm.TransitionController.moveToCollecting:91 com.android.server.wm.TransitionController.createAndStartCollecting:109 com.android.server.wm.ActivityStarter.executeRequest:3606 
03-15 13:56:10.872 12320 12946 V WindowManager: Start collecting in Transition: TransitionRecord{cc2ce4b id=278 type=OPEN flags=0x0}, caller=com.android.server.wm.TransitionController.createAndStartCollecting:109 com.android.server.wm.ActivityStarter.executeRequest:3606 com.android.server.wm.ActivityStarter.execute:1752 com.android.server.wm.ActivityStartController.startActivityInPackage:33 com.android.server.am.PendingIntentRecord.sendInner:126 
03-15 13:56:10.873 12320 12946 V WindowManager: Collecting in transition 278: ActivityRecord{47112232 u0 com.google.android.googlequicksearchbox/.InternalGoogleAppActivityEntrypoint, caller=com.android.server.wm.TransitionController.collect:7 com.android.server.wm.ActivityStarter.startActivityUnchecked:98 com.android.server.wm.ActivityStarter.executeRequest:3651 com.android.server.wm.ActivityStarter.execute:1752 com.android.server.wm.ActivityStartController.startActivityInPackage:33 
03-15 13:56:10.873 12320 12946 D ActivityTaskManager: DesktopModeLaunchParamsModifier: task=null activity=ActivityRecord{47112232 u0 com.google.android.googlequicksearchbox/.InternalGoogleAppActivityEntrypoint t-1} task null, skipping
03-15 13:56:10.873 12320 12946 D ActivityTaskManager: TaskLaunchParamsModifier:task=null activity=ActivityRecord{47112232 u0 com.google.android.googlequicksearchbox/.InternalGoogleAppActivityEntrypoint t-1} display-from-option=0 display-id=0 task-display-area-windowing-mode=1 suggested-display-area=DefaultTaskDisplayArea_d0@21689571
03-15 13:56:10.874 12320 12946 D ActivityTaskManager: DesktopModeLaunchParamsModifier: task=null activity=ActivityRecord{47112232 u0 com.google.android.googlequicksearchbox/.InternalGoogleAppActivityEntrypoint t-1} task null, skipping
03-15 13:56:10.874 12320 12946 D ActivityTaskManager: TaskLaunchParamsModifier:task=null activity=ActivityRecord{47112232 u0 com.google.android.googlequicksearchbox/.InternalGoogleAppActivityEntrypoint t-1} display-from-option=0 display-id=0 task-display-area-windowing-mode=1 suggested-display-area=DefaultTaskDisplayArea_d0@21689571 inherit-from-source=fullscreen non-freeform-task-display-area display-area=DefaultTaskDisplayArea_d0@21689571 default-portrait freeform-size-mismatch=Rect(81, 605 - 999, 1775)
03-15 13:56:10.876 12320 13209 D ActivityManagerPerformance: AMP_acquire() APP_SWITCH
03-15 13:56:10.878 12320 13885 D FreecessController: restrictJobsByOlaf: restrict=true, uid=10220
03-15 13:56:10.878 12320 12629 D BackgroundInstallControlService: Package event received: 0
03-15 13:56:10.879 12320 12946 D ActivityTaskManager: DesktopModeLaunchParamsModifier: task=Task{845d6d4 #611 type=standard A=10220:com.google.android.googlequicksearchbox.googleapp} activity=ActivityRecord{47112232 u0 com.google.android.googlequicksearchbox/.InternalGoogleAppActivityEntrypoint t-1} non-desktop, skipping
03-15 13:56:10.879 12320 12946 D ActivityTaskManager: TaskLaunchParamsModifier:task=Task{845d6d4 #611 type=standard A=10220:com.google.android.googlequicksearchbox.googleapp} activity=ActivityRecord{47112232 u0 com.google.android.googlequicksearchbox/.InternalGoogleAppActivityEntrypoint t-1} display-from-option=0 display-id=0 task-display-area-windowing-mode=1 suggested-display-area=DefaultTaskDisplayArea_d0@21689571 inherit-from-source=fullscreen non-freeform-task-display-area display-area=DefaultTaskDisplayArea_d0@21689571 default-portrait freeform-size-mismatch=Rect(81, 605 - 999, 1775)
03-15 13:56:10.879 12320 12946 V WindowManager: Collecting in transition 278: Task{845d6d4 #611 type=standard A=10220:com.google.android.googlequicksearchbox.googleapp}, caller=com.android.server.wm.Transition.collectExistenceChange:40 com.android.server.wm.ActivityStarter.startActivityInner:289 com.android.server.wm.ActivityStarter.startActivityUnchecked:111 com.android.server.wm.ActivityStarter.executeRequest:3651 com.android.server.wm.ActivityStarter.execute:1752 
03-15 13:56:10.880 12320 12320 D OlafRestriction:  olaf state update: state=true
03-15 13:56:10.880 12320 12320 D OlafRestriction:  sending trigger onRestrictionStateChanged msg.
03-15 13:56:10.880 12320 12946 W OptProp : Cannot read opt property android.window.PROPERTY_COMPAT_ALLOW_ORIENTATION_OVERRIDE
03-15 13:56:10.883 12320 12946 D ActivityTaskManager: scheduleTopResumedActivityChanged, onTop=false, r=ActivityRecord{70907090 u0 com.sec.android.app.launcher/.activities.LauncherActivity t593}, caller=com.android.server.wm.ActivityTaskSupervisor.scheduleTopResumedActivityStateLossIfNeeded:19 com.android.server.wm.ActivityTaskSupervisor.updateTopResumedActivityIfNeeded:20 com.android.server.wm.TaskDisplayArea.positionChildAt:252 com.android.server.wm.Task.moveToFront:40 com.android.server.wm.ActivityStarter.startActivityInner:311 com.android.server.wm.ActivityStarter.startActivityUnchecked:111 
03-15 13:56:10.884 12320 12946 V WindowManager: Checking theme of starting window: 0x7f160c68
03-15 13:56:10.884 12320 12946 V WindowManager: Translucent=false Floating=false ShowWallpaper=false Disable=true
03-15 13:56:10.884 12320 12946 D ActivityTaskManager: addStartingWindow: type=2 typeParameter=af
03-15 13:56:10.884 12320 12946 V WindowManager: Creating SplashScreenStartingData
03-15 13:56:10.884 12320 12946 V WindowManager: Add starting ActivityRecord{47112232 u0 com.google.android.googlequicksearchbox/.InternalGoogleAppActivityEntrypoint t611}: startingData=SplashScreenStartingData{9938c40 removeAfterTransaction= 0}
03-15 13:56:10.885 12320 12946 V WindowManager: Added starting ActivityRecord{47112232 u0 com.google.android.googlequicksearchbox/.InternalGoogleAppActivityEntrypoint t611}: startingWindow=null startingView=com.android.server.wm.StartingSurfaceController$StartingSurface@20e6779
03-15 13:56:10.886 14068 14813 W KeyphraseEnrollmentInfo: No enrollment application supports the given keyphrase/locale: 'X Google'/tr_TR
03-15 13:56:10.886 14068 14813 W KeyphraseEnrollmentInfo: No enrollment application supports the given keyphrase/locale: 'X Google'/tr_TR
03-15 13:56:10.886 14068 14813 W KeyphraseEnrollmentInfo: No enrollment application supports the given keyphrase/locale: 'X Google'/ar_EG
03-15 13:56:10.886 14068 14813 W KeyphraseEnrollmentInfo: No enrollment application supports the given keyphrase/locale: 'X Google'/en_US
03-15 13:56:10.886 14068 14813 W KeyphraseEnrollmentInfo: No enrollment application supports the given keyphrase/locale: 'Ok Google'/tr_TR
03-15 13:56:10.886 14068 14813 W KeyphraseEnrollmentInfo: No enrollment application supports the given keyphrase/locale: 'Ok Google'/ar_EG
03-15 13:56:10.886 14068 14813 W KeyphraseEnrollmentInfo: No enrollment application supports the given keyphrase/locale: 'Ok Google'/en_US
03-15 13:56:10.887 14068 14813 W KeyphraseEnrollmentInfo: No enrollment application supports the given keyphrase/locale: 'Y Google'/tr_TR
03-15 13:56:10.888 12320 12946 V WindowManager: Collecting in transition 278: ActivityRecord{47112232 u0 com.google.android.googlequicksearchbox/.InternalGoogleAppActivityEntrypoint t611}, caller=com.android.server.wm.Transition.collectExistenceChange:40 com.android.server.wm.ActivityStarter.handleStartResult:761 com.android.server.wm.ActivityStarter.startActivityUnchecked:124 com.android.server.wm.ActivityStarter.executeRequest:3651 com.android.server.wm.ActivityStarter.execute:1752 
03-15 13:56:10.888 12320 12946 V WindowManager: Requesting StartTransition: TransitionRecord{cc2ce4b id=278 type=OPEN flags=0x0 c=[
03-15 13:56:10.888 12320 12946 V WindowManager:    ChangeInfo{295511f container=DefaultTaskDisplayArea_d0@21689571 flags=0x0}
03-15 13:56:10.888 12320 12946 V WindowManager:    ChangeInfo{5452c6c container=ActivityRecord{47112232 u0 com.google.android.googlequicksearchbox/.InternalGoogleAppActivityEntrypoint t611} flags=0x0}
03-15 13:56:10.888 12320 12946 V WindowManager:    ChangeInfo{9850235 container=Task{845d6d4 #611 type=standard A=10220:com.google.android.googlequicksearchbox.googleapp} flags=0x0}
03-15 13:56:10.888 12320 12946 V WindowManager:    ChangeInfo{e4c46ca container=Display{#0 state=ON size=1080x2340 ROTATION_0} flags=0x0}
03-15 13:56:10.888 12320 12946 V WindowManager: ]
03-15 13:56:10.888 12320 12946 V WindowManager: }, caller=com.android.server.wm.ActivityStarter.handleStartResult:982 com.android.server.wm.ActivityStarter.startActivityUnchecked:124 com.android.server.wm.ActivityStarter.executeRequest:3651 com.android.server.wm.ActivityStarter.execute:1752 com.android.server.wm.ActivityStartController.startActivityInPackage:33 
03-15 13:56:10.889 12320 12946 I Pageboost: stop alp
03-15 13:56:10.889 12320 12946 I ActivityTaskManager: START u0 {dat=ga:/... flg=0x10008000 xflg=0x4 cmp=com.google.android.googlequicksearchbox/.InternalGoogleAppActivityEntrypoint (has extras)} with LAUNCH_SINGLE_TOP from uid 10220 (realCallingUid=10135) (sr=70907090) (BAL_ALLOW_VISIBLE_WINDOW [realCaller]) result code=0
03-15 13:56:10.890 12320 12946 D ActivityManager: Received ACTIVITY intent 0xdbb974c Key{startActivity pkg=com.google.android.googlequicksearchbox intent=dat=ga:/... flg=0x10008000 xflg=0x4 cmp=com.google.android.googlequicksearchbox/.InternalGoogleAppActivityEntrypoint flags=0x4000000 u=0} requestCode=1 res=0 from uid 10135
03-15 13:56:10.891 12757 12829 V WindowManagerShell: Transition requested (#278): android.os.BinderProxy@3c0c5e6 TransitionRequestInfo { type = OPEN, triggerTask = TaskInfo{userId=0 taskId=611 effectiveUid=10220 displayId=0 isRunning=true baseIntent=Intent { dat=ga:/... flg=0x10008000 cmp=com.google.android.googlequicksearchbox/.InternalGoogleAppActivityEntrypoint } baseActivity=ComponentInfo{com.google.android.googlequicksearchbox/com.google.android.apps.search.googleapp.activity.GoogleAppActivity} topActivity=ComponentInfo{com.google.android.googlequicksearchbox/com.google.android.apps.search.googleapp.activity.GoogleAppActivity} origActivity=ComponentInfo{com.google.android.googlequicksearchbox/com.google.android.googlequicksearchbox.InternalGoogleAppActivityEntrypoint} realActivity=ComponentInfo{com.google.android.googlequicksearchbox/com.google.android.apps.search.googleapp.activity.GoogleAppActivity} numActivities=1 lastActiveTime=241456907 supportsMultiWindow=true resizeMode=2 isResizeable=true minWidth=-1 minHeight=-1 maxWidth=-1 maxHeight=-1 defaultMinSize=220 desktopDefaultMinSize=304 token=WCT{android.window.IWindowContainerToken$Stub$Proxy@b448727} topActivityType=1 pictureInPictureParams=null shouldDockBigOverlays=false launchIntoPipHostTaskId=-1 lastParentTaskIdBeforePip=-1 displayCutoutSafeInsets=Rect(0, 80 - 0, 0) topActivityInfo=ActivityInfo{c859dd4 com.google.android.googlequicksearchbox.InternalGoogleAppActivityEntrypoint} launchCookies=[android.os.BinderProxy@f2fb7d] positionInParent=Point(0, 0) parentTaskId=-1 isFocused=false isVisible=false isVisibleRequested=false isTopActivityNoDisplay=false isSleeping=false locusId=null displayAreaFeatureId=1 isTopActivityTransparent=false isActivityStackTransparent=false lastNonFullscreenBounds=Rect(81, 605 - 999, 1775) capturedLink=null capturedLinkTimestamp=0 requestedVisibleTypes=-9 topActivityRequestOpenInBrowserEducationTimestamp=0 appCompatTaskInfo=AppCompatTaskInfo { topActivityInSizeCompat=false eligibleForLetterboxEducation= false isLetterboxEducationEnabled= false isLetterboxDoubleTapEnabled= false eligibleForUserAspectRatioButton= false topActivityBoundsLetterboxed= false isFromLetterboxDoubleTap= false topActivityLetterboxVerticalPosition= -1 topActivityLetterboxHorizontalPosition= -1 topActivityLetterboxWidth=-1 topActivityLetterboxHeight=-1 topActivityAppBounds=Rect(0, 0 - 1080, 2340) isUserFullscreenOverrideEnabled=false isSystemFullscreenOverrideEnabled=false hasMinAspectRatioOverride=false topActivityLetterboxBounds=null cameraCompatTaskInfo=CameraCompatTaskInfo { freeformCameraCompatMode=inactive} topActivityBounds=null topActivityInDisplayCompat=false singleTapFromLetterbox=false} topActivityMainWindowFrame=null originallySupportedMultiWindow=true hasWallpaper=false rootAffinity=10220:com.google.android.googlequicksearchbox.googleapp isTopTaskInStage=false CoverLauncherWidgetTask=false LaunchedFromAppsCoverLauncherTask=false LaunchedFromMultistarCoverLauncherTask=false isAllowedSeamlessRotation=false isTopTransparentActivity=false isAliasManaged=false hasConfigChanged=false snappingGuideBounds=null isAiKeyRemoveAppTask=false lastDesktopWindowingBounds=null lastExternalDesktopWindowingBounds=null safeCutoutInsets=null}, pipChange = null, remoteTransition = RemoteTransition { remoteTransition = android.window.IRemoteTransition$Stub$Proxy@fc35a72, appThread = android.app.IApplicationThread$Stub$Proxy@1e86ec3, debugName = QuickstepLaunchflags =NONE }, displayChange = null, flags = 0, debugId = 278 }
03-15 13:56:10.891 12757 12829 V ShellDesktopMode: DesktopTasksController: isDesktopModeShowing: hasVisibleTasks=false hasTopTransparentFullscreenTask=false
03-15 13:56:10.892 12757 12829 D ShellSplitScreen: logExit: no-op, mLoggerSessionId is null
03-15 13:56:10.892 12757 12829 V ShellDesktopMode: DesktopTasksController: skipping handleRequest reason=recents animation is running
03-15 13:56:10.892 12757 12829 V WindowManagerShell: RemoteTransition directly requested for (#278) android.os.BinderProxy@3c0c5e6: RemoteTransition { remoteTransition = android.window.IRemoteTransition$Stub$Proxy@fc35a72, appThread = android.app.IApplicationThread$Stub$Proxy@1e86ec3, debugName = QuickstepLaunchflags =NONE }
03-15 13:56:10.892 12757 12829 V WindowManagerShell: Transition (#278): request handled by DefaultMixedHandler
03-15 13:56:10.894 12320 14334 V WindowManager: Collecting in transition 278: ActivityRecord{47112232 u0 com.google.android.googlequicksearchbox/.InternalGoogleAppActivityEntrypoint t611}, caller=com.android.server.wm.TransitionController.collect:7 com.android.server.wm.ActivityRecord.setVisibility:132 com.android.server.wm.ActivityRecord.makeVisibleIfNeeded:36 com.android.server.wm.EnsureActivitiesVisibleHelper.process:538 com.android.server.wm.TaskFragment.updateActivityVisibilities:12 
03-15 13:56:10.894 12320 14334 V WindowManager: Collecting in transition 278: ActivityRecord{70907090 u0 com.sec.android.app.launcher/.activities.LauncherActivity t593}, caller=com.android.server.wm.TransitionController.collect:7 com.android.server.wm.ActivityRecord.setVisibility:132 com.android.server.wm.ActivityRecord.makeInvisible:32 com.android.server.wm.EnsureActivitiesVisibleHelper.process:542 com.android.server.wm.TaskFragment.updateActivityVisibilities:12 
03-15 13:56:10.894 12320 14334 D WindowManager: prepareSync <SYNC_STATE_WAITING_FOR_DRAW>, mPrepareSyncSeqId=0, win=Window{7b4c344 u0 com.sec.android.app.launcher/com.sec.android.app.launcher.activities.LauncherActivity}
03-15 13:56:10.894 12320 14334 D WindowManager: prepareSync <SYNC_STATE_WAITING_FOR_DRAW>, mPrepareSyncSeqId=0, win=Window{3df34fd u0 com.sec.android.app.launcher/com.sec.android.app.launcher.activities.LauncherActivity}
03-15 13:56:10.895 12320 14334 V WindowManager: Collecting in transition 278: WallpaperWindowToken{86131fa showWhenLocked=true}_<lock>, caller=com.android.server.wm.Transition.collect:387 com.android.server.wm.TransitionController.collect:7 com.android.server.wm.ActivityRecord.setVisibility:132 com.android.server.wm.ActivityRecord.makeInvisible:32 com.android.server.wm.EnsureActivitiesVisibleHelper.process:542 
03-15 13:56:10.895 12320 14334 V WindowManager: Collecting in transition 278: WallpaperWindowToken{384c472 showWhenLocked=false}_<system>, caller=com.android.server.wm.Transition.collect:410 com.android.server.wm.TransitionController.collect:7 com.android.server.wm.ActivityRecord.setVisibility:132 com.android.server.wm.ActivityRecord.makeInvisible:32 com.android.server.wm.EnsureActivitiesVisibleHelper.process:542 
03-15 13:56:10.895 12320 14334 V WindowManager: Collecting in transition 278: ActivityRecord{206451061 u0 com.example.kutuphane/.kitapekle t609}, caller=com.android.server.wm.TransitionController.collect:7 com.android.server.wm.ActivityRecord.setVisibility:132 com.android.server.wm.ActivityRecord.makeInvisible:32 com.android.server.wm.EnsureActivitiesVisibleHelper.process:542 com.android.server.wm.TaskFragment.updateActivityVisibilities:12 
03-15 13:56:10.895 12320 14334 D WindowManager: prepareSync <SYNC_STATE_WAITING_FOR_DRAW>, mPrepareSyncSeqId=0, win=Window{b7b0b62 u0 com.example.kutuphane/com.example.kutuphane.kitapekle}
03-15 13:56:10.896 12320 14334 V WindowManager: rotationForOrientation(orient=SCREEN_ORIENTATION_UNSPECIFIED (-1), last=ROTATION_0 (0)); user=ROTATION_0 (0) USER_ROTATION_LOCKED
03-15 13:56:10.896 12320 14334 D WindowManager: rotationForOrientation, orientationSource=ActivityRecord{47112232 u0 com.google.android.googlequicksearchbox/.InternalGoogleAppActivityEntrypoint t611}
03-15 13:56:10.896 12320 14334 V WindowManager: Computed rotation=ROTATION_0 (0) for display id=0 based on lastOrientation=SCREEN_ORIENTATION_UNSPECIFIED (-1) and oldRotation=ROTATION_0 (0), caller=com.android.server.wm.DisplayRotation.updateOrientation:79 com.android.server.wm.DisplayContent.updateOrientation:41 com.android.server.wm.DisplayContent.updateOrientationAndComputeConfig:48 com.android.server.wm.RootWindowContainer.ensureVisibilityAndConfig:7 com.android.server.wm.ActivityTaskSupervisor.realStartActivityLocked:182 com.android.server.wm.ActivityTaskSupervisor.startSpecificActivity:27 
03-15 13:56:10.896 12320 14334 V WindowManager: Collecting in transition 278: ActivityRecord{47112232 u0 com.google.android.googlequicksearchbox/.InternalGoogleAppActivityEntrypoint t611}, caller=com.android.server.wm.TransitionController.collect:7 com.android.server.wm.ActivityRecord.setVisibility:132 com.android.server.wm.ActivityTaskSupervisor.realStartActivityLocked:203 com.android.server.wm.ActivityTaskSupervisor.startSpecificActivity:27 com.android.server.wm.TaskFragment.resumeTopActivity:2089 
03-15 13:56:10.897 12320 12510 D SGM:FgCheckThread: onLooperPrepared(), msg: MSG_APP_CREATE, pkgName: com.google.android.googlequicksearchbox, userId: 0
03-15 13:56:10.897 12320 12505 V InputMethodManagerService: IME window vis: 0 active: 0 visible: 0 displayId: 0
03-15 13:56:10.897 12320 14334 D SGM:FgCheckThread: notifyAppCreated(), packageName: com.google.android.googlequicksearchbox, userId: 0, sendRet: true
03-15 13:56:10.897 12320 12505 D InputMethodManagerService: isImeSwitcherDisabledPackage : false
03-15 13:56:10.899 12320 14334 D SGM:FgCheckThread: TaskStackListener.onTaskFocusChanged(), taskId=593, focused=false
03-15 13:56:10.899 12320 14334 D SGM:FgCheckThread: TaskStackListener.onTaskFocusChanged(), taskId=611, focused=true
03-15 13:56:10.899 12320 14334 D SGM:FgCheckThread:   sendRunningComponentFocus(), pkgName: com.google.android.googlequicksearchbox, userId: 0
03-15 13:56:10.899 25675 25675 D ActivityThread: com.google.android.googlequicksearchbox will use render engine as VK
03-15 13:56:10.900 12320 12510 D SGM:FgCheckThread: onLooperPrepared(), msg: MSG_TASK_FOCUSED, pkgName: com.google.android.googlequicksearchbox, userId: 0
03-15 13:56:10.900 12320 12510 D SGM:FgCheckThread: handleTaskFocused().
03-15 13:56:10.900 12320 12510 D SGM:FgCheckThread: sendFocusOutConditionally() - mPrevNotiPkg: (unknown), userId: 0
03-15 13:56:10.900 12320 12510 D SGM:FgCheckThread:   handleTaskFocused(), pkgName: com.google.android.googlequicksearchbox, userID:0
03-15 13:56:10.900 12320 12510 D SGM:FgCheckThread: handleResume().
03-15 13:56:10.900 12320 12510 D SGM:FgCheckThread: sendFocusOutConditionally() - mPrevNotiPkg: (unknown), userId: 0
03-15 13:56:10.900 12320 12510 D SGM:FgCheckThread:   handleResume(). pkgName: com.google.android.googlequicksearchbox, userId: 0, category: non-game
03-15 13:56:10.900 12320 12510 D SGM:FgCheckThread: notifyFocusInOut(). of pkg: com.google.android.googlequicksearchbox, type: 4, isSecGameFamily: false, userId: 0
03-15 13:56:10.900 12320 12510 D SGM:FgCheckThread:   notifyFocusInOut(). unexpected mPrevNotiType: -1
03-15 13:56:10.900 12320 12510 D SGM:SystemHelper: callReleaseBlock needReleaseBlock:false
03-15 13:56:10.902 12320 14334 D WindowManager: Changing focus from Window{3df34fd u0 com.sec.android.app.launcher/com.sec.android.app.launcher.activities.LauncherActivity} to null displayId=0 Callers=com.android.server.wm.ActivityTaskManagerService.setLastResumedActivityUncheckLocked:264 com.android.server.wm.ActivityTaskSupervisor.updateTopResumedActivityIfNeeded:51 com.android.server.wm.TaskFragment.setResumedActivity:30 com.android.server.wm.ActivityRecord.setState:100 
03-15 13:56:10.902 12320 14334 V SystemKeyManager: updateFocusedWindow() is called, 
03-15 13:56:10.903 12320 14334 D ActivityTaskManager: scheduleTopResumedActivityChanged, onTop=true, r=ActivityRecord{47112232 u0 com.google.android.googlequicksearchbox/.InternalGoogleAppActivityEntrypoint t611}, caller=com.android.server.wm.ActivityTaskSupervisor.scheduleTopResumedActivityStateIfNeeded:18 com.android.server.wm.ActivityTaskSupervisor.updateTopResumedActivityIfNeeded:54 com.android.server.wm.TaskFragment.setResumedActivity:30 com.android.server.wm.ActivityRecord.setState:100 com.android.server.wm.ActivityTaskSupervisor.realStartActivityLocked:477 com.android.server.wm.ActivityTaskSupervisor.startSpecificActivity:27 
03-15 13:56:10.903 12320 14334 D WindowManagerServiceExt: updateTaskbarTargetIfNeeded: cn=ComponentInfo{com.google.android.googlequicksearchbox/com.google.android.googlequicksearchbox.InternalGoogleAppActivityEntrypoint} occludesParent=true isInSplitScreenMode=false
03-15 13:56:10.903 12320 14334 V WindowManager: Collecting in transition 278: WallpaperWindowToken{384c472 showWhenLocked=false}_<system>, caller=com.android.server.wm.TransitionController.collect:7 com.android.server.wm.WallpaperWindowToken.setVisibility:55 com.android.server.wm.WallpaperController.adjustWallpaperWindows:857 com.android.server.wm.RootWindowContainer.applySurfaceChangesTransaction$1:141 com.android.server.wm.RootWindowContainer.performSurfacePlacementNoTrace:59 
03-15 13:56:10.905 12320 12351 D SGM:GameManager: identifyForegroundApp. com.google.android.googlequicksearchbox, mCurrentUserId: 0, callerUserId: 0
03-15 13:56:10.905 12320 12351 D SGM:SemGameManager: isForegroundGame(), ret=false
03-15 13:56:10.906 12320 12946 V WindowManager: Starting Transition 278, caller=com.android.server.wm.WindowOrganizerController.startTransition:47 com.android.server.wm.WindowOrganizerController.startTransition:1 android.window.IWindowOrganizerController$Stub.onTransact:259 
03-15 13:56:10.908 12320 12946 D BLASTSyncEngine: SyncGroup 278: Set ready true, caller=com.android.server.wm.BLASTSyncEngine.setReady:32 com.android.server.wm.Transition.applyReady:54 com.android.server.wm.Transition.start:105 com.android.server.wm.WindowOrganizerController.startTransition:47 com.android.server.wm.WindowOrganizerController.startTransition:1 android.window.IWindowOrganizerController$Stub.onTransact:259 
03-15 13:56:10.910 12320 12351 D SGM:GameManager: identifyForegroundApp. com.google.android.googlequicksearchbox, mCurrentUserId: 0, callerUserId: 0
03-15 13:56:10.910 12320 12351 D SGM:SemGameManager: isForegroundGame(), ret=false
03-15 13:56:10.910 12320 12947 D WindowManager: prepareSync <SYNC_STATE_WAITING_FOR_DRAW>, mPrepareSyncSeqId=0, win=Window{5500596 u0 Splash Screen com.google.android.googlequicksearchbox}
03-15 13:56:10.912 12320 12947 D RestrictionPolicy: isScreenCaptureEnabled : ret=true userId=0
03-15 13:56:10.912 12320 12947 V WindowManager: addWindow: ActivityRecord{47112232 u0 com.google.android.googlequicksearchbox/.InternalGoogleAppActivityEntrypoint t611} startingWindow=Window{5500596 u0 Splash Screen com.google.android.googlequicksearchbox}
03-15 13:56:10.916 12320 12353 D SGM:FgCheckThread: notePauseComponent(), received pkgName: com.example.kutuphane, userId: 0
03-15 13:56:10.916 12320 12619 I CocktailBarManagerServiceContainer: handleMessage: entry what = 6
03-15 13:56:10.917 12320 12629 D BackgroundInstallControlService: Package event received: 0
03-15 13:56:10.921 12320 12629 D BackgroundInstallControlService: Package event received: 0
03-15 13:56:10.932 12320 12320 I WALLPAPER_SVC:SemWallpaperManagerService: isHomeActivityVisible : true 
03-15 13:56:10.932 12320 12320 D WALLPAPER_SVC:WallpaperData: getWallpaperFile: file = /data/system/users/0/wallpaper_orig 
03-15 13:56:10.932 12320 12320 D WALLPAPER_SVC:WallpaperData: getWallpaperFile: file = /data/system/users/0/wallpaper_orig 
