03-14 19:07:55.552 17686 17686 E AndroidRuntime: 	at android.content.res.ResourcesImpl.loadColorStateList(ResourcesImpl.java:1291)
03-14 19:07:55.552 17686 17686 E AndroidRuntime: 	at android.content.res.Resources.loadColorStateList(Resources.java:1205)
03-14 19:07:55.552 17686 17686 E AndroidRuntime: 	at android.content.res.TypedArray.getColorStateList(TypedArray.java:612)
03-14 19:07:55.552 17686 17686 E AndroidRuntime: 	at android.widget.TextView.readTextAppearance(TextView.java:4692)
03-14 19:07:55.552 17686 17686 E AndroidRuntime: 	at android.widget.TextView.<init>(TextView.java:1540)
03-14 19:07:55.552 17686 17686 E AndroidRuntime: 	at android.widget.TextView.<init>(TextView.java:1411)
03-14 19:07:55.552 17686 17686 E AndroidRuntime: 	at androidx.appcompat.widget.AppCompatTextView.<init>(AppCompatTextView.java:99)
03-14 19:07:55.552 17686 17686 E AndroidRuntime: 	at androidx.appcompat.widget.AppCompatTextView.<init>(AppCompatTextView.java:95)
03-14 19:07:55.552 17686 17686 E AndroidRuntime: 	at androidx.appcompat.app.AppCompatViewInflater.createTextView(AppCompatViewInflater.java:182)
03-14 19:07:55.552 17686 17686 E AndroidRuntime: 	at androidx.appcompat.app.AppCompatViewInflater.createView(AppCompatViewInflater.java:103)
03-14 19:07:55.552 17686 17686 E AndroidRuntime: 	at androidx.appcompat.app.AppCompatDelegateImpl.createView(AppCompatDelegateImpl.java:1407)
03-14 19:07:55.552 17686 17686 E AndroidRuntime: 	at androidx.appcompat.app.AppCompatDelegateImpl.onCreateView(AppCompatDelegateImpl.java:1457)
03-14 19:07:55.552 17686 17686 E AndroidRuntime: 	at android.view.LayoutInflater.tryCreateView(LayoutInflater.java:966)
03-14 19:07:55.552 17686 17686 E AndroidRuntime: 	at android.view.LayoutInflater.createViewFromTag(LayoutInflater.java:902)
03-14 19:07:55.552 17686 17686 E AndroidRuntime: 	at android.view.LayoutInflater.createViewFromTag(LayoutInflater.java:866)
03-14 19:07:55.552 17686 17686 E AndroidRuntime: 	at android.view.LayoutInflater.rInflate(LayoutInflater.java:1028)
03-14 19:07:55.552 17686 17686 E AndroidRuntime: 	at android.view.LayoutInflater.rInflateChildren(LayoutInflater.java:989)
03-14 19:07:55.552 17686 17686 E AndroidRuntime: 	at android.view.LayoutInflater.inflate(LayoutInflater.java:577)
03-14 19:07:55.552 17686 17686 E AndroidRuntime: 	at android.view.LayoutInflater.inflate(LayoutInflater.java:468)
03-14 19:07:55.552 17686 17686 E AndroidRuntime: 	at android.view.LayoutInflater.inflate(LayoutInflater.java:419)
03-14 19:07:55.552 17686 17686 E AndroidRuntime: 	at androidx.appcompat.app.AppCompatDelegateImpl.setContentView(AppCompatDelegateImpl.java:555)
03-14 19:07:55.552 17686 17686 E AndroidRuntime: 	at androidx.appcompat.app.AppCompatActivity.setContentView(AppCompatActivity.java:161)
03-14 19:07:55.552 17686 17686 E AndroidRuntime: 	at com.example.kutuphane.MainActivity.onCreate(MainActivity.java:23)
03-14 19:07:55.552 17686 17686 E AndroidRuntime: 	at android.app.Activity.performCreate(Activity.java:9519)
03-14 19:07:55.552 17686 17686 E AndroidRuntime: 	at android.app.Activity.performCreate(Activity.java:9488)
03-14 19:07:55.553 17686 17686 E AndroidRuntime: 	at android.app.Instrumentation.callActivityOnCreate(Instrumentation.java:1524)
03-14 19:07:55.553 17686 17686 E AndroidRuntime: 	at android.app.ActivityThread.performLaunchActivity(ActivityThread.java:4692)
03-14 19:07:55.553 17686 17686 E AndroidRuntime: 	at android.app.ActivityThread.handleLaunchActivity(ActivityThread.java:4941)
03-14 19:07:55.553 17686 17686 E AndroidRuntime: 	at android.app.servertransaction.LaunchActivityItem.execute(LaunchActivityItem.java:222)
03-14 19:07:55.553 17686 17686 E AndroidRuntime: 	at android.app.servertransaction.TransactionExecutor.executeNonLifecycleItem(TransactionExecutor.java:133)
03-14 19:07:55.553 17686 17686 E AndroidRuntime: 	at android.app.servertransaction.TransactionExecutor.executeTransactionItems(TransactionExecutor.java:103)
03-14 19:07:55.553 17686 17686 E AndroidRuntime: 	at android.app.servertransaction.TransactionExecutor.execute(TransactionExecutor.java:80)
03-14 19:07:55.553 17686 17686 E AndroidRuntime: 	at android.app.ActivityThread$H.handleMessage(ActivityThread.java:3150)
03-14 19:07:55.553 17686 17686 E AndroidRuntime: 	at android.os.Handler.dispatchMessage(Handler.java:110)
03-14 19:07:55.553 17686 17686 E AndroidRuntime: 	at android.os.Looper.loopOnce(Looper.java:273)
03-14 19:07:55.553 17686 17686 E AndroidRuntime: 	at android.os.Looper.loop(Looper.java:363)
03-14 19:07:55.553 17686 17686 E AndroidRuntime: 	at android.app.ActivityThread.main(ActivityThread.java:10060)
03-14 19:07:55.553 17686 17686 E AndroidRuntime: 	at java.lang.reflect.Method.invoke(Native Method)
03-14 19:07:55.553 17686 17686 E AndroidRuntime: 	at com.android.internal.os.RuntimeInit$MethodAndArgsCaller.run(RuntimeInit.java:632)
03-14 19:07:55.553 17686 17686 E AndroidRuntime: 	at com.android.internal.os.ZygoteInit.main(ZygoteInit.java:975)
03-14 19:08:11.144 17839 17839 E AndroidRuntime: FATAL EXCEPTION: main
03-14 19:08:11.144 17839 17839 E AndroidRuntime: Process: com.example.kutuphane, PID: 17839
03-14 19:08:11.144 17839 17839 E AndroidRuntime: java.lang.RuntimeException: Unable to start activity ComponentInfo{com.example.kutuphane/com.example.kutuphane.MainActivity}: android.view.InflateException: Binary XML file line #52 in com.example.kutuphane:layout/activity_main: Binary XML file line #52 in com.example.kutuphane:layout/activity_main: Error inflating class TextView
03-14 19:08:11.144 17839 17839 E AndroidRuntime: 	at android.app.ActivityThread.performLaunchActivity(ActivityThread.java:4710)
03-14 19:08:11.144 17839 17839 E AndroidRuntime: 	at android.app.ActivityThread.handleLaunchActivity(ActivityThread.java:4941)
03-14 19:08:11.144 17839 17839 E AndroidRuntime: 	at android.app.servertransaction.LaunchActivityItem.execute(LaunchActivityItem.java:222)
03-14 19:08:11.144 17839 17839 E AndroidRuntime: 	at android.app.servertransaction.TransactionExecutor.executeNonLifecycleItem(TransactionExecutor.java:133)
03-14 19:08:11.144 17839 17839 E AndroidRuntime: 	at android.app.servertransaction.TransactionExecutor.executeTransactionItems(TransactionExecutor.java:103)
03-14 19:08:11.144 17839 17839 E AndroidRuntime: 	at android.app.servertransaction.TransactionExecutor.execute(TransactionExecutor.java:80)
03-14 19:08:11.144 17839 17839 E AndroidRuntime: 	at android.app.ActivityThread$H.handleMessage(ActivityThread.java:3150)
03-14 19:08:11.144 17839 17839 E AndroidRuntime: 	at android.os.Handler.dispatchMessage(Handler.java:110)
03-14 19:08:11.144 17839 17839 E AndroidRuntime: 	at android.os.Looper.loopOnce(Looper.java:273)
03-14 19:08:11.144 17839 17839 E AndroidRuntime: 	at android.os.Looper.loop(Looper.java:363)
03-14 19:08:11.144 17839 17839 E AndroidRuntime: 	at android.app.ActivityThread.main(ActivityThread.java:10060)
03-14 19:08:11.144 17839 17839 E AndroidRuntime: 	at java.lang.reflect.Method.invoke(Native Method)
03-14 19:08:11.144 17839 17839 E AndroidRuntime: 	at com.android.internal.os.RuntimeInit$MethodAndArgsCaller.run(RuntimeInit.java:632)
03-14 19:08:11.144 17839 17839 E AndroidRuntime: 	at com.android.internal.os.ZygoteInit.main(ZygoteInit.java:975)
03-14 19:08:11.144 17839 17839 E AndroidRuntime: Caused by: android.view.InflateException: Binary XML file line #52 in com.example.kutuphane:layout/activity_main: Binary XML file line #52 in com.example.kutuphane:layout/activity_main: Error inflating class TextView
03-14 19:08:11.144 17839 17839 E AndroidRuntime: Caused by: android.view.InflateException: Binary XML file line #52 in com.example.kutuphane:layout/activity_main: Error inflating class TextView
03-14 19:08:11.144 17839 17839 E AndroidRuntime: Caused by: java.lang.UnsupportedOperationException: Can't convert to ComplexColor: type=0x1
03-14 19:08:11.144 17839 17839 E AndroidRuntime: 	at android.content.res.ResourcesImpl.loadComplexColorForCookie(ResourcesImpl.java:1336)
03-14 19:08:11.144 17839 17839 E AndroidRuntime: 	at android.content.res.ResourcesImpl.loadComplexColorFromName(ResourcesImpl.java:1212)
03-14 19:08:11.144 17839 17839 E AndroidRuntime: 	at android.content.res.ResourcesImpl.loadColorStateList(ResourcesImpl.java:1291)
03-14 19:08:11.144 17839 17839 E AndroidRuntime: 	at android.content.res.Resources.loadColorStateList(Resources.java:1205)
03-14 19:08:11.144 17839 17839 E AndroidRuntime: 	at android.content.res.TypedArray.getColorStateList(TypedArray.java:612)
03-14 19:08:11.144 17839 17839 E AndroidRuntime: 	at android.widget.TextView.readTextAppearance(TextView.java:4692)
03-14 19:08:11.144 17839 17839 E AndroidRuntime: 	at android.widget.TextView.<init>(TextView.java:1540)
03-14 19:08:11.144 17839 17839 E AndroidRuntime: 	at android.widget.TextView.<init>(TextView.java:1411)
03-14 19:08:11.144 17839 17839 E AndroidRuntime: 	at androidx.appcompat.widget.AppCompatTextView.<init>(AppCompatTextView.java:99)
03-14 19:08:11.144 17839 17839 E AndroidRuntime: 	at androidx.appcompat.widget.AppCompatTextView.<init>(AppCompatTextView.java:95)
03-14 19:08:11.144 17839 17839 E AndroidRuntime: 	at androidx.appcompat.app.AppCompatViewInflater.createTextView(AppCompatViewInflater.java:182)
03-14 19:08:11.144 17839 17839 E AndroidRuntime: 	at androidx.appcompat.app.AppCompatViewInflater.createView(AppCompatViewInflater.java:103)
03-14 19:08:11.144 17839 17839 E AndroidRuntime: 	at androidx.appcompat.app.AppCompatDelegateImpl.createView(AppCompatDelegateImpl.java:1407)
03-14 19:08:11.144 17839 17839 E AndroidRuntime: 	at androidx.appcompat.app.AppCompatDelegateImpl.onCreateView(AppCompatDelegateImpl.java:1457)
03-14 19:08:11.144 17839 17839 E AndroidRuntime: 	at android.view.LayoutInflater.tryCreateView(LayoutInflater.java:966)
03-14 19:08:11.144 17839 17839 E AndroidRuntime: 	at android.view.LayoutInflater.createViewFromTag(LayoutInflater.java:902)
03-14 19:08:11.144 17839 17839 E AndroidRuntime: 	at android.view.LayoutInflater.createViewFromTag(LayoutInflater.java:866)
03-14 19:08:11.144 17839 17839 E AndroidRuntime: 	at android.view.LayoutInflater.rInflate(LayoutInflater.java:1028)
03-14 19:08:11.144 17839 17839 E AndroidRuntime: 	at android.view.LayoutInflater.rInflateChildren(LayoutInflater.java:989)
03-14 19:08:11.144 17839 17839 E AndroidRuntime: 	at android.view.LayoutInflater.inflate(LayoutInflater.java:577)
03-14 19:08:11.144 17839 17839 E AndroidRuntime: 	at android.view.LayoutInflater.inflate(LayoutInflater.java:468)
03-14 19:08:11.144 17839 17839 E AndroidRuntime: 	at android.view.LayoutInflater.inflate(LayoutInflater.java:419)
03-14 19:08:11.144 17839 17839 E AndroidRuntime: 	at androidx.appcompat.app.AppCompatDelegateImpl.setContentView(AppCompatDelegateImpl.java:555)
03-14 19:08:11.144 17839 17839 E AndroidRuntime: 	at androidx.appcompat.app.AppCompatActivity.setContentView(AppCompatActivity.java:161)
03-14 19:08:11.144 17839 17839 E AndroidRuntime: 	at com.example.kutuphane.MainActivity.onCreate(MainActivity.java:23)
03-14 19:08:11.144 17839 17839 E AndroidRuntime: 	at android.app.Activity.performCreate(Activity.java:9519)
03-14 19:08:11.144 17839 17839 E AndroidRuntime: 	at android.app.Activity.performCreate(Activity.java:9488)
03-14 19:08:11.144 17839 17839 E AndroidRuntime: 	at android.app.Instrumentation.callActivityOnCreate(Instrumentation.java:1524)
03-14 19:08:11.144 17839 17839 E AndroidRuntime: 	at android.app.ActivityThread.performLaunchActivity(ActivityThread.java:4692)
03-14 19:08:11.144 17839 17839 E AndroidRuntime: 	at android.app.ActivityThread.handleLaunchActivity(ActivityThread.java:4941)
03-14 19:08:11.144 17839 17839 E AndroidRuntime: 	at android.app.servertransaction.LaunchActivityItem.execute(LaunchActivityItem.java:222)
03-14 19:08:11.144 17839 17839 E AndroidRuntime: 	at android.app.servertransaction.TransactionExecutor.executeNonLifecycleItem(TransactionExecutor.java:133)
03-14 19:08:11.144 17839 17839 E AndroidRuntime: 	at android.app.servertransaction.TransactionExecutor.executeTransactionItems(TransactionExecutor.java:103)
03-14 19:08:11.144 17839 17839 E AndroidRuntime: 	at android.app.servertransaction.TransactionExecutor.execute(TransactionExecutor.java:80)
03-14 19:08:11.144 17839 17839 E AndroidRuntime: 	at android.app.ActivityThread$H.handleMessage(ActivityThread.java:3150)
03-14 19:08:11.144 17839 17839 E AndroidRuntime: 	at android.os.Handler.dispatchMessage(Handler.java:110)
03-14 19:08:11.144 17839 17839 E AndroidRuntime: 	at android.os.Looper.loopOnce(Looper.java:273)
03-14 19:08:11.144 17839 17839 E AndroidRuntime: 	at android.os.Looper.loop(Looper.java:363)
03-14 19:08:11.144 17839 17839 E AndroidRuntime: 	at android.app.ActivityThread.main(ActivityThread.java:10060)
03-14 19:08:11.144 17839 17839 E AndroidRuntime: 	at java.lang.reflect.Method.invoke(Native Method)
03-14 19:08:11.144 17839 17839 E AndroidRuntime: 	at com.android.internal.os.RuntimeInit$MethodAndArgsCaller.run(RuntimeInit.java:632)
03-14 19:08:11.144 17839 17839 E AndroidRuntime: 	at com.android.internal.os.ZygoteInit.main(ZygoteInit.java:975)
03-14 19:08:24.107 17956 17956 E AndroidRuntime: FATAL EXCEPTION: main
03-14 19:08:24.107 17956 17956 E AndroidRuntime: Process: com.example.kutuphane, PID: 17956
03-14 19:08:24.107 17956 17956 E AndroidRuntime: java.lang.RuntimeException: Unable to start activity ComponentInfo{com.example.kutuphane/com.example.kutuphane.MainActivity}: android.view.InflateException: Binary XML file line #52 in com.example.kutuphane:layout/activity_main: Binary XML file line #52 in com.example.kutuphane:layout/activity_main: Error inflating class TextView
03-14 19:08:24.107 17956 17956 E AndroidRuntime: 	at android.app.ActivityThread.performLaunchActivity(ActivityThread.java:4710)
03-14 19:08:24.107 17956 17956 E AndroidRuntime: 	at android.app.ActivityThread.handleLaunchActivity(ActivityThread.java:4941)
03-14 19:08:24.107 17956 17956 E AndroidRuntime: 	at android.app.servertransaction.LaunchActivityItem.execute(LaunchActivityItem.java:222)
03-14 19:08:24.107 17956 17956 E AndroidRuntime: 	at android.app.servertransaction.TransactionExecutor.executeNonLifecycleItem(TransactionExecutor.java:133)
03-14 19:08:24.107 17956 17956 E AndroidRuntime: 	at android.app.servertransaction.TransactionExecutor.executeTransactionItems(TransactionExecutor.java:103)
03-14 19:08:24.107 17956 17956 E AndroidRuntime: 	at android.app.servertransaction.TransactionExecutor.execute(TransactionExecutor.java:80)
03-14 19:08:24.107 17956 17956 E AndroidRuntime: 	at android.app.ActivityThread$H.handleMessage(ActivityThread.java:3150)
03-14 19:08:24.107 17956 17956 E AndroidRuntime: 	at android.os.Handler.dispatchMessage(Handler.java:110)
03-14 19:08:24.107 17956 17956 E AndroidRuntime: 	at android.os.Looper.loopOnce(Looper.java:273)
03-14 19:08:24.107 17956 17956 E AndroidRuntime: 	at android.os.Looper.loop(Looper.java:363)
03-14 19:08:24.107 17956 17956 E AndroidRuntime: 	at android.app.ActivityThread.main(ActivityThread.java:10060)
03-14 19:08:24.107 17956 17956 E AndroidRuntime: 	at java.lang.reflect.Method.invoke(Native Method)
03-14 19:08:24.107 17956 17956 E AndroidRuntime: 	at com.android.internal.os.RuntimeInit$MethodAndArgsCaller.run(RuntimeInit.java:632)
03-14 19:08:24.107 17956 17956 E AndroidRuntime: 	at com.android.internal.os.ZygoteInit.main(ZygoteInit.java:975)
03-14 19:08:24.107 17956 17956 E AndroidRuntime: Caused by: android.view.InflateException: Binary XML file line #52 in com.example.kutuphane:layout/activity_main: Binary XML file line #52 in com.example.kutuphane:layout/activity_main: Error inflating class TextView
03-14 19:08:24.107 17956 17956 E AndroidRuntime: Caused by: android.view.InflateException: Binary XML file line #52 in com.example.kutuphane:layout/activity_main: Error inflating class TextView
03-14 19:08:24.107 17956 17956 E AndroidRuntime: Caused by: java.lang.UnsupportedOperationException: Can't convert to ComplexColor: type=0x1
03-14 19:08:24.107 17956 17956 E AndroidRuntime: 	at android.content.res.ResourcesImpl.loadComplexColorForCookie(ResourcesImpl.java:1336)
03-14 19:08:24.107 17956 17956 E AndroidRuntime: 	at android.content.res.ResourcesImpl.loadComplexColorFromName(ResourcesImpl.java:1212)
03-14 19:08:24.107 17956 17956 E AndroidRuntime: 	at android.content.res.ResourcesImpl.loadColorStateList(ResourcesImpl.java:1291)
03-14 19:08:24.107 17956 17956 E AndroidRuntime: 	at android.content.res.Resources.loadColorStateList(Resources.java:1205)
03-14 19:08:24.107 17956 17956 E AndroidRuntime: 	at android.content.res.TypedArray.getColorStateList(TypedArray.java:612)
03-14 19:08:24.107 17956 17956 E AndroidRuntime: 	at android.widget.TextView.readTextAppearance(TextView.java:4692)
03-14 19:08:24.107 17956 17956 E AndroidRuntime: 	at android.widget.TextView.<init>(TextView.java:1540)
03-14 19:08:24.107 17956 17956 E AndroidRuntime: 	at android.widget.TextView.<init>(TextView.java:1411)
03-14 19:08:24.107 17956 17956 E AndroidRuntime: 	at androidx.appcompat.widget.AppCompatTextView.<init>(AppCompatTextView.java:99)
03-14 19:08:24.107 17956 17956 E AndroidRuntime: 	at androidx.appcompat.widget.AppCompatTextView.<init>(AppCompatTextView.java:95)
03-14 19:08:24.107 17956 17956 E AndroidRuntime: 	at androidx.appcompat.app.AppCompatViewInflater.createTextView(AppCompatViewInflater.java:182)
03-14 19:08:24.107 17956 17956 E AndroidRuntime: 	at androidx.appcompat.app.AppCompatViewInflater.createView(AppCompatViewInflater.java:103)
03-14 19:08:24.107 17956 17956 E AndroidRuntime: 	at androidx.appcompat.app.AppCompatDelegateImpl.createView(AppCompatDelegateImpl.java:1407)
03-14 19:08:24.107 17956 17956 E AndroidRuntime: 	at androidx.appcompat.app.AppCompatDelegateImpl.onCreateView(AppCompatDelegateImpl.java:1457)
03-14 19:08:24.107 17956 17956 E AndroidRuntime: 	at android.view.LayoutInflater.tryCreateView(LayoutInflater.java:966)
03-14 19:08:24.107 17956 17956 E AndroidRuntime: 	at android.view.LayoutInflater.createViewFromTag(LayoutInflater.java:902)
03-14 19:08:24.107 17956 17956 E AndroidRuntime: 	at android.view.LayoutInflater.createViewFromTag(LayoutInflater.java:866)
03-14 19:08:24.107 17956 17956 E AndroidRuntime: 	at android.view.LayoutInflater.rInflate(LayoutInflater.java:1028)
03-14 19:08:24.107 17956 17956 E AndroidRuntime: 	at android.view.LayoutInflater.rInflateChildren(LayoutInflater.java:989)
03-14 19:08:24.107 17956 17956 E AndroidRuntime: 	at android.view.LayoutInflater.inflate(LayoutInflater.java:577)
03-14 19:08:24.107 17956 17956 E AndroidRuntime: 	at android.view.LayoutInflater.inflate(LayoutInflater.java:468)
03-14 19:08:24.107 17956 17956 E AndroidRuntime: 	at android.view.LayoutInflater.inflate(LayoutInflater.java:419)
03-14 19:08:24.107 17956 17956 E AndroidRuntime: 	at androidx.appcompat.app.AppCompatDelegateImpl.setContentView(AppCompatDelegateImpl.java:555)
03-14 19:08:24.107 17956 17956 E AndroidRuntime: 	at androidx.appcompat.app.AppCompatActivity.setContentView(AppCompatActivity.java:161)
03-14 19:08:24.107 17956 17956 E AndroidRuntime: 	at com.example.kutuphane.MainActivity.onCreate(MainActivity.java:23)
03-14 19:08:24.107 17956 17956 E AndroidRuntime: 	at android.app.Activity.performCreate(Activity.java:9519)
03-14 19:08:24.107 17956 17956 E AndroidRuntime: 	at android.app.Activity.performCreate(Activity.java:9488)
03-14 19:08:24.108 17956 17956 E AndroidRuntime: 	at android.app.Instrumentation.callActivityOnCreate(Instrumentation.java:1524)
03-14 19:08:24.108 17956 17956 E AndroidRuntime: 	at android.app.ActivityThread.performLaunchActivity(ActivityThread.java:4692)
03-14 19:08:24.108 17956 17956 E AndroidRuntime: 	at android.app.ActivityThread.handleLaunchActivity(ActivityThread.java:4941)
03-14 19:08:24.108 17956 17956 E AndroidRuntime: 	at android.app.servertransaction.LaunchActivityItem.execute(LaunchActivityItem.java:222)
03-14 19:08:24.108 17956 17956 E AndroidRuntime: 	at android.app.servertransaction.TransactionExecutor.executeNonLifecycleItem(TransactionExecutor.java:133)
03-14 19:08:24.108 17956 17956 E AndroidRuntime: 	at android.app.servertransaction.TransactionExecutor.executeTransactionItems(TransactionExecutor.java:103)
03-14 19:08:24.108 17956 17956 E AndroidRuntime: 	at android.app.servertransaction.TransactionExecutor.execute(TransactionExecutor.java:80)
03-14 19:08:24.108 17956 17956 E AndroidRuntime: 	at android.app.ActivityThread$H.handleMessage(ActivityThread.java:3150)
03-14 19:08:24.108 17956 17956 E AndroidRuntime: 	at android.os.Handler.dispatchMessage(Handler.java:110)
03-14 19:08:24.108 17956 17956 E AndroidRuntime: 	at android.os.Looper.loopOnce(Looper.java:273)
03-14 19:08:24.108 17956 17956 E AndroidRuntime: 	at android.os.Looper.loop(Looper.java:363)
03-14 19:08:24.108 17956 17956 E AndroidRuntime: 	at android.app.ActivityThread.main(ActivityThread.java:10060)
03-14 19:08:24.108 17956 17956 E AndroidRuntime: 	at java.lang.reflect.Method.invoke(Native Method)
03-14 19:08:24.108 17956 17956 E AndroidRuntime: 	at com.android.internal.os.RuntimeInit$MethodAndArgsCaller.run(RuntimeInit.java:632)
03-14 19:08:24.108 17956 17956 E AndroidRuntime: 	at com.android.internal.os.ZygoteInit.main(ZygoteInit.java:975)
03-14 21:09:13.038 30990 30994 I libpq_sec: mtk-brm-commit-id:d400f8d64faf82f68dbac6134ab721cb011bcf66
03-14 21:09:13.039 30990 30994 I libpq_sec: mtk-brm-change-id:none
03-14 21:09:13.039 30990 30994 I libpq_sec: mtk-brm-merge-id:f79ec36  c3f492f
03-15 02:25:14.649  2083  2114 E AndroidRuntime: !@*** FATAL EXCEPTION IN SYSTEM PROCESS: android.ui
03-15 02:25:14.649  2083  2114 E AndroidRuntime: java.lang.NullPointerException: NPE by silent reset. It's normal operation caused by device care
03-15 02:25:14.649  2083  2114 E AndroidRuntime: 	at com.android.server.power.PowerManagerService$4.run(qb/105350715 268999f8a14e7f8abd6a326b97f385fa09379427d12c342cfc170109611a7a5c:67)
03-15 02:25:14.649  2083  2114 E AndroidRuntime: 	at android.os.Handler.handleCallback(Handler.java:995)
03-15 02:25:14.649  2083  2114 E AndroidRuntime: 	at android.os.Handler.dispatchMessage(Handler.java:103)
03-15 02:25:14.649  2083  2114 E AndroidRuntime: 	at android.os.Looper.loopOnce(Looper.java:273)
03-15 02:25:14.649  2083  2114 E AndroidRuntime: 	at android.os.Looper.loop(Looper.java:363)
03-15 02:25:14.649  2083  2114 E AndroidRuntime: 	at android.os.HandlerThread.run(HandlerThread.java:85)
03-15 02:25:14.649  2083  2114 E AndroidRuntime: 	at com.android.server.ServiceThread.run(ServiceThread.java:49)
03-15 02:25:14.649  2083  2114 E AndroidRuntime: 	at com.android.server.UiThread.run(qb/105350715 268999f8a14e7f8abd6a326b97f385fa09379427d12c342cfc170109611a7a5c:16)
03-15 02:25:15.204 11931 11931 E AndroidRuntime: FATAL EXCEPTION: main
03-15 02:25:15.204 11931 11931 E AndroidRuntime: Process: com.samsung.android.lool, PID: 11931
03-15 02:25:15.204 11931 11931 E AndroidRuntime: DeadSystemException: The system died; earlier logs will point to the root cause
03-15 02:25:18.396 12080 12080 I meow_lib: mtk-brm-commit-id:922633a48489a1b0cd95425cfd1e2fed95d7810c
03-15 02:25:18.396 12080 12080 I meow_lib: mtk-brm-change-id:Iccf7de903d9a0624d30f9fcbba568f1ab5ad163e
03-15 02:25:18.396 12080 12080 I meow_lib: mtk-brm-merge-id:none
03-15 02:25:18.433 12080 12080 I libpq_sec: mtk-brm-commit-id:d400f8d64faf82f68dbac6134ab721cb011bcf66
03-15 02:25:18.433 12080 12080 I libpq_sec: mtk-brm-change-id:none
03-15 02:25:18.433 12080 12080 I libpq_sec: mtk-brm-merge-id:f79ec36  c3f492f
03-15 02:25:26.036 12078 12078 I meow_lib: mtk-brm-commit-id:922633a48489a1b0cd95425cfd1e2fed95d7810c
03-15 02:25:26.036 12078 12078 I meow_lib: mtk-brm-change-id:Iccf7de903d9a0624d30f9fcbba568f1ab5ad163e
03-15 02:25:26.036 12078 12078 I meow_lib: mtk-brm-merge-id:none
03-15 02:25:26.099 12078 12078 I libpq_sec: mtk-brm-commit-id:d400f8d64faf82f68dbac6134ab721cb011bcf66
03-15 02:25:26.099 12078 12078 I libpq_sec: mtk-brm-change-id:none
03-15 02:25:26.099 12078 12078 I libpq_sec: mtk-brm-merge-id:f79ec36  c3f492f
03-15 12:52:00.051  7672  7674 I libpq_sec: mtk-brm-commit-id:d400f8d64faf82f68dbac6134ab721cb011bcf66
03-15 12:52:00.052  7672  7674 I libpq_sec: mtk-brm-change-id:none
03-15 12:52:00.052  7672  7674 I libpq_sec: mtk-brm-merge-id:f79ec36  c3f492f
--------- beginning of system
03-15 13:55:24.640 12320 12354 D ChangeTransitionController: onTransactionReady: TransitionRecord{da0618d id=272 type=TO_FRONT flags=0x80 c=[
03-15 13:55:24.640 12320 12354 D ChangeTransitionController:    ChangeInfo{dec71cb container=DefaultTaskDisplayArea_d0@21689571 flags=0x0}
03-15 13:55:24.640 12320 12354 D ChangeTransitionController:    ChangeInfo{65a7da8 container=Task{19d28e1 #605 type=standard A=10304:com.instagram.android} flags=0x4}
03-15 13:55:24.640 12320 12354 D ChangeTransitionController:    ChangeInfo{ec0e0c1 container=WallpaperWindowToken{384c472 showWhenLocked=false}_<system> flags=0x0}
03-15 13:55:24.640 12320 12354 D ChangeTransitionController:    ChangeInfo{2e0b066 container=Task{3cba496 #1 type=home} flags=0x0}
03-15 13:55:24.640 12320 12354 D ChangeTransitionController:    ChangeInfo{44e5fa7 container=ActivityRecord{70907090 u0 com.sec.android.app.launcher/.activities.LauncherActivity t593} flags=0x0}
03-15 13:55:24.640 12320 12354 D ChangeTransitionController:    ChangeInfo{8adcc54 container=TransientLaunchOverlayToken{af55f9c token=android.os.BinderProxy@dc6930f} flags=0x0}
03-15 13:55:24.640 12320 12354 D ChangeTransitionController:    ChangeInfo{339c7fd container=Display{#0 state=ON size=1080x2340 ROTATION_0} flags=0x0}
03-15 13:55:24.640 12320 12354 D ChangeTransitionController:    ChangeInfo{5376cf2 container=Task{fc17dcd #593 type=home I=com.sec.android.app.launcher/.activities.LauncherActivity} flags=0x0}
03-15 13:55:24.640 12320 12354 D ChangeTransitionController:    ChangeInfo{f74f43 container=RemoteWallpaperAnim:1:1@264671916 flags=0x0}
03-15 13:55:24.640 12320 12354 D ChangeTransitionController: ]
03-15 13:55:24.640 12320 12354 D ChangeTransitionController: }
03-15 13:55:24.640 12320 12354 V WindowManager: Start calculating TransitionInfo based on participants: {Task{19d28e1 #605 type=standard A=10304:com.instagram.android}, WallpaperWindowToken{384c472 showWhenLocked=false}_<system>, Task{3cba496 #1 type=home}, ActivityRecord{70907090 u0 com.sec.android.app.launcher/.activities.LauncherActivity t593}, TransientLaunchOverlayToken{af55f9c token=android.os.BinderProxy@dc6930f}, Task{fc17dcd #593 type=home I=com.sec.android.app.launcher/.activities.LauncherActivity}}
03-15 13:55:24.640 12320 12354 V WindowManager:   Final targets: [ChangeInfo{8adcc54 container=TransientLaunchOverlayToken{af55f9c token=android.os.BinderProxy@dc6930f} flags=0x0}, ChangeInfo{2e0b066 container=Task{3cba496 #1 type=home} flags=0x30}, ChangeInfo{65a7da8 container=Task{19d28e1 #605 type=standard A=10304:com.instagram.android} flags=0x4}, ChangeInfo{ec0e0c1 container=WallpaperWindowToken{384c472 showWhenLocked=false}_<system> flags=0x0}]
03-15 13:55:24.650 12320 12354 D WindowManager: setActiveRecents, recents=Task{3cba496 #1 type=home}, task=Task{19d28e1 #605 type=standard A=10304:com.instagram.android}, caller=com.android.server.wm.InputMonitor.setActiveRecents:33 com.android.server.wm.Transition.onTransactionReady:1795 com.android.server.wm.BLASTSyncEngine$SyncGroup.finishNow:240 
03-15 13:55:24.658 12320 12354 V WindowManager: Calling onTransitionReady: {id=272 t=TO_FRONT f=0x80 trk=0 r=[0@Point(0, 0)] c=[
03-15 13:55:24.658 12320 12354 V WindowManager:         {m=TO_FRONT f=TRANSLUCENT|FLAG_IS_SYSTEM_WINDOW|TRANSIENT_LAUNCH_OVERLAY leash=Surface(name=TransientLaunchOverlayToken{af55f9c token=android.os.BinderProxy@dc6930f})/@0x377df45 sb=Rect(0, 0 - 1080, 2340) eb=Rect(0, 0 - 1080, 2340) epz=Point(1080, 2340) d=0 inset=Rect(0, 0 - 0, 0)},
03-15 13:55:24.658 12320 12354 V WindowManager:         {WCT{RemoteToken{9720ccf Task{3cba496 #1 type=home}}} m=TO_FRONT f=SHOW_WALLPAPER|MOVE_TO_TOP|EDGE_EXTENSION_RESTRICTION leash=Surface(name=Task=1)/@0xd813e23 sb=Rect(0, 0 - 1080, 2340) eb=Rect(0, 0 - 1080, 2340) epz=Point(1080, 2340) d=0 taskParent=-1 inset=Rect(0, 80 - 0, 39)},
03-15 13:55:24.658 12320 12354 V WindowManager:         {WCT{RemoteToken{c5931ac Task{19d28e1 #605 type=standard A=10304:com.instagram.android}}} m=TO_BACK f=NONE leash=Surface(name=Task=605)/@0x245cffe sb=Rect(0, 0 - 1080, 2340) eb=Rect(0, 0 - 1080, 2340) epz=Point(1080, 2340) d=0 taskParent=-1 inset=Rect(0, 80 - 0, 39) dim=true},
03-15 13:55:24.658 12320 12354 V WindowManager:         {m=TO_FRONT f=IS_WALLPAPER p=WCT{RemoteToken{e1c459c RemoteWallpaperAnim:1:1@264671916}} leash=Surface(name=WallpaperWindowToken{384c472 showWhenLocked=false})/@0xaa6efa9 sb=Rect(0, 0 - 1080, 2340) eb=Rect(0, 0 - 1080, 2340) epz=Point(1080, 2340) d=0 inset=Rect(0, 0 - 0, 0)}
03-15 13:55:24.658 12320 12354 V WindowManager:     ]}
03-15 13:55:24.661 12757 23433 V WindowManagerShell: onTransitionReady(transaction=52913997107528)
03-15 13:55:24.662 12757 12829 V WindowManagerShell: onTransitionReady (#272) android.os.BinderProxy@fb7e121: {id=272 t=TO_FRONT f=0x80 trk=0 r=[0@Point(0, 0)] c=[
03-15 13:55:24.662 12757 12829 V WindowManagerShell:         {m=TO_FRONT f=TRANSLUCENT|FLAG_IS_SYSTEM_WINDOW|TRANSIENT_LAUNCH_OVERLAY leash=Surface(name=TransientLaunchOverlayToken{af55f9c token=android.os.BinderProxy@dc6930f})/@0xa779034 sb=Rect(0, 0 - 1080, 2340) eb=Rect(0, 0 - 1080, 2340) epz=Point(1080, 2340) d=0 inset=Rect(0, 0 - 0, 0)},
03-15 13:55:24.662 12757 12829 V WindowManagerShell:         {m=TO_FRONT f=SHOW_WALLPAPER|MOVE_TO_TOP|EDGE_EXTENSION_RESTRICTION leash=Surface(name=Task=1)/@0xf106e5d sb=Rect(0, 0 - 1080, 2340) eb=Rect(0, 0 - 1080, 2340) epz=Point(1080, 2340) d=0 taskParent=-1 inset=Rect(0, 80 - 0, 39)},
03-15 13:55:24.662 12757 12829 V WindowManagerShell:         {m=TO_BACK f=NONE leash=Surface(name=Task=605)/@0x48d83d2 sb=Rect(0, 0 - 1080, 2340) eb=Rect(0, 0 - 1080, 2340) epz=Point(1080, 2340) d=0 taskParent=-1 inset=Rect(0, 80 - 0, 39) dim=true},
03-15 13:55:24.662 12757 12829 V WindowManagerShell:         {m=TO_FRONT f=IS_WALLPAPER p=WCT{android.window.IWindowContainerToken$Stub$Proxy@96a9359} leash=Surface(name=WallpaperWindowToken{384c472 showWhenLocked=false})/@0x4d74ca3 sb=Rect(0, 0 - 1080, 2340) eb=Rect(0, 0 - 1080, 2340) epz=Point(1080, 2340) d=0 inset=Rect(0, 0 - 0, 0)}
03-15 13:55:24.662 12757 12829 V WindowManagerShell:     ]}
03-15 13:55:24.662 12757 12829 V ShellDesktopMode: DesktopModeLogger: Recents animation running, saving tasks for later
03-15 13:55:24.662 12757 12829 V ShellDesktopMode: DesktopModeLogger: taskInfo map after processing changes 0
03-15 13:55:24.662 12757 12829 D ShellDesktopMode: DesktopTaskChangeListener: onTaskMovingToFront for taskId=1, displayId=0
03-15 13:55:24.664 12757 12829 V WindowManagerShell: Playing animation for (#272) android.os.BinderProxy@fb7e121@0
03-15 13:55:24.664 12757 12829 V WindowManagerShell:  try firstHandler com.android.wm.shell.recents.RecentsTransitionHandler@f5163b0
03-15 13:55:24.665 12757 12829 V ShellRecents: [141105478] RecentsController.start
03-15 13:55:24.670 12757 12829 V ShellRecents:   not handling home taskId=1
03-15 13:55:24.670 12320 12353 D WindowManager: mRunner#onAnimationStart for remote wallpaper=[android.view.RemoteAnimationTarget@d5fe6f9], transaction=startRemoteWallpaperAnimation_187666980
03-15 13:55:24.673 12320 12351 D SGM:GameManager: identifyForegroundApp. com.instagram.android, mCurrentUserId: 0, callerUserId: 0
03-15 13:55:24.673 12320 12351 D SGM:SemGameManager: isForegroundGame(), ret=false
03-15 13:55:24.674 12320 13084 D VibratorManagerService: converted usage = TOUCH(18)
03-15 13:55:24.674 12320 13084 D VibratorManagerService: vibrate - uid: 10135, opPkg: com.sec.android.app.launcher, effect: Mono{mEffect=Composed{segments=[SemHaptic{mType=50124, mMagnitude=-1}], repeat=-1, mMagnitudeType=TYPE_TOUCH}}, attrs: VibrationAttributes{mUsage=TOUCH, mAudioUsage= USAGE_UNKNOWN, mFlags=0, tags=}, reason: null, token: android.os.BinderProxy@2c7fba2
03-15 13:55:24.674 12320 13084 D VibratorManagerService: magnitude value is under 0
03-15 13:55:24.674 12320 13084 D SingleVibrationSession: semDcVibrate : EFFECT_CLICK_RESERVED_DC(100), repeat: -1, usage: TOUCH(18), magnitude: 0
03-15 13:55:24.674 12320 13084 D VibratorManagerService: Vibration was not generated normally.
03-15 13:55:24.676 12320 12353 D PowerManagerService: [api] setScreenDimDurationOverrideFromWindowManagerInternal: timeoutMillis: 40000
03-15 13:55:24.678 12757 12829 V ShellRecents:   adding pausing leaf taskId=605 at layer=10
03-15 13:55:24.678 12757 12829 V ShellRecents:  Excluded change from remote targets, change={m=TO_FRONT f=IS_WALLPAPER p=WCT{android.window.IWindowContainerToken$Stub$Proxy@96a9359} leash=Surface(name=WallpaperWindowToken{384c472 showWhenLocked=false})/@0x4d74ca3 sb=Rect(0, 0 - 1080, 2340) eb=Rect(0, 0 - 1080, 2340) epz=Point(1080, 2340) d=0 inset=Rect(0, 0 - 0, 0)}
03-15 13:55:24.678 12757 12829 V ShellRecents: Applying transaction=52913997107528
03-15 13:55:24.681 12757 12829 V ShellRecents: No matching remote found to takeover (#272)
03-15 13:55:24.681 12757 12829 V ShellSplitScreen: getSplitBoundsForTaskId: expected split bounds for taskId=605 but not found
03-15 13:55:24.681 12757 12829 V ShellRecents: [141105478] RecentsController.start: calling onAnimationStart with 3 apps
03-15 13:55:24.682 12757 12829 V ShellDesktopMode: DesktopTasksController: Recents transition state changed: TRANSITION_STATE_ANIMATING
03-15 13:55:24.684 12757 12829 V WindowManagerShell:  animated by firstHandler
03-15 13:55:24.689 12320 12320 I WALLPAPER_SVC:SemWallpaperManagerService: isHomeActivityVisible : true 
03-15 13:55:24.689 12320 12320 D WALLPAPER_SVC:WallpaperData: getWallpaperFile: file = /data/system/users/0/wallpaper_orig 
03-15 13:55:24.689 12320 12320 D WALLPAPER_SVC:WallpaperData: getWallpaperFile: file = /data/system/users/0/wallpaper_orig 
03-15 13:55:24.690 12320 12320 D WALLPAPER_SVC:WallpaperManagerService: dispatchHomeVisibilityChanged: visible = true, connection = com.android.server.wallpaper.WallpaperManagerService$WallpaperConnection@a6886c4, systemWallpaper = WallpaperData@82ef73e, id: 47, which: 5, file mod: 1753992592748, info: null, engine(s): Proxy@8ace404, type = 0, userId = 0, uri= null, allowBackup= true, wallpaperComponent = ComponentInfo{com.android.systemui/com.android.systemui.wallpapers.ImageWallpaper}, nextWallpaperComponent = ComponentInfo{com.android.systemui/com.android.systemui.wallpapers.ImageWallpaper} 
03-15 13:55:24.690 12320 12350 D [secipm]: mSecIpmManager report to nap
03-15 13:55:24.693 12757 12757 V ShellDragAndDrop: Receive android.intent.action.CLOSE_SYSTEM_DIALOGS
03-15 13:55:24.696 12320 12505 E HandwritingModeController: Cannot get requestId: Handwriting was not initialized.
03-15 13:55:24.697 12757 12829 V ShellDragAndDrop: Do not update drop target window visibility: window is already set to 4.
03-15 13:55:24.697 12757 12829 V ShellRecents: [141105478] RecentsController.setInputConsumerEnabled: set focus to recents
03-15 13:55:24.698 12320 12350 V WindowManager: Sent Transition (#272) createdAt=03-15 13:55:24.572
03-15 13:55:24.699 12320 12350 V WindowManager:     startWCT=WindowContainerTransaction { changes= {} hops= [{pendingIntent: options=Bundle[{android.activity.splashScreenStyle=-1, android.activity.sourceInfo=android.app.ActivityOptions$SourceInfo@4e163bb, android:activity.isMlLaunch=-1, android.activity.splitTaskDeferResume=false, android.pendingIntent.backgroundActivityAllowed=1, android:activity.isActiveLaunch=false, android.activity.launchTypeDnD=false, android:activity.startedFromWindowTypeLauncher=false, android.activity.launchDisplayId=0, android:activity.unhandledDropLaunch=false, android:activity.launchInFocusedStageRoot=false, android:activity.animAbortListener=null, android.activity.disableSplashScreen=false, android.activity.startAssistantActivity=false, android.activity.applySystemModalPolicy=false, android:activity.applyBigFreeformSize=false, android.activity.enterPipWhileLaunching=false, android.activity.splitPosition=0, android.activity.preserveTaskWindowingMode=false, android:activity.enterSplitSideWithAdjacentFlag=0, android.activity.transientLaunch=true}]}] errorCallbackToken=null taskFragmentOrganizer=null }
03-15 13:55:24.699 12320 12350 V WindowManager:     info={id=272 t=TO_FRONT f=0x80 trk=0 r=[0@Point(0, 0)] c=[
03-15 13:55:24.699 12320 12350 V WindowManager:         {m=TO_FRONT f=TRANSLUCENT|FLAG_IS_SYSTEM_WINDOW|TRANSIENT_LAUNCH_OVERLAY leash=Surface(name=TransientLaunchOverlayToken{af55f9c token=android.os.BinderProxy@dc6930f})/@0x377df45 sb=Rect(0, 0 - 1080, 2340) eb=Rect(0, 0 - 1080, 2340) epz=Point(1080, 2340) d=0 inset=Rect(0, 0 - 0, 0)},
03-15 13:55:24.699 12320 12350 V WindowManager:         {WCT{RemoteToken{9720ccf Task{3cba496 #1 type=home}}} m=TO_FRONT f=SHOW_WALLPAPER|MOVE_TO_TOP|EDGE_EXTENSION_RESTRICTION leash=Surface(name=Task=1)/@0xd813e23 sb=Rect(0, 0 - 1080, 2340) eb=Rect(0, 0 - 1080, 2340) epz=Point(1080, 2340) d=0 taskParent=-1 inset=Rect(0, 80 - 0, 39)},
03-15 13:55:24.699 12320 12350 V WindowManager:         {WCT{RemoteToken{c5931ac Task{19d28e1 #605 type=standard A=10304:com.instagram.android}}} m=TO_BACK f=NONE leash=Surface(name=Task=605)/@0x245cffe sb=Rect(0, 0 - 1080, 2340) eb=Rect(0, 0 - 1080, 2340) epz=Point(1080, 2340) d=0 taskParent=-1 inset=Rect(0, 80 - 0, 39) dim=true},
03-15 13:55:24.699 12320 12350 V WindowManager:         {m=TO_FRONT f=IS_WALLPAPER p=WCT{RemoteToken{e1c459c RemoteWallpaperAnim:1:1@264671916}} leash=Surface(name=WallpaperWindowToken{384c472 showWhenLocked=false})/@0xaa6efa9 sb=Rect(0, 0 - 1080, 2340) eb=Rect(0, 0 - 1080, 2340) epz=Point(1080, 2340) d=0 inset=Rect(0, 0 - 0, 0)}
03-15 13:55:24.699 12320 12350 V WindowManager:     ]}
03-15 13:55:24.702 12320 12946 D SGM:FgCheckThread: TaskStackListener.onTaskFocusChanged(), taskId=605, focused=false
03-15 13:55:24.702 12320 12946 D SGM:FgCheckThread: TaskStackListener.onTaskFocusChanged(), taskId=593, focused=true
03-15 13:55:24.702 12320 12946 D SGM:FgCheckThread:   sendRunningComponentFocus(), pkgName: com.sec.android.app.launcher, userId: 0
03-15 13:55:24.703 12320 12510 D SGM:FgCheckThread: onLooperPrepared(), msg: MSG_TASK_FOCUSED, pkgName: com.sec.android.app.launcher, userId: 0
03-15 13:55:24.703 12320 12510 D SGM:FgCheckThread: handleTaskFocused().
03-15 13:55:24.703 12320 12510 D SGM:FgCheckThread: sendFocusOutConditionally() - mPrevNotiPkg: (unknown), userId: 0
03-15 13:55:24.703 12320 12510 D SGM:FgCheckThread:   handleTaskFocused(), pkgName: com.sec.android.app.launcher, userID:0
03-15 13:55:24.703 12320 12510 D SGM:FgCheckThread: handleResume().
03-15 13:55:24.703 12320 12510 D SGM:FgCheckThread: sendFocusOutConditionally() - mPrevNotiPkg: (unknown), userId: 0
03-15 13:55:24.703 12320 12510 D SGM:FgCheckThread:   handleResume(). pkgName: com.sec.android.app.launcher, userId: 0, category: non-game
03-15 13:55:24.703 12320 12946 D WindowManager: Changing focus from Window{7966cf0 u0 com.instagram.android/com.instagram.mainactivity.InstagramMainActivity} to Window{3df34fd u0 com.sec.android.app.launcher/com.sec.android.app.launcher.activities.LauncherActivity} displayId=0 Callers=com.android.server.wm.ActivityTaskManagerService.setLastResumedActivityUncheckLocked:264 com.android.server.wm.ActivityTaskManagerService.setFocusedTask:19 com.android.server.wm.ActivityTaskManagerService.focusTopTask:53 android.app.IActivityTaskManager$Stub.onTransact:2020 
03-15 13:55:24.703 12320 12510 D SGM:FgCheckThread: notifyFocusInOut(). of pkg: com.sec.android.app.launcher, type: 4, isSecGameFamily: false, userId: 0
03-15 13:55:24.703 12320 12946 I WindowManager: Cancelling animation restarting=true, leash=Surface(name=Surface(name=2aa07a4 StatusBar)/@0x2227e1b - animation-leash of insets_animation)/@0x5e5163d
03-15 13:55:24.703 12320 12510 D SGM:FgCheckThread:   notifyFocusInOut(). unexpected mPrevNotiType: -1
03-15 13:55:24.703 12320 12946 I WindowManager: Reparenting to original parent: Surface(name=WindowToken{df48736 type=2000 android.os.BinderProxy@5f2a3f8})/@0xefe1bb8, destroy=false, surface=Surface(name=2aa07a4 StatusBar)/@0x2227e1b
03-15 13:55:24.703 12320 12510 D SGM:SystemHelper: callReleaseBlock needReleaseBlock:false
03-15 13:55:24.703 12320 12946 I WindowManager: Reparenting to leash, surface=Surface(name=2aa07a4 StatusBar)/@0x2227e1b, leashParent=Surface(name=WindowToken{df48736 type=2000 android.os.BinderProxy@5f2a3f8})/@0xefe1bb8
03-15 13:55:24.705 12320 12946 D WindowManager: makeSurface duration=1 leash=Surface(name=Surface(name=2aa07a4 StatusBar)/@0x2227e1b - animation-leash of insets_animation)/@0xff1aa6d
03-15 13:55:24.705 12320 12946 D InsetsSourceProvider: updateControlForTarget: control=InsetsSourceControl: {5cf20000 mType=statusBars initiallyVisible mSurfacePosition=Point(0, 0) mInsetsHint=Insets{left=0, top=80, right=0, bottom=0}}, target=Window{3df34fd u0 com.sec.android.app.launcher/com.sec.android.app.launcher.activities.LauncherActivity}, from=com.android.server.wm.InsetsStateController.onControlTargetChanged:83 com.android.server.wm.InsetsPolicy.updateBarControlTarget:212 com.android.server.wm.DisplayPolicy.updateSystemBarAttributes:262 com.android.server.wm.WindowManagerService.updateFocusedWindowLocked:372 com.android.server.wm.ActivityTaskManagerService.setLastResumedActivityUncheckLocked:264 
03-15 13:55:24.706 12320 12946 I WindowManager: Cancelling animation restarting=true, leash=Surface(name=Surface(name=3c1eb49 NavigationBar0)/@0x13224f6 - animation-leash of insets_animation)/@0xacce783
03-15 13:55:24.706 12320 12946 I WindowManager: Reparenting to original parent: Surface(name=WindowToken{b67d50 type=2019 android.os.BinderProxy@b916202})/@0x5e0e0f7, destroy=false, surface=Surface(name=3c1eb49 NavigationBar0)/@0x13224f6
03-15 13:55:24.706 12320 12946 I WindowManager: Reparenting to leash, surface=Surface(name=3c1eb49 NavigationBar0)/@0x13224f6, leashParent=Surface(name=WindowToken{b67d50 type=2019 android.os.BinderProxy@b916202})/@0x5e0e0f7
03-15 13:55:24.706 12320 12946 D WindowManager: makeSurface duration=0 leash=Surface(name=Surface(name=3c1eb49 NavigationBar0)/@0x13224f6 - animation-leash of insets_animation)/@0x17a8f33
03-15 13:55:24.707 12320 12946 D InsetsSourceProvider: updateControlForTarget: control=InsetsSourceControl: {c4460001 mType=navigationBars initiallyVisible mSurfacePosition=Point(0, 2214) mInsetsHint=Insets{left=0, top=0, right=0, bottom=39}}, target=Window{3df34fd u0 com.sec.android.app.launcher/com.sec.android.app.launcher.activities.LauncherActivity}, from=com.android.server.wm.InsetsStateController.onControlTargetChanged:83 com.android.server.wm.InsetsPolicy.updateBarControlTarget:225 com.android.server.wm.DisplayPolicy.updateSystemBarAttributes:262 com.android.server.wm.WindowManagerService.updateFocusedWindowLocked:372 com.android.server.wm.ActivityTaskManagerService.setLastResumedActivityUncheckLocked:264 
03-15 13:55:24.707 12320 12946 D WindowManager: updateSystemBarAttributes: displayId=0, focusedCanBeNavColorWin=false, win=Window{3df34fd u0 com.sec.android.app.launcher/com.sec.android.app.launcher.activities.LauncherActivity}, navColorWin=Window{3df34fd u0 com.sec.android.app.launcher/com.sec.android.app.launcher.activities.LauncherActivity}, caller=com.android.server.wm.WindowManagerService.updateFocusedWindowLocked:372 com.android.server.wm.ActivityTaskManagerService.setLastResumedActivityUncheckLocked:264 com.android.server.wm.ActivityTaskManagerService.setFocusedTask:19 
03-15 13:55:24.707 12320 12946 D WindowManager: updateSystemBarAttributes, bhv=2, apr=0, statusBarAprRegions=[AppearanceRegion{ bounds=[0,0][1080,2340]}], requestedVisibilities=-9
03-15 13:55:24.707 12320 12946 V SystemKeyManager: updateFocusedWindow() is called, com.sec.android.app.launcher/com.sec.android.app.launcher.activities.LauncherActivity
03-15 13:55:24.727 12757 12757 V ShellDragAndDrop: Receive android.intent.action.CLOSE_SYSTEM_DIALOGS
03-15 13:55:24.727 12757 12829 V ShellDragAndDrop: Do not update drop target window visibility: window is already set to 4.
03-15 13:55:24.773 12320 12584 D MdnieScenarioControlService:  packageName : com.sec.android.app.launcher    className : com.sec.android.app.launcher.Launcher
03-15 13:55:24.774 12320 12584 V MdnieScenarioControlService: setUIMode from UI function(3)
03-15 13:55:24.870 12320 12629 D BackgroundInstallControlService: Package event received: 0
03-15 13:55:24.875 12320 12584 V MdnieScenarioControlService: mAclOffEnabled : false
03-15 13:55:24.889 12320 12629 D BackgroundInstallControlService: Package event received: 0
03-15 13:55:24.892 12320 12629 D BackgroundInstallControlService: Package event received: 0
03-15 13:55:24.892 12320 12629 D BackgroundInstallControlService: Package event received: 0
03-15 13:55:24.893 12320 12629 D BackgroundInstallControlService: Package event received: 0
03-15 13:55:24.955 25675 25675 I DisplayManager: Implicitly registering for refresh rate
03-15 13:55:24.969 12320 12946 D RestrictionPolicy: isScreenCaptureEnabled : ret=true userId=0
03-15 13:55:24.969 12320 12946 D WindowManager: Changing focus from Window{3df34fd u0 com.sec.android.app.launcher/com.sec.android.app.launcher.activities.LauncherActivity} to Window{7b4c344 u0 com.sec.android.app.launcher/com.sec.android.app.launcher.activities.LauncherActivity} displayId=0 Callers=com.android.server.wm.WindowManagerService.addWindowInner:565 com.android.server.wm.WindowManagerService.addWindow:1842 com.android.server.wm.Session.addToDisplayAsUser:24 android.view.IWindowSession$Stub.onTransact:757 
03-15 13:55:24.970 12320 12946 I WindowManager: Cancelling animation restarting=true, leash=Surface(name=Surface(name=2aa07a4 StatusBar)/@0x2227e1b - animation-leash of insets_animation)/@0xff1aa6d
03-15 13:55:24.970 12320 12946 I WindowManager: Reparenting to original parent: Surface(name=WindowToken{df48736 type=2000 android.os.BinderProxy@5f2a3f8})/@0xefe1bb8, destroy=false, surface=Surface(name=2aa07a4 StatusBar)/@0x2227e1b
03-15 13:55:24.970 12320 12946 I WindowManager: Reparenting to leash, surface=Surface(name=2aa07a4 StatusBar)/@0x2227e1b, leashParent=Surface(name=WindowToken{df48736 type=2000 android.os.BinderProxy@5f2a3f8})/@0xefe1bb8
03-15 13:55:24.970 12320 12946 D WindowManager: makeSurface duration=1 leash=Surface(name=Surface(name=2aa07a4 StatusBar)/@0x2227e1b - animation-leash of insets_animation)/@0x16c26f3
03-15 13:55:24.971 12320 12946 D InsetsSourceProvider: updateControlForTarget: control=InsetsSourceControl: {5cf20000 mType=statusBars initiallyVisible mSurfacePosition=Point(0, 0) mInsetsHint=Insets{left=0, top=80, right=0, bottom=0}}, target=Window{7b4c344 u0 com.sec.android.app.launcher/com.sec.android.app.launcher.activities.LauncherActivity}, from=com.android.server.wm.InsetsStateController.onControlTargetChanged:83 com.android.server.wm.InsetsPolicy.updateBarControlTarget:212 com.android.server.wm.DisplayPolicy.updateSystemBarAttributes:262 com.android.server.wm.WindowManagerService.updateFocusedWindowLocked:372 com.android.server.wm.WindowManagerService.addWindowInner:565 
03-15 13:55:24.971 12320 12946 I WindowManager: Cancelling animation restarting=true, leash=Surface(name=Surface(name=3c1eb49 NavigationBar0)/@0x13224f6 - animation-leash of insets_animation)/@0x17a8f33
03-15 13:55:24.971 12320 12946 I WindowManager: Reparenting to original parent: Surface(name=WindowToken{b67d50 type=2019 android.os.BinderProxy@b916202})/@0x5e0e0f7, destroy=false, surface=Surface(name=3c1eb49 NavigationBar0)/@0x13224f6
03-15 13:55:24.971 12320 12946 I WindowManager: Reparenting to leash, surface=Surface(name=3c1eb49 NavigationBar0)/@0x13224f6, leashParent=Surface(name=WindowToken{b67d50 type=2019 android.os.BinderProxy@b916202})/@0x5e0e0f7
03-15 13:55:24.972 12320 12946 D WindowManager: makeSurface duration=0 leash=Surface(name=Surface(name=3c1eb49 NavigationBar0)/@0x13224f6 - animation-leash of insets_animation)/@0x46c3e29
03-15 13:55:24.972 12320 12946 D InsetsSourceProvider: updateControlForTarget: control=InsetsSourceControl: {c4460001 mType=navigationBars initiallyVisible mSurfacePosition=Point(0, 2214) mInsetsHint=Insets{left=0, top=0, right=0, bottom=39}}, target=Window{7b4c344 u0 com.sec.android.app.launcher/com.sec.android.app.launcher.activities.LauncherActivity}, from=com.android.server.wm.InsetsStateController.onControlTargetChanged:83 com.android.server.wm.InsetsPolicy.updateBarControlTarget:225 com.android.server.wm.DisplayPolicy.updateSystemBarAttributes:262 com.android.server.wm.WindowManagerService.updateFocusedWindowLocked:372 com.android.server.wm.WindowManagerService.addWindowInner:565 
03-15 13:55:24.972 12320 12946 D WindowManager: updateSystemBarAttributes: displayId=0, focusedCanBeNavColorWin=false, win=Window{7b4c344 u0 com.sec.android.app.launcher/com.sec.android.app.launcher.activities.LauncherActivity}, navColorWin=Window{3df34fd u0 com.sec.android.app.launcher/com.sec.android.app.launcher.activities.LauncherActivity}, caller=com.android.server.wm.WindowManagerService.updateFocusedWindowLocked:372 com.android.server.wm.WindowManagerService.addWindowInner:565 com.android.server.wm.WindowManagerService.addWindow:1842 
03-15 13:55:24.972 12320 12946 D WindowManager: updateSystemBarAttributes, bhv=1, apr=0, statusBarAprRegions=[AppearanceRegion{ bounds=[0,0][1080,2340]}], requestedVisibilities=-9
03-15 13:55:24.973 12320 12946 V SystemKeyManager: updateFocusedWindow() is called, com.sec.android.app.launcher/com.sec.android.app.launcher.activities.LauncherActivity
03-15 13:55:25.008 12320 12947 D CoreBackPreview: Window{7b4c344 u0 com.sec.android.app.launcher/com.sec.android.app.launcher.activities.LauncherActivity}: Setting back callback OnBackInvokedCallbackInfo{mCallback=android.window.IOnBackInvokedCallback$Stub$Proxy@99c8961, mPriority=1000000, mIsAnimationCallback=false, mOverrideBehavior=0}
