03-15 13:56:33.810 12320 12505 V InputMethodManagerService: startInputOrWindowGainedFocusInternalLocked: reason=WINDOW_FOCUS_GAIN client=android.os.BinderProxy@469731a inputContext=null editorInfo=android.view.inputmethod.EditorInfo@625f880 startInputFlags=VIEW_HAS_FOCUS|INITIAL_CONNECTION softInputMode=STATE_UNSPECIFIED|ADJUST_RESIZE|IS_FORWARD_NAVIGATION windowFlags=#81910100 unverifiedTargetSdkVersion=36 bindingController=com.android.server.inputmethod.InputMethodBindingController@1cc1bc1 imeDispatcher=android.window.ImeOnBackInvokedDispatcher@2e1feb9 cs=ClientState{b6792a7 mUid=10135 mPid=13277 mSelfReportedDisplayId=0} imeRequestedVisible=false
03-15 13:56:33.811 12320 12505 V InputMethodManagerService: setWindowStateInner, windowToken=android.os.BinderProxy@cc505ab, state=ImeTargetWindowState{ imeToken null imeFocusChanged true hasEditorFocused false requestedImeVisible false imeDisplayId 0 softInputModeState STATE_UNSPECIFIED|ADJUST_RESIZE|IS_FORWARD_NAVIGATION isStartInputByGainFocus true}
03-15 13:56:33.811 12320 12505 V InputMethodManagerService: Unspecified window will hide input
03-15 13:56:33.811 12320 12505 V InputMethodManagerService: applyImeVisibility state=6
03-15 13:56:33.812 12320 12351 D SGM:GameManager: identifyForegroundApp. com.sec.android.app.launcher, mCurrentUserId: 0, callerUserId: 0
03-15 13:56:33.812 12320 12351 D SGM:SemGameManager: isForegroundGame(), ret=false
03-15 13:56:33.813 12320 12505 D SemInputMethodManagerServiceUtil: restorePreviousUsedInputMethod : failed to return the previous ime becuase the stored info is null or do not need restore
03-15 13:56:33.813 12320 12505 V InputMethodManagerService: semComputeImeDisplayIdForTarget: displayToShowIme=0
03-15 13:56:33.813 12320 12505 V InputMethodManagerService: unbindCurrentInputLocked: client=android.os.BinderProxy@9159e84
03-15 13:56:33.814 12320 12505 V InputMethodManagerService: Creating new accessibility sessions for client ClientState{b6792a7 mUid=10135 mPid=13277 mSelfReportedDisplayId=0}
03-15 13:56:33.815 12320 12505 D InputMethodManagerService: isImeSwitcherDisabledPackage : false
03-15 13:56:33.815 12320 12505 V InputMethodManagerService: Disabling: SessionState{uid=10286 pid=23334 method=655539e session=5a8c76 channel=ClientState{ad93295 mUid=10286 mPid=23334 mSelfReportedDisplayId=0} userId=0}
03-15 13:56:33.816 12320 12505 V InputMethodManagerService: Enabling: SessionState{uid=10135 pid=13277 method=655539e session=c02ee7f channel=ClientState{b6792a7 mUid=10135 mPid=13277 mSelfReportedDisplayId=0} userId=0}
03-15 13:56:33.816 12320 12505 D InputMethodManagerService: checkDisplayOfStartInputAndUpdateKeyboard: displayId=0, mFocusedDisplayId=0
03-15 13:56:33.816 12320 12902 I ActivityManager: Changes in 99010 3 to 17, 184 to 128
03-15 13:56:33.818 12320 12345 D CoreBackPreview: Window{b7b0b62 u0 com.example.kutuphane/com.example.kutuphane.kitapekle}: Setting back callback OnBackInvokedCallbackInfo{mCallback=android.window.IOnBackInvokedCallback$Stub$Proxy@8321cac, mPriority=0, mIsAnimationCallback=false, mOverrideBehavior=0}
03-15 13:56:33.823 12320 14335 D RestrictionPolicy: isScreenCaptureEnabled : ret=true userId=0
03-15 13:56:33.824 12320 14335 D InsetsSourceProvider: updateVisibility: serverVisible=true, clientVisible=false, source=InsetsSource: {3 mType=ime mFrame=[0,1461][1080,2340] mVisible=false mFlags= mSideHint=BOTTOM mBoundingRects=null}, controlTarget=Window{b7b0b62 u0 com.example.kutuphane/com.example.kutuphane.kitapekle}, from=com.android.server.wm.ImeInsetsSourceProvider.updateVisibility:7 com.android.server.wm.InsetsSourceProvider.setClientVisible:8 com.android.server.wm.ImeInsetsSourceProvider.setClientVisible:17 com.android.server.wm.InsetsSourceProvider.updateControlForTarget:152 com.android.server.wm.ImeInsetsSourceProvider.updateControlForTarget:17 com.android.server.wm.InsetsStateController.onControlTargetChanged:83 com.android.server.wm.DisplayContent.updateImeControlTarget:21 com.android.server.wm.DisplayContent.updateImeInputAndControlTarget:156 com.android.server.wm.WindowManagerService$LocalService.updateInputMethodTargetWindow:64 com.android.server.inputmethod.InputMethodManagerService$InputMethodPrivilegedOperationsImpl.reportStartInputAsync:34 
03-15 13:56:33.824 12320 14335 I WindowManager: Cancelling animation restarting=true, leash=Surface(name=Surface(name=b1749ab InputMethod)/@0x6f02ba1 - animation-leash of insets_animation)/@0xf744f5d
03-15 13:56:33.825 12320 14335 I WindowManager: Reparenting to original parent: Surface(name=WindowToken{d3fbecc type=2011 android.os.Binder@42f30ff})/@0x113d1c6, destroy=false, surface=Surface(name=b1749ab InputMethod)/@0x6f02ba1
03-15 13:56:33.825 12320 14335 I WindowManager: Reparenting to leash, surface=Surface(name=b1749ab InputMethod)/@0x6f02ba1, leashParent=Surface(name=WindowToken{d3fbecc type=2011 android.os.Binder@42f30ff})/@0x113d1c6
03-15 13:56:33.826 12320 14335 D WindowManager: makeSurface duration=1 leash=Surface(name=Surface(name=b1749ab InputMethod)/@0x6f02ba1 - animation-leash of insets_animation)/@0x281510a
03-15 13:56:33.826 12320 14335 D InsetsSourceProvider: updateControlForTarget: control=InsetsSourceControl: {3 mType=ime mSurfacePosition=Point(0, 80) mInsetsHint=Insets{left=0, top=0, right=0, bottom=879}}, target=Window{4dfb408 u0 com.sec.android.app.launcher/com.android.quickstep.RecentsActivity}, from=com.android.server.wm.ImeInsetsSourceProvider.updateControlForTarget:17 com.android.server.wm.InsetsStateController.onControlTargetChanged:83 com.android.server.wm.DisplayContent.updateImeControlTarget:21 com.android.server.wm.DisplayContent.updateImeInputAndControlTarget:156 com.android.server.wm.WindowManagerService$LocalService.updateInputMethodTargetWindow:64 
03-15 13:56:33.830 12320 12353 I WindowManager: Cancelling animation restarting=true, leash=Surface(name=Surface(name=3c1eb49 NavigationBar0)/@0x13224f6 - animation-leash of insets_animation)/@0x45a61d0
03-15 13:56:33.830 12320 12353 I WindowManager: Reparenting to original parent: Surface(name=WindowToken{b67d50 type=2019 android.os.BinderProxy@b916202})/@0x5e0e0f7, destroy=false, surface=Surface(name=3c1eb49 NavigationBar0)/@0x13224f6
03-15 13:56:33.830 12320 12353 I WindowManager: Reparenting to leash, surface=Surface(name=3c1eb49 NavigationBar0)/@0x13224f6, leashParent=Surface(name=WindowToken{b67d50 type=2019 android.os.BinderProxy@b916202})/@0x5e0e0f7
03-15 13:56:33.832 12320 12353 D WindowManager: makeSurface duration=1 leash=Surface(name=Surface(name=3c1eb49 NavigationBar0)/@0x13224f6 - animation-leash of insets_animation)/@0x5d7cbf1
03-15 13:56:33.833 12320 12353 D InsetsSourceProvider: updateControlForTarget: control=InsetsSourceControl: {c4460001 mType=navigationBars initiallyVisible mSurfacePosition=Point(0, 2214) mInsetsHint=Insets{left=0, top=0, right=0, bottom=39}}, target=Window{4dfb408 u0 com.sec.android.app.launcher/com.android.quickstep.RecentsActivity}, from=com.android.server.wm.InsetsStateController.onControlTargetChanged:83 com.android.server.wm.InsetsPolicy.updateBarControlTarget:225 com.android.server.wm.DisplayPolicy.updateSystemBarAttributes:262 com.android.server.wm.DisplayPolicy.finishPostLayoutPolicyLw:17 com.android.server.wm.RootWindowContainer.applySurfaceChangesTransaction$1:195 
03-15 13:56:33.840 12320 14060 V WindowManager: Setting visibility of Window{7b4c344 u0 com.sec.android.app.launcher/com.sec.android.app.launcher.activities.LauncherActivity}: false, caller=com.android.server.wm.WindowContainer.sendAppVisibilityToClients:19 com.android.server.wm.WindowToken.setClientVisible:48 com.android.server.wm.ActivityRecord.activityStopped:189 com.android.server.wm.ActivityClientController.activityStopped:97 android.app.IActivityClientController$Stub.onTransact:740 
03-15 13:56:33.841 12320 14060 V WindowManager: Setting visibility of Window{3df34fd u0 com.sec.android.app.launcher/com.sec.android.app.launcher.activities.LauncherActivity}: false, caller=com.android.server.wm.WindowContainer.sendAppVisibilityToClients:19 com.android.server.wm.WindowToken.setClientVisible:48 com.android.server.wm.ActivityRecord.activityStopped:189 com.android.server.wm.ActivityClientController.activityStopped:97 android.app.IActivityClientController$Stub.onTransact:740 
03-15 13:56:33.842 12320 14060 E WindowManager: win=Window{3df34fd u0 com.sec.android.app.launcher/com.sec.android.app.launcher.activities.LauncherActivity} destroySurfaces: appStopped=true cleanupOnResume=false win.mWindowRemovalAllowed=false win.mRemoveOnExit=false win.mViewVisibility=4 caller=com.android.server.wm.ActivityRecord.destroySurfaces:25 com.android.server.wm.ActivityRecord.activityStopped:192 com.android.server.wm.ActivityClientController.activityStopped:97 android.app.IActivityClientController$Stub.onTransact:740 com.android.server.wm.ActivityClientController.onTransact:1 android.os.Binder.execTransactInternal:1462 android.os.Binder.execTransact:1401 
03-15 13:56:33.848 12320 12353 V InputMethodManagerService: Client requesting input be hidden
03-15 13:56:33.848 12320 12353 V InputMethodManagerService: setWindowStateInner, windowToken=android.os.BinderProxy@cc505ab, state=ImeTargetWindowState{ imeToken android.os.Binder@a8fb657 imeFocusChanged true hasEditorFocused false requestedImeVisible false imeDisplayId 0 softInputModeState STATE_UNSPECIFIED|ADJUST_RESIZE|IS_FORWARD_NAVIGATION isStartInputByGainFocus true}
03-15 13:56:33.848 12320 12353 V InputMethodManagerService: Calling com.android.server.inputmethod.IInputMethodInvoker@7c4363f.hideSoftInput(0, android.os.BinderProxy@cc505ab, null) for reason: HIDE_SOFT_INPUT
03-15 13:56:33.853 12320 12347 E WindowManager: win=Window{7b4c344 u0 com.sec.android.app.launcher/com.sec.android.app.launcher.activities.LauncherActivity} destroySurfaces: appStopped=true cleanupOnResume=false win.mWindowRemovalAllowed=false win.mRemoveOnExit=false win.mViewVisibility=8 caller=com.android.server.wm.WindowManagerService.tryStartExitingAnimation:134 com.android.server.wm.WindowManagerService.relayoutWindow:1138 com.android.server.wm.Session.relayout:27 android.view.IWindowSession$Stub.onTransact:829 com.android.server.wm.Session.onTransact:1 android.os.Binder.execTransactInternal:1457 android.os.Binder.execTransact:1401 
03-15 13:56:33.858 12320 12353 I ActivityManager: Changes in 10170 5 to 7, 255 to 128
03-15 13:56:33.865 12320 12353 D SGM:FgCheckThread: getForegroundApp(), foregroundPkgName=com.sec.android.app.launcher
03-15 13:56:33.865 12320 12902 D KNOX_MDM_SettingsProvider: isChangeAllowed() : name = enabled_input_methods
03-15 13:56:33.865 12320 12902 D KNOX_MDM_SettingsProvider: edmUri: content://com.sec.knox.provider/RestrictionPolicy3
03-15 13:56:33.865 12320 12902 D KNOX_MDM_SettingsProvider: projectionArgs: isSettingsChangesAllowed
03-15 13:56:33.865 12320 12902 D KNOX_MDM_SettingsProvider: selectionArgs: false
03-15 13:56:33.865 12320 12902 D KNOX_MDM_SettingsProvider: selectionArgs: 10170
03-15 13:56:33.866 12320 12629 D BackgroundInstallControlService: Package event received: 0
03-15 13:56:33.866 12320 12353 D SGM:FgCheckThread: pkgName: com.sec.android.app.launcher is in foreground
03-15 13:56:33.866 12320 12902 D SecContentProvider: called from android.uid.honeyboard:10170
03-15 13:56:33.866 12320 12902 D RestrictionPolicy: isSettingsChangesAllowedAsUser, userId 0 : true
03-15 13:56:33.866 12320 12902 D KNOX_MDM_SettingsProvider: ret = 1
03-15 13:56:33.867 12320 26230 D TspStateManager: wrote command: cmd=1,18,7,24,1924, type=1
03-15 13:56:33.867 12320 12902 D KNOX_MDM_SettingsProvider: isChangeAllowed() : name = default_input_method
03-15 13:56:33.867 12320 12902 D KNOX_MDM_SettingsProvider: edmUri: content://com.sec.knox.provider/RestrictionPolicy3
03-15 13:56:33.867 12320 12902 D KNOX_MDM_SettingsProvider: projectionArgs: isSettingsChangesAllowed
03-15 13:56:33.867 12320 12902 D KNOX_MDM_SettingsProvider: selectionArgs: false
03-15 13:56:33.868 12320 12902 D KNOX_MDM_SettingsProvider: selectionArgs: 10170
03-15 13:56:33.868 12320 12902 D SecContentProvider: called from android.uid.honeyboard:10170
03-15 13:56:33.868 12320 12902 D RestrictionPolicy: isSettingsChangesAllowedAsUser, userId 0 : true
03-15 13:56:33.868 12320 12902 D KNOX_MDM_SettingsProvider: ret = 1
03-15 13:56:33.868 12320 26229 D TspStateManager: wrote command: cmd=1, type=5
03-15 13:56:33.870 12320 12902 V InputMethodManagerService: IME window vis: 3 active: 1 visible: 2 displayId: 0
03-15 13:56:33.870 12320 12902 D InputMethodManagerService: isImeSwitcherDisabledPackage : false
03-15 13:56:33.878 12320 12320 I InputMethodManagerService: subtype state: oldSubtype = android.view.inputmethod.InputMethodSubtype@420000 newSubtype = android.view.inputmethod.InputMethodSubtype@420000 force = false, intent received : false
03-15 13:56:33.879 12320 14299 D SecContentProvider: called from android.uid.honeyboard:10170
03-15 13:56:33.879 12320 14299 D RestrictionPolicy: isClipboardAllowed : true
03-15 13:56:33.892 12320 14299 D SecContentProvider: called from android.uid.honeyboard:10170
03-15 13:56:33.892 12320 14299 D RestrictionPolicy: isClipboardAllowed : true
03-15 13:56:33.896 14190 14249 I SDHMS:k : onTaskStackChanged
03-15 13:56:33.933 12320 12902 D SecContentProvider: called from android.uid.honeyboard:10170
03-15 13:56:33.933 12320 12902 D RestrictionPolicy: isClipboardAllowed : true
03-15 13:56:33.935 12320 12902 D SecContentProvider: called from android.uid.honeyboard:10170
03-15 13:56:33.935 12320 12902 D RestrictionPolicy: isClipboardAllowed : true
03-15 13:56:33.936 12320 12902 D SecContentProvider: called from android.uid.honeyboard:10170
03-15 13:56:33.936 12320 12902 D RestrictionPolicy: isClipboardAllowed : true
03-15 13:56:33.938 12320 12902 D SecContentProvider: called from android.uid.honeyboard:10170
03-15 13:56:33.938 12320 12902 D RestrictionPolicy: isClipboardAllowed : true
03-15 13:56:33.940 12320 12902 D SecContentProvider: called from android.uid.honeyboard:10170
03-15 13:56:33.940 12320 12902 D RestrictionPolicy: isClipboardAllowed : true
03-15 13:56:33.941 12320 12584 D MdnieScenarioControlService:  packageName : com.sec.android.app.launcher    className : com.android.quickstep.RecentsActivity
03-15 13:56:33.942 12320 12584 V MdnieScenarioControlService: setUIMode from UI function(3)
03-15 13:56:33.943 12320 12902 D SecContentProvider: called from android.uid.honeyboard:10170
03-15 13:56:33.943 12320 12902 D RestrictionPolicy: isClipboardAllowed : true
03-15 13:56:33.945 12320 12902 D SecContentProvider: called from android.uid.honeyboard:10170
03-15 13:56:33.945 12320 12902 D RestrictionPolicy: isClipboardAllowed : true
03-15 13:56:33.946 12320 12902 D SecContentProvider: called from android.uid.honeyboard:10170
03-15 13:56:33.946 12320 12902 D RestrictionPolicy: isClipboardAllowed : true
03-15 13:56:33.973 12320 12902 D WindowManager: setInsetsWindow Window{b1749ab u0 InputMethod}, contentInsets=Rect(0, 1381 - 0, 0) -> Rect(0, 1381 - 0, 0), visibleInsets=Rect(0, 1381 - 0, 0) -> Rect(0, 1381 - 0, 0), touchableRegion=SkRegion((0,1381,1080,2134)) -> SkRegion((0,1381,1080,2134)), touchableInsets 3 -> 3
03-15 13:56:33.985 12320 12902 D WindowManager: finishDrawingWindow: Window{b1749ab u0 InputMethod} mDrawState=HAS_DRAWN seqId=0
03-15 13:56:33.992 12320 12902 V InputMethodManagerService: IME window vis: 0 active: 0 visible: 0 displayId: 0
03-15 13:56:33.992 12320 12902 D InputMethodManagerService: isImeSwitcherDisabledPackage : false
03-15 13:56:33.993 12320 12902 I InputMethodManagerService: setImeWindowStatus: vis=0, backDisposition=0
03-15 13:56:34.004 12320 12902 I ActivityManager: Changes in 10105 15 to 7, 0 to 128
03-15 13:56:34.008 12320 14299 D WindowManager: setInsetsWindow Window{b1749ab u0 InputMethod}, contentInsets=Rect(0, 1381 - 0, 0) -> Rect(0, 1381 - 0, 0), visibleInsets=Rect(0, 1381 - 0, 0) -> Rect(0, 1381 - 0, 0), touchableRegion=SkRegion((0,1381,1080,2134)) -> SkRegion((0,1381,1080,2134)), touchableInsets 3 -> 3
03-15 13:56:34.014 12320 14299 D WindowManager: finishDrawingWindow: Window{b1749ab u0 InputMethod} mDrawState=HAS_DRAWN seqId=0
03-15 13:56:34.043 12320 12584 V MdnieScenarioControlService: mAclOffEnabled : false
03-15 13:56:34.121   582   582 D io_stats: !@   8,32 r 7528178 163981276 w 5335433 69982188 d 589826 219009640 f 469903 522493 iot 2418588 0 th 0 0 0 pt 0 inp 0 0 117278.550
03-15 13:56:34.121   582   582 D io_stats: !@ Read_top(KB): system_server:high(12320) 12
03-15 13:56:34.122   582   582 D io_stats: !@ Write_top(KB): kworker/u32:8:/(21375) 864 id.diagmonagent:high(14183) 56 in.sweatco.app:high(17922) 12
03-15 13:56:34.365 12320 14299 E WindowManager: win=Window{b1749ab u0 InputMethod} destroySurfaces: appStopped=true cleanupOnResume=false win.mWindowRemovalAllowed=false win.mRemoveOnExit=false win.mViewVisibility=8 caller=com.android.server.wm.WindowManagerService.tryStartExitingAnimation:134 com.android.server.wm.WindowManagerService.relayoutWindow:1138 com.android.server.wm.Session.relayout:27 android.view.IWindowSession$Stub.onTransact:829 com.android.server.wm.Session.onTransact:1 android.os.Binder.execTransactInternal:1457 android.os.Binder.execTransact:1401 
03-15 13:56:34.369 12320 14299 I WindowManager: Cancelling animation restarting=true, leash=Surface(name=Surface(name=b1749ab InputMethod)/@0x6f02ba1 - animation-leash of insets_animation)/@0x281510a
03-15 13:56:34.369 12320 14299 I WindowManager: Reparenting to original parent: Surface(name=WindowToken{d3fbecc type=2011 android.os.Binder@42f30ff})/@0x113d1c6, destroy=false, surface=Surface(name=b1749ab InputMethod)/@0x6f02ba1
03-15 13:56:34.369 12320 14299 I WindowManager: Reparenting to leash, surface=Surface(name=b1749ab InputMethod)/@0x6f02ba1, leashParent=Surface(name=WindowToken{d3fbecc type=2011 android.os.Binder@42f30ff})/@0x113d1c6
03-15 13:56:34.371 12320 14299 D WindowManager: makeSurface duration=1 leash=Surface(name=Surface(name=b1749ab InputMethod)/@0x6f02ba1 - animation-leash of insets_animation)/@0x694e347
03-15 13:56:34.371 12320 14299 D InsetsSourceProvider: updateControlForTarget: control=InsetsSourceControl: {3 mType=ime mSurfacePosition=Point(0, 80) mInsetsHint=Insets{left=0, top=0, right=0, bottom=879}}, target=Window{4dfb408 u0 com.sec.android.app.launcher/com.android.quickstep.RecentsActivity}, from=com.android.server.wm.ImeInsetsSourceProvider.updateControlForTarget:17 com.android.server.wm.ImeInsetsSourceProvider.setServerVisible:68 com.android.server.wm.InsetsSourceProvider.onPostLayout:30 com.android.server.wm.ImeInsetsSourceProvider.onPostLayout:3 com.android.server.wm.InsetsStateController.onPostLayout:26 
03-15 13:56:34.372 12320 12353 V InputMethodManagerService: Client requesting input be hidden
03-15 13:56:34.372 12320 12353 V InputMethodManagerService: setWindowStateInner, windowToken=android.os.BinderProxy@cc505ab, state=ImeTargetWindowState{ imeToken android.os.Binder@894049d imeFocusChanged true hasEditorFocused false requestedImeVisible false imeDisplayId 0 softInputModeState STATE_UNSPECIFIED|ADJUST_RESIZE|IS_FORWARD_NAVIGATION isStartInputByGainFocus true}
03-15 13:56:34.372 12320 12353 V InputMethodManagerService: hideCurrentInputLocked : canceled, shouldHideSoftInput=false, mInputShown=false, mImeWindowVis=0
03-15 13:56:34.387 12320 12902 D WindowManager: setInsetsWindow Window{b1749ab u0 InputMethod}, contentInsets=Rect(0, 1381 - 0, 0) -> Rect(0, 1381 - 0, 0), visibleInsets=Rect(0, 1381 - 0, 0) -> Rect(0, 1381 - 0, 0), touchableRegion=SkRegion((0,1381,1080,2134)) -> SkRegion((0,1381,1080,2134)), touchableInsets 3 -> 3
03-15 13:56:34.497 12320 26240 D TspStateManager: wrote command: cmd=0, type=5
03-15 13:56:34.498 12320 26241 D TspStateManager: wrote command: cmd=1,45,7,24,702, type=1
03-15 13:56:34.874 12320 14060 I ActivityManager: Changes in 90001 17 to 17, 128 to 0
03-15 13:56:34.875 12320 14060 I ActivityManager: Changes in 90000 11 to 17, 128 to 0
03-15 13:56:34.875 12320 14060 I ActivityManager: Changes in 10304 11 to 16, 128 to 0
03-15 13:56:34.884 12320 12364 I ActivityManager: Changes in 90001 17 to 17, 0 to 128
03-15 13:56:34.884 12320 12364 I ActivityManager: Changes in 90000 17 to 11, 0 to 128
03-15 13:56:34.885 12320 12364 I ActivityManager: Changes in 10304 16 to 11, 0 to 128
03-15 13:56:35.893 12320 14335 I ActivityManager: Changes in 90001 17 to 17, 128 to 0
03-15 13:56:35.894 12320 14335 I ActivityManager: Changes in 90000 11 to 17, 128 to 0
03-15 13:56:35.895 12320 14335 I ActivityManager: Changes in 10304 11 to 16, 128 to 0
03-15 13:56:35.903 12320 12364 I ActivityManager: Changes in 90001 17 to 17, 0 to 128
03-15 13:56:35.903 12320 12364 I ActivityManager: Changes in 90000 17 to 11, 0 to 128
03-15 13:56:35.904 12320 12364 I ActivityManager: Changes in 10304 16 to 11, 0 to 128
03-15 13:56:36.049 12320 13885 D MARs:ActiveTrafficFilter: filter : com.example.kutuphane(0)
03-15 13:56:36.049 12320 13885 D FreecessHandler: freeze com.example.kutuphane(10286) result : 8
03-15 13:56:36.123   582   582 D io_stats: !@   8,32 r 7528178 163981276 w 5335444 69982272 d 589826 219009640 f 469903 522493 iot 2418592 0 th 0 0 0 pt 0 inp 0 0 117280.552
03-15 13:56:36.127 12320 12410 D PowerManagerService: UserActivityStateListenerState: 0
03-15 13:56:36.236 12320 12485 D PowerManagerService: [api] userActivityFromNative : touch displayId=0 eventTime=117280660
03-15 13:56:36.238 12320 12485 D PowerManagerService: UserActivityStateListenerState: 1
03-15 13:56:36.625 12320 12356 E Watchdog: !@Sync: 237 heap(MB): 109 / 146 FD: 1140 [2026-03-15 13:56:36.625]
03-15 13:56:36.867 12320 14335 D ActivityTaskManager: scheduleTopResumedActivityChanged, onTop=false, r=ActivityRecord{48835708 u0 com.sec.android.app.launcher/com.android.quickstep.RecentsActivity t596}, caller=com.android.server.wm.ActivityTaskSupervisor.scheduleTopResumedActivityStateLossIfNeeded:19 com.android.server.wm.ActivityTaskSupervisor.updateTopResumedActivityIfNeeded:20 com.android.server.wm.TaskDisplayArea.positionChildAt:252 com.android.server.wm.Task.moveToFront:40 com.android.server.wm.TaskDisplayArea.moveHomeRootTaskToFront:9 com.android.server.wm.ActivityTaskSupervisor.startActivityFromRecents:583 
03-15 13:56:36.868 12320 14335 W ActivityTaskManager: callingPackage for (uid=-1, pid=-1) has no WPC
03-15 13:56:36.869 12320 14335 D WindowManager: Transition is created, t=TransitionRecord{ff8d85e id=-1 type=TO_FRONT flags=0x0}, caller=com.android.server.wm.Transition.<init>:182 com.android.server.wm.TransitionController.createTransition:17 com.android.server.wm.ActivityTaskSupervisor.findTaskToMoveToFront:96 com.android.server.wm.ActivityTaskManagerService.moveTaskToFrontLocked:200 com.android.server.wm.ActivityTaskSupervisor.startActivityFromRecents:719 
03-15 13:56:36.869 12320 14335 D BLASTSyncEngine: SyncGroup is created, id=284, name=Transition-TO_FRONT, caller=com.android.server.wm.BLASTSyncEngine$SyncGroup.<init>:52 com.android.server.wm.TransitionController.moveToCollecting:79 com.android.server.wm.TransitionController.createTransition:46 com.android.server.wm.ActivityTaskSupervisor.findTaskToMoveToFront:96 com.android.server.wm.ActivityTaskManagerService.moveTaskToFrontLocked:200 com.android.server.wm.ActivityTaskSupervisor.startActivityFromRecents:719 com.android.server.wm.ActivityTaskManagerService.startActivityFromRecents:32 
03-15 13:56:36.869 12320 14335 W BLASTSyncEngine: setSyncMethod, id=284, method=0, caller=com.android.server.wm.TransitionController.moveToCollecting:91 com.android.server.wm.TransitionController.createTransition:46 com.android.server.wm.ActivityTaskSupervisor.findTaskToMoveToFront:96 
03-15 13:56:36.869 12320 14335 V WindowManager: Start collecting in Transition: TransitionRecord{ff8d85e id=284 type=TO_FRONT flags=0x0}, caller=com.android.server.wm.TransitionController.createTransition:46 com.android.server.wm.ActivityTaskSupervisor.findTaskToMoveToFront:96 com.android.server.wm.ActivityTaskManagerService.moveTaskToFrontLocked:200 com.android.server.wm.ActivityTaskSupervisor.startActivityFromRecents:719 com.android.server.wm.ActivityTaskManagerService.startActivityFromRecents:32 
03-15 13:56:36.869 12320 14335 V WindowManager: Collecting in transition 284: Task{5ede90c #609 type=standard A=10286:com.example.kutuphane}, caller=com.android.server.wm.TransitionController.collect:7 com.android.server.wm.ActivityTaskSupervisor.findTaskToMoveToFront:120 com.android.server.wm.ActivityTaskManagerService.moveTaskToFrontLocked:200 com.android.server.wm.ActivityTaskSupervisor.startActivityFromRecents:719 com.android.server.wm.ActivityTaskManagerService.startActivityFromRecents:32 
03-15 13:56:36.869 12320 14335 D WindowManager: prepareSync <SYNC_STATE_WAITING_FOR_DRAW>, mPrepareSyncSeqId=0, win=Window{b7b0b62 u0 com.example.kutuphane/com.example.kutuphane.kitapekle}
03-15 13:56:36.869 12320 14335 D WindowManager: prepareSync <SYNC_STATE_WAITING_FOR_DRAW>, mPrepareSyncSeqId=0, win=Window{140b44d u0 com.example.kutuphane/com.example.kutuphane.kitapIslemleri}
03-15 13:56:36.869 12320 14335 D WindowManager: prepareSync <SYNC_STATE_WAITING_FOR_DRAW>, mPrepareSyncSeqId=0, win=Window{4f001df u0 com.example.kutuphane/com.example.kutuphane.goster}
03-15 13:56:36.870 12320 14335 I Pageboost: moveTaskToFront : 10286:com.example.kutuphane
03-15 13:56:36.872 12320 14335 V WindowManager: rotationForOrientation(orient=SCREEN_ORIENTATION_UNSPECIFIED (-1), last=ROTATION_0 (0)); user=ROTATION_0 (0) USER_ROTATION_LOCKED
03-15 13:56:36.872 12320 14335 D WindowManager: rotationForOrientation, orientationSource=ActivityRecord{48835708 u0 com.sec.android.app.launcher/com.android.quickstep.RecentsActivity t596}
03-15 13:56:36.872 12320 14335 D ActivityTaskManager: addStartingWindow: type=1 typeParameter=1e
03-15 13:56:36.872 12320 14335 V WindowManager: Creating SnapshotStartingData
03-15 13:56:36.872 12320 14335 V WindowManager: Add starting ActivityRecord{206451061 u0 com.example.kutuphane/.kitapekle t609}: startingData=SnapshotStartingData{594f43f removeAfterTransaction= 0}
03-15 13:56:36.873 12320 14335 V WindowManager: Added starting ActivityRecord{206451061 u0 com.example.kutuphane/.kitapekle t609}: startingWindow=null startingView=com.android.server.wm.StartingSurfaceController$StartingSurface@a91610c
03-15 13:56:36.874 12320 14335 V WindowManager: Requesting StartTransition: TransitionRecord{ff8d85e id=284 type=TO_FRONT flags=0x0 c=[
03-15 13:56:36.874 12320 14335 V WindowManager:    ChangeInfo{6c02a55 container=DefaultTaskDisplayArea_d0@21689571 flags=0x0}
03-15 13:56:36.874 12320 14335 V WindowManager:    ChangeInfo{f761c6a container=Task{5ede90c #609 type=standard A=10286:com.example.kutuphane} flags=0x0}
03-15 13:56:36.874 12320 14335 V WindowManager:    ChangeInfo{5ee955b container=Display{#0 state=ON size=1080x2340 ROTATION_0} flags=0x0}
03-15 13:56:36.874 12320 14335 V WindowManager: ]
03-15 13:56:36.874 12320 14335 V WindowManager: }, caller=com.android.server.wm.ActivityTaskSupervisor.findTaskToMoveToFront:405 com.android.server.wm.ActivityTaskManagerService.moveTaskToFrontLocked:200 com.android.server.wm.ActivityTaskSupervisor.startActivityFromRecents:719 com.android.server.wm.ActivityTaskManagerService.startActivityFromRecents:32 android.app.IActivityTaskManager$Stub.onTransact:1759 
03-15 13:56:36.878 12757 12829 V WindowManagerShell: Transition requested (#284): android.os.BinderProxy@73933d1 TransitionRequestInfo { type = TO_FRONT, triggerTask = TaskInfo{userId=0 taskId=609 effectiveUid=10286 displayId=0 isRunning=true baseIntent=Intent { act=android.intent.action.MAIN cat=[android.intent.category.LAUNCHER] flg=0x10200000 cmp=com.example.kutuphane/.MainActivity } baseActivity=ComponentInfo{com.example.kutuphane/com.example.kutuphane.goster} topActivity=ComponentInfo{com.example.kutuphane/com.example.kutuphane.kitapekle} origActivity=null realActivity=ComponentInfo{com.example.kutuphane/com.example.kutuphane.MainActivity} numActivities=3 lastActiveTime=241479625 supportsMultiWindow=true resizeMode=1 isResizeable=true minWidth=-1 minHeight=-1 maxWidth=-1 maxHeight=-1 defaultMinSize=220 desktopDefaultMinSize=304 token=WCT{android.window.IWindowContainerToken$Stub$Proxy@5caee36} topActivityType=1 pictureInPictureParams=null shouldDockBigOverlays=false launchIntoPipHostTaskId=-1 lastParentTaskIdBeforePip=-1 displayCutoutSafeInsets=Rect(0, 80 - 0, 0) topActivityInfo=ActivityInfo{fc01137 com.example.kutuphane.kitapekle} launchCookies=[android.os.BinderProxy@3d23b20, android.os.BinderProxy@e6499d3] positionInParent=Point(0, 0) parentTaskId=-1 isFocused=false isVisible=false isVisibleRequested=false isTopActivityNoDisplay=false isSleeping=false locusId=null displayAreaFeatureId=1 isTopActivityTransparent=false isActivityStackTransparent=false lastNonFullscreenBounds=Rect(81, 605 - 999, 1775) capturedLink=null capturedLinkTimestamp=0 requestedVisibleTypes=-1 topActivityRequestOpenInBrowserEducationTimestamp=0 appCompatTaskInfo=AppCompatTaskInfo { topActivityInSizeCompat=false eligibleForLetterboxEducation= false isLetterboxEducationEnabled= false isLetterboxDoubleTapEnabled= false eligibleForUserAspectRatioButton= false topActivityBoundsLetterboxed= false isFromLetterboxDoubleTap= false topActivityLetterboxVerticalPosition= -1 topActivityLetterboxHorizontalPosition= -1 topActivityLetterboxWidth=-1 topActivityLetterboxHeight=-1 topActivityAppBounds=Rect(0, 80 - 1080, 2301) isUserFullscreenOverrideEnabled=false isSystemFullscreenOverrideEnabled=false hasMinAspectRatioOverride=false topActivityLetterboxBounds=null cameraCompatTaskInfo=CameraCompatTaskInfo { freeformCameraCompatMode=inactive} topActivityBounds=null topActivityInDisplayCompat=false singleTapFromLetterbox=false} topActivityMainWindowFrame=null originallySupportedMultiWindow=true hasWallpaper=false rootAffinity=10286:com.example.kutuphane isTopTaskInStage=false CoverLauncherWidgetTask=false LaunchedFromAppsCoverLauncherTask=false LaunchedFromMultistarCoverLauncherTask=false isAllowedSeamlessRotation=false isTopTransparentActivity=false isAliasManaged=false hasConfigChanged=false snappingGuideBounds=null isAiKeyRemoveAppTask=false lastDesktopWindowingBounds=null lastExternalDesktopWindowingBounds=null safeCutoutInsets=null}, pipChange = null, remoteTransition = RemoteTransition { remoteTransition = android.window.IRemoteTransition$Stub$Proxy@19046a4, appThread = android.app.IApplicationThread$Stub$Proxy@6cc3c0d, debugName = QuickstepLaunchflags =NONE }, displayChange = null, flags = 0, debugId = 284 }
03-15 13:56:36.878 12757 12829 V ShellDesktopMode: DesktopTasksController: isDesktopModeShowing: hasVisibleTasks=false hasTopTransparentFullscreenTask=false
03-15 13:56:36.878 12757 12829 D ShellSplitScreen: logExit: no-op, mLoggerSessionId is null
03-15 13:56:36.880 12757 12829 V ShellDesktopMode: DesktopTasksController: handleFullscreenTaskLaunch
03-15 13:56:36.880 12757 12829 V ShellDesktopMode: DesktopTasksController: isDesktopModeShowing: hasVisibleTasks=false hasTopTransparentFullscreenTask=false
03-15 13:56:36.880 12757 12829 V ShellDesktopMode: DesktopTasksController: handleRequest result=null
03-15 13:56:36.880 12320 12902 D WindowManager: prepareSync <SYNC_STATE_WAITING_FOR_DRAW>, mPrepareSyncSeqId=0, win=Window{22616d1 u0 SnapshotStartingWindow for taskId=609}
03-15 13:56:36.880 12757 12829 V WindowManagerShell: RemoteTransition directly requested for (#284) android.os.BinderProxy@73933d1: RemoteTransition { remoteTransition = android.window.IRemoteTransition$Stub$Proxy@19046a4, appThread = android.app.IApplicationThread$Stub$Proxy@6cc3c0d, debugName = QuickstepLaunchflags =NONE }
03-15 13:56:36.880 12757 12829 V WindowManagerShell: Transition (#284): request handled by DefaultMixedHandler
03-15 13:56:36.882 12320 12902 D RestrictionPolicy: isScreenCaptureEnabled : ret=true userId=0
03-15 13:56:36.882 12320 12902 V WindowManager: addWindow: ActivityRecord{206451061 u0 com.example.kutuphane/.kitapekle t609} startingWindow=Window{22616d1 u0 SnapshotStartingWindow for taskId=609}
03-15 13:56:36.884 12320 14060 V WindowManager: Starting Transition 284, caller=com.android.server.wm.WindowOrganizerController.startTransition:47 com.android.server.wm.WindowOrganizerController.startTransition:1 android.window.IWindowOrganizerController$Stub.onTransact:259 
03-15 13:56:36.885 12757 12829 D WindowManagerShell: onActivityRestartAttempt: topActivity=ComponentInfo{com.example.kutuphane/com.example.kutuphane.kitapekle}, wasVisible=false
03-15 13:56:36.886 12320 12902 D WindowManager: makeSurface duration=1 name=SnapshotStartingWindow for taskId=609$_12757
03-15 13:56:36.887 12320 12902 D FreeformController: beginPostLayoutPolicyLw: forceHideRequester changed, old=Window{4dfb408 u0 com.sec.android.app.launcher/com.android.quickstep.RecentsActivity}, new=null
03-15 13:56:36.887 12320 12902 D FreeformController: setBlockToAddForceHideFreeformTasks: blockToAddForceHide=false, Caller=com.android.server.wm.DisplayPolicy.beginPostLayoutPolicyLw:142
03-15 13:56:36.889 12320 14335 D MARsPolicyManager: cancelDisablePolicy com.example.kutuphane(0) false|32|disablepolicy(8)
03-15 13:56:36.889 12320 12353 D SGM:FgCheckThread: notePauseComponent(), received pkgName: com.sec.android.app.launcher, userId: 0
03-15 13:56:36.889 12320 14335 D ActivityManagerPerformance: AMP_acquire() ACT_RESUME
03-15 13:56:36.889 12320 12619 I CocktailBarManagerServiceContainer: handleMessage: entry what = 6
03-15 13:56:36.889 12320 14335 V WindowManager: Collecting in transition 284: ActivityRecord{206451061 u0 com.example.kutuphane/.kitapekle t609}, caller=com.android.server.wm.TransitionController.collect:7 com.android.server.wm.ActivityRecord.setVisibility:132 com.android.server.wm.TaskFragment.resumeTopActivity:1662 com.android.server.wm.Task.resumeTopActivityInnerLocked:138 com.android.server.wm.Task.resumeTopActivityUncheckedLocked:23 
03-15 13:56:36.890 12320 14335 V WindowManager: Setting visibility of Window{22616d1 u0 SnapshotStartingWindow for taskId=609}: true, caller=com.android.server.wm.WindowContainer.sendAppVisibilityToClients:19 com.android.server.wm.WindowToken.setClientVisible:48 com.android.server.wm.ActivityRecord.setVisibility:486 com.android.server.wm.TaskFragment.resumeTopActivity:1662 com.android.server.wm.Task.resumeTopActivityInnerLocked:138 
03-15 13:56:36.890 12320 14335 V WindowManager: Setting visibility of Window{b7b0b62 u0 com.example.kutuphane/com.example.kutuphane.kitapekle}: true, caller=com.android.server.wm.WindowContainer.sendAppVisibilityToClients:19 com.android.server.wm.WindowToken.setClientVisible:48 com.android.server.wm.ActivityRecord.setVisibility:486 com.android.server.wm.TaskFragment.resumeTopActivity:1662 com.android.server.wm.Task.resumeTopActivityInnerLocked:138 
03-15 13:56:36.891 12320 14335 D SGM:FgCheckThread: TaskStackListener.onTaskFocusChanged(), taskId=596, focused=false
03-15 13:56:36.891 12320 14335 D SGM:FgCheckThread: TaskStackListener.onTaskFocusChanged(), taskId=609, focused=true
03-15 13:56:36.891 12320 14335 D SGM:FgCheckThread:   sendRunningComponentFocus(), pkgName: com.example.kutuphane, userId: 0
03-15 13:56:36.892 12320 12629 D BackgroundInstallControlService: Package event received: 0
03-15 13:56:36.892 12320 12510 D SGM:FgCheckThread: onLooperPrepared(), msg: MSG_TASK_FOCUSED, pkgName: com.example.kutuphane, userId: 0
03-15 13:56:36.892 12320 12510 D SGM:FgCheckThread: handleTaskFocused().
03-15 13:56:36.892 12757 12870 D ShellStartingWindow: Relayout returned: frame=ClientWindowFrames{frame=[0,0][1080,2340] display=[0,0][1080,2340] parentFrame=[0,0][0,0]}, attrs={(0,0)(fillxfill) ty=APPLICATION_STARTING fmt=RGBA_8888 wanim=0x1030317 if=INPUT_FEATURE_NO_INPUT_CHANNEL
03-15 13:56:36.892 12757 12870 D ShellStartingWindow:   fl=80010118
03-15 13:56:36.892 12757 12870 D ShellStartingWindow:   pfl=30008000
03-15 13:56:36.892 12757 12870 D ShellStartingWindow:   apr=10
03-15 13:56:36.892 12757 12870 D ShellStartingWindow:   bhv=1
03-15 13:56:36.892 12757 12870 D ShellStartingWindow:   fitSides=0
03-15 13:56:36.892 12757 12870 D ShellStartingWindow:   frameRateBoostOnTouch=true naviIconColor=0}
03-15 13:56:36.892 12320 12510 D SGM:FgCheckThread:   handleTaskFocused(), pkgName: com.example.kutuphane, userID:0 mResumedPkgMap does not containsKey.
03-15 13:56:36.892 12320 14335 D WindowManager: Changing focus from Window{4dfb408 u0 com.sec.android.app.launcher/com.android.quickstep.RecentsActivity} to null displayId=0 Callers=com.android.server.wm.ActivityTaskManagerService.setLastResumedActivityUncheckLocked:264 com.android.server.wm.ActivityTaskSupervisor.updateTopResumedActivityIfNeeded:51 com.android.server.wm.TaskFragment.setResumedActivity:30 com.android.server.wm.ActivityRecord.setState:100 
03-15 13:56:36.896 12320 14335 V SystemKeyManager: updateFocusedWindow() is called, 
03-15 13:56:36.896 12320 14335 D ActivityTaskManager: scheduleTopResumedActivityChanged, onTop=true, r=ActivityRecord{206451061 u0 com.example.kutuphane/.kitapekle t609}, caller=com.android.server.wm.ActivityTaskSupervisor.scheduleTopResumedActivityStateIfNeeded:18 com.android.server.wm.ActivityTaskSupervisor.updateTopResumedActivityIfNeeded:54 com.android.server.wm.TaskFragment.setResumedActivity:30 com.android.server.wm.ActivityRecord.setState:100 com.android.server.wm.TaskFragment.resumeTopActivity:1705 com.android.server.wm.Task.resumeTopActivityInnerLocked:138 
03-15 13:56:36.897 12320 14335 V WindowManager: Collecting in transition 284: ActivityRecord{48835708 u0 com.sec.android.app.launcher/com.android.quickstep.RecentsActivity t596}, caller=com.android.server.wm.TransitionController.collect:7 com.android.server.wm.ActivityRecord.setVisibility:132 com.android.server.wm.ActivityRecord.makeInvisible:32 com.android.server.wm.EnsureActivitiesVisibleHelper.process:542 com.android.server.wm.TaskFragment.updateActivityVisibilities:12 
03-15 13:56:36.897 12320 14335 D WindowManager: prepareSync <SYNC_STATE_WAITING_FOR_DRAW>, mPrepareSyncSeqId=0, win=Window{4dfb408 u0 com.sec.android.app.launcher/com.android.quickstep.RecentsActivity}
03-15 13:56:36.897 12320 14335 V WindowManager: Collecting in transition 284: WallpaperWindowToken{86131fa showWhenLocked=true}_<lock>, caller=com.android.server.wm.Transition.collect:387 com.android.server.wm.TransitionController.collect:7 com.android.server.wm.ActivityRecord.setVisibility:132 com.android.server.wm.ActivityRecord.makeInvisible:32 com.android.server.wm.EnsureActivitiesVisibleHelper.process:542 
03-15 13:56:36.897 12320 14335 V WindowManager: Collecting in transition 284: WallpaperWindowToken{384c472 showWhenLocked=false}_<system>, caller=com.android.server.wm.Transition.collect:410 com.android.server.wm.TransitionController.collect:7 com.android.server.wm.ActivityRecord.setVisibility:132 com.android.server.wm.ActivityRecord.makeInvisible:32 com.android.server.wm.EnsureActivitiesVisibleHelper.process:542 
03-15 13:56:36.897 12320 14335 V WindowManager: rotationForOrientation(orient=SCREEN_ORIENTATION_UNSPECIFIED (-1), last=ROTATION_0 (0)); user=ROTATION_0 (0) USER_ROTATION_LOCKED
03-15 13:56:36.897 12320 14335 D WindowManager: rotationForOrientation, orientationSource=ActivityRecord{206451061 u0 com.example.kutuphane/.kitapekle t609}
03-15 13:56:36.898 12320 14335 V WindowManager: Computed rotation=ROTATION_0 (0) for display id=0 based on lastOrientation=SCREEN_ORIENTATION_UNSPECIFIED (-1) and oldRotation=ROTATION_0 (0), caller=com.android.server.wm.DisplayRotation.updateOrientation:79 com.android.server.wm.DisplayContent.updateOrientation:41 com.android.server.wm.DisplayContent.updateOrientationAndComputeConfig:48 com.android.server.wm.RootWindowContainer.ensureVisibilityAndConfig:7 com.android.server.wm.TaskFragment.resumeTopActivity:1724 com.android.server.wm.Task.resumeTopActivityInnerLocked:138 
03-15 13:56:36.898 12320 14335 D BLASTSyncEngine: SyncGroup 284: Set ready true, caller=com.android.server.wm.BLASTSyncEngine.setReady:32 com.android.server.wm.Transition.applyReady:54 com.android.server.wm.Transition.setReady:72 com.android.server.wm.TransitionController.setReady:6 com.android.server.wm.DisplayContent.executeAppTransition:4 com.android.server.wm.ActivityRecord.completeResumeLocked:115 
03-15 13:56:36.898 12320 14335 D WindowManagerServiceExt: updateTaskbarTargetIfNeeded: cn=ComponentInfo{com.example.kutuphane/com.example.kutuphane.kitapekle} occludesParent=true isInSplitScreenMode=false
03-15 13:56:36.899 12320 14335 V WindowManager: Collecting in transition 284: WallpaperWindowToken{384c472 showWhenLocked=false}_<system>, caller=com.android.server.wm.TransitionController.collect:7 com.android.server.wm.WallpaperWindowToken.setVisibility:55 com.android.server.wm.WallpaperController.adjustWallpaperWindows:857 com.android.server.wm.RootWindowContainer.applySurfaceChangesTransaction$1:141 com.android.server.wm.RootWindowContainer.performSurfacePlacementNoTrace:59 
03-15 13:56:36.900 12320 14335 D BLASTSyncEngine: SyncGroup 284:  Unfinished container: ActivityRecord{206451061 u0 com.example.kutuphane/.kitapekle t609} mSyncState=2
03-15 13:56:36.902 12320 12902 D WindowManager: finishDrawingWindow: Window{22616d1 u0 SnapshotStartingWindow for taskId=609} mDrawState=DRAW_PENDING seqId=2147483647
03-15 13:56:36.902 12320 12902 V WindowManager: Finishing drawing window Window{22616d1 u0 SnapshotStartingWindow for taskId=609}: mDrawState=DRAW_PENDING
03-15 13:56:36.902 12320 12902 V WindowManager: Draw state now committed in Window{22616d1 u0 SnapshotStartingWindow for taskId=609}
03-15 13:56:36.903 12320 12354 V WindowManager: SyncGroup 284: Finished!
03-15 13:56:36.904 12320 12354 V WindowManager: performShowLocked: mDrawState=HAS_DRAWN in Window{22616d1 u0 SnapshotStartingWindow for taskId=609}
03-15 13:56:36.904 12320 12354 D ChangeTransitionController: onTransactionReady: TransitionRecord{ff8d85e id=284 type=TO_FRONT flags=0x0 c=[
03-15 13:56:36.904 12320 12354 D ChangeTransitionController:    ChangeInfo{6c02a55 container=DefaultTaskDisplayArea_d0@21689571 flags=0x0}
03-15 13:56:36.904 12320 12354 D ChangeTransitionController:    ChangeInfo{bd19536 container=ActivityRecord{48835708 u0 com.sec.android.app.launcher/com.android.quickstep.RecentsActivity t596} flags=0x0}
03-15 13:56:36.904 12320 12354 D ChangeTransitionController:    ChangeInfo{1772c37 container=WallpaperWindowToken{384c472 showWhenLocked=false}_<system> flags=0x0}
03-15 13:56:36.904 12320 12354 D ChangeTransitionController:    ChangeInfo{f761c6a container=Task{5ede90c #609 type=standard A=10286:com.example.kutuphane} flags=0x0}
03-15 13:56:36.904 12320 12354 D ChangeTransitionController:    ChangeInfo{8c0c5a4 container=WallpaperWindowToken{86131fa showWhenLocked=true}_<lock> flags=0x0}
03-15 13:56:36.904 12320 12354 D ChangeTransitionController:    ChangeInfo{5ee955b container=Display{#0 state=ON size=1080x2340 ROTATION_0} flags=0x0}
03-15 13:56:36.904 12320 12354 D ChangeTransitionController:    ChangeInfo{7244f0d container=ActivityRecord{206451061 u0 com.example.kutuphane/.kitapekle t609} flags=0x0}
03-15 13:56:36.904 12320 12354 D ChangeTransitionController:    ChangeInfo{b99cec2 container=Task{cbde905 #596 type=recents I=com.sec.android.app.launcher/com.android.quickstep.RecentsActivity} flags=0x0}
03-15 13:56:36.904 12320 12354 D ChangeTransitionController:    ChangeInfo{98854d3 container=RemoteWallpaperAnim:1:1@264671916 flags=0x0}
03-15 13:56:36.904 12320 12354 D ChangeTransitionController: ]
03-15 13:56:36.904 12320 12354 D ChangeTransitionController: }
03-15 13:56:36.904 12320 12354 V WindowManager: Start calculating TransitionInfo based on participants: {ActivityRecord{48835708 u0 com.sec.android.app.launcher/com.android.quickstep.RecentsActivity t596}, WallpaperWindowToken{384c472 showWhenLocked=false}_<system>, Task{5ede90c #609 type=standard A=10286:com.example.kutuphane}, WallpaperWindowToken{86131fa showWhenLocked=true}_<lock>, ActivityRecord{206451061 u0 com.example.kutuphane/.kitapekle t609}}
03-15 13:56:36.904 12320 12354 V WindowManager:   Final targets: [ChangeInfo{f761c6a container=Task{5ede90c #609 type=standard A=10286:com.example.kutuphane} flags=0x30}, ChangeInfo{b99cec2 container=Task{cbde905 #596 type=recents I=com.sec.android.app.launcher/com.android.quickstep.RecentsActivity} flags=0x10}, ChangeInfo{1772c37 container=WallpaperWindowToken{384c472 showWhenLocked=false}_<system> flags=0x0}]
03-15 13:56:36.907 12320 12353 D SGM:FgCheckThread: noteResumeComponent(), received pkgName: com.example.kutuphane, userId: 0
03-15 13:56:36.907 14190 15781 I SDHMS:k : handleResumeComponent : put = com.example.kutuphane, userid = 0 instanceid =98231562
03-15 13:56:36.908 12320 12619 I CocktailBarManagerServiceContainer: handleMessage: entry what = 5
03-15 13:56:36.909 12320 12510 D SGM:FgCheckThread: onLooperPrepared(), msg: MSG_APP_RESUME, pkgName: com.example.kutuphane, userid: 0
03-15 13:56:36.909 12320 12510 D SGM:FgCheckThread: handleResume().
03-15 13:56:36.909 12320 12351 D SGM:GameManager: identifyForegroundApp. com.example.kutuphane, mCurrentUserId: 0, callerUserId: 0
03-15 13:56:36.909 12320 12351 D SGM:SemGameManager: isForegroundGame(), ret=false
03-15 13:56:36.909 12320 12510 D SGM:FgCheckThread: sendFocusOutConditionally() - mPrevNotiPkg: (unknown), userId: 0
03-15 13:56:36.909 12320 12902 I ActivityManager: Changes in 90001 17 to 17, 128 to 0
03-15 13:56:36.909 12320 12510 D SGM:FgCheckThread:   handleResume(). pkgName: com.example.kutuphane, userId: 0, category: non-game
03-15 13:56:36.909 12320 12902 I ActivityManager: Changes in 90000 11 to 17, 128 to 0
03-15 13:56:36.909 12320 12510 D SGM:FgCheckThread: notifyFocusInOut(). of pkg: com.example.kutuphane, type: 4, isSecGameFamily: false, userId: 0
03-15 13:56:36.909 12320 12510 D SGM:FgCheckThread:   notifyFocusInOut(). unexpected mPrevNotiType: -1
03-15 13:56:36.909 12320 12510 D SGM:SystemHelper: callReleaseBlock needReleaseBlock:false
03-15 13:56:36.909 12320 12354 V WindowManager: Calling onTransitionReady: {id=284 t=TO_FRONT f=0x0 trk=0 r=[0@Point(0, 0)] c=[
03-15 13:56:36.909 12320 12354 V WindowManager:         {WCT{RemoteToken{2dc67f3 Task{5ede90c #609 type=standard A=10286:com.example.kutuphane}}} m=TO_FRONT f=MOVE_TO_TOP leash=Surface(name=Task=609)/@0xa252d sb=Rect(0, 0 - 1080, 2340) eb=Rect(0, 0 - 1080, 2340) epz=Point(1080, 2340) d=0 taskParent=-1 inset=Rect(0, 80 - 0, 39) dim=true},
03-15 13:56:36.909 12320 12354 V WindowManager:         {WCT{RemoteToken{8e7b347 Task{cbde905 #596 type=recents I=com.sec.android.app.launcher/com.android.quickstep.RecentsActivity}}} m=TO_BACK f=SHOW_WALLPAPER|EDGE_EXTENSION_RESTRICTION leash=Surface(name=Task=596)/@0x9e4e361 sb=Rect(0, 0 - 1080, 2340) eb=Rect(0, 0 - 1080, 2340) epz=Point(1080, 2340) d=0 taskParent=-1 inset=Rect(0, 80 - 0, 39)},
03-15 13:56:36.909 12320 12354 V WindowManager:         {m=TO_BACK f=IS_WALLPAPER p=WCT{RemoteToken{e1c459c RemoteWallpaperAnim:1:1@264671916}} leash=Surface(name=WallpaperWindowToken{384c472 showWhenLocked=false})/@0xaa6efa9 sb=Rect(0, 0 - 1080, 2340) eb=Rect(0, 0 - 1080, 2340) epz=Point(1080, 2340) d=0 inset=Rect(0, 0 - 0, 0)}
03-15 13:56:36.909 12320 12354 V WindowManager:     ]}
03-15 13:56:36.909 12320 12902 I ActivityManager: Changes in 10304 11 to 16, 128 to 0
03-15 13:56:36.909 12320 12629 D BackgroundInstallControlService: Package event received: 0
03-15 13:56:36.909 12320 12902 I ActivityManager: Changes in 10286 15 to 2, 0 to 255
03-15 13:56:36.911 12320 12629 D BackgroundInstallControlService: Package event received: 0
03-15 13:56:36.911 12320 14335 D WindowManager: makeSurface duration=1 name=com.example.kutuphane/com.example.kutuphane.kitapekle$_23334
