03-14 00:22:27.511  1673  1692 E thermal_core: find_tz_idx_by_name:"Failed to find thermal zone index of nrpa_ntc\n"
03-14 00:22:27.512  1673  1692 E thermal_core: dump_thermal_log:"Error: sccanf error, ret=9\n"
03-14 00:22:27.513  1673  1692 E thermal_core: node_read:"Failed to read /sys/class/thermal/thermal_zone2/temp: No data available\n"
03-14 00:22:27.513  1673  1692 I thermal_core: "soc/nr/lte/ap_ntc/tpcb/conn/chg/cam/c_ttj/g_ttj/a_ttj=0/-274000/34421/-274000/46000/30000/-274000/-274000/85000/85000/85000\n"
03-14 00:22:27.513  1673  1692 I thermal_core: "[C(l)(c)(i)][G(l)(c)][A(l)(c)][TH][D]=[(666666/666666/666666)(500/725/0)(0x0)][(666666)(666666)][(666666666)(666666666)][0][1600]\n"
03-14 00:22:27.513  1673  1692 E thermal_core: node_read:"Failed to open /sys/kernel/helio-dvfsrc/dvfsrc_therm_info: No such file or directory\n"
03-14 00:22:27.513  1673  1692 I thermal_core: "1600"
03-14 00:22:27.536  1830  1970 I bauth_FPBAuthService: pcf : 0x1012, 0 ,1 ,0 ,0 ,0 ,0, 16.0.0.3
03-14 00:22:27.536  1830  1970 I bauth_FPBAuthService: thread id : 1, preenroll_flag : 0, nd cnt : 0, cso : 0, et : 0
03-14 00:22:27.536  1830  1970 I bauth_FPBAuthService: FPBAuthService::timerHandler complete
03-14 00:22:27.745  2083  2140 D BatteryExternalStatsWorker: update stats : procstate-change (10)
03-14 00:22:27.745  2083  2140 D BatteryExternalStatsWorker: Update Rail Energy data
03-14 00:22:27.746  2083  2140 D BatteryExternalStatsWorker: mStats lock released
03-14 00:22:27.746  2083  2140 D BatteryExternalStatsWorker: done updateExternalStatsLocked
03-14 00:22:27.752  2083  2140 E BluetoothPowerStatsCollector: Cannot acquire BluetoothActivityEnergyInfo
03-14 00:22:27.752  2083  2140 E BluetoothPowerStatsCollector: java.util.concurrent.ExecutionException: java.lang.RuntimeException: error: 11
03-14 00:22:27.752  2083  2140 E BluetoothPowerStatsCollector: 	at java.util.concurrent.CompletableFuture.reportGet(CompletableFuture.java:372)
03-14 00:22:27.752  2083  2140 E BluetoothPowerStatsCollector: 	at java.util.concurrent.CompletableFuture.get(CompletableFuture.java:2072)
03-14 00:22:27.752  2083  2140 E BluetoothPowerStatsCollector: 	at com.android.server.power.stats.BluetoothPowerStatsCollector.collectStats(qb/105350715 268999f8a14e7f8abd6a326b97f385fa09379427d12c342cfc170109611a7a5c:202)
03-14 00:22:27.752  2083  2140 E BluetoothPowerStatsCollector: 	at com.android.server.power.stats.PowerStatsCollector$$ExternalSyntheticLambda0.run(qb/105350715 268999f8a14e7f8abd6a326b97f385fa09379427d12c342cfc170109611a7a5c:3)
03-14 00:22:27.752  2083  2140 E BluetoothPowerStatsCollector: 	at android.os.Handler.handleCallback(Handler.java:995)
03-14 00:22:27.752  2083  2140 E BluetoothPowerStatsCollector: 	at android.os.Handler.dispatchMessage(Handler.java:103)
03-14 00:22:27.752  2083  2140 E BluetoothPowerStatsCollector: 	at android.os.Looper.loopOnce(Looper.java:273)
03-14 00:22:27.752  2083  2140 E BluetoothPowerStatsCollector: 	at android.os.Looper.loop(Looper.java:363)
03-14 00:22:27.752  2083  2140 E BluetoothPowerStatsCollector: 	at android.os.HandlerThread.run(HandlerThread.java:85)
03-14 00:22:27.752  2083  2140 E BluetoothPowerStatsCollector: Caused by: java.lang.RuntimeException: error: 11
03-14 00:22:27.752  2083  2140 E BluetoothPowerStatsCollector: 	at com.android.server.power.stats.BluetoothPowerStatsCollector$1.onBluetoothActivityEnergyInfoError(qb/105350715 268999f8a14e7f8abd6a326b97f385fa09379427d12c342cfc170109611a7a5c:12)
03-14 00:22:27.752  2083  2140 E BluetoothPowerStatsCollector: 	at android.bluetooth.BluetoothAdapter$OnBluetoothActivityEnergyInfoProxy.lambda$onBluetoothActivityEnergyInfoAvailable$0(BluetoothAdapter.java:1226)
03-14 00:22:27.752  2083  2140 E BluetoothPowerStatsCollector: 	at android.bluetooth.BluetoothAdapter$OnBluetoothActivityEnergyInfoProxy$$ExternalSyntheticLambda1.run(D8$$SyntheticClass:0)
03-14 00:22:27.752  2083  2140 E BluetoothPowerStatsCollector: 	at android.bluetooth.BluetoothUtils.lambda$executeFromBinder$0(BluetoothUtils.java:343)
03-14 00:22:27.752  2083  2140 E BluetoothPowerStatsCollector: 	at android.bluetooth.BluetoothUtils$$ExternalSyntheticLambda1.run(D8$$SyntheticClass:0)
03-14 00:22:27.752  2083  2140 E BluetoothPowerStatsCollector: 	at com.android.server.SystemServerInitThreadPool$$ExternalSyntheticLambda0.execute(qb/105350715 268999f8a14e7f8abd6a326b97f385fa09379427d12c342cfc170109611a7a5c:1)
03-14 00:22:27.752  2083  2140 E BluetoothPowerStatsCollector: 	at android.bluetooth.BluetoothUtils.executeFromBinder(BluetoothUtils.java:343)
03-14 00:22:27.752  2083  2140 E BluetoothPowerStatsCollector: 	at android.bluetooth.BluetoothAdapter$OnBluetoothActivityEnergyInfoProxy.onBluetoothActivityEnergyInfoAvailable(BluetoothAdapter.java:1224)
03-14 00:22:27.752  2083  2140 E BluetoothPowerStatsCollector: 	at android.bluetooth.IBluetoothActivityEnergyInfoListener$Stub.onTransact(IBluetoothActivityEnergyInfoListener.java:98)
03-14 00:22:27.752  2083  2140 E BluetoothPowerStatsCollector: 	at android.os.Binder.execTransactInternal(Binder.java:1462)
03-14 00:22:27.752  2083  2140 E BluetoothPowerStatsCollector: 	at android.os.Binder.execTransact(Binder.java:1401)
03-14 00:22:27.838   582   582 D io_stats: !@   8,32 r 3706636 78919708 w 2439484 31718968 d 307664 187098224 f 205163 237374 iot 1160808 0 th 0 0 0 pt 0 inp 0 0 50761.124
03-14 00:22:28.306  1528  1554 E BatteryDump: !@new_battery_dump : 4320,1061,3000,3150,84,328,337,365,0,0,334,365,0,Charging,NO_CHARGING,Normal,Good,PDIC,0,Normal,0,0,9324,0x0,0x10000,0x0,0,0,0000,0000,00000000,0,0,0,0,486,4120,8300,980,0,
03-14 00:22:28.312  2083  2910 D [SS]BattFunctions: [sendRemainingChargingTimeChangedIntent]remainingChargingTime:1844 ,mLastRemainingChargingTime:1851
03-14 00:22:28.313  1536  1536 I seh_thermal_service: getTemperaturesWithType SehTemperatureType: 3
03-14 00:22:28.314  1528  1528 I sehhealth-service: updateLrpSysfs: write: 334
03-14 00:22:28.320  2748  2748 D PowerUI : Remaining charging time : 1844
03-14 00:22:28.320  2748  2748 D PowerUI : Charging time is changed, check charging notification
03-14 00:22:28.323  2748  2748 D PowerUI.Notification: showChargingNotice - Battery Level : 84 -> 84, Charging Type : 11 -> 11, Charging Time : 1851 -> 1844, Maximum protection : false -> false, Maximum threshold : 80 -> 80
03-14 00:22:28.327  2748  2748 I NotificationManager: com.android.systemui: notify(2131364006, charging_state, Notification(channel=CHR shortcut=null contentView=null vibrate=null sound=null defaults=0 flags=ONGOING_EVENT|ONLY_ALERT_ONCE color=0x00000000 category=sys groupKey=CHARGING vis=PUBLIC semFlags=0x0 semPriority=0 semMissedCount=0)) as user
03-14 00:22:28.333  2083  2910 W PermissionService: getPermissionFlags: Unknown user -1
03-14 00:22:28.333  2083  2910 W PermissionService: getPermissionFlags: Unknown user -1
03-14 00:22:28.336  2748  2748 I AODBatteryManager: updateBatteryData: ACTION_BATTERY_CHANGED: false, isSleepModeChanged:false ,isRemainingTimeChanged: true, isUSBRestriction: false
03-14 00:22:28.336  2748  2748 I ChargingInfoManager: updateChargingInfo: newState = AOD ChargingInfo [mState=BATTERY_AND_REMAIN_TIME, mIsCharging=true, mIsPlugged=true, mIsFullyCharged=false, mIsBatteryProtectMode=false, mBetteryLevel=84, mBetteryProtectModeType3, mIsSlowChargingfalse], oldState = AOD ChargingInfo [mState=BATTERY_AND_REMAIN_TIME, mIsCharging=true, mIsPlugged=true, mIsFullyCharged=false, mIsBatteryProtectMode=false, mBetteryLevel=84, mBetteryProtectModeType3, mIsSlowChargingfalse]
03-14 00:22:28.340  2748  2748 I ChargingInfoView: handleMessage: MSG_SHOW_CHARGING_INFO
03-14 00:22:28.341  2748  2748 I BottomChargingInfoView: updateContents: BATTERY_AND_REMAIN_TIME
03-14 00:22:28.341  2748  2748 I AOD_WAKELOCK@WakeLockManager: acquireIfExists: tag - charging_info, timeout - 1000, reason - Charging Info is updating, delay by 500, wakeLock = WakeLock{432cb95 held=false, refCount=0}
03-14 00:22:28.343  2083  5414 D PowerManagerService: [api] acquire WakeLock DRAW_WAKE_LOCK                    'charging_info' (uid=10060 pid=2748 displayId=0 lock=79a5834)
03-14 00:22:28.344  2083  5414 D PowerManagerService: displayReady: false groupId=0
03-14 00:22:28.344  2083  2176 D DisplayPowerController[0]: animateScreenStateChange: target=DOZE, mIsEnabled=true
03-14 00:22:28.344  2748  2748 I ChargingInfoManager: getDeviceRemainingTime: Dolmasına 31 dk
03-14 00:22:28.345  2748  2748 I AOD_WAKELOCK@WakeLockManager: acquireIfExists: tag - charging_info, timeout - 5500, reason - Charging Info is updating, delay by 5000, wakeLock = WakeLock{432cb95 held=true, refCount=1}
03-14 00:22:28.346  2083  2176 I DisplayPowerController[0]: BrightnessEvent: brt=0.16470589 (65.0%), nits= 42.077, lux=-1.0, reason=manual, strat=FallbackBrightnessStrategy, state=DOZE, stateReason=DRAW_WAKE_LOCK, policy=DOZE, flags=, initBrt=0.16470589, rcmdBrt=NaN, preBrt=NaN, preLux=0.0, wasShortTermModelActive=false, autoBrightness=false (default), unclampedBrt=0.16470589, hbmMax=1.0, hbmMode=off, thrmMax=1.0, rbcStrength=-1, powerFactor=1.0, physDisp=Yerleşik Ekran(local:4627039422300187648), logicalId=0, slowChange=false, rampSpeed=0.0
03-14 00:22:28.346  2748  2748 I AbsChargingInfoComponent: setVisibilityWithAnim: skipped true
03-14 00:22:28.347  1520  1550 I mtkpower@impl: [setMode] type:9, enabled:1
03-14 00:22:28.347  2083  2637 D DisplayManagerService: !@display_state requestDisplayStateInternal: DOZE_SUSPEND -> DOZE displayId=0
03-14 00:22:28.347  1520  1550 I mtkpower@impl: [setMode] Mode::DISPLAY_INACTIVE: 1
03-14 00:22:28.348  2083  2637 D SemInputDeviceManagerService: setDisplayState[1] EARLY: DOZE_SUSPEND(4) -> DOZE(3)
03-14 00:22:28.348  2083  2116 I DisplayDeviceRepository: Display device changed state: "Yerleşik Ekran", DOZE
03-14 00:22:28.349  2083  2176 D BrightnessThermalClamper: Thermal status observer already started
03-14 00:22:28.350  2083  2114 D WindowManager: DeferredDisplayUpdater: partially applying DisplayInfo(1080 x 2340) immediately
03-14 00:22:28.350  2748  2748 I SecKeyguardClockPositionAlgorithm: prepareClockContainerHeightChanging:
03-14 00:22:28.350  1567  3371 I VSyncReactor: Current= 90, Period= 90, hwcPeriod= 90
03-14 00:22:28.352  2083  2558 D SemInputDevice:TSP: ActivateTask: 3,0 [03-14 00:22:28.348]
03-14 00:22:28.353  5415  5415 I HBD     : DeX h DeX mode state change in non-main thread 
03-14 00:22:28.353  5415  5415 I HBD     : DeX h DeX mode state change: 3 
03-14 00:22:28.354  1534  1546 I sysinput:aidl: onReportInformation:93, 1, enabled@3,0:0
03-14 00:22:28.355 29780 29864 D AudioFlinger: setParameters: filtered dev setParameters keyvalue screen_state=off
03-14 00:22:28.355  2748  2748 I SecKeyguardClockPositionAlgorithm: prepareClockContainerHeightChanging:
03-14 00:22:28.355  2083  2083 D SGM:GameManager: onDisplayChanged. displyId: 0, state: 3
03-14 00:22:28.355  3238 28281 I HoneySpace.Memory-Monitor: current state = 3, didTrim = true
03-14 00:22:28.356  2083  2637 D LocalDisplayAdapter: notifyStateChangeStart: com.samsung.android.hardware.secinputdev.external.DisplayStateListenerWrapper$1@c7e080a took 4 ms
03-14 00:22:28.356  2083  2299 D SGM:FgCheckThread: onLooperPrepared(), msg: MSG_LCD_OFF
03-14 00:22:28.356  2083  2637 D LocalDisplayAdapter: notifyStateChangeStart: com.android.server.biometrics.SemBiometricDisplayStateMonitor@478eea8 took 0 ms
03-14 00:22:28.356  2083  2637 W LocalDisplayAdapter: !@display_state - 2381 : DOZE_SUSPEND -> DOZE (MAIN)
03-14 00:22:28.356 29783 29791 D AudioALSAHardware: +setParameters(): screen_state=off
03-14 00:22:28.357 29783 29791 D AudioALSAHardware: -setParameters(): screen_state=off
03-14 00:22:28.357  1567  1567 D SurfaceFlinger: Setting power mode 2 on physical display 4627039422300187648
03-14 00:22:28.358  1534  1546 I sysinput:Touch1: operator():133, 3,0 OK
03-14 00:22:28.358  2083  2637 W LocalDisplayAdapter: !@display_state - 2381 : DOZE (MAIN) took 2 ms
03-14 00:22:28.358  2083  2476 I SemBiometricDisplayStateMonitor: DisplayStateListener#onStart : DOZE, DOZE, DEFAULT_DISPLAY
03-14 00:22:28.358  2083  2637 D SemInputDeviceManagerService: setDisplayState[1] LATE: DOZE(3) -> DOZE(3)
03-14 00:22:28.358  5415  5415 I VRI[InputMethod]@e345dc8: onDisplayChanged oldDisplayState=4 newDisplayState=3
03-14 00:22:28.358  3238  3238 I VRI[LauncherActivity]@79a9058: onDisplayChanged oldDisplayState=4 newDisplayState=3
03-14 00:22:28.359  3238  3238 I VRI[RecentsTransitionOverlay]@815033c: onDisplayChanged oldDisplayState=4 newDisplayState=3
03-14 00:22:28.359  3238  3238 I VRI[CocktailBarService]@b870e79: onDisplayChanged oldDisplayState=4 newDisplayState=3
03-14 00:22:28.359  3238  3238 I VRI[RecentsActivity]@a5b1272: onDisplayChanged oldDisplayState=4 newDisplayState=3
03-14 00:22:28.359  2083  2637 D LocalDisplayAdapter: notifyStateChangeFinish: com.samsung.android.hardware.secinputdev.external.DisplayStateListenerWrapper$1@c7e080a took 1 ms
03-14 00:22:28.359  2083  2637 D LocalDisplayAdapter: notifyStateChangeFinish: com.android.server.biometrics.SemBiometricDisplayStateMonitor@478eea8 took 0 ms
03-14 00:22:28.360  2083  2176 D DisplayPowerController[0]: setActualDisplayState: DOZE_SUSPEND -> DOZE
03-14 00:22:28.360  2083  2176 D DisplayPowerController[0]: animateScreenStateChange: target=DOZE, mIsEnabled=true
03-14 00:22:28.360  2083  2558 D SysinputHAL_AIDL: activate(TSP(1)),3,0 ret=0
03-14 00:22:28.360  2083  2558 D SemInputDevice:TSP: ActivateTask: 3,1 [03-14 00:22:28.358]
03-14 00:22:28.360  2083  2476 I SemBiometricDisplayStateMonitor: DisplayStateListener#onFinish : DOZE, DOZE, DEFAULT_DISPLAY
03-14 00:22:28.360  2083  2176 D DisplayPowerController[0]: animateScreenStateChange: target=DOZE, mIsEnabled=true
03-14 00:22:28.361  1534  1546 I sysinput:aidl: onReportInformation:93, 1, enabled@3,1:0
03-14 00:22:28.361  2748  2748 I MODManager: onShow ChargingInfoOnlyContainer
03-14 00:22:28.361  2748  2748 W MODManager: this device does not supports cover
03-14 00:22:28.362  2748  2748 D DisplayLifecycle: updateDisplay id = 0
03-14 00:22:28.362  2083  2176 D PowerManagerService: displayReady: true groupId=0
03-14 00:22:28.362  2083  2558 D SysinputHAL_AIDL: activate(TSP(1)),3,1 ret=0
03-14 00:22:28.362  1534  1546 I sysinput:Touch1: operator():133, 3,1 OK
03-14 00:22:28.363  5329  5329 I VRI[LauncherActivity]@9ba8716: onDisplayChanged oldDisplayState=4 newDisplayState=3
03-14 00:22:28.364  2748  2748 I Keyguard.AODTouchModeManager: onDisplayChanged newDisplayState=3, currentDisplayState=4, displayId=0
03-14 00:22:28.366  2748  2802 I VRI[ShellDropTarget]@92e3be9: onDisplayChanged oldDisplayState=4 newDisplayState=3
03-14 00:22:28.367  2748  2802 I VRI[View root of ReusableWindowDecorViewHost#0]@254be1d: onDisplayChanged oldDisplayState=4 newDisplayState=3
03-14 00:22:28.368  2748  2802 I VRI[View root of ReusableWindowDecorViewHost#1]@9ccb8b6: onDisplayChanged oldDisplayState=4 newDisplayState=3
03-14 00:22:28.368  2083  2895 D WifiDisplayAdapter: isFitToActiveDisplayLocked : false
03-14 00:22:28.369  2748  2882 D StackScroller: onDisplayChanged for predraw skip to 3
03-14 00:22:28.371  2748  2748 I VRI[LockscreenShortcutBlur]@f4e5155: onDisplayChanged oldDisplayState=4 newDisplayState=3
03-14 00:22:28.371  2748  2748 I VRI[NavigationBar0]@cb51d69: onDisplayChanged oldDisplayState=4 newDisplayState=3
03-14 00:22:28.371  2748  2748 I VRI[EdgeBackGestureHandler0]@e247b7f: onDisplayChanged oldDisplayState=4 newDisplayState=3
03-14 00:22:28.372  2748  2748 I VRI[NotificationShade]@ddcb5e0: onDisplayChanged oldDisplayState=4 newDisplayState=3
03-14 00:22:28.372  2748  2748 I VRI[StatusBar]@b5f60f8: onDisplayChanged oldDisplayState=4 newDisplayState=3
03-14 00:22:28.372  2748  2748 I VRI[SecondaryHomeHandle0]@fc3d736: onDisplayChanged oldDisplayState=4 newDisplayState=3
03-14 00:22:28.373  1567  1567 I BufferQueueProducer: [NotificationShade$_2748#15421](this:0xb400006f877dc638,id:-1,api:0,p:-1,c:1567) queueBuffer: fps=0.10 dur=10120.00 max=10120.00 min=10120.00
03-14 00:22:28.376  1501  1501 I hwcomposer: [HWCDisplay] (0 updateFps():4131), (type:1, mode:2) fps:0.197665,dur:10118.12,max:10038.30,min:79.82  
03-14 00:22:28.467  1501  1884 I hwcomposer: [HWC] (0)fire a callback of refresh to SF[4]  
03-14 00:22:28.478  1567  1567 I BufferQueueProducer: [FramebufferSurface](this:0xb400006faf4f0370,id:-1,api:1,p:1567,c:1567) queueBuffer: fps=0.10 dur=10141.49 max=10141.49 min=10141.49
03-14 00:22:28.539  1830  1970 I bauth_FPBAuthService: pcf : 0x1012, 0 ,1 ,0 ,0 ,0 ,0, 16.0.0.3
03-14 00:22:28.539  1830  1970 I bauth_FPBAuthService: thread id : 1, preenroll_flag : 0, nd cnt : 0, cso : 0, et : 0
03-14 00:22:28.539  1830  1970 I bauth_FPBAuthService: FPBAuthService::timerHandler complete
03-14 00:22:28.541  2083  2083 I Telecom : SamsungTelecomServiceImpl : isInManagedCall - callingPackage : android / callingUser : UserHandle{0} / hasCrossUserAccess : true
03-14 00:22:28.559  3238  6389 I HoneySpace.NotificationListener: onNotificationPosted com.android.systemui: -1|com.android.systemui|2131364006|charging_state|10060: 0
03-14 00:22:28.559  3238  6389 I HoneySpace.NotificationListener: invalid notification: com.android.systemui UserHandle{-1}: canShowBadge is false
03-14 00:22:28.563  2748  2748 I LockscreenNotificationIconsOnlyController: onNotificationInfoUpdated 0
03-14 00:22:28.563  2748  2748 I AODNotificationManager: updateNotification() 
03-14 00:22:28.761  2748  2748 D Bubbles : onEntryUpdated : shouldBubbleUp=true ,key=-1|com.android.systemui|2131364006|charging_state|10060
03-14 00:22:28.762  2748  2748 D InterruptionStateProvider:  no Heads up : edgelighting enabled app. -1|com.android.systemui|2131364006|charging_state|10060
03-14 00:22:28.762  2748  2748 I {OngoingActivityController}: onEntryUpdated and OA data is empty. So update latest task info
03-14 00:22:28.777  2748  2748 I LockscreenNotificationIconsOnlyController: onNotificationInfoUpdated 0
03-14 00:22:28.777  2748  2748 I AODNotificationManager: updateNotification() 
03-14 00:22:28.783  2748  3330 D LocalImageResolver: Couldn't use ImageDecoder for drawable, falling back to non-resized load.
03-14 00:22:28.784  2748  3330 D LocalImageResolver: Couldn't use ImageDecoder for drawable, falling back to non-resized load.
03-14 00:22:28.789  2748  2748 D LocalImageResolver: Couldn't use ImageDecoder for drawable, falling back to non-resized load.
03-14 00:22:28.801  2748  2748 D ExpandableNotifRow: mMaxSmallHeight different before reInflateViews mMaxSmallHeight: 189 mTempSmallHeight:0 -1|com.android.systemui|2131364006|charging_state|10060
03-14 00:22:28.801  2748  2748 D ExpandableNotifRow: mMaxSmallHeight different before reInflateViews mMaxSmallHeight: 189 mTempSmallHeight:0 -1|com.android.systemui|2131364006|charging_state|10060
03-14 00:22:28.801  2748  2748 D ExpandableNotifRow: mMaxSmallHeight different before reInflateViews mMaxSmallHeight: 189 mTempSmallHeight:0 -1|com.android.systemui|2131364006|charging_state|10060
03-14 00:22:28.801  2748  2748 D ExpandableNotifRow: mMaxSmallHeight different before reInflateViews mMaxSmallHeight: 189 mTempSmallHeight:0 -1|com.android.systemui|2131364006|charging_state|10060
03-14 00:22:28.810  2748  2748 D LocalImageResolver: Couldn't use ImageDecoder for drawable, falling back to non-resized load.
03-14 00:22:28.818  2748  2748 I LockscreenNotificationIconsOnlyController: onNotificationInfoUpdated 0
03-14 00:22:28.818  2748  2748 I AODNotificationManager: updateNotification() 
03-14 00:22:28.984  2857  2857 I wpa_supplicant: Heartbeat 1408
03-14 00:22:29.541  1830  1970 I bauth_FPBAuthService: pcf : 0x1012, 0 ,1 ,0 ,0 ,0 ,0, 16.0.0.3
03-14 00:22:29.541  1830  1970 I bauth_FPBAuthService: thread id : 1, preenroll_flag : 0, nd cnt : 0, cso : 0, et : 0
03-14 00:22:29.541  1830  1970 I bauth_FPBAuthService: FPBAuthService::timerHandler complete
03-14 00:22:29.842   582   582 D io_stats: !@ Write_top(KB): kworker/u32:5:/(28442) 136 vendor.samsung.:normal(1528) 8
03-14 00:22:30.516  1673  1692 E thermal_core: find_tz_idx_by_name:"Failed to find thermal zone index of ap_ntc\n"
03-14 00:22:30.516  1673  1692 E thermal_core: find_tz_idx_by_name:"Failed to find thermal zone index of mtk-master-charger\n"
03-14 00:22:30.543  1830  1970 I bauth_FPBAuthService: pcf : 0x1012, 0 ,1 ,0 ,0 ,0 ,0, 16.0.0.3
03-14 00:22:30.544  1830  1970 I bauth_FPBAuthService: thread id : 1, preenroll_flag : 0, nd cnt : 0, cso : 0, et : 0
03-14 00:22:30.544  1830  1970 I bauth_FPBAuthService: FPBAuthService::timerHandler complete
03-14 00:22:31.546  1830  1970 I bauth_FPBAuthService: pcf : 0x1012, 0 ,1 ,0 ,0 ,0 ,0, 16.0.0.3
03-14 00:22:31.546  1830  1970 I bauth_FPBAuthService: thread id : 1, preenroll_flag : 0, nd cnt : 0, cso : 0, et : 0
03-14 00:22:31.546  1830  1970 I bauth_FPBAuthService: FPBAuthService::timerHandler complete
03-14 00:22:31.780  2083  2164 D MARsPolicyManager: triggerAction called!
03-14 00:22:31.781  2083  2164 I NSLocationMonitor: getGPSUsingApps() called
03-14 00:22:31.782  3549  3566 I NSLocationManager_FLP: getGPSUsingApps, No change
03-14 00:22:31.865  2083  2128 I ActivityManager: Killing 24505:com.google.android.cellbroadcastreceiver/u0a263 (adj 995): empty #33
03-14 00:22:31.918  1484  1484 I Zygote  : Process 24505 exited due to signal 9 (Killed)
03-14 00:22:31.919  2083  2130 I libprocessgroup: Removed cgroup /sys/fs/cgroup/apps/uid_10263/pid_24505
03-14 00:22:32.484  5068  6278 I SDHMS:x : SIOP:: AP:353 BAT:328 USB:336 CHG:365 PA:348 WIFI:346 BLK:0 SUBBAT:0 SKIN:334 SKINF:326 SKINB:334 LRP2:334 LRF2:326 LRB2:334 AP2:334 CHG2:331 MEM2:333 WIFI2:333 SPK2:319 VAP05:354 AVGCUR:1070 AVGSYS:0 POWER:4622
03-14 00:22:32.549  1830  1970 I bauth_FPBAuthService: pcf : 0x1012, 0 ,1 ,0 ,0 ,0 ,0, 16.0.0.3
03-14 00:22:32.549  1830  1970 I bauth_FPBAuthService: thread id : 1, preenroll_flag : 0, nd cnt : 0, cso : 0, et : 0
03-14 00:22:32.549  1830  1970 I bauth_FPBAuthService: FPBAuthService::timerHandler complete
03-14 00:22:33.517  1673  1692 E thermal_core: find_tz_idx_by_name:"Failed to find thermal zone index of ap_ntc\n"
03-14 00:22:33.517  1673  1692 E thermal_core: find_tz_idx_by_name:"Failed to find thermal zone index of mtk-master-charger\n"
03-14 00:22:33.532 14749  1166 V NativeCrypto: Read error: ssl=0xb400007935a63308: I/O error during system call, Network is unreachable
03-14 00:22:33.543 14749  7127 V NativeCrypto: SSL shutdown failed: ssl=0xb400007935a63308: I/O error during system call, Broken pipe
03-14 00:22:33.546 14749  7127 W WakeLock: GCM_HB_ALARM release without a matched acquire! [CONTEXT service_id=259 ]
03-14 00:22:33.547 14749  7127 W WakeLock: GCM_HB_ALARM counter does not exist
03-14 00:22:33.550  1830  1970 I bauth_FPBAuthService: pcf : 0x1012, 0 ,1 ,0 ,0 ,0 ,0, 16.0.0.3
03-14 00:22:33.550  1830  1970 I bauth_FPBAuthService: thread id : 1, preenroll_flag : 0, nd cnt : 0, cso : 0, et : 0
03-14 00:22:33.550  1830  1970 I bauth_FPBAuthService: FPBAuthService::timerHandler complete
03-14 00:22:33.556 14749  7127 I AlarmManager: setExactAndAllowWhileIdle [name: GCM_CONN_ALARM type: 2 triggerAtMillis: 106244575]
03-14 00:22:33.559 14749  7127 W WakeLock: GCM_CONN_ALARM counter does not exist
03-14 00:22:33.848   582   582 D io_stats: !@   8,32 r 3706636 78919708 w 2439491 31719040 d 307664 187098224 f 205163 237374 iot 1160812 0 th 0 0 0 pt 0 inp 0 0 50767.133
03-14 00:22:33.848  2083  5503 D PowerManagerService: [api] release WakeLock DRAW_WAKE_LOCK                    'charging_info' ACQ=-5s504ms (uid=10060 pid=2748 displayId=0 lock=79a5834)
03-14 00:22:33.848   582   582 D io_stats: !@ Write_top(KB): kworker/u32:12:/(28470) 60 sait.sohservice:low(1299) 4
03-14 00:22:33.849  2083  5503 D PowerManagerService: displayReady: false groupId=0
03-14 00:22:33.850  2083  2176 D DisplayPowerController[0]: animateScreenStateChange: target=DOZE_SUSPEND, mIsEnabled=true
03-14 00:22:33.853  2083  2176 I DisplayPowerController[0]: BrightnessEvent: brt=0.16470589 (65.0%), nits= 42.077, lux=-1.0, reason=manual, strat=FallbackBrightnessStrategy, state=DOZE_SUSPEND, stateReason=UNKNOWN, policy=DOZE, flags=, initBrt=0.16470589, rcmdBrt=NaN, preBrt=NaN, preLux=0.0, wasShortTermModelActive=false, autoBrightness=false (default), unclampedBrt=0.16470589, hbmMax=1.0, hbmMode=off, thrmMax=1.0, rbcStrength=-1, powerFactor=1.0, physDisp=Yerleşik Ekran(local:4627039422300187648), logicalId=0, slowChange=false, rampSpeed=0.0
03-14 00:22:33.855  1520  1550 I mtkpower@impl: [setMode] type:9, enabled:1
03-14 00:22:33.855  1520  1550 I mtkpower@impl: [setMode] Mode::DISPLAY_INACTIVE: 1
03-14 00:22:33.855  2083  2637 D DisplayManagerService: !@display_state requestDisplayStateInternal: DOZE -> DOZE_SUSPEND displayId=0
03-14 00:22:33.856  2083  2637 D SemInputDeviceManagerService: setDisplayState[1] EARLY: DOZE(3) -> DOZE_SUSPEND(4)
03-14 00:22:33.857  2083  2116 I DisplayDeviceRepository: Display device changed state: "Yerleşik Ekran", DOZE_SUSPEND
03-14 00:22:33.858  2083  2176 D BrightnessThermalClamper: Thermal status observer already started
03-14 00:22:33.858  2083  2114 D WindowManager: DeferredDisplayUpdater: partially applying DisplayInfo(1080 x 2340) immediately
03-14 00:22:33.860  2083  2558 D SemInputDevice:TSP: ActivateTask: 4,0 [03-14 00:22:33.856]
03-14 00:22:33.860 29780 29864 D AudioFlinger: setParameters: filtered dev setParameters keyvalue screen_state=off
03-14 00:22:33.860  2083  2083 D SGM:GameManager: onDisplayChanged. displyId: 0, state: 4
03-14 00:22:33.861  2083  2637 D LocalDisplayAdapter: notifyStateChangeStart: com.samsung.android.hardware.secinputdev.external.DisplayStateListenerWrapper$1@c7e080a took 2 ms
03-14 00:22:33.861  2083  2637 D LocalDisplayAdapter: notifyStateChangeStart: com.android.server.biometrics.SemBiometricDisplayStateMonitor@478eea8 took 0 ms
03-14 00:22:33.861  2083  2637 W LocalDisplayAdapter: !@display_state - 2382 : DOZE -> DOZE_SUSPEND (MAIN)
03-14 00:22:33.861  1534  1546 I sysinput:aidl: onReportInformation:93, 1, enabled@4,0:0
03-14 00:22:33.861  2083  2476 I SemBiometricDisplayStateMonitor: DisplayStateListener#onStart : DOZE_SUSPEND, DOZE_SUSPEND, DEFAULT_DISPLAY
03-14 00:22:33.862  1567  1567 D SurfaceFlinger: Setting power mode 2 on physical display 4627039422300187648
03-14 00:22:33.862 29783 29791 D AudioALSAHardware: +setParameters(): screen_state=off
03-14 00:22:33.862 29783 29791 D AudioALSAHardware: -setParameters(): screen_state=off
03-14 00:22:33.862  1534  1546 I sysinput:Touch1: operator():133, 4,0 OK
03-14 00:22:33.862  2748  2748 D DisplayLifecycle: updateDisplay id = 0
03-14 00:22:33.863  2748  2748 I Keyguard.AODTouchModeManager: onDisplayChanged newDisplayState=4, currentDisplayState=3, displayId=0
03-14 00:22:33.864  2083  2299 D SGM:FgCheckThread: onLooperPrepared(), msg: MSG_LCD_OFF
03-14 00:22:33.865  2083  2637 W LocalDisplayAdapter: !@display_state - 2382 : DOZE_SUSPEND (MAIN) took 4 ms
03-14 00:22:33.865  2083  2637 D SemInputDeviceManagerService: setDisplayState[1] LATE: DOZE_SUSPEND(4) -> DOZE_SUSPEND(4)
03-14 00:22:33.865  2083  2637 D LocalDisplayAdapter: notifyStateChangeFinish: com.samsung.android.hardware.secinputdev.external.DisplayStateListenerWrapper$1@c7e080a took 0 ms
03-14 00:22:33.865  1567  1612 I VSyncReactor: Current= 90, Period= 90, hwcPeriod= 90
03-14 00:22:33.866  2083  2637 D LocalDisplayAdapter: notifyStateChangeFinish: com.android.server.biometrics.SemBiometricDisplayStateMonitor@478eea8 took 1 ms
03-14 00:22:33.866  2083  2476 I SemBiometricDisplayStateMonitor: DisplayStateListener#onFinish : DOZE_SUSPEND, DOZE_SUSPEND, DEFAULT_DISPLAY
03-14 00:22:33.866  2748  2882 D StackScroller: onDisplayChanged for predraw skip to 4
03-14 00:22:33.866  2083  2176 D DisplayPowerController[0]: setActualDisplayState: DOZE -> DOZE_SUSPEND
03-14 00:22:33.868  2083  2176 D DisplayPowerController[0]: animateScreenStateChange: target=DOZE_SUSPEND, mIsEnabled=true
03-14 00:22:33.868  2083  2176 D DisplayPowerController[0]: animateScreenStateChange: target=DOZE_SUSPEND, mIsEnabled=true
03-14 00:22:33.869  2083  2558 D SysinputHAL_AIDL: activate(TSP(1)),4,0 ret=0
03-14 00:22:33.869  2083  2176 D PowerManagerService: displayReady: true groupId=0
03-14 00:22:33.869  3238 28281 I HoneySpace.Memory-Monitor: current state = 4, didTrim = true
03-14 00:22:33.870  3238  3238 I VRI[LauncherActivity]@79a9058: onDisplayChanged oldDisplayState=3 newDisplayState=4
03-14 00:22:33.870  2083  2558 D SemInputDevice:TSP: ActivateTask: 4,1 [03-14 00:22:33.865]
03-14 00:22:33.871  1534  1546 I sysinput:aidl: onReportInformation:93, 1, enabled@4,1:0
03-14 00:22:33.871  5415  5415 I HBD     : DeX h DeX mode state change in non-main thread 
03-14 00:22:33.870  3238  3238 I VRI[RecentsTransitionOverlay]@815033c: onDisplayChanged oldDisplayState=3 newDisplayState=4
03-14 00:22:33.871  5415  5415 I HBD     : DeX h DeX mode state change: 3 
03-14 00:22:33.872  3238  3238 I VRI[CocktailBarService]@b870e79: onDisplayChanged oldDisplayState=3 newDisplayState=4
03-14 00:22:33.872  3238  3238 I VRI[RecentsActivity]@a5b1272: onDisplayChanged oldDisplayState=3 newDisplayState=4
03-14 00:22:33.872  2083  2558 D SysinputHAL_AIDL: activate(TSP(1)),4,1 ret=0
03-14 00:22:33.872  1534  1546 I sysinput:Touch1: operator():133, 4,1 OK
03-14 00:22:33.872  5329  5329 I VRI[LauncherActivity]@9ba8716: onDisplayChanged oldDisplayState=3 newDisplayState=4
03-14 00:22:33.874  5415  5415 I VRI[InputMethod]@e345dc8: onDisplayChanged oldDisplayState=3 newDisplayState=4
03-14 00:22:33.874  2748  2748 I VRI[LockscreenShortcutBlur]@f4e5155: onDisplayChanged oldDisplayState=3 newDisplayState=4
03-14 00:22:33.874  2748  2748 I VRI[NavigationBar0]@cb51d69: onDisplayChanged oldDisplayState=3 newDisplayState=4
03-14 00:22:33.874  2083  2846 D WifiDisplayAdapter: isFitToActiveDisplayLocked : false
03-14 00:22:33.874  2748  2748 I VRI[EdgeBackGestureHandler0]@e247b7f: onDisplayChanged oldDisplayState=3 newDisplayState=4
03-14 00:22:33.874  2748  2748 I VRI[NotificationShade]@ddcb5e0: onDisplayChanged oldDisplayState=3 newDisplayState=4
03-14 00:22:33.874  2748  2748 I VRI[StatusBar]@b5f60f8: onDisplayChanged oldDisplayState=3 newDisplayState=4
03-14 00:22:33.874  2748  2748 I VRI[SecondaryHomeHandle0]@fc3d736: onDisplayChanged oldDisplayState=3 newDisplayState=4
03-14 00:22:33.875  2748  2802 I VRI[ShellDropTarget]@92e3be9: onDisplayChanged oldDisplayState=3 newDisplayState=4
03-14 00:22:33.876  2748  2802 I VRI[View root of ReusableWindowDecorViewHost#0]@254be1d: onDisplayChanged oldDisplayState=3 newDisplayState=4
03-14 00:22:33.876  2748  2802 I VRI[View root of ReusableWindowDecorViewHost#1]@9ccb8b6: onDisplayChanged oldDisplayState=3 newDisplayState=4
03-14 00:22:33.980  2083  2543 D UsbStatsMonitor: 0 0 0 0 0 0 0 0 0 0 0 0 7 0 0 0 0 0 0 0 0 0 0 0 0 0 0 0 0 0 0 0 0 0 0 0 0 0 0 0 0 0 0 10 0 0 0 0 0 0 0 0 0 0 0
03-14 00:22:34.551  1830  1970 I bauth_FPBAuthService: pcf : 0x1012, 0 ,1 ,0 ,0 ,0 ,0, 16.0.0.3
03-14 00:22:34.551  1830  1970 I bauth_FPBAuthService: thread id : 1, preenroll_flag : 0, nd cnt : 0, cso : 0, et : 0
03-14 00:22:34.551  1830  1970 I bauth_FPBAuthService: FPBAuthService::timerHandler complete
03-14 00:22:35.553  1830  1970 I bauth_FPBAuthService: pcf : 0x1012, 0 ,1 ,0 ,0 ,0 ,0, 16.0.0.3
03-14 00:22:35.554  1830  1970 I bauth_FPBAuthService: thread id : 1, preenroll_flag : 0, nd cnt : 0, cso : 0, et : 0
03-14 00:22:35.554  1830  1970 I bauth_FPBAuthService: FPBAuthService::timerHandler complete
