03-14 00:21:58.008  1534  1546 I sysinput:aidl: onReportInformation:93, 1, enabled@3,1:0
03-14 00:21:58.009  2083  2176 D DisplayPowerController[0]: setActualDisplayState: DOZE_SUSPEND -> DOZE
03-14 00:21:58.009  2083  2176 D DisplayPowerController[0]: animateScreenStateChange: target=DOZE, mIsEnabled=true
03-14 00:21:58.010  1534  1546 I sysinput:Touch1: operator():133, 3,1 OK
03-14 00:21:58.010  2083  2476 I SemBiometricDisplayStateMonitor: DisplayStateListener#onFinish : DOZE, DOZE, DEFAULT_DISPLAY
03-14 00:21:58.011  2083  2176 D DisplayPowerController[0]: animateScreenStateChange: target=DOZE, mIsEnabled=true
03-14 00:21:58.011  2083  2176 D PowerManagerService: displayReady: true groupId=0
03-14 00:21:58.012  2083  2558 D SysinputHAL_AIDL: activate(TSP(1)),3,1 ret=0
03-14 00:21:58.013  2748  2748 I MODManager: onShow ChargingInfoOnlyContainer
03-14 00:21:58.013  2748  2748 W MODManager: this device does not supports cover
03-14 00:21:58.016  2083  2299 D SGM:FgCheckThread: onLooperPrepared(), msg: MSG_LCD_OFF
03-14 00:21:58.018  3238  3238 I VRI[LauncherActivity]@79a9058: onDisplayChanged oldDisplayState=4 newDisplayState=3
03-14 00:21:58.018  3238  3238 I VRI[RecentsTransitionOverlay]@815033c: onDisplayChanged oldDisplayState=4 newDisplayState=3
03-14 00:21:58.018  3238  3238 I VRI[CocktailBarService]@b870e79: onDisplayChanged oldDisplayState=4 newDisplayState=3
03-14 00:21:58.018  3238  3238 I VRI[RecentsActivity]@a5b1272: onDisplayChanged oldDisplayState=4 newDisplayState=3
03-14 00:21:58.019  3238 28401 I HoneySpace.Memory-Monitor: current state = 3, didTrim = true
03-14 00:21:58.020  5329  5329 I VRI[LauncherActivity]@9ba8716: onDisplayChanged oldDisplayState=4 newDisplayState=3
03-14 00:21:58.020  2748  2748 D DisplayLifecycle: updateDisplay id = 0
03-14 00:21:58.021  2748  2802 I VRI[ShellDropTarget]@92e3be9: onDisplayChanged oldDisplayState=4 newDisplayState=3
03-14 00:21:58.022  5415  5415 I HBD     : DeX h DeX mode state change in non-main thread 
03-14 00:21:58.022  5415  5415 I HBD     : DeX h DeX mode state change: 3 
03-14 00:21:58.022  2748  2802 I VRI[View root of ReusableWindowDecorViewHost#0]@254be1d: onDisplayChanged oldDisplayState=4 newDisplayState=3
03-14 00:21:58.022  2748  2802 I VRI[View root of ReusableWindowDecorViewHost#1]@9ccb8b6: onDisplayChanged oldDisplayState=4 newDisplayState=3
03-14 00:21:58.023  5415  5415 I VRI[InputMethod]@e345dc8: onDisplayChanged oldDisplayState=4 newDisplayState=3
03-14 00:21:58.023  2748  2748 I Keyguard.AODTouchModeManager: onDisplayChanged newDisplayState=3, currentDisplayState=4, displayId=0
03-14 00:21:58.024  2748  2748 I VRI[LockscreenShortcutBlur]@f4e5155: onDisplayChanged oldDisplayState=4 newDisplayState=3
03-14 00:21:58.024  2748  2748 I VRI[NavigationBar0]@cb51d69: onDisplayChanged oldDisplayState=4 newDisplayState=3
03-14 00:21:58.024  2748  2748 I VRI[EdgeBackGestureHandler0]@e247b7f: onDisplayChanged oldDisplayState=4 newDisplayState=3
03-14 00:21:58.024  2748  2748 I VRI[NotificationShade]@ddcb5e0: onDisplayChanged oldDisplayState=4 newDisplayState=3
03-14 00:21:58.024  2748  2748 I VRI[StatusBar]@b5f60f8: onDisplayChanged oldDisplayState=4 newDisplayState=3
03-14 00:21:58.024  2748  2748 I VRI[SecondaryHomeHandle0]@fc3d736: onDisplayChanged oldDisplayState=4 newDisplayState=3
03-14 00:21:58.025  2748  2882 D StackScroller: onDisplayChanged for predraw skip to 3
03-14 00:21:58.027  2083  5195 D WifiDisplayAdapter: isFitToActiveDisplayLocked : false
03-14 00:21:58.034  1567  1567 I BufferQueueProducer: [NotificationShade$_2748#15421](this:0xb400006f877dc638,id:-1,api:0,p:-1,c:1567) queueBuffer: fps=0.10 dur=10130.96 max=10130.96 min=10130.96
03-14 00:21:58.039  1501  1501 I hwcomposer: [HWCDisplay] (0 updateFps():4131), (type:1, mode:2) fps:0.197396,dur:10131.94,max:10050.32,min:81.61  
03-14 00:21:58.096  1501  1884 I hwcomposer: [HWC] (0)fire a callback of refresh to SF[4]  
03-14 00:21:58.106  1567  1567 I BufferQueueProducer: [FramebufferSurface](this:0xb400006faf4f0370,id:-1,api:1,p:1567,c:1567) queueBuffer: fps=0.10 dur=10118.79 max=10118.79 min=10118.79
03-14 00:21:58.197  2083  2083 I Telecom : SamsungTelecomServiceImpl : isInManagedCall - callingPackage : android / callingUser : UserHandle{0} / hasCrossUserAccess : true
03-14 00:21:58.215  3238  6389 I HoneySpace.NotificationListener: onNotificationPosted com.android.systemui: -1|com.android.systemui|2131364006|charging_state|10060: 0
03-14 00:21:58.215  3238  6389 I HoneySpace.NotificationListener: invalid notification: com.android.systemui UserHandle{-1}: canShowBadge is false
03-14 00:21:58.225  2748  2748 I LockscreenNotificationIconsOnlyController: onNotificationInfoUpdated 0
03-14 00:21:58.225  2748  2748 I AODNotificationManager: updateNotification() 
03-14 00:21:58.414  2748  2748 D Bubbles : onEntryUpdated : shouldBubbleUp=true ,key=-1|com.android.systemui|2131364006|charging_state|10060
03-14 00:21:58.416  2748  2748 D InterruptionStateProvider:  no Heads up : edgelighting enabled app. -1|com.android.systemui|2131364006|charging_state|10060
03-14 00:21:58.417  2748  2748 I {OngoingActivityController}: onEntryUpdated and OA data is empty. So update latest task info
03-14 00:21:58.426  2748  2748 I LockscreenNotificationIconsOnlyController: onNotificationInfoUpdated 0
03-14 00:21:58.427  2748  2748 I AODNotificationManager: updateNotification() 
03-14 00:21:58.434  2748  3330 D LocalImageResolver: Couldn't use ImageDecoder for drawable, falling back to non-resized load.
03-14 00:21:58.436  2748  3330 D LocalImageResolver: Couldn't use ImageDecoder for drawable, falling back to non-resized load.
03-14 00:21:58.440  2748  2748 D LocalImageResolver: Couldn't use ImageDecoder for drawable, falling back to non-resized load.
03-14 00:21:58.460  2748  2748 D ExpandableNotifRow: mMaxSmallHeight different before reInflateViews mMaxSmallHeight: 189 mTempSmallHeight:0 -1|com.android.systemui|2131364006|charging_state|10060
03-14 00:21:58.460  2748  2748 D ExpandableNotifRow: mMaxSmallHeight different before reInflateViews mMaxSmallHeight: 189 mTempSmallHeight:0 -1|com.android.systemui|2131364006|charging_state|10060
03-14 00:21:58.460  2748  2748 D ExpandableNotifRow: mMaxSmallHeight different before reInflateViews mMaxSmallHeight: 189 mTempSmallHeight:0 -1|com.android.systemui|2131364006|charging_state|10060
03-14 00:21:58.460  2748  2748 D ExpandableNotifRow: mMaxSmallHeight different before reInflateViews mMaxSmallHeight: 189 mTempSmallHeight:0 -1|com.android.systemui|2131364006|charging_state|10060
03-14 00:21:58.471  2748  2748 D LocalImageResolver: Couldn't use ImageDecoder for drawable, falling back to non-resized load.
03-14 00:21:58.479  2748  2748 I LockscreenNotificationIconsOnlyController: onNotificationInfoUpdated 0
03-14 00:21:58.479  2748  2748 I AODNotificationManager: updateNotification() 
03-14 00:21:58.490  1830  1970 I bauth_FPBAuthService: pcf : 0x1012, 0 ,1 ,0 ,0 ,0 ,0, 16.0.0.3
03-14 00:21:58.490  1830  1970 I bauth_FPBAuthService: thread id : 1, preenroll_flag : 0, nd cnt : 0, cso : 0, et : 0
03-14 00:21:58.490  1830  1970 I bauth_FPBAuthService: FPBAuthService::timerHandler complete
03-14 00:21:58.609  2083  2098 I system_server: Background concurrent mark compact GC freed 42MB AllocSpace bytes, 14(464KB) LOS objects, 30% free, 109MB/157MB, paused 2.397ms,6.038ms total 394.511ms
03-14 00:21:58.610  2083  2099 I BpBinder: onLastStrongRef automatically unlinking death recipients: 
03-14 00:21:58.610  2083  2099 I BpBinder: onLastStrongRef automatically unlinking death recipients: 
03-14 00:21:58.954  2857  2857 I wpa_supplicant: Heartbeat 1405
03-14 00:21:59.492  1830  1970 I bauth_FPBAuthService: pcf : 0x1012, 0 ,1 ,0 ,0 ,0 ,0, 16.0.0.3
03-14 00:21:59.492  1830  1970 I bauth_FPBAuthService: thread id : 1, preenroll_flag : 0, nd cnt : 0, cso : 0, et : 0
03-14 00:21:59.492  1830  1970 I bauth_FPBAuthService: FPBAuthService::timerHandler complete
03-14 00:21:59.796   582   582 D io_stats: !@   8,32 r 3706093 78902184 w 2439318 31717720 d 307664 187098224 f 205154 237364 iot 1160624 0 th 0 0 0 pt 0 inp 0 0 50733.082
03-14 00:22:00.416  2748  2748 I ChargingInfoOnlyContainer: onTimerExpired: 
03-14 00:22:00.416  2748  2748 I AODAlarmTimer_AOD_CHARGING_INFO_TICK: onAlarm: 
03-14 00:22:00.417  2748  2748 I AODAlarmTimer_AOD_CHARGING_INFO_TICK: setAlarm: expiration = 03/14/2026 00:23
03-14 00:22:00.418  2748  3322 I DateTimeView: updateAll - getTimeFormat
03-14 00:22:00.420  2748  3322 D QSClockBellTower: onReceive(android.intent.action.TIME_TICK) mTimeZoneString:Europe/Istanbul
03-14 00:22:00.420  2083  2254 D ActivityManager: Received BROADCAST intent 0xdf0551d Key{broadcastIntent pkg=com.samsung.android.lool intent=act=com.samsung.android.sm.ACTION_SUSPICIOUS_APPS_NOTI xflg=0x4 pkg=com.samsung.android.lool flags=0x4000000 u=0} requestCode=2370 sent=0 from uid 1000
03-14 00:22:00.425  2083  2083 I EyeComfortSolutionService: action  :  android.intent.action.TIME_TICK
03-14 00:22:00.426  2083  2128 D ActivityManager: sync unfroze 16063 com.samsung.android.lool for 3
03-14 00:22:00.433  2083  2128 D ActivityManager: sync unfroze 20529 com.android.settings for 10
03-14 00:22:00.434 16063 16063 W SmApplication: onTrimMemory : 40
03-14 00:22:00.435 16063 16063 I DC.AppIconCache: clear icon cache
03-14 00:22:00.435 16063 16063 W SmApplication: onTrimMemory : 40
03-14 00:22:00.435 16063 16063 I DC.AppIconCache: clear icon cache
03-14 00:22:00.435  2748  2748 D QSClockBellTower: He is ready to ring the bell. (((QSClockBellSound - TimeText:00:22, TimeContentDescription:00:22, DateText:14 Mart Cmt, ShortDateText:14 Mar Cmt, Demo:false)))
03-14 00:22:00.436  2083  2128 D ActivityManager: sync unfroze 31829 com.samsung.android.dqagent for 10
03-14 00:22:00.436  2748  2748 D QSClock : StatusBar clock=00:22 notifyTimeChanged(QSClockBellSound - TimeText:00:22, TimeContentDescription:00:22, DateText:14 Mart Cmt, ShortDateText:14 Mar Cmt, Demo:false) clockVisibleByPolicy=true, clockVisibleByUser=true, visible=false, parent=android.widget.LinearLayout{31c7954 V.E...... ........ 0,0-0,72 #7f0a069b app:id/left_clock_container} caller=com.android.systemui.statusbar.phone.fragment.CollapsedStatusBarFragment.animateHiddenState:96 com.android.systemui.statusbar.phone.fragment.CollapsedStatusBarFragment.updateStatusBarVisibilitiesInner:260 com.android.systemui.statusbar.phone.fragment.CollapsedStatusBarFragment$$ExternalSyntheticLambda1.run:6 com.android.systemui.statusbar.phone.fragment.CollapsedStatusBarFragmentExt.onKeyguardShowingChanged:10 com.android.systemui.statusbar.policy.KeyguardStateControllerImpl$$ExternalSyntheticLambda0.accept:24  
03-14 00:22:00.436  2748  2748 D QSClockBellTower: Everyone heard the bell. run(currentTime:1773436920434, getTime():Sat Mar 14 00:22:00 GMT+03:00 2026, getTimeZone():libcore.util.ZoneInfo[mDstSavings=0,mUseDst=false,mDelegate=[id="Europe/Istanbul",mRawOffset=10800000,mEarliestRawOffset=6952000,transitions=115]])
03-14 00:22:00.437  2083  2128 D ActivityManager: sync unfroze 29487 com.samsung.android.provider.filterprovider for 10
03-14 00:22:00.437  2748  2748 D ClockFaceEvents: onTimeTick. callers : com.android.keyguard.ClockEventController$keyguardUpdateMonitorCallback$1.refreshTime:19
03-14 00:22:00.437  2748  2748 D ClockFaceEvents: com.android.keyguard.ClockEventController$keyguardUpdateMonitorCallback$1.onTimeChanged:1
03-14 00:22:00.437  2748  2748 D ClockFaceEvents: com.android.keyguard.KeyguardUpdateMonitor$16.handleMessage:732
03-14 00:22:00.437  2748  2748 D ClockFaceEvents: onTimeTick. callers : com.android.keyguard.ClockEventController$keyguardUpdateMonitorCallback$1.refreshTime:38
03-14 00:22:00.437  2748  2748 D ClockFaceEvents: com.android.keyguard.ClockEventController$keyguardUpdateMonitorCallback$1.onTimeChanged:1
03-14 00:22:00.437  2748  2748 D ClockFaceEvents: com.android.keyguard.KeyguardUpdateMonitor$16.handleMessage:732
03-14 00:22:00.438  2748  2748 D FaceWidgetPagesController: onTimeChanged()
03-14 00:22:00.438  2083  2128 D ActivityManager: sync unfroze 29454 com.android.keychain for 10
03-14 00:22:00.438  2748  2748 D FaceWidgetPagesController: refreshViews() reason = ON_TIME_TICK, force = false
03-14 00:22:00.440  2083  2128 D ActivityManager: sync unfroze 30808 com.samsung.android.smartface for 10
03-14 00:22:00.442  1567  3371 I VSyncReactor: Current= 90, Period= 90, hwcPeriod= 90
03-14 00:22:00.450  2748  2748 I SecKeyguardClockPositionAlgorithm: prepareClockContainerHeightChanging:
03-14 00:22:00.453  2748  2748 I SecKeyguardClockPositionAlgorithm: prepareClockContainerHeightChanging:
03-14 00:22:00.465  1567  1567 I BufferQueueProducer: [NotificationShade$_2748#15421](this:0xb400006f877dc638,id:-1,api:0,p:-1,c:1567) queueBuffer: fps=0.41 dur=2430.16 max=2430.16 min=2430.16
03-14 00:22:00.468  1501  1501 I hwcomposer: [HWCDisplay] (0 updateFps():4131), (type:1, mode:2) fps:0.823399,dur:2428.95,max:2360.51,min:68.45  
03-14 00:22:00.471 16063 16063 W ContextImpl: Calling a method in the system process without a qualified user: android.app.ContextImpl.startService:2068 android.content.ContextWrapper.startService:872 android.content.ContextWrapper.startService:872 com.samsung.android.sm.cleaner.receiver.SuspiciousAppsReceiver.onReceive:100 android.app.ActivityThread.handleReceiver:5663 
03-14 00:22:00.481  1673  1692 E thermal_core: find_tz_idx_by_name:"Failed to find thermal zone index of ap_ntc\n"
03-14 00:22:00.481  1673  1692 E thermal_core: find_tz_idx_by_name:"Failed to find thermal zone index of mtk-master-charger\n"
03-14 00:22:00.492  1830  1970 I bauth_FPBAuthService: pcf : 0x1012, 0 ,1 ,0 ,0 ,0 ,0, 16.0.0.3
03-14 00:22:00.493  1830  1970 I bauth_FPBAuthService: thread id : 1, preenroll_flag : 0, nd cnt : 0, cso : 0, et : 0
03-14 00:22:00.493  1830  1970 I bauth_FPBAuthService: FPBAuthService::timerHandler complete
03-14 00:22:00.550  1501  1884 I hwcomposer: [HWC] (0)fire a callback of refresh to SF[4]  
03-14 00:22:00.556  1567  1567 I BufferQueueProducer: [FramebufferSurface](this:0xb400006faf4f0370,id:-1,api:1,p:1567,c:1567) queueBuffer: fps=0.41 dur=2449.84 max=2449.84 min=2449.84
03-14 00:22:01.493  1830  1970 I bauth_FPBAuthService: pcf : 0x1012, 0 ,1 ,0 ,0 ,0 ,0, 16.0.0.3
03-14 00:22:01.493  1830  1970 I bauth_FPBAuthService: thread id : 1, preenroll_flag : 0, nd cnt : 0, cso : 0, et : 0
03-14 00:22:01.493  1830  1970 I bauth_FPBAuthService: FPBAuthService::timerHandler complete
03-14 00:22:01.616  2083  2164 D MARsPolicyManager: triggerAction called!
03-14 00:22:01.616  2083  2164 I NSLocationMonitor: getGPSUsingApps() called
03-14 00:22:01.617  3549  3566 I NSLocationManager_FLP: getGPSUsingApps, No change
03-14 00:22:01.621  2083  2164 W Binder  : Outgoing transactions from this process must be FLAG_ONEWAY
03-14 00:22:01.621  2083  2164 W Binder  : java.lang.Throwable
03-14 00:22:01.621  2083  2164 W Binder  : 	at android.os.BinderProxy.transact(BinderProxy.java:566)
03-14 00:22:01.621  2083  2164 W Binder  : 	at android.bluetooth.IBluetoothGatt$Stub$Proxy.getAdvertisingSetUids(IBluetoothGatt.java:1678)
03-14 00:22:01.621  2083  2164 W Binder  : 	at android.bluetooth.BluetoothAdapter.getAdvertisingSetUids(BluetoothAdapter.java:8476)
03-14 00:22:01.621  2083  2164 W Binder  : 	at android.bluetooth.BluetoothAdapter.getHWUsingApps(BluetoothAdapter.java:1342)
03-14 00:22:01.621  2083  2164 W Binder  : 	at com.android.server.am.mars.filter.filter.BlueToothConnectedFilter.updateBTUsingPackages(qb/105350715 268999f8a14e7f8abd6a326b97f385fa09379427d12c342cfc170109611a7a5c:22)
03-14 00:22:01.621  2083  2164 W Binder  : 	at com.android.server.am.MARsPolicyManager.triggerAction(qb/105350715 268999f8a14e7f8abd6a326b97f385fa09379427d12c342cfc170109611a7a5c:96)
03-14 00:22:01.621  2083  2164 W Binder  : 	at com.android.server.am.MARsHandler$MainHandler.handleMessage(qb/105350715 268999f8a14e7f8abd6a326b97f385fa09379427d12c342cfc170109611a7a5c:1830)
03-14 00:22:01.621  2083  2164 W Binder  : 	at android.os.Handler.dispatchMessage(Handler.java:110)
03-14 00:22:01.621  2083  2164 W Binder  : 	at android.os.Looper.loopOnce(Looper.java:273)
03-14 00:22:01.621  2083  2164 W Binder  : 	at android.os.Looper.loop(Looper.java:363)
03-14 00:22:01.621  2083  2164 W Binder  : 	at com.android.server.am.MARsHandler$MainThread.run(qb/105350715 268999f8a14e7f8abd6a326b97f385fa09379427d12c342cfc170109611a7a5c:27)
03-14 00:22:01.800   582   582 D io_stats: !@   8,32 r 3706157 78904076 w 2439326 31717804 d 307664 187098224 f 205154 237364 iot 1160648 0 th 0 0 0 pt 0 inp 0 0 50735.086
03-14 00:22:01.801   582   582 D io_stats: !@ Read_top(KB): ng.android.lool:low(16063) 1892
03-14 00:22:01.801   582   582 D io_stats: !@ Write_top(KB): f2fs_ckpt-254:6:/(3359) 208 kworker/5:2:/(29857) 112 kworker/u32:5:/(28442) 84
03-14 00:22:02.470  5068  6278 I SDHMS:x : SIOP:: AP:356 BAT:329 USB:337 CHG:366 PA:349 WIFI:347 BLK:0 SUBBAT:0 SKIN:335 SKINF:327 SKINB:335 LRP2:335 LRF2:327 LRB2:335 AP2:335 CHG2:332 MEM2:335 WIFI2:335 SPK2:320 VAP05:356 AVGCUR:1099 AVGSYS:0 POWER:4747
03-14 00:22:02.496  1830  1970 I bauth_FPBAuthService: pcf : 0x1012, 0 ,1 ,0 ,0 ,0 ,0, 16.0.0.3
03-14 00:22:02.496  1830  1970 I bauth_FPBAuthService: thread id : 1, preenroll_flag : 0, nd cnt : 0, cso : 0, et : 0
03-14 00:22:02.496  1830  1970 I bauth_FPBAuthService: FPBAuthService::timerHandler complete
03-14 00:22:03.483  1673  1692 E thermal_core: find_tz_idx_by_name:"Failed to find thermal zone index of ap_ntc\n"
03-14 00:22:03.483  1673  1692 E thermal_core: find_tz_idx_by_name:"Failed to find thermal zone index of mtk-master-charger\n"
03-14 00:22:03.483  1673  1692 E thermal_core: find_tz_idx_by_name:"Failed to find thermal zone index of camera0\n"
03-14 00:22:03.484  1673  1692 E thermal_core: find_tz_idx_by_name:"Failed to find thermal zone index of mtk-master-charger\n"
03-14 00:22:03.484  1673  1692 E thermal_core: find_tz_idx_by_name:"Failed to find thermal zone index of nrpa_ntc\n"
03-14 00:22:03.484  1673  1692 E thermal_core: dump_thermal_log:"Error: sccanf error, ret=9\n"
03-14 00:22:03.485  1673  1692 E thermal_core: node_read:"Failed to read /sys/class/thermal/thermal_zone2/temp: No data available\n"
03-14 00:22:03.486  1673  1692 I thermal_core: "soc/nr/lte/ap_ntc/tpcb/conn/chg/cam/c_ttj/g_ttj/a_ttj=0/-274000/34421/-274000/46000/32000/-274000/-274000/85000/85000/85000\n"
03-14 00:22:03.486  1673  1692 I thermal_core: "[C(l)(c)(i)][G(l)(c)][A(l)(c)][TH][D]=[(666666/666666/666666)(500/725/0)(0x0)][(666666)(666666)][(666666666)(666666666)][0][1200]\n"
03-14 00:22:03.486  1673  1692 E thermal_core: node_read:"Failed to open /sys/kernel/helio-dvfsrc/dvfsrc_therm_info: No such file or directory\n"
03-14 00:22:03.486  1673  1692 I thermal_core: "1200"
03-14 00:22:03.498  1830  1970 I bauth_FPBAuthService: pcf : 0x1012, 0 ,1 ,0 ,0 ,0 ,0, 16.0.0.3
03-14 00:22:03.499  1830  1970 I bauth_FPBAuthService: thread id : 1, preenroll_flag : 0, nd cnt : 0, cso : 0, et : 0
03-14 00:22:03.499  1830  1970 I bauth_FPBAuthService: FPBAuthService::timerHandler complete
03-14 00:22:03.499  2083  5503 D PowerManagerService: [api] release WakeLock DRAW_WAKE_LOCK                    'charging_info' ACQ=-5s504ms (uid=10060 pid=2748 displayId=0 lock=79a5834)
03-14 00:22:03.501  2083  5503 D PowerManagerService: displayReady: false groupId=0
03-14 00:22:03.501  2083  2176 D DisplayPowerController[0]: animateScreenStateChange: target=DOZE_SUSPEND, mIsEnabled=true
03-14 00:22:03.505  2083  2176 I DisplayPowerController[0]: BrightnessEvent: brt=0.16470589 (65.0%), nits= 42.077, lux=-1.0, reason=manual, strat=FallbackBrightnessStrategy, state=DOZE_SUSPEND, stateReason=UNKNOWN, policy=DOZE, flags=, initBrt=0.16470589, rcmdBrt=NaN, preBrt=NaN, preLux=0.0, wasShortTermModelActive=false, autoBrightness=false (default), unclampedBrt=0.16470589, hbmMax=1.0, hbmMode=off, thrmMax=1.0, rbcStrength=-1, powerFactor=1.0, physDisp=Yerleşik Ekran(local:4627039422300187648), logicalId=0, slowChange=false, rampSpeed=0.0
03-14 00:22:03.508  1520  1550 I mtkpower@impl: [setMode] type:9, enabled:1
03-14 00:22:03.508  1520  1550 I mtkpower@impl: [setMode] Mode::DISPLAY_INACTIVE: 1
03-14 00:22:03.508  2083  2637 D DisplayManagerService: !@display_state requestDisplayStateInternal: DOZE -> DOZE_SUSPEND displayId=0
03-14 00:22:03.509  2083  2637 D SemInputDeviceManagerService: setDisplayState[1] EARLY: DOZE(3) -> DOZE_SUSPEND(4)
03-14 00:22:03.511  2083  2637 D LocalDisplayAdapter: notifyStateChangeStart: com.samsung.android.hardware.secinputdev.external.DisplayStateListenerWrapper$1@c7e080a took 2 ms
03-14 00:22:03.511  2083  2116 I DisplayDeviceRepository: Display device changed state: "Yerleşik Ekran", DOZE_SUSPEND
03-14 00:22:03.511  2083  2558 D SemInputDevice:TSP: ActivateTask: 4,0 [03-14 00:22:03.509]
03-14 00:22:03.511  2083  2637 D LocalDisplayAdapter: notifyStateChangeStart: com.android.server.biometrics.SemBiometricDisplayStateMonitor@478eea8 took 0 ms
03-14 00:22:03.511  2083  2637 W LocalDisplayAdapter: !@display_state - 2376 : DOZE -> DOZE_SUSPEND (MAIN)
03-14 00:22:03.512  2083  2476 I SemBiometricDisplayStateMonitor: DisplayStateListener#onStart : DOZE_SUSPEND, DOZE_SUSPEND, DEFAULT_DISPLAY
03-14 00:22:03.512  2083  2176 D BrightnessThermalClamper: Thermal status observer already started
03-14 00:22:03.512  1534  1546 I sysinput:aidl: onReportInformation:93, 1, enabled@4,0:0
03-14 00:22:03.513  1567  1567 D SurfaceFlinger: Setting power mode 2 on physical display 4627039422300187648
03-14 00:22:03.513  2083  2114 D WindowManager: DeferredDisplayUpdater: partially applying DisplayInfo(1080 x 2340) immediately
03-14 00:22:03.513  2083  2637 W LocalDisplayAdapter: !@display_state - 2376 : DOZE_SUSPEND (MAIN) took 1 ms
03-14 00:22:03.513  2083  2083 D SGM:GameManager: onDisplayChanged. displyId: 0, state: 4
03-14 00:22:03.513  2083  2637 D SemInputDeviceManagerService: setDisplayState[1] LATE: DOZE_SUSPEND(4) -> DOZE_SUSPEND(4)
03-14 00:22:03.514  1534  1546 I sysinput:Touch1: operator():133, 4,0 OK
03-14 00:22:03.514  2083  2637 D LocalDisplayAdapter: notifyStateChangeFinish: com.samsung.android.hardware.secinputdev.external.DisplayStateListenerWrapper$1@c7e080a took 1 ms
03-14 00:22:03.514  2083  2637 D LocalDisplayAdapter: notifyStateChangeFinish: com.android.server.biometrics.SemBiometricDisplayStateMonitor@478eea8 took 0 ms
03-14 00:22:03.514  2083  2558 D SysinputHAL_AIDL: activate(TSP(1)),4,0 ret=0
03-14 00:22:03.514  2083  2558 D SemInputDevice:TSP: ActivateTask: 4,1 [03-14 00:22:03.513]
03-14 00:22:03.514  2083  2176 D DisplayPowerController[0]: setActualDisplayState: DOZE -> DOZE_SUSPEND
03-14 00:22:03.515  2083  2176 D DisplayPowerController[0]: animateScreenStateChange: target=DOZE_SUSPEND, mIsEnabled=true
03-14 00:22:03.515 29780 29864 D AudioFlinger: setParameters: filtered dev setParameters keyvalue screen_state=off
03-14 00:22:03.516  2083  2176 D DisplayPowerController[0]: animateScreenStateChange: target=DOZE_SUSPEND, mIsEnabled=true
03-14 00:22:03.516  1534  1546 I sysinput:aidl: onReportInformation:93, 1, enabled@4,1:0
03-14 00:22:03.518 29783 29791 D AudioALSAHardware: +setParameters(): screen_state=off
03-14 00:22:03.518  2083  2299 D SGM:FgCheckThread: onLooperPrepared(), msg: MSG_LCD_OFF
03-14 00:22:03.518 29783 29791 D AudioALSAHardware: -setParameters(): screen_state=off
03-14 00:22:03.519  2083  2476 I SemBiometricDisplayStateMonitor: DisplayStateListener#onFinish : DOZE_SUSPEND, DOZE_SUSPEND, DEFAULT_DISPLAY
03-14 00:22:03.521  1534  1546 I sysinput:Touch1: operator():133, 4,1 OK
03-14 00:22:03.522  2083  2176 D PowerManagerService: displayReady: true groupId=0
03-14 00:22:03.523  2083  2558 D SysinputHAL_AIDL: activate(TSP(1)),4,1 ret=0
03-14 00:22:03.525  2748  2748 D DisplayLifecycle: updateDisplay id = 0
03-14 00:22:03.526  5415  5415 I HBD     : DeX h DeX mode state change in non-main thread 
03-14 00:22:03.526  5415  5415 I HBD     : DeX h DeX mode state change: 3 
03-14 00:22:03.527  1567  3371 I VSyncReactor: Current= 90, Period= 90, hwcPeriod= 90
03-14 00:22:03.528  3238 28280 I HoneySpace.Memory-Monitor: current state = 4, didTrim = true
03-14 00:22:03.529  2748  2748 I Keyguard.AODTouchModeManager: onDisplayChanged newDisplayState=4, currentDisplayState=3, displayId=0
03-14 00:22:03.530  5415  5415 I VRI[InputMethod]@e345dc8: onDisplayChanged oldDisplayState=3 newDisplayState=4
03-14 00:22:03.530  3238  3238 I VRI[LauncherActivity]@79a9058: onDisplayChanged oldDisplayState=3 newDisplayState=4
03-14 00:22:03.530  3238  3238 I VRI[RecentsTransitionOverlay]@815033c: onDisplayChanged oldDisplayState=3 newDisplayState=4
03-14 00:22:03.531  3238  3238 I VRI[CocktailBarService]@b870e79: onDisplayChanged oldDisplayState=3 newDisplayState=4
03-14 00:22:03.531  3238  3238 I VRI[RecentsActivity]@a5b1272: onDisplayChanged oldDisplayState=3 newDisplayState=4
03-14 00:22:03.531  5329  5329 I VRI[LauncherActivity]@9ba8716: onDisplayChanged oldDisplayState=3 newDisplayState=4
03-14 00:22:03.535  2748  2802 I VRI[ShellDropTarget]@92e3be9: onDisplayChanged oldDisplayState=3 newDisplayState=4
03-14 00:22:03.536  2748  2802 I VRI[View root of ReusableWindowDecorViewHost#0]@254be1d: onDisplayChanged oldDisplayState=3 newDisplayState=4
03-14 00:22:03.536  2083  3212 D WifiDisplayAdapter: isFitToActiveDisplayLocked : false
03-14 00:22:03.537  2748  2802 I VRI[View root of ReusableWindowDecorViewHost#1]@9ccb8b6: onDisplayChanged oldDisplayState=3 newDisplayState=4
03-14 00:22:03.537  2748  2882 D StackScroller: onDisplayChanged for predraw skip to 4
03-14 00:22:03.539  2748  2748 I VRI[LockscreenShortcutBlur]@f4e5155: onDisplayChanged oldDisplayState=3 newDisplayState=4
03-14 00:22:03.539  2748  2748 I VRI[NavigationBar0]@cb51d69: onDisplayChanged oldDisplayState=3 newDisplayState=4
03-14 00:22:03.539  2748  2748 I VRI[EdgeBackGestureHandler0]@e247b7f: onDisplayChanged oldDisplayState=3 newDisplayState=4
03-14 00:22:03.539  2748  2748 I VRI[NotificationShade]@ddcb5e0: onDisplayChanged oldDisplayState=3 newDisplayState=4
03-14 00:22:03.539  2748  2748 I VRI[StatusBar]@b5f60f8: onDisplayChanged oldDisplayState=3 newDisplayState=4
03-14 00:22:03.540  2748  2748 I VRI[SecondaryHomeHandle0]@fc3d736: onDisplayChanged oldDisplayState=3 newDisplayState=4
03-14 00:22:03.802   582   582 D io_stats: !@   8,32 r 3706157 78904076 w 2439329 31717820 d 307664 187098224 f 205154 237364 iot 1160652 0 th 0 0 0 pt 0 inp 0 0 50737.088
03-14 00:22:03.817  4113  5101 V CpEventLog(u0): [P] cp_state: [                 contacts = {contacts=50, raw_contacts=116, data=402, account={secphone(1)=27, google(2)=16, sim(3)=10, sim2(4)=0, agg(5)=0, google(6)=0, google(7)=0, samsung(8)=0, mobileservice(9)=0, coreapp(10)=4, com.samsung.android.email(11)=0, com.samsung.android.email(12)=0, com.samsung.android.email(13)=0, com.samsung.android.email(14)=0, google(18)=1, whatsapp(65)=45, google(79)=0, www.instagram.com(80)=0, google(81)=0, google(83)=0, google(84)=0, google(85)=0, google(86)=0, google(87)=0, google(88)=0, google(89)=0}, trash=0, trash_acc={}, trash_sync=13, database=contacts2.db} ]
03-14 00:22:03.817  4113  5101 V CpEventLog(u0): [P] cp_state: [               aggregated = {[1,10]=1, [1,65,3]=3, [1,65]=21, [1]=2, [2,65,10]=3, [2,65,3]=1, [2,65]=11, [2]=1, [3]=1, [65,18]=1, [65,3]=5} ]
03-14 00:22:03.817  4113  5101 V CpEventLog(u0): [P] cp_state: [                  request = {} ]
03-14 00:22:03.817  4113  5101 V CpEventLog(u0): [P] cp_state: [                    calls = {types={[100]=217, [300]=285, [500]=1, [1000]=1781, [1150]=1}, database=calllog.db} ]
03-14 00:22:03.817  4113  5101 V CpEventLog(u0): [P] cp_state: [                  profile = {contacts=0, raw_contacts=0, data=0, account={secphone(1)=0, google(2)=0, sim(3)=0, sim2(4)=0, agg(5)=0, google(6)=0, google(7)=0, samsung(8)=0, mobileservice(9)=0, coreapp(10)=0, com.samsung.android.email(11)=0, com.samsung.android.email(12)=0, com.samsung.android.email(13)=0, com.samsung.android.email(14)=0, google(18)=0, whatsapp(50)=0, google(64)=0, www.instagram.com(65)=0, google(66)=0, google(68)=0, google(69)=0, google(70)=0, google(71)=0, google(72)=0, google(73)=0, google(74)=0}, trash=0, trash_acc={}, trash_sync=0, database=profile.db} ]
03-14 00:22:03.817  4113  5101 V CpEventLog(u0): [P] cp_state: [               sa_profile = {contacts=1, raw_contacts=1, data=1, account={secphone(1)=1, google(2)=0, sim(3)=0, sim2(4)=0, agg(5)=0, google(6)=0, google(7)=0, samsung(8)=0, mobileservice(9)=0, coreapp(10)=0, com.samsung.android.email(11)=0, com.samsung.android.email(12)=0, com.samsung.android.email(13)=0, com.samsung.android.email(14)=0, google(18)=0, whatsapp(50)=0, google(64)=0, www.instagram.com(65)=0, google(66)=0, google(68)=0, google(69)=0, google(70)=0, google(71)=0, google(72)=0, google(73)=0, google(74)=0}, trash=0, trash_acc={}, trash_sync=0, database=profile_sa.db} ]
03-14 00:22:03.817  4113  5101 V CpEventLog(u0): [P] cp_state: [                      etc = {binders=0, country_iso=TR, version=15.6.28, db_version=2000, db_size=0, db_wal_size=1, csc=/, sec_enabled=false, is_roaming=false} ]
03-14 00:22:03.817  4113  5101 V CpEventLog(u0): [P] cp_state: ------------------------------------------------------------------------------
03-14 00:22:04.501  1830  1970 I bauth_FPBAuthService: pcf : 0x1012, 0 ,1 ,0 ,0 ,0 ,0, 16.0.0.3
03-14 00:22:04.501  1830  1970 I bauth_FPBAuthService: thread id : 1, preenroll_flag : 0, nd cnt : 0, cso : 0, et : 0
03-14 00:22:04.501  1830  1970 I bauth_FPBAuthService: FPBAuthService::timerHandler complete
03-14 00:22:05.503  1830  1970 I bauth_FPBAuthService: pcf : 0x1012, 0 ,1 ,0 ,0 ,0 ,0, 16.0.0.3
03-14 00:22:05.503  1830  1970 I bauth_FPBAuthService: thread id : 1, preenroll_flag : 0, nd cnt : 0, cso : 0, et : 0
03-14 00:22:05.503  1830  1970 I bauth_FPBAuthService: FPBAuthService::timerHandler complete
03-14 00:22:05.539 16063  7148 I ScpmUtils: isSdkCAvailable : true
03-14 00:22:05.541 16063  7148 I ScpmSdkCManager: Getting SCPM data
03-14 00:22:05.547 16063  7148 I [SCPMSDK][1.0.0803][Configuration]: getConfiguration : DC_SUSPICIOUS_APPS_SETTINGS
03-14 00:22:05.547 16063  7148 I [SCPMSDK][1.0.0803][Configuration]: openFile : parameter = DC_SUSPICIOUS_APPS_SETTINGS
03-14 00:22:05.558  2083  2566 D BackgroundInstallControlService: Package event received: 0
03-14 00:22:05.582  1484  1484 D Zygote  : Forked child process 7151
03-14 00:22:05.584  2083  2129 I ActivityManager: Start proc 7151:com.samsung.android.scpm/5009 for content provider {com.samsung.android.scpm/com.samsung.scsp.common.ScpmProvider}
03-14 00:22:05.584  2083  2129 I ActivityManager: ProcessObserver broadcast disabled
03-14 00:22:05.626  7151  7151 I ng.android.scpm: Using CollectorTypeCMC GC.
03-14 00:22:05.779  7151  7151 I FirebaseApp: Device unlocked: initializing all Firebase APIs for app [DEFAULT]
03-14 00:22:05.791  7151  7151 I FirebaseInitProvider: FirebaseApp initialization successful
03-14 00:22:05.795  7151  7165 E ashmem  : Pinning is deprecated since Android Q. Please use trim or other methods.
03-14 00:22:05.796  7151  7151 I [SCSPSDK][ScpmApplication]: onCreate
03-14 00:22:05.798  7151  7161 I [SCPMV2][ConfigurationFileFunction]: apply
03-14 00:22:05.800  7151  7151 I [SCPMV2][Scsp]: setUp
03-14 00:22:05.801  7151  7151 I [SCPMV2][DiagMonWrapper]: init
03-14 00:22:05.801  7151  7169 I [SCPMV2][SmpUtil]: Firebase init
03-14 00:22:05.801  7151  7161 I [SCPMV2][ScpmPermissionChecker]: hasPermission : true
03-14 00:22:05.802  7151  7161 I [SCPMV2][ConfigurationFileFunction]: uri : content://com.samsung.android.scpm.policy/d387a9350664183665bed83c78a972d557d7c4445a163c66ce05b889768a3237/DC_SUSPICIOUS_APPS_SETTINGS, path : /d387a9350664183665bed83c78a972d557d7c4445a163c66ce05b889768a3237/DC_SUSPICIOUS_APPS_SETTINGS
03-14 00:22:05.802  7151  7161 I [SCPMV2][ConfigurationFileFunction]: key [0] : d387a9350664183665bed83c78a972d557d7c4445a163c66ce05b889768a3237
03-14 00:22:05.802  7151  7161 I [SCPMV2][ConfigurationFileFunction]: key [1] : DC_SUSPICIOUS_APPS_SETTINGS
03-14 00:22:05.802  7151  7169 I SmpLog  : [SMP] init. D:false O:DEVICE_BASED S:true M:false P:SPP_ONLY_MODE A:a
03-14 00:22:05.803  7151  7151 I DIAGMON_SDK[605068]: DiagMonAgent type: 2
03-14 00:22:05.803  7151  7151 I DIAGMON_SDK[605068][4M0-399-5151102] : generated SR object
03-14 00:22:05.803  7151  7161 I [SCPMV2][ScpmDataBaseHelper]: scpm.database.name = scpmv2.db
03-14 00:22:05.803  7151  7161 I [SCPMV2][ScpmDataBaseHelper]: scpm.database.version = 7
03-14 00:22:05.804   582   582 D io_stats: !@   8,32 r 3706435 78915316 w 2439329 31717820 d 307664 187098224 f 205154 237364 iot 1160732 0 th 0 0 0 pt 0 inp 0 0 50739.090
03-14 00:22:05.805   582   582 D io_stats: !@ Read_top(KB): ng.android.scpm:high(7151) 10464 ng.android.lool:low(16063) 780
03-14 00:22:05.805   582   582 D io_stats: !@ Write_top(KB): sait.sohservice:low(1299) 16
03-14 00:22:05.807  7151  7173 I [SCPMV2][AnalyticsLogger]: init: Samsung Analytics Configuration, [SEP version 14.0]
03-14 00:22:05.808  2083  5195 I ActivityManager: Changes in 5009 19 to 10, 0 to 128
03-14 00:22:05.811  7151  7169 I SmpLog  : [SMP] get token : ...b5zDU (163)
03-14 00:22:05.811  7151  7169 I SmpLog  : [SMP] get push type : fcm
03-14 00:22:05.814  7151  7172 I SmpLog  : [SMP] Test mode: false, v:3.3.11.2, com.samsung.android.scpm
03-14 00:22:05.816  7151  7174 I [SCPMV2][ScaWorkingPoliciesDownloader]: download : expiredTime = 14 Mar 2026 08:55:23
03-14 00:22:05.816  7151  7172 I SmpLog  : [SMP] ptype:fcm, token:...b5zDU (163), D:false, O:DEVICE_BASED, S:false, M:false, P:SPP_ONLY_MODE
03-14 00:22:05.818  7151  7161 I [SCPMV2][RegistrationDataManager]: cursor count : 1
03-14 00:22:05.820  7151  7161 I [SCPMV2][ConfigurationItemDataManager]: getFilePath name : DC_SUSPICIOUS_APPS_SETTINGS
03-14 00:22:05.821  7151  7172 I SmpLog  : [SMP] SEND BR : smp init success
03-14 00:22:05.822  7151  7179 I [SCPMV2][CertificateDeviceUpdater]: Update asynchronous - internally triggered by observer: processStart
03-14 00:22:05.824  7151  7180 I [SCPMV2][FamilyDeviceUpdater]: Update asynchronous - internally triggered by observer: processStart
03-14 00:22:05.824  7151  7161 I [SCPMV2][ConfigurationFileFunction]: plainFilePath : /data/user/0/com.samsung.android.scpm/files/configuration/DC_SUSPICIOUS_APPS_SETTINGS_plain.json
03-14 00:22:05.824  7151  7161 E [SCPMV2][ConfigurationFileFunction]: /data/user/0/com.samsung.android.scpm/files/configuration/DC_SUSPICIOUS_APPS_SETTINGS_encrypted_416.json: open failed: ENOENT (No such file or directory)
03-14 00:22:05.824  7151  7161 E [SCPMV2][ConfigurationFileFunction]: cannot decrypt file : DC_SUSPICIOUS_APPS_SETTINGS
03-14 00:22:05.825  7151  7161 I [SCPMV2][ConfigurationDataManager]: initialize: appId = fnpjdm62j2
03-14 00:22:05.826  7151  7184 I [SCPMV2][FamilyDeviceUpdater]: updateIfChanged
03-14 00:22:05.826  7151  7174 I [SCPMV2][ScaWorkingPoliciesDownloader]: download : expiredTime = 14 Mar 2026 08:55:23
03-14 00:22:05.827  7151  7183 I [SCPMV2][CertificateDeviceUpdater]: updateIfChanged
03-14 00:22:05.827  7151  7151 I [SCPMV2][SystemMonitorReceiver]: onReceive: android.intent.action.BATTERY_CHANGED
03-14 00:22:05.828 16063  7148 I [SCPMSDK][1.0.0803][Configuration]: call : Method = getLastError, arg = com.samsung.android.lool
03-14 00:22:05.829  7151  7174 I [SCPMV2][ScaWorkingPoliciesDownloader]: download : expiredTime = 14 Mar 2026 08:55:23
03-14 00:22:05.830  7151  7184 I [SCPMV2][AccountFamilyDataManager]: FamilyGroupProviderVersion : 1.1
03-14 00:22:05.830  7151  7184 I [SCPMV2][AccountFamilyDataManager]: queryGroup
03-14 00:22:05.831  2083  5503 I ActivityManager: Changes in 10105 19 to 10, 0 to 128
03-14 00:22:05.832  7151  7174 I [SCPMV2][EscrowVaultInducement]: enqueue worker
03-14 00:22:05.834  7151  7173 I DIAGMON_SDK[605068]: Request CustomEventReport
03-14 00:22:05.834  7151  7174 W WM-WorkSpec: Backoff delay duration exceeds maximum value
03-14 00:22:05.835  7151  7160 I [SCPMV2][RegistrationDataManager]: cursor count : 1
03-14 00:22:05.835  7151  7160 I [SCPMV2][ConfigurationDataManager]: getConfiguration: appId = fnpjdm62j2
03-14 00:22:05.835  7151  7171 W DIAGMON_SDK[605068][4M0-399-5151102] : You have to properly set LogPath
03-14 00:22:05.836  7151  7160 I [SCPMV2][ConfigurationDataManager]: cursor count : 1
03-14 00:22:05.836  7151  7160 I [SCPMV2][ConfigurationGetLastError]: execute
03-14 00:22:05.836  7151  7160 I [SCPMV2][ScpmPermissionChecker]: hasPermission : true
03-14 00:22:05.837 16121 16213 I SamsungAccount: [FamilyGroupProvider] query
03-14 00:22:05.838 16121 16213 I SamsungAccount: [PackageUtils] getStringValueFromMetaData - key : com.samsung.android.samsungaccount.CLIENT_ID, result : o5xg4fkos4
03-14 00:22:05.839 16121 16213 I SamsungAccount: [AccountManagerUtil] isSamsungAccountSignedIn : true
03-14 00:22:05.839 16063  7148 E [E][SCPMSDK][1.0.0803][Configuration]: cannot get new policy : 90000000, /data/user/0/com.samsung.android.scpm/files/configuration/DC_SUSPICIOUS_APPS_SETTINGS_encrypted_416.json: open failed: ENOENT (No such file or directory) 
03-14 00:22:05.839 16063  7148 W ScpmSdkCManager: getData(DC_SUSPICIOUS_APPS_SETTINGS) from scpm failed. : /data/user/0/com.samsung.android.scpm/files/configuration/DC_SUSPICIOUS_APPS_SETTINGS_encrypted_416.json: open failed: ENOENT (No such file or directory)
03-14 00:22:05.849 16121 16213 I SamsungAccount: [SignatureInfoDbHelper] searchOnUser(fromDb) - [10/o5xg4][android.scpm.][64/3291d] => matched
03-14 00:22:05.849 16121 16213 I SamsungAccount: [FamilyGroupProvider] isNotAllowedApplication ? : false
03-14 00:22:05.853  2083  2509 D ConnectivityService: reportNetworkActive, notify 2 listeners
03-14 00:22:05.858 16063  7148 I ScpmSdkCManager: localVersion: 234, serverVersion: 0
03-14 00:22:05.858 16063  7148 I ScpmSdkCManager: Using local data (higher version)
03-14 00:22:05.871  7151  7184 I [SCPMV2][FamilyDeviceUpdater]: No Family Group.
03-14 00:22:05.896  7151  7185 I [SCPMV2][AppDataClearChecker]: tag : ConfigurationPeriodicWorker, workInfos size : 1
03-14 00:22:05.929  7151  7185 I [SCPMV2][AppDataClearChecker]: tag : DeviceServiceWorker_PERIODIC, workInfos size : 1
03-14 00:22:06.490  1673  1692 E thermal_core: find_tz_idx_by_name:"Failed to find thermal zone index of ap_ntc\n"
03-14 00:22:06.490  1673  1692 E thermal_core: find_tz_idx_by_name:"Failed to find thermal zone index of mtk-master-charger\n"
03-14 00:22:06.504  1830  1970 I bauth_FPBAuthService: pcf : 0x1012, 0 ,1 ,0 ,0 ,0 ,0, 16.0.0.3
03-14 00:22:06.504  1830  1970 I bauth_FPBAuthService: thread id : 1, preenroll_flag : 0, nd cnt : 0, cso : 0, et : 0
03-14 00:22:06.504  1830  1970 I bauth_FPBAuthService: FPBAuthService::timerHandler complete
03-14 00:22:06.639  2083  2164 D MARsPolicyManager: triggerAction called!
03-14 00:22:06.639  2083  2164 I NSLocationMonitor: getGPSUsingApps() called
03-14 00:22:06.640  3549  3566 I NSLocationManager_FLP: getGPSUsingApps, No change
03-14 00:22:07.342  1520  1551 D power@timer: [mtkPowerTimer] visRead:0
03-14 00:22:07.506  1830  1970 I bauth_FPBAuthService: pcf : 0x1012, 0 ,1 ,0 ,0 ,0 ,0, 16.0.0.3
03-14 00:22:07.506  1830  1970 I bauth_FPBAuthService: thread id : 1, preenroll_flag : 0, nd cnt : 0, cso : 0, et : 0
03-14 00:22:07.507  1830  1970 I bauth_FPBAuthService: FPBAuthService::timerHandler complete
03-14 00:22:07.807   582   582 D io_stats: !@   8,32 r 3706636 78919708 w 2439352 31718180 d 307664 187098224 f 205154 237364 iot 1160776 0 th 0 0 0 pt 0 inp 0 0 50741.092
03-14 00:22:08.050  1528  1554 E BatteryDump: !@new_battery_dump : 4320,1084,3000,3150,84,329,337,366,0,0,335,366,0,Charging,NO_CHARGING,Normal,Good,PDIC,0,Normal,0,0,9350,0x0,0x10000,0x0,0,0,0000,0000,00000000,0,0,0,0,486,4118,8280,980,0,
03-14 00:22:08.058  2083  5503 D [SS]BattFunctions: [sendRemainingChargingTimeChangedIntent]remainingChargingTime:1855 ,mLastRemainingChargingTime:1862
03-14 00:22:08.059  1536  1536 I seh_thermal_service: getTemperaturesWithType SehTemperatureType: 3
03-14 00:22:08.060  1528  1528 I sehhealth-service: updateLrpSysfs: write: 335
03-14 00:22:08.064  2748  2748 I AODBatteryManager: updateBatteryData: ACTION_BATTERY_CHANGED: false, isSleepModeChanged:false ,isRemainingTimeChanged: true, isUSBRestriction: false
03-14 00:22:08.064  2748  2748 I ChargingInfoManager: updateChargingInfo: newState = AOD ChargingInfo [mState=BATTERY_AND_REMAIN_TIME, mIsCharging=true, mIsPlugged=true, mIsFullyCharged=false, mIsBatteryProtectMode=false, mBetteryLevel=84, mBetteryProtectModeType3, mIsSlowChargingfalse], oldState = AOD ChargingInfo [mState=BATTERY_AND_REMAIN_TIME, mIsCharging=true, mIsPlugged=true, mIsFullyCharged=false, mIsBatteryProtectMode=false, mBetteryLevel=84, mBetteryProtectModeType3, mIsSlowChargingfalse]
03-14 00:22:08.068  2748  2748 D PowerUI : Remaining charging time : 1855
03-14 00:22:08.069  2748  2748 D PowerUI : Charging time is changed, check charging notification
03-14 00:22:08.072  2748  2748 D PowerUI.Notification: showChargingNotice - Battery Level : 84 -> 84, Charging Type : 11 -> 11, Charging Time : 1862 -> 1855, Maximum protection : false -> false, Maximum threshold : 80 -> 80
03-14 00:22:08.076  2748  2748 I NotificationManager: com.android.systemui: notify(2131364006, charging_state, Notification(channel=CHR shortcut=null contentView=null vibrate=null sound=null defaults=0 flags=ONGOING_EVENT|ONLY_ALERT_ONCE color=0x00000000 category=sys groupKey=CHARGING vis=PUBLIC semFlags=0x0 semPriority=0 semMissedCount=0)) as user
03-14 00:22:08.077  1567  1612 I VSyncReactor: Current= 90, Period= 90, hwcPeriod= 90
03-14 00:22:08.081  2083  5503 W PermissionService: getPermissionFlags: Unknown user -1
03-14 00:22:08.081  2083  5503 W PermissionService: getPermissionFlags: Unknown user -1
03-14 00:22:08.084  2748  2748 I ChargingInfoView: handleMessage: MSG_SHOW_CHARGING_INFO
03-14 00:22:08.084  2748  2748 I BottomChargingInfoView: updateContents: BATTERY_AND_REMAIN_TIME
03-14 00:22:08.084  2748  2748 I AOD_WAKELOCK@WakeLockManager: acquireIfExists: tag - charging_info, timeout - 1000, reason - Charging Info is updating, delay by 500, wakeLock = WakeLock{432cb95 held=false, refCount=0}
03-14 00:22:08.086  2083  5503 D PowerManagerService: [api] acquire WakeLock DRAW_WAKE_LOCK                    'charging_info' (uid=10060 pid=2748 displayId=0 lock=79a5834)
03-14 00:22:08.087  2083  5503 D PowerManagerService: displayReady: false groupId=0
03-14 00:22:08.087  2083  2176 D DisplayPowerController[0]: animateScreenStateChange: target=DOZE, mIsEnabled=true
03-14 00:22:08.088  2748  2748 I ChargingInfoManager: getDeviceRemainingTime: Dolmasına 31 dk
03-14 00:22:08.088  2748  2748 I AOD_WAKELOCK@WakeLockManager: acquireIfExists: tag - charging_info, timeout - 5500, reason - Charging Info is updating, delay by 5000, wakeLock = WakeLock{432cb95 held=true, refCount=1}
03-14 00:22:08.089  2748  2748 I AbsChargingInfoComponent: setVisibilityWithAnim: skipped true
03-14 00:22:08.090  2083  2176 I DisplayPowerController[0]: BrightnessEvent: brt=0.16470589 (65.0%), nits= 42.077, lux=-1.0, reason=manual, strat=FallbackBrightnessStrategy, state=DOZE, stateReason=DRAW_WAKE_LOCK, policy=DOZE, flags=, initBrt=0.16470589, rcmdBrt=NaN, preBrt=NaN, preLux=0.0, wasShortTermModelActive=false, autoBrightness=false (default), unclampedBrt=0.16470589, hbmMax=1.0, hbmMode=off, thrmMax=1.0, rbcStrength=-1, powerFactor=1.0, physDisp=Yerleşik Ekran(local:4627039422300187648), logicalId=0, slowChange=false, rampSpeed=0.0
03-14 00:22:08.092  2748  2748 I SecKeyguardClockPositionAlgorithm: prepareClockContainerHeightChanging:
03-14 00:22:08.092  1520  1550 I mtkpower@impl: [setMode] type:9, enabled:1
03-14 00:22:08.093  2083  2637 D DisplayManagerService: !@display_state requestDisplayStateInternal: DOZE_SUSPEND -> DOZE displayId=0
03-14 00:22:08.093  1520  1550 I mtkpower@impl: [setMode] Mode::DISPLAY_INACTIVE: 1
03-14 00:22:08.093  2083  2637 D SemInputDeviceManagerService: setDisplayState[1] EARLY: DOZE_SUSPEND(4) -> DOZE(3)
03-14 00:22:08.094  2083  2637 D LocalDisplayAdapter: notifyStateChangeStart: com.samsung.android.hardware.secinputdev.external.DisplayStateListenerWrapper$1@c7e080a took 1 ms
03-14 00:22:08.095  2083  2558 D SemInputDevice:TSP: ActivateTask: 3,0 [03-14 00:22:08.093]
03-14 00:22:08.095  2083  2637 D LocalDisplayAdapter: notifyStateChangeStart: com.android.server.biometrics.SemBiometricDisplayStateMonitor@478eea8 took 0 ms
03-14 00:22:08.095  2083  2116 I DisplayDeviceRepository: Display device changed state: "Yerleşik Ekran", DOZE
03-14 00:22:08.095  2083  2637 W LocalDisplayAdapter: !@display_state - 2377 : DOZE_SUSPEND -> DOZE (MAIN)
03-14 00:22:08.095  2748  2748 I SecKeyguardClockPositionAlgorithm: prepareClockContainerHeightChanging:
03-14 00:22:08.095  1534  1546 I sysinput:aidl: onReportInformation:93, 1, enabled@3,0:0
03-14 00:22:08.096  2083  2476 I SemBiometricDisplayStateMonitor: DisplayStateListener#onStart : DOZE, DOZE, DEFAULT_DISPLAY
03-14 00:22:08.099  2083  2114 D WindowManager: DeferredDisplayUpdater: partially applying DisplayInfo(1080 x 2340) immediately
03-14 00:22:08.099  1567  1567 D SurfaceFlinger: Setting power mode 2 on physical display 4627039422300187648
03-14 00:22:08.099  1534  1546 I sysinput:Touch1: operator():133, 3,0 OK
03-14 00:22:08.099  2083  2637 W LocalDisplayAdapter: !@display_state - 2377 : DOZE (MAIN) took 4 ms
03-14 00:22:08.100  2083  2176 D BrightnessThermalClamper: Thermal status observer already started
03-14 00:22:08.100  2083  2637 D SemInputDeviceManagerService: setDisplayState[1] LATE: DOZE(3) -> DOZE(3)
03-14 00:22:08.100  2083  2637 D LocalDisplayAdapter: notifyStateChangeFinish: com.samsung.android.hardware.secinputdev.external.DisplayStateListenerWrapper$1@c7e080a took 0 ms
03-14 00:22:08.101  2083  2637 D LocalDisplayAdapter: notifyStateChangeFinish: com.android.server.biometrics.SemBiometricDisplayStateMonitor@478eea8 took 1 ms
03-14 00:22:08.101  2083  2083 D SGM:GameManager: onDisplayChanged. displyId: 0, state: 3
03-14 00:22:08.101  2083  2299 D SGM:FgCheckThread: onLooperPrepared(), msg: MSG_LCD_OFF
03-14 00:22:08.101  2083  2476 I SemBiometricDisplayStateMonitor: DisplayStateListener#onFinish : DOZE, DOZE, DEFAULT_DISPLAY
03-14 00:22:08.102 29780  6034 D AudioFlinger: setParameters: filtered dev setParameters keyvalue screen_state=off
03-14 00:22:08.102  2083  2558 D SysinputHAL_AIDL: activate(TSP(1)),3,0 ret=0
03-14 00:22:08.102  2083  2558 D SemInputDevice:TSP: ActivateTask: 3,1 [03-14 00:22:08.100]
03-14 00:22:08.103 29783 29791 D AudioALSAHardware: +setParameters(): screen_state=off
03-14 00:22:08.103  2083  2176 D DisplayPowerController[0]: setActualDisplayState: DOZE_SUSPEND -> DOZE
03-14 00:22:08.103  1534  1546 I sysinput:aidl: onReportInformation:93, 1, enabled@3,1:0
03-14 00:22:08.104  2083  2176 D DisplayPowerController[0]: animateScreenStateChange: target=DOZE, mIsEnabled=true
03-14 00:22:08.104 29783 29791 D AudioALSAHardware: -setParameters(): screen_state=off
03-14 00:22:08.104  5415  5415 I HBD     : DeX h DeX mode state change in non-main thread 
03-14 00:22:08.105  5415  5415 I HBD     : DeX h DeX mode state change: 3 
03-14 00:22:08.105  2748  2748 I MODManager: onShow ChargingInfoOnlyContainer
03-14 00:22:08.105  2748  2748 W MODManager: this device does not supports cover
03-14 00:22:08.105  1534  1546 I sysinput:Touch1: operator():133, 3,1 OK
03-14 00:22:08.106  5415  5415 I VRI[InputMethod]@e345dc8: onDisplayChanged oldDisplayState=4 newDisplayState=3
03-14 00:22:08.106  2083  2558 D SysinputHAL_AIDL: activate(TSP(1)),3,1 ret=0
03-14 00:22:08.107  3238 24263 I HoneySpace.Memory-Monitor: current state = 3, didTrim = true
03-14 00:22:08.109  2083  2176 D DisplayPowerController[0]: animateScreenStateChange: target=DOZE, mIsEnabled=true
03-14 00:22:08.110  2083  2176 D PowerManagerService: displayReady: true groupId=0
03-14 00:22:08.112  2748  2748 D DisplayLifecycle: updateDisplay id = 0
03-14 00:22:08.112  3238  3238 I VRI[LauncherActivity]@79a9058: onDisplayChanged oldDisplayState=4 newDisplayState=3
03-14 00:22:08.112  2748  2748 I Keyguard.AODTouchModeManager: onDisplayChanged newDisplayState=3, currentDisplayState=4, displayId=0
03-14 00:22:08.113  3238  3238 I VRI[RecentsTransitionOverlay]@815033c: onDisplayChanged oldDisplayState=4 newDisplayState=3
03-14 00:22:08.113  3238  3238 I VRI[CocktailBarService]@b870e79: onDisplayChanged oldDisplayState=4 newDisplayState=3
03-14 00:22:08.113  3238  3238 I VRI[RecentsActivity]@a5b1272: onDisplayChanged oldDisplayState=4 newDisplayState=3
03-14 00:22:08.114  2748  2748 I VRI[LockscreenShortcutBlur]@f4e5155: onDisplayChanged oldDisplayState=4 newDisplayState=3
03-14 00:22:08.114  2748  2802 I VRI[ShellDropTarget]@92e3be9: onDisplayChanged oldDisplayState=4 newDisplayState=3
03-14 00:22:08.114  2748  2802 I VRI[View root of ReusableWindowDecorViewHost#0]@254be1d: onDisplayChanged oldDisplayState=4 newDisplayState=3
03-14 00:22:08.114  5329  5329 I VRI[LauncherActivity]@9ba8716: onDisplayChanged oldDisplayState=4 newDisplayState=3
03-14 00:22:08.114  2748  2802 I VRI[View root of ReusableWindowDecorViewHost#1]@9ccb8b6: onDisplayChanged oldDisplayState=4 newDisplayState=3
03-14 00:22:08.114  2748  2748 I VRI[NavigationBar0]@cb51d69: onDisplayChanged oldDisplayState=4 newDisplayState=3
03-14 00:22:08.114  2748  2748 I VRI[EdgeBackGestureHandler0]@e247b7f: onDisplayChanged oldDisplayState=4 newDisplayState=3
03-14 00:22:08.114  2748  2748 I VRI[NotificationShade]@ddcb5e0: onDisplayChanged oldDisplayState=4 newDisplayState=3
03-14 00:22:08.114  2748  2748 I VRI[StatusBar]@b5f60f8: onDisplayChanged oldDisplayState=4 newDisplayState=3
03-14 00:22:08.114  2748  2748 I VRI[SecondaryHomeHandle0]@fc3d736: onDisplayChanged oldDisplayState=4 newDisplayState=3
03-14 00:22:08.115  2083  5503 D WifiDisplayAdapter: isFitToActiveDisplayLocked : false
