03-14 00:19:36.393  2748  2748 I AODBatteryManager: saveBatteryData : AOD BatteryData [mBatteryLevel=83, mBatteryStatus=CHARGING, mBatteryPlugType=USB, mBatteryPlugged=true, mRemainingChargeTime=1945000, mBatteryChargingType=2, mBatteryChargerType=FAST, mBatteryOnline=NOT_DEFINED, mBatterySwellingMode=NONE, mBatteryProtectMode=false, mBatteryProtectModeType=3, mSleepChargingEvent=null, mSleepChargingEventFinishTime=null, mBatteryHealth=2, mIsDirectPowerMode=false, mIsUsbRestriction=false]
03-14 00:19:36.394  2748  2748 I ChargingInfoManager: updateChargingInfo: newState = AOD ChargingInfo [mState=BATTERY_AND_REMAIN_TIME, mIsCharging=true, mIsPlugged=true, mIsFullyCharged=false, mIsBatteryProtectMode=false, mBetteryLevel=83, mBetteryProtectModeType3, mIsSlowChargingfalse], oldState = AOD ChargingInfo [mState=BATTERY_AND_REMAIN_TIME, mIsCharging=true, mIsPlugged=true, mIsFullyCharged=false, mIsBatteryProtectMode=false, mBetteryLevel=82, mBetteryProtectModeType3, mIsSlowChargingfalse]
03-14 00:19:36.396  2748  2748 I PowerUI : mBootCompleted = true |  mFullyConnected = true
03-14 00:19:36.396  2748  2748 I PowerUI : BATTERY_HEALTH_CHECK / batteryHealth : 2 / wirelessOverheat : false
03-14 00:19:36.396  2748  2748 D PowerUI : Skip charging animation - by Plug reason
03-14 00:19:36.396  2748  2748 D PowerUI : Skip charging sound & vibrate - by Plug reason
03-14 00:19:36.396  2748  2748 D PowerUI : oldMisalign : false, curMisalign : false
03-14 00:19:36.397  2748  4467 D PowerUI.Notification: updateNotification mWarning = false mPlaySound = false
03-14 00:19:36.398  2748  2748 D PowerUI.Notification: showChargingNotice - Battery Level : 82 -> 83, Charging Type : 11 -> 11, Charging Time : 1945 -> 1938, Maximum protection : false -> false, Maximum threshold : 80 -> 80
03-14 00:19:36.399  2083  2633 I DeviceBatteryInfoService: action: android.intent.action.BATTERY_CHANGED
03-14 00:19:36.399  2083  2633 I DeviceBatteryInfoService: phone battery level: 83
03-14 00:19:36.399  2083  2633 I DeviceBatteryInfoService: phone battery status: 2
03-14 00:19:36.399  2083  2633 D DeviceBatteryInfoService: setBatteryStatus : 2
03-14 00:19:36.401  2748  2748 I NotificationManager: com.android.systemui: notify(2131364006, charging_state, Notification(channel=CHR shortcut=null contentView=null vibrate=null sound=null defaults=0 flags=ONGOING_EVENT|ONLY_ALERT_ONCE color=0x00000000 category=sys groupKey=CHARGING vis=PUBLIC semFlags=0x0 semPriority=0 semMissedCount=0)) as user
03-14 00:19:36.405  2083  2489 D MotionRecognitionService: [SAR]  onReceive : ACTION_BATTERY_CHANGED, Plugged: 2
03-14 00:19:36.407  1567  1613 I VSyncReactor: Current= 90, Period= 90, hwcPeriod= 90
03-14 00:19:36.408  2083  2083 D AdaptiveBrightnessLongtermModelBuilder[0]: Received android.intent.action.BATTERY_CHANGED
03-14 00:19:36.410  2728  2728 D SemBigDataInfoController: Intent: android.intent.action.BATTERY_CHANGED
03-14 00:19:36.411  5068  5068 I SDHMS:RutCore: Current options : ScreenBrightness(90), sScreenResolutionLevel(1), PerformanceRestricted, DataRestricted(PSM), AOD(Off), DarkMode, 
03-14 00:19:36.411  5068  5068 I SDHMS:RutCore: PSM gain = 114 -> Default(101), Brightness(4), Resolution(0), PerfRestrict(3), DarkMode(6), 
03-14 00:19:36.411  5068  5068 I SDHMS:RutCore: UPSM gain = 258 -> Default(245), Brightness(4), Resolution(0), PerfRestrict(3), DarkMode(6), 
03-14 00:19:36.411  2728  2728 D SemBigDataInfoController: Intent: android.intent.action.BATTERY_CHANGED
03-14 00:19:36.412  2083  2083 D SemWifiApIntentHandler: rcvd:android.intent.action.BATTERY_LEVEL_CHANGED
03-14 00:19:36.414  2083  2128 I ActivityManager: Changes in 10216 19 to 11, 0 to 128
03-14 00:19:36.416  2083  5463 W PermissionService: getPermissionFlags: Unknown user -1
03-14 00:19:36.420  2083  5463 W PermissionService: getPermissionFlags: Unknown user -1
03-14 00:19:36.420  2083  5180 I ActivityManager: Changes in 10216 11 to 19, 128 to 0
03-14 00:19:36.422  2083  5463 D KNOX_MDM_SettingsProvider: isChangeAllowed() : name = ltc_highsoc_exceed_time
03-14 00:19:36.422  2083  5463 D KNOX_MDM_SettingsProvider: edmUri: content://com.sec.knox.provider/RestrictionPolicy3
03-14 00:19:36.422  2083  5463 D KNOX_MDM_SettingsProvider: projectionArgs: isSettingsChangesAllowed
03-14 00:19:36.423  2083  5463 D KNOX_MDM_SettingsProvider: selectionArgs: false
03-14 00:19:36.423  2083  5463 D KNOX_MDM_SettingsProvider: selectionArgs: 10060
03-14 00:19:36.423  2083  5463 D SecContentProvider: query(), uri = 17 selection = isSettingsChangesAllowed
03-14 00:19:36.423  2083  5463 D SecContentProvider: called from android.uid.systemui:10060
03-14 00:19:36.423  2083  5463 D RestrictionPolicy: isSettingsChangesAllowedAsUser, userId 0 : true
03-14 00:19:36.423  2083  5463 D KNOX_MDM_SettingsProvider: ret = 1
03-14 00:19:36.426  2748  2748 I ChargingInfoView: handleMessage: MSG_SHOW_CHARGING_INFO
03-14 00:19:36.426  2748  2748 I BottomChargingInfoView: updateContents: BATTERY_AND_REMAIN_TIME
03-14 00:19:36.426  2748  2748 I AOD_WAKELOCK@WakeLockManager: acquireIfExists: tag - charging_info, timeout - 1000, reason - Charging Info is updating, delay by 500, wakeLock = WakeLock{432cb95 held=false, refCount=0}
03-14 00:19:36.427  2083  5503 D PowerManagerService: [api] acquire WakeLock DRAW_WAKE_LOCK                    'charging_info' (uid=10060 pid=2748 displayId=0 lock=79a5834)
03-14 00:19:36.427  2083  5503 D PowerManagerService: displayReady: false groupId=0
03-14 00:19:36.428  2083  2176 D DisplayPowerController[0]: animateScreenStateChange: target=DOZE, mIsEnabled=true
03-14 00:19:36.429  2748  2748 I ChargingInfoManager: getDeviceRemainingTime: Dolmasına 32 dk
03-14 00:19:36.429  2748  2748 I AOD_WAKELOCK@WakeLockManager: acquireIfExists: tag - charging_info, timeout - 5500, reason - Charging Info is updating, delay by 5000, wakeLock = WakeLock{432cb95 held=true, refCount=1}
03-14 00:19:36.429  2083  2176 I DisplayPowerController[0]: BrightnessEvent: brt=0.16470589 (65.0%), nits= 42.077, lux=-1.0, reason=manual, strat=FallbackBrightnessStrategy, state=DOZE, stateReason=DRAW_WAKE_LOCK, policy=DOZE, flags=, initBrt=0.16470589, rcmdBrt=NaN, preBrt=NaN, preLux=0.0, wasShortTermModelActive=false, autoBrightness=false (default), unclampedBrt=0.16470589, hbmMax=1.0, hbmMode=off, thrmMax=1.0, rbcStrength=-1, powerFactor=1.0, physDisp=Yerleşik Ekran(local:4627039422300187648), logicalId=0, slowChange=false, rampSpeed=0.0
03-14 00:19:36.429  2748  2748 I AbsChargingInfoComponent: setVisibilityWithAnim: skipped true
03-14 00:19:36.429  2748  2748 D PowerUI : Remaining charging time : 1938
03-14 00:19:36.429  2748  2748 D PowerUI : Charging time is changed, check charging notification
03-14 00:19:36.429  1520  1550 I mtkpower@impl: [setMode] type:9, enabled:1
03-14 00:19:36.429  1520  1550 I mtkpower@impl: [setMode] Mode::DISPLAY_INACTIVE: 1
03-14 00:19:36.430  2083  2637 D DisplayManagerService: !@display_state requestDisplayStateInternal: DOZE_SUSPEND -> DOZE displayId=0
03-14 00:19:36.430  2083  2637 D SemInputDeviceManagerService: setDisplayState[1] EARLY: DOZE_SUSPEND(4) -> DOZE(3)
03-14 00:19:36.430  2748  2748 D PowerUI.Notification: showChargingNotice - There is no change charging status, so return!
03-14 00:19:36.431  2083  2116 I DisplayDeviceRepository: Display device changed state: "Yerleşik Ekran", DOZE
03-14 00:19:36.431  2083  2637 D LocalDisplayAdapter: notifyStateChangeStart: com.samsung.android.hardware.secinputdev.external.DisplayStateListenerWrapper$1@c7e080a took 1 ms
03-14 00:19:36.431  2083  2558 D SemInputDevice:TSP: ActivateTask: 3,0 [03-14 00:19:36.430]
03-14 00:19:36.431  2083  2637 D LocalDisplayAdapter: notifyStateChangeStart: com.android.server.biometrics.SemBiometricDisplayStateMonitor@478eea8 took 0 ms
03-14 00:19:36.431  2083  2637 W LocalDisplayAdapter: !@display_state - 2349 : DOZE_SUSPEND -> DOZE (MAIN)
03-14 00:19:36.431  2083  2476 I SemBiometricDisplayStateMonitor: DisplayStateListener#onStart : DOZE, DOZE, DEFAULT_DISPLAY
03-14 00:19:36.432  2083  2083 D SGM:GameManager: onDisplayChanged. displyId: 0, state: 3
03-14 00:19:36.432  1567  1567 D SurfaceFlinger: Setting power mode 2 on physical display 4627039422300187648
03-14 00:19:36.432  2083  2176 D BrightnessThermalClamper: Thermal status observer already started
03-14 00:19:36.432  2083  2114 D WindowManager: DeferredDisplayUpdater: partially applying DisplayInfo(1080 x 2340) immediately
03-14 00:19:36.432  2083  2299 D SGM:FgCheckThread: onLooperPrepared(), msg: MSG_LCD_OFF
03-14 00:19:36.432  2083  2637 W LocalDisplayAdapter: !@display_state - 2349 : DOZE (MAIN) took 1 ms
03-14 00:19:36.432  1534  1546 I sysinput:aidl: onReportInformation:93, 1, enabled@3,0:0
03-14 00:19:36.432  2083  2637 D SemInputDeviceManagerService: setDisplayState[1] LATE: DOZE(3) -> DOZE(3)
03-14 00:19:36.433  2748  2748 I SecKeyguardClockPositionAlgorithm: prepareClockContainerHeightChanging:
03-14 00:19:36.433  1534  1546 I sysinput:Touch1: operator():133, 3,0 OK
03-14 00:19:36.434  2083  2637 D LocalDisplayAdapter: notifyStateChangeFinish: com.samsung.android.hardware.secinputdev.external.DisplayStateListenerWrapper$1@c7e080a took 2 ms
03-14 00:19:36.434  2083  2637 D LocalDisplayAdapter: notifyStateChangeFinish: com.android.server.biometrics.SemBiometricDisplayStateMonitor@478eea8 took 0 ms
03-14 00:19:36.435  2083  2476 I SemBiometricDisplayStateMonitor: DisplayStateListener#onFinish : DOZE, DOZE, DEFAULT_DISPLAY
03-14 00:19:36.436  2748  2748 I SecKeyguardClockPositionAlgorithm: prepareClockContainerHeightChanging:
03-14 00:19:36.437 29780 29864 D AudioFlinger: setParameters: filtered dev setParameters keyvalue screen_state=off
03-14 00:19:36.438  5415  5415 I HBD     : DeX h DeX mode state change in non-main thread 
03-14 00:19:36.438  5415  5415 I HBD     : DeX h DeX mode state change: 3 
03-14 00:19:36.438 29783 29791 D AudioALSAHardware: +setParameters(): screen_state=off
03-14 00:19:36.439  3238 28404 I HoneySpace.Memory-Monitor: current state = 3, didTrim = true
03-14 00:19:36.439 29783 29791 D AudioALSAHardware: -setParameters(): screen_state=off
03-14 00:19:36.439  2748  2882 D StackScroller: onDisplayChanged for predraw skip to 3
03-14 00:19:36.439  3238  3238 I VRI[LauncherActivity]@79a9058: onDisplayChanged oldDisplayState=4 newDisplayState=3
03-14 00:19:36.439  2748  2748 I AODBatteryManager: updateBatteryData: ACTION_BATTERY_CHANGED: false, isSleepModeChanged:false ,isRemainingTimeChanged: true, isUSBRestriction: false
03-14 00:19:36.440  3238  3238 I VRI[RecentsTransitionOverlay]@815033c: onDisplayChanged oldDisplayState=4 newDisplayState=3
03-14 00:19:36.438  2083  2558 D SysinputHAL_AIDL: activate(TSP(1)),3,0 ret=0
03-14 00:19:36.440  2748  2748 I ChargingInfoManager: updateChargingInfo: newState = AOD ChargingInfo [mState=BATTERY_AND_REMAIN_TIME, mIsCharging=true, mIsPlugged=true, mIsFullyCharged=false, mIsBatteryProtectMode=false, mBetteryLevel=83, mBetteryProtectModeType3, mIsSlowChargingfalse], oldState = AOD ChargingInfo [mState=BATTERY_AND_REMAIN_TIME, mIsCharging=true, mIsPlugged=true, mIsFullyCharged=false, mIsBatteryProtectMode=false, mBetteryLevel=83, mBetteryProtectModeType3, mIsSlowChargingfalse]
03-14 00:19:36.441  3238  3238 I VRI[CocktailBarService]@b870e79: onDisplayChanged oldDisplayState=4 newDisplayState=3
03-14 00:19:36.441  3238  3238 I VRI[RecentsActivity]@a5b1272: onDisplayChanged oldDisplayState=4 newDisplayState=3
03-14 00:19:36.441  2748  2748 D KeyguardUpdateMonitor: handleBatteryUpdate
03-14 00:19:36.442  2083  2176 D DisplayPowerController[0]: setActualDisplayState: DOZE_SUSPEND -> DOZE
03-14 00:19:36.442  2083  2176 D DisplayPowerController[0]: animateScreenStateChange: target=DOZE, mIsEnabled=true
03-14 00:19:36.442  5415  5415 I VRI[InputMethod]@e345dc8: onDisplayChanged oldDisplayState=4 newDisplayState=3
03-14 00:19:36.443  2083  2176 D DisplayPowerController[0]: animateScreenStateChange: target=DOZE, mIsEnabled=true
03-14 00:19:36.443  2083  2176 D PowerManagerService: displayReady: true groupId=0
03-14 00:19:36.444  2083  2558 D SemInputDevice:TSP: ActivateTask: 3,1 [03-14 00:19:36.432]
03-14 00:19:36.445  2748  2748 D KeyguardSecIndicationController: addTrustAgentHelp false
03-14 00:19:36.445  2748  2748 D KeyguardSecIndicationPolicy:  remove Item pos = DEFAULT, type =     TRUST_AGENT_HELP
03-14 00:19:36.445  1534  1546 I sysinput:aidl: onReportInformation:93, 1, enabled@3,1:0
03-14 00:19:36.445  2748  2748 D KeyguardSecIndicationController: addUsbRestriction false/isSecure=true
03-14 00:19:36.445  2748  2748 D KeyguardSecIndicationPolicy:  remove Item pos = DEFAULT, type =      USB_RESTRICTION
03-14 00:19:36.446  2748  2748 D KeyguardSecIndicationController: addBatteryAndOwnerInfoIndication() battery status = BatteryStatus{status=2,level=83,plugged=2,chargingStatus=0,maxChargingWattage=-1,remaining=1938000ultraFastCharger=1}
03-14 00:19:36.446  2083  2558 D SysinputHAL_AIDL: activate(TSP(1)),3,1 ret=0
03-14 00:19:36.446  2748  2748 D KeyguardSecIndicationPolicy:  add T Event pos = DEFAULT, type =              BATTERY, id =  1288, text =  %83
03-14 00:19:36.446  2748  2748 D KeyguardSecIndicationPolicy: Dolmasına 32 dk, duration = 3000
03-14 00:19:36.446  1534  1546 I sysinput:Touch1: operator():133, 3,1 OK
03-14 00:19:36.446  2748  2748 D KeyguardSecIndicationPolicy:   update top pos = DEFAULT, item = [id=1287|ty=BATTERY_RESTING|pr=20|txt= %82
03-14 00:19:36.446  2748  2748 D KeyguardSecIndicationPolicy: Dolmasına 33 dk|ti=duration=PERSISTENT|an=false] -> [id=1288|ty=BATTERY|pr=40|txt= %83
03-14 00:19:36.446  2748  2748 D KeyguardSecIndicationPolicy: Dolmasına 32 dk|ti=duration=3000|an=false]
03-14 00:19:36.446  2748  2748 D KeyguardSecIndicationController: onIndicationChanged() return - keyguard is not visible, pos = DEFAULT, item = [id=1288|ty=BATTERY|pr=40|txt= %83
03-14 00:19:36.446  2748  2748 D KeyguardSecIndicationController: Dolmasına 32 dk|ti=duration=3000|an=false]
03-14 00:19:36.446  2748  2748 D KeyguardSecIndicationPolicy: update Event pos = DEFAULT, type =      BATTERY_RESTING, id =  1289, text =  %83
03-14 00:19:36.446  2748  2748 D KeyguardSecIndicationPolicy: Dolmasına 32 dk
03-14 00:19:36.446  2748  2748 D SamsungBatteryMeterDrawable: onBatteryLevelChanged isSomethingChanged: true
03-14 00:19:36.446  2748  2802 I VRI[ShellDropTarget]@92e3be9: onDisplayChanged oldDisplayState=4 newDisplayState=3
03-14 00:19:36.446  2748  2748 D SamsungBatteryMeterDrawable: onBatteryLevelChanged isSomethingChanged: true
03-14 00:19:36.446  2748  2748 D SamsungBatteryMeterDrawable: onBatteryLevelChanged isSomethingChanged: true
03-14 00:19:36.447  2748  2802 I VRI[View root of ReusableWindowDecorViewHost#0]@254be1d: onDisplayChanged oldDisplayState=4 newDisplayState=3
03-14 00:19:36.447  2083  2910 D WifiDisplayAdapter: isFitToActiveDisplayLocked : false
03-14 00:19:36.447  2748  2748 I MODManager: onShow ChargingInfoOnlyContainer
03-14 00:19:36.447  2748  2748 W MODManager: this device does not supports cover
03-14 00:19:36.447  2748  2802 I VRI[View root of ReusableWindowDecorViewHost#1]@9ccb8b6: onDisplayChanged oldDisplayState=4 newDisplayState=3
03-14 00:19:36.447  2748  2748 D DisplayLifecycle: updateDisplay id = 0
03-14 00:19:36.447  2748  2748 I Keyguard.AODTouchModeManager: onDisplayChanged newDisplayState=3, currentDisplayState=4, displayId=0
03-14 00:19:36.448  5329  5329 I VRI[LauncherActivity]@9ba8716: onDisplayChanged oldDisplayState=4 newDisplayState=3
03-14 00:19:36.448  2748  2748 I ChargingInfoView: handleMessage: MSG_SHOW_CHARGING_INFO
03-14 00:19:36.449  2748  2748 I BottomChargingInfoView: updateContents: BATTERY_AND_REMAIN_TIME
03-14 00:19:36.449  2748  2748 I AOD_WAKELOCK@WakeLockManager: acquireIfExists: tag - charging_info, timeout - 1000, reason - Charging Info is updating, delay by 500, wakeLock = WakeLock{432cb95 held=true, refCount=2}
03-14 00:19:36.449  2748  2748 I ChargingInfoManager: getDeviceRemainingTime: Dolmasına 32 dk
03-14 00:19:36.449  2748  2748 I AOD_WAKELOCK@WakeLockManager: acquireIfExists: tag - charging_info, timeout - 5500, reason - Charging Info is updating, delay by 5000, wakeLock = WakeLock{432cb95 held=true, refCount=3}
03-14 00:19:36.449  2748  2748 I AbsChargingInfoComponent: setVisibilityWithAnim: skipped true
03-14 00:19:36.451  1567  1567 I BufferQueueProducer: [NotificationShade$_2748#15421](this:0xb400006f877dc638,id:-1,api:0,p:-1,c:1567) queueBuffer: fps=0.10 dur=10097.27 max=10097.27 min=10097.27
03-14 00:19:36.453  2748  2748 I SecKeyguardClockPositionAlgorithm: prepareClockContainerHeightChanging:
03-14 00:19:36.454  1501  1501 I hwcomposer: [HWCDisplay] (0 updateFps():4131), (type:1, mode:2) fps:0.198104,dur:10095.73,max:10015.20,min:80.53  
03-14 00:19:36.454  2748  2748 I SecKeyguardClockPositionAlgorithm: prepareClockContainerHeightChanging:
03-14 00:19:36.455  2748  2748 W View    : requestLayout() improperly called by com.android.systemui.qs.SecQSGradationDrawableView{7a62f74 V.E...... ......I. 0,0-1080,310 #7f0a0a16 app:id/qs_gradation_view} during layout: running second layout pass
03-14 00:19:36.455  2748  2748 W View    : requestLayout() improperly called by android.widget.FrameLayout{befbc9d V.E...... ......I. 0,0-1080,2340 #3} during layout: running second layout pass
03-14 00:19:36.455  2748  2748 W View    : requestLayout() improperly called by android.widget.FrameLayout{ef95512 V.E...... ......I. 0,143-1080,2301 #7f0a0a14 app:id/qs_frame} during layout: running second layout pass
03-14 00:19:36.456  2748  2748 I SecKeyguardClockPositionAlgorithm: prepareClockContainerHeightChanging:
03-14 00:19:36.457  2748  2748 I SecKeyguardClockPositionAlgorithm: prepareClockContainerHeightChanging:
03-14 00:19:36.458  2748  2748 I VRI[LockscreenShortcutBlur]@f4e5155: onDisplayChanged oldDisplayState=4 newDisplayState=3
03-14 00:19:36.458  2748  2748 I VRI[NavigationBar0]@cb51d69: onDisplayChanged oldDisplayState=4 newDisplayState=3
03-14 00:19:36.458  2748  2748 I VRI[EdgeBackGestureHandler0]@e247b7f: onDisplayChanged oldDisplayState=4 newDisplayState=3
03-14 00:19:36.458  2748  2748 I VRI[NotificationShade]@ddcb5e0: onDisplayChanged oldDisplayState=4 newDisplayState=3
03-14 00:19:36.458  2748  2748 I VRI[StatusBar]@b5f60f8: onDisplayChanged oldDisplayState=4 newDisplayState=3
03-14 00:19:36.458  2748  2748 I VRI[SecondaryHomeHandle0]@fc3d736: onDisplayChanged oldDisplayState=4 newDisplayState=3
03-14 00:19:36.459  2748  2748 I MODManager: onShow ChargingInfoOnlyContainer
03-14 00:19:36.459  2748  2748 W MODManager: this device does not supports cover
03-14 00:19:36.514  1501  1884 I hwcomposer: [HWC] (0)fire a callback of refresh to SF[4]  
03-14 00:19:36.524  1567  1567 I BufferQueueProducer: [FramebufferSurface](this:0xb400006faf4f0370,id:-1,api:1,p:1567,c:1567) queueBuffer: fps=0.10 dur=10085.99 max=10085.99 min=10085.99
03-14 00:19:36.627  2083  2083 I Telecom : SamsungTelecomServiceImpl : isInManagedCall - callingPackage : android / callingUser : UserHandle{0} / hasCrossUserAccess : true
03-14 00:19:36.645  3238  6389 I HoneySpace.NotificationListener: onNotificationPosted com.android.systemui: -1|com.android.systemui|2131364006|charging_state|10060: 0
03-14 00:19:36.646  3238  6389 I HoneySpace.NotificationListener: invalid notification: com.android.systemui UserHandle{-1}: canShowBadge is false
03-14 00:19:36.653  2748  2748 I LockscreenNotificationIconsOnlyController: onNotificationInfoUpdated 0
03-14 00:19:36.653  2748  2748 I AODNotificationManager: updateNotification() 
03-14 00:19:36.845  2748  2748 D Bubbles : onEntryUpdated : shouldBubbleUp=true ,key=-1|com.android.systemui|2131364006|charging_state|10060
03-14 00:19:36.847  2748  2748 D InterruptionStateProvider:  no Heads up : edgelighting enabled app. -1|com.android.systemui|2131364006|charging_state|10060
03-14 00:19:36.847  2748  2748 I {OngoingActivityController}: onEntryUpdated and OA data is empty. So update latest task info
03-14 00:19:36.869  2748  2748 I LockscreenNotificationIconsOnlyController: onNotificationInfoUpdated 0
03-14 00:19:36.869  2748  2748 I AODNotificationManager: updateNotification() 
03-14 00:19:36.879  2748  3330 D LocalImageResolver: Couldn't use ImageDecoder for drawable, falling back to non-resized load.
03-14 00:19:36.882  2748  3330 D LocalImageResolver: Couldn't use ImageDecoder for drawable, falling back to non-resized load.
03-14 00:19:36.888  2748  2748 D LocalImageResolver: Couldn't use ImageDecoder for drawable, falling back to non-resized load.
03-14 00:19:36.903  2748  2748 D ExpandableNotifRow: mMaxSmallHeight different before reInflateViews mMaxSmallHeight: 189 mTempSmallHeight:0 -1|com.android.systemui|2131364006|charging_state|10060
03-14 00:19:36.903  2748  2748 D ExpandableNotifRow: mMaxSmallHeight different before reInflateViews mMaxSmallHeight: 189 mTempSmallHeight:0 -1|com.android.systemui|2131364006|charging_state|10060
03-14 00:19:36.903  2748  2748 D ExpandableNotifRow: mMaxSmallHeight different before reInflateViews mMaxSmallHeight: 189 mTempSmallHeight:0 -1|com.android.systemui|2131364006|charging_state|10060
03-14 00:19:36.903  2748  2748 D ExpandableNotifRow: mMaxSmallHeight different before reInflateViews mMaxSmallHeight: 189 mTempSmallHeight:0 -1|com.android.systemui|2131364006|charging_state|10060
03-14 00:19:36.910  2748  2748 D LocalImageResolver: Couldn't use ImageDecoder for drawable, falling back to non-resized load.
03-14 00:19:36.921  2748  2748 I LockscreenNotificationIconsOnlyController: onNotificationInfoUpdated 0
03-14 00:19:36.921  2748  2748 I AODNotificationManager: updateNotification() 
03-14 00:19:37.240  1830  1970 I bauth_FPBAuthService: pcf : 0x1012, 0 ,1 ,0 ,0 ,0 ,0, 16.0.0.3
03-14 00:19:37.240  1830  1970 I bauth_FPBAuthService: thread id : 1, preenroll_flag : 0, nd cnt : 0, cso : 0, et : 0
03-14 00:19:37.241  1830  1970 I bauth_FPBAuthService: FPBAuthService::timerHandler complete
03-14 00:19:37.596   582   582 D io_stats: !@   8,32 r 3706036 78901620 w 2438588 31712428 d 307656 187094324 f 205122 237312 iot 1160372 0 th 0 0 0 pt 0 inp 0 0 50590.882
03-14 00:19:37.597   582   582 D io_stats: !@ Read_top(KB): .gms.persistent:high(14749) 12
03-14 00:19:37.597   582   582 D io_stats: !@ Write_top(KB): vendor.samsung.:normal(1528) 8
03-14 00:19:38.243  1830  1970 I bauth_FPBAuthService: pcf : 0x1012, 0 ,1 ,0 ,0 ,0 ,0, 16.0.0.3
03-14 00:19:38.243  1830  1970 I bauth_FPBAuthService: thread id : 1, preenroll_flag : 0, nd cnt : 0, cso : 0, et : 0
03-14 00:19:38.243  1830  1970 I bauth_FPBAuthService: FPBAuthService::timerHandler complete
03-14 00:19:38.798  2857  2857 I wpa_supplicant: Heartbeat 1391
03-14 00:19:39.245  1830  1970 I bauth_FPBAuthService: pcf : 0x1012, 0 ,1 ,0 ,0 ,0 ,0, 16.0.0.3
03-14 00:19:39.245  1830  1970 I bauth_FPBAuthService: thread id : 1, preenroll_flag : 0, nd cnt : 0, cso : 0, et : 0
03-14 00:19:39.245  1830  1970 I bauth_FPBAuthService: FPBAuthService::timerHandler complete
03-14 00:19:39.351  1673  1692 E thermal_core: find_tz_idx_by_name:"Failed to find thermal zone index of ap_ntc\n"
03-14 00:19:39.351  1673  1692 E thermal_core: find_tz_idx_by_name:"Failed to find thermal zone index of mtk-master-charger\n"
03-14 00:19:39.351  1673  1692 E thermal_core: find_tz_idx_by_name:"Failed to find thermal zone index of camera0\n"
03-14 00:19:39.351  1673  1692 E thermal_core: find_tz_idx_by_name:"Failed to find thermal zone index of mtk-master-charger\n"
03-14 00:19:39.351  1673  1692 E thermal_core: find_tz_idx_by_name:"Failed to find thermal zone index of nrpa_ntc\n"
03-14 00:19:39.352  1673  1692 E thermal_core: dump_thermal_log:"Error: sccanf error, ret=9\n"
03-14 00:19:39.353  1673  1692 E thermal_core: node_read:"Failed to read /sys/class/thermal/thermal_zone2/temp: No data available\n"
03-14 00:19:39.353  1673  1692 I thermal_core: "soc/nr/lte/ap_ntc/tpcb/conn/chg/cam/c_ttj/g_ttj/a_ttj=0/-274000/35210/-274000/46000/32000/-274000/-274000/85000/85000/85000\n"
03-14 00:19:39.354  1673  1692 I thermal_core: "[C(l)(c)(i)][G(l)(c)][A(l)(c)][TH][D]=[(666666/666666/666666)(500/725/0)(0x0)][(666666)(666666)][(666666666)(666666666)][0][1600]\n"
03-14 00:19:39.354  1673  1692 E thermal_core: node_read:"Failed to open /sys/kernel/helio-dvfsrc/dvfsrc_therm_info: No such file or directory\n"
03-14 00:19:39.354  1673  1692 I thermal_core: "1600"
03-14 00:19:39.450  2748  2748 D KeyguardSecIndicationPolicy:  remove Item pos = DEFAULT                             , id =  1288, 
03-14 00:19:39.451  2748  2748 D KeyguardSecIndicationPolicy:   update top pos = DEFAULT, item = [id=1288|ty=BATTERY|pr=40|txt= %83
03-14 00:19:39.451  2748  2748 D KeyguardSecIndicationPolicy: Dolmasına 32 dk|ti=duration=3000|an=false] -> [id=1289|ty=BATTERY_RESTING|pr=20|txt= %83
03-14 00:19:39.451  2748  2748 D KeyguardSecIndicationPolicy: Dolmasına 32 dk|ti=duration=PERSISTENT|an=false]
03-14 00:19:39.451  2748  2748 D KeyguardSecIndicationController: onIndicationChanged() return - keyguard is not visible, pos = DEFAULT, item = [id=1289|ty=BATTERY_RESTING|pr=20|txt= %83
03-14 00:19:39.451  2748  2748 D KeyguardSecIndicationController: Dolmasına 32 dk|ti=duration=PERSISTENT|an=false]
03-14 00:19:40.246  1830  1970 I bauth_FPBAuthService: pcf : 0x1012, 0 ,1 ,0 ,0 ,0 ,0, 16.0.0.3
03-14 00:19:40.246  1830  1970 I bauth_FPBAuthService: thread id : 1, preenroll_flag : 0, nd cnt : 0, cso : 0, et : 0
03-14 00:19:40.246  1830  1970 I bauth_FPBAuthService: FPBAuthService::timerHandler complete
03-14 00:19:40.333  1583  1596 D ccci_mdinit: (1):monitor_time_update_thread round:2244 ########
03-14 00:19:40.891  2083  2164 D MARsPolicyManager: triggerAction called!
03-14 00:19:40.892  2083  2164 I NSLocationMonitor: getGPSUsingApps() called
03-14 00:19:40.893  3549  3566 I NSLocationManager_FLP: getGPSUsingApps, No change
03-14 00:19:41.246  1830  1970 I bauth_FPBAuthService: pcf : 0x1012, 0 ,1 ,0 ,0 ,0 ,0, 16.0.0.3
03-14 00:19:41.246  1830  1970 I bauth_FPBAuthService: thread id : 1, preenroll_flag : 0, nd cnt : 0, cso : 0, et : 0
03-14 00:19:41.247  1830  1970 I bauth_FPBAuthService: FPBAuthService::timerHandler complete
03-14 00:19:41.356  2083  2125 E Watchdog: !@Sync: 1685 heap(MB): 131 / 156 FD: 1163 [2026-03-14 00:19:41.356]
03-14 00:19:41.603   582   582 D io_stats: !@ Write_top(KB): kworker/u32:3:/(31888) 256
03-14 00:19:41.953  2083  3122 D PowerManagerService: [api] release WakeLock DRAW_WAKE_LOCK                    'charging_info' ACQ=-5s524ms (uid=10060 pid=2748 displayId=0 lock=79a5834)
03-14 00:19:41.954  2083  3122 D PowerManagerService: displayReady: false groupId=0
03-14 00:19:41.955  2083  2176 D DisplayPowerController[0]: animateScreenStateChange: target=DOZE_SUSPEND, mIsEnabled=true
03-14 00:19:41.959  2083  2176 I DisplayPowerController[0]: BrightnessEvent: brt=0.16470589 (65.0%), nits= 42.077, lux=-1.0, reason=manual, strat=FallbackBrightnessStrategy, state=DOZE_SUSPEND, stateReason=UNKNOWN, policy=DOZE, flags=, initBrt=0.16470589, rcmdBrt=NaN, preBrt=NaN, preLux=0.0, wasShortTermModelActive=false, autoBrightness=false (default), unclampedBrt=0.16470589, hbmMax=1.0, hbmMode=off, thrmMax=1.0, rbcStrength=-1, powerFactor=1.0, physDisp=Yerleşik Ekran(local:4627039422300187648), logicalId=0, slowChange=false, rampSpeed=0.0
03-14 00:19:41.960  2083  2637 D DisplayManagerService: !@display_state requestDisplayStateInternal: DOZE -> DOZE_SUSPEND displayId=0
03-14 00:19:41.960  1520  1550 I mtkpower@impl: [setMode] type:9, enabled:1
03-14 00:19:41.961  1520  1550 I mtkpower@impl: [setMode] Mode::DISPLAY_INACTIVE: 1
03-14 00:19:41.961  2083  2637 D SemInputDeviceManagerService: setDisplayState[1] EARLY: DOZE(3) -> DOZE_SUSPEND(4)
03-14 00:19:41.962  2083  2116 I DisplayDeviceRepository: Display device changed state: "Yerleşik Ekran", DOZE_SUSPEND
03-14 00:19:41.963  2083  2637 D LocalDisplayAdapter: notifyStateChangeStart: com.samsung.android.hardware.secinputdev.external.DisplayStateListenerWrapper$1@c7e080a took 2 ms
03-14 00:19:41.963  2083  2114 D WindowManager: DeferredDisplayUpdater: partially applying DisplayInfo(1080 x 2340) immediately
03-14 00:19:41.964  2083  2637 D LocalDisplayAdapter: notifyStateChangeStart: com.android.server.biometrics.SemBiometricDisplayStateMonitor@478eea8 took 1 ms
03-14 00:19:41.964  2083  2637 W LocalDisplayAdapter: !@display_state - 2350 : DOZE -> DOZE_SUSPEND (MAIN)
03-14 00:19:41.964  2083  2083 D SGM:GameManager: onDisplayChanged. displyId: 0, state: 4
03-14 00:19:41.965  2083  2476 I SemBiometricDisplayStateMonitor: DisplayStateListener#onStart : DOZE_SUSPEND, DOZE_SUSPEND, DEFAULT_DISPLAY
03-14 00:19:41.965  2083  2176 D BrightnessThermalClamper: Thermal status observer already started
03-14 00:19:41.966  2083  2299 D SGM:FgCheckThread: onLooperPrepared(), msg: MSG_LCD_OFF
03-14 00:19:41.967 29780 29864 D AudioFlinger: setParameters: filtered dev setParameters keyvalue screen_state=off
03-14 00:19:41.968  1567  1567 D SurfaceFlinger: Setting power mode 2 on physical display 4627039422300187648
03-14 00:19:41.968  2083  2637 W LocalDisplayAdapter: !@display_state - 2350 : DOZE_SUSPEND (MAIN) took 4 ms
03-14 00:19:41.969 29783 29791 D AudioALSAHardware: +setParameters(): screen_state=off
03-14 00:19:41.969  2083  2637 D SemInputDeviceManagerService: setDisplayState[1] LATE: DOZE_SUSPEND(4) -> DOZE_SUSPEND(4)
03-14 00:19:41.969 29783 29791 D AudioALSAHardware: -setParameters(): screen_state=off
03-14 00:19:41.969  2083  2637 D LocalDisplayAdapter: notifyStateChangeFinish: com.samsung.android.hardware.secinputdev.external.DisplayStateListenerWrapper$1@c7e080a took 0 ms
03-14 00:19:41.969  2083  2637 D LocalDisplayAdapter: notifyStateChangeFinish: com.android.server.biometrics.SemBiometricDisplayStateMonitor@478eea8 took 0 ms
03-14 00:19:41.970  2083  2176 D DisplayPowerController[0]: setActualDisplayState: DOZE -> DOZE_SUSPEND
03-14 00:19:41.970  2083  2176 D DisplayPowerController[0]: animateScreenStateChange: target=DOZE_SUSPEND, mIsEnabled=true
03-14 00:19:41.970  2083  2476 I SemBiometricDisplayStateMonitor: DisplayStateListener#onFinish : DOZE_SUSPEND, DOZE_SUSPEND, DEFAULT_DISPLAY
03-14 00:19:41.971  2083  2176 D DisplayPowerController[0]: animateScreenStateChange: target=DOZE_SUSPEND, mIsEnabled=true
03-14 00:19:41.972  5415  5415 I HBD     : DeX h DeX mode state change in non-main thread 
03-14 00:19:41.972  5415  5415 I HBD     : DeX h DeX mode state change: 3 
03-14 00:19:41.972  3238  3238 I VRI[LauncherActivity]@79a9058: onDisplayChanged oldDisplayState=3 newDisplayState=4
03-14 00:19:41.972  3238 28401 I HoneySpace.Memory-Monitor: current state = 4, didTrim = true
03-14 00:19:41.972  3238  3238 I VRI[RecentsTransitionOverlay]@815033c: onDisplayChanged oldDisplayState=3 newDisplayState=4
03-14 00:19:41.973  3238  3238 I VRI[CocktailBarService]@b870e79: onDisplayChanged oldDisplayState=3 newDisplayState=4
03-14 00:19:41.973  3238  3238 I VRI[RecentsActivity]@a5b1272: onDisplayChanged oldDisplayState=3 newDisplayState=4
03-14 00:19:41.973  2083  2176 D PowerManagerService: displayReady: true groupId=0
03-14 00:19:41.977  5415  5415 I VRI[InputMethod]@e345dc8: onDisplayChanged oldDisplayState=3 newDisplayState=4
03-14 00:19:41.978  1567  1612 I VSyncReactor: Current= 90, Period= 90, hwcPeriod= 90
03-14 00:19:41.978  2083  2558 D SemInputDevice:TSP: ActivateTask: 4,0 [03-14 00:19:41.961]
03-14 00:19:41.980  5329  5329 I VRI[LauncherActivity]@9ba8716: onDisplayChanged oldDisplayState=3 newDisplayState=4
03-14 00:19:41.980  1534  1546 I sysinput:aidl: onReportInformation:93, 1, enabled@4,0:0
03-14 00:19:41.981  2748  2748 D DisplayLifecycle: updateDisplay id = 0
03-14 00:19:41.981  2748  2748 I Keyguard.AODTouchModeManager: onDisplayChanged newDisplayState=4, currentDisplayState=3, displayId=0
03-14 00:19:41.982  1534  1546 I sysinput:Touch1: operator():133, 4,0 OK
03-14 00:19:41.982  2083  2558 D SysinputHAL_AIDL: activate(TSP(1)),4,0 ret=0
03-14 00:19:41.982  2083  2558 D SemInputDevice:TSP: ActivateTask: 4,1 [03-14 00:19:41.969]
03-14 00:19:41.983  1534  1546 I sysinput:aidl: onReportInformation:93, 1, enabled@4,1:0
03-14 00:19:41.983  1534  1546 I sysinput:Touch1: operator():133, 4,1 OK
03-14 00:19:41.984  2083  2558 D SysinputHAL_AIDL: activate(TSP(1)),4,1 ret=0
03-14 00:19:41.985  2748  2802 I VRI[ShellDropTarget]@92e3be9: onDisplayChanged oldDisplayState=3 newDisplayState=4
03-14 00:19:41.986  2748  2802 I VRI[View root of ReusableWindowDecorViewHost#0]@254be1d: onDisplayChanged oldDisplayState=3 newDisplayState=4
03-14 00:19:41.986  2748  2802 I VRI[View root of ReusableWindowDecorViewHost#1]@9ccb8b6: onDisplayChanged oldDisplayState=3 newDisplayState=4
03-14 00:19:41.986  2083  5413 D WifiDisplayAdapter: isFitToActiveDisplayLocked : false
03-14 00:19:41.986  2748  2748 I VRI[LockscreenShortcutBlur]@f4e5155: onDisplayChanged oldDisplayState=3 newDisplayState=4
03-14 00:19:41.987  2748  2748 I VRI[NavigationBar0]@cb51d69: onDisplayChanged oldDisplayState=3 newDisplayState=4
03-14 00:19:41.987  2748  2748 I VRI[EdgeBackGestureHandler0]@e247b7f: onDisplayChanged oldDisplayState=3 newDisplayState=4
03-14 00:19:41.987  2748  2748 I VRI[NotificationShade]@ddcb5e0: onDisplayChanged oldDisplayState=3 newDisplayState=4
03-14 00:19:41.987  2748  2748 I VRI[StatusBar]@b5f60f8: onDisplayChanged oldDisplayState=3 newDisplayState=4
03-14 00:19:41.987  2748  2748 I VRI[SecondaryHomeHandle0]@fc3d736: onDisplayChanged oldDisplayState=3 newDisplayState=4
03-14 00:19:41.987  2748  2882 D StackScroller: onDisplayChanged for predraw skip to 4
03-14 00:19:42.249  1830  1970 I bauth_FPBAuthService: pcf : 0x1012, 0 ,1 ,0 ,0 ,0 ,0, 16.0.0.3
03-14 00:19:42.249  1830  1970 I bauth_FPBAuthService: thread id : 1, preenroll_flag : 0, nd cnt : 0, cso : 0, et : 0
03-14 00:19:42.249  1830  1970 I bauth_FPBAuthService: FPBAuthService::timerHandler complete
03-14 00:19:42.356  1673  1692 E thermal_core: find_tz_idx_by_name:"Failed to find thermal zone index of ap_ntc\n"
03-14 00:19:42.356  1673  1692 E thermal_core: find_tz_idx_by_name:"Failed to find thermal zone index of mtk-master-charger\n"
03-14 00:19:42.393  5068  6278 I SDHMS:x : SIOP:: AP:361 BAT:333 USB:341 CHG:375 PA:356 WIFI:354 BLK:0 SUBBAT:0 SKIN:341 SKINF:333 SKINB:341 LRP2:341 LRF2:333 LRB2:341 AP2:341 CHG2:338 MEM2:341 WIFI2:340 SPK2:320 VAP05:362 AVGCUR:1224 AVGSYS:0 POWER:5287
03-14 00:19:43.090  2083  2140 D BatteryExternalStatsWorker: update stats : procstate-change (10)
03-14 00:19:43.090  2083  2140 D BatteryExternalStatsWorker: Update Rail Energy data
03-14 00:19:43.090  2083  2140 D BatteryExternalStatsWorker: mStats lock released
03-14 00:19:43.090  2083  2140 D BatteryExternalStatsWorker: done updateExternalStatsLocked
03-14 00:19:43.250  1830  1970 I bauth_FPBAuthService: pcf : 0x1012, 0 ,1 ,0 ,0 ,0 ,0, 16.0.0.3
03-14 00:19:43.250  1830  1970 I bauth_FPBAuthService: thread id : 1, preenroll_flag : 0, nd cnt : 0, cso : 0, et : 0
03-14 00:19:43.250  1830  1970 I bauth_FPBAuthService: FPBAuthService::timerHandler complete
03-14 00:19:44.250  1830  1970 I bauth_FPBAuthService: pcf : 0x1012, 0 ,1 ,0 ,0 ,0 ,0, 16.0.0.3
03-14 00:19:44.250  1830  1970 I bauth_FPBAuthService: thread id : 1, preenroll_flag : 0, nd cnt : 0, cso : 0, et : 0
03-14 00:19:44.250  1830  1970 I bauth_FPBAuthService: FPBAuthService::timerHandler complete
03-14 00:19:45.251  1830  1970 I bauth_FPBAuthService: pcf : 0x1012, 0 ,1 ,0 ,0 ,0 ,0, 16.0.0.3
03-14 00:19:45.251  1830  1970 I bauth_FPBAuthService: thread id : 1, preenroll_flag : 0, nd cnt : 0, cso : 0, et : 0
03-14 00:19:45.251  1830  1970 I bauth_FPBAuthService: FPBAuthService::timerHandler complete
03-14 00:19:45.356  1673  1692 E thermal_core: find_tz_idx_by_name:"Failed to find thermal zone index of ap_ntc\n"
03-14 00:19:45.356  1673  1692 E thermal_core: find_tz_idx_by_name:"Failed to find thermal zone index of mtk-master-charger\n"
03-14 00:19:45.610   582   582 D io_stats: !@ Write_top(KB): sait.sohservice:low(1299) 40 kworker/u32:10:/(28446) 28
03-14 00:19:45.915  2083  2164 D MARsPolicyManager: triggerAction called!
03-14 00:19:45.915  2083  2164 I NSLocationMonitor: getGPSUsingApps() called
03-14 00:19:45.919  3549  3566 I NSLocationManager_FLP: getGPSUsingApps, No change
03-14 00:19:46.253  1830  1970 I bauth_FPBAuthService: pcf : 0x1012, 0 ,1 ,0 ,0 ,0 ,0, 16.0.0.3
03-14 00:19:46.253  1830  1970 I bauth_FPBAuthService: thread id : 1, preenroll_flag : 0, nd cnt : 0, cso : 0, et : 0
03-14 00:19:46.254  1830  1970 I bauth_FPBAuthService: FPBAuthService::timerHandler complete
03-14 00:19:46.488  1528  1554 E BatteryDump: !@new_battery_dump : 4320,1202,3000,3150,83,333,341,374,0,0,341,374,0,Charging,NO_CHARGING,Normal,Good,PDIC,0,Normal,0,0,9449,0x0,0x10000,0x0,0,0,0000,0000,00000000,0,0,0,0,486,4105,8150,980,0,
03-14 00:19:46.497  2083  5463 D [SS]BattFunctions: [sendRemainingChargingTimeChangedIntent]remainingChargingTime:1934 ,mLastRemainingChargingTime:1938
03-14 00:19:46.497  1536  1536 I seh_thermal_service: getTemperaturesWithType SehTemperatureType: 3
03-14 00:19:46.498  1528  1528 I sehhealth-service: updateLrpSysfs: write: 341
03-14 00:19:46.502  2748  2748 I AODBatteryManager: updateBatteryData: ACTION_BATTERY_CHANGED: false, isSleepModeChanged:false ,isRemainingTimeChanged: true, isUSBRestriction: false
03-14 00:19:46.503  2748  2748 I ChargingInfoManager: updateChargingInfo: newState = AOD ChargingInfo [mState=BATTERY_AND_REMAIN_TIME, mIsCharging=true, mIsPlugged=true, mIsFullyCharged=false, mIsBatteryProtectMode=false, mBetteryLevel=83, mBetteryProtectModeType3, mIsSlowChargingfalse], oldState = AOD ChargingInfo [mState=BATTERY_AND_REMAIN_TIME, mIsCharging=true, mIsPlugged=true, mIsFullyCharged=false, mIsBatteryProtectMode=false, mBetteryLevel=83, mBetteryProtectModeType3, mIsSlowChargingfalse]
03-14 00:19:46.505  2748  2748 D PowerUI : Remaining charging time : 1934
03-14 00:19:46.505  2748  2748 D PowerUI : Charging time is changed, check charging notification
03-14 00:19:46.507  2748  2748 D PowerUI.Notification: showChargingNotice - Battery Level : 83 -> 83, Charging Type : 11 -> 11, Charging Time : 1938 -> 1934, Maximum protection : false -> false, Maximum threshold : 80 -> 80
03-14 00:19:46.511  2748  2748 I NotificationManager: com.android.systemui: notify(2131364006, charging_state, Notification(channel=CHR shortcut=null contentView=null vibrate=null sound=null defaults=0 flags=ONGOING_EVENT|ONLY_ALERT_ONCE color=0x00000000 category=sys groupKey=CHARGING vis=PUBLIC semFlags=0x0 semPriority=0 semMissedCount=0)) as user
03-14 00:19:46.516  1567  1613 I VSyncReactor: Current= 90, Period= 90, hwcPeriod= 90
03-14 00:19:46.519  2083  5413 W PermissionService: getPermissionFlags: Unknown user -1
03-14 00:19:46.519  2083  5413 W PermissionService: getPermissionFlags: Unknown user -1
03-14 00:19:46.522  2748  2748 I ChargingInfoView: handleMessage: MSG_SHOW_CHARGING_INFO
03-14 00:19:46.522  2748  2748 I BottomChargingInfoView: updateContents: BATTERY_AND_REMAIN_TIME
03-14 00:19:46.522  2748  2748 I AOD_WAKELOCK@WakeLockManager: acquireIfExists: tag - charging_info, timeout - 1000, reason - Charging Info is updating, delay by 500, wakeLock = WakeLock{432cb95 held=false, refCount=0}
03-14 00:19:46.524  2083  5413 D PowerManagerService: [api] acquire WakeLock DRAW_WAKE_LOCK                    'charging_info' (uid=10060 pid=2748 displayId=0 lock=79a5834)
03-14 00:19:46.525  2083  5413 D PowerManagerService: displayReady: false groupId=0
03-14 00:19:46.525  2083  2176 D DisplayPowerController[0]: animateScreenStateChange: target=DOZE, mIsEnabled=true
03-14 00:19:46.526  2748  2748 I ChargingInfoManager: getDeviceRemainingTime: Dolmasına 32 dk
03-14 00:19:46.526  2748  2748 I AOD_WAKELOCK@WakeLockManager: acquireIfExists: tag - charging_info, timeout - 5500, reason - Charging Info is updating, delay by 5000, wakeLock = WakeLock{432cb95 held=true, refCount=1}
03-14 00:19:46.527  2748  2748 I AbsChargingInfoComponent: setVisibilityWithAnim: skipped true
03-14 00:19:46.529  2083  2176 I DisplayPowerController[0]: BrightnessEvent: brt=0.16470589 (65.0%), nits= 42.077, lux=-1.0, reason=manual, strat=FallbackBrightnessStrategy, state=DOZE, stateReason=DRAW_WAKE_LOCK, policy=DOZE, flags=, initBrt=0.16470589, rcmdBrt=NaN, preBrt=NaN, preLux=0.0, wasShortTermModelActive=false, autoBrightness=false (default), unclampedBrt=0.16470589, hbmMax=1.0, hbmMode=off, thrmMax=1.0, rbcStrength=-1, powerFactor=1.0, physDisp=Yerleşik Ekran(local:4627039422300187648), logicalId=0, slowChange=false, rampSpeed=0.0
03-14 00:19:46.530  1520  1550 I mtkpower@impl: [setMode] type:9, enabled:1
03-14 00:19:46.530  2083  2637 D DisplayManagerService: !@display_state requestDisplayStateInternal: DOZE_SUSPEND -> DOZE displayId=0
03-14 00:19:46.531  1520  1550 I mtkpower@impl: [setMode] Mode::DISPLAY_INACTIVE: 1
03-14 00:19:46.531  2748  2748 I SecKeyguardClockPositionAlgorithm: prepareClockContainerHeightChanging:
03-14 00:19:46.531  2083  2637 D SemInputDeviceManagerService: setDisplayState[1] EARLY: DOZE_SUSPEND(4) -> DOZE(3)
03-14 00:19:46.532  2083  2116 I DisplayDeviceRepository: Display device changed state: "Yerleşik Ekran", DOZE
03-14 00:19:46.533  2083  2637 D LocalDisplayAdapter: notifyStateChangeStart: com.samsung.android.hardware.secinputdev.external.DisplayStateListenerWrapper$1@c7e080a took 2 ms
03-14 00:19:46.534  2083  2083 D SGM:GameManager: onDisplayChanged. displyId: 0, state: 3
03-14 00:19:46.534  2083  2114 D WindowManager: DeferredDisplayUpdater: partially applying DisplayInfo(1080 x 2340) immediately
03-14 00:19:46.534  2083  2476 I SemBiometricDisplayStateMonitor: DisplayStateListener#onStart : DOZE, DOZE, DEFAULT_DISPLAY
03-14 00:19:46.535  2083  2637 D LocalDisplayAdapter: notifyStateChangeStart: com.android.server.biometrics.SemBiometricDisplayStateMonitor@478eea8 took 1 ms
03-14 00:19:46.535  2083  2637 W LocalDisplayAdapter: !@display_state - 2351 : DOZE_SUSPEND -> DOZE (MAIN)
03-14 00:19:46.535  2083  2176 D BrightnessThermalClamper: Thermal status observer already started
03-14 00:19:46.536  2083  2558 D SemInputDevice:TSP: ActivateTask: 3,0 [03-14 00:19:46.532]
03-14 00:19:46.536  1567  1567 D SurfaceFlinger: Setting power mode 2 on physical display 4627039422300187648
03-14 00:19:46.537  2083  2637 W LocalDisplayAdapter: !@display_state - 2351 : DOZE (MAIN) took 2 ms
03-14 00:19:46.537  2748  2748 I SecKeyguardClockPositionAlgorithm: prepareClockContainerHeightChanging:
03-14 00:19:46.538  2083  2637 D SemInputDeviceManagerService: setDisplayState[1] LATE: DOZE(3) -> DOZE(3)
03-14 00:19:46.538  1534  1546 I sysinput:aidl: onReportInformation:93, 1, enabled@3,0:0
03-14 00:19:46.540  1534  1546 I sysinput:Touch1: operator():133, 3,0 OK
03-14 00:19:46.541  2083  2299 D SGM:FgCheckThread: onLooperPrepared(), msg: MSG_LCD_OFF
03-14 00:19:46.542  2083  2558 D SysinputHAL_AIDL: activate(TSP(1)),3,0 ret=0
03-14 00:19:46.542  2083  2558 D SemInputDevice:TSP: ActivateTask: 3,1 [03-14 00:19:46.539]
03-14 00:19:46.542  2083  2637 D LocalDisplayAdapter: notifyStateChangeFinish: com.samsung.android.hardware.secinputdev.external.DisplayStateListenerWrapper$1@c7e080a took 5 ms
03-14 00:19:46.543  2083  2637 D LocalDisplayAdapter: notifyStateChangeFinish: com.android.server.biometrics.SemBiometricDisplayStateMonitor@478eea8 took 1 ms
03-14 00:19:46.543  1534  1546 I sysinput:aidl: onReportInformation:93, 1, enabled@3,1:0
03-14 00:19:46.544  1534  1546 I sysinput:Touch1: operator():133, 3,1 OK
03-14 00:19:46.544  2748  2748 I MODManager: onShow ChargingInfoOnlyContainer
03-14 00:19:46.544  2748  2748 W MODManager: this device does not supports cover
03-14 00:19:46.544  2083  2558 D SysinputHAL_AIDL: activate(TSP(1)),3,1 ret=0
03-14 00:19:46.544  5415  5415 I HBD     : DeX h DeX mode state change in non-main thread 
03-14 00:19:46.544  5415  5415 I HBD     : DeX h DeX mode state change: 3 
03-14 00:19:46.544  2748  2748 D DisplayLifecycle: updateDisplay id = 0
03-14 00:19:46.545  2083  2476 I SemBiometricDisplayStateMonitor: DisplayStateListener#onFinish : DOZE, DOZE, DEFAULT_DISPLAY
03-14 00:19:46.545 29780 29864 D AudioFlinger: setParameters: filtered dev setParameters keyvalue screen_state=off
03-14 00:19:46.545  3238 28401 I HoneySpace.Memory-Monitor: current state = 3, didTrim = true
03-14 00:19:46.546  2083  2176 D DisplayPowerController[0]: setActualDisplayState: DOZE_SUSPEND -> DOZE
03-14 00:19:46.546  2083  2176 D DisplayPowerController[0]: animateScreenStateChange: target=DOZE, mIsEnabled=true
03-14 00:19:46.546  2083  2176 D DisplayPowerController[0]: animateScreenStateChange: target=DOZE, mIsEnabled=true
03-14 00:19:46.546  2083  2176 D PowerManagerService: displayReady: true groupId=0
03-14 00:19:46.546  3238  3238 I VRI[LauncherActivity]@79a9058: onDisplayChanged oldDisplayState=4 newDisplayState=3
03-14 00:19:46.547 29783 29791 D AudioALSAHardware: +setParameters(): screen_state=off
03-14 00:19:46.547 29783 29791 D AudioALSAHardware: -setParameters(): screen_state=off
03-14 00:19:46.547  3238  3238 I VRI[RecentsTransitionOverlay]@815033c: onDisplayChanged oldDisplayState=4 newDisplayState=3
03-14 00:19:46.549  5415  5415 I VRI[InputMethod]@e345dc8: onDisplayChanged oldDisplayState=4 newDisplayState=3
03-14 00:19:46.551  3238  3238 I VRI[CocktailBarService]@b870e79: onDisplayChanged oldDisplayState=4 newDisplayState=3
03-14 00:19:46.552  3238  3238 I VRI[RecentsActivity]@a5b1272: onDisplayChanged oldDisplayState=4 newDisplayState=3
03-14 00:19:46.552  2748  2802 I VRI[ShellDropTarget]@92e3be9: onDisplayChanged oldDisplayState=4 newDisplayState=3
03-14 00:19:46.553  2748  2802 I VRI[View root of ReusableWindowDecorViewHost#0]@254be1d: onDisplayChanged oldDisplayState=4 newDisplayState=3
03-14 00:19:46.553  2748  2802 I VRI[View root of ReusableWindowDecorViewHost#1]@9ccb8b6: onDisplayChanged oldDisplayState=4 newDisplayState=3
03-14 00:19:46.553  2748  2748 I Keyguard.AODTouchModeManager: onDisplayChanged newDisplayState=3, currentDisplayState=4, displayId=0
03-14 00:19:46.556  2083  3122 D WifiDisplayAdapter: isFitToActiveDisplayLocked : false
03-14 00:19:46.557  2748  2748 I VRI[LockscreenShortcutBlur]@f4e5155: onDisplayChanged oldDisplayState=4 newDisplayState=3
03-14 00:19:46.557  2748  2882 D StackScroller: onDisplayChanged for predraw skip to 3
03-14 00:19:46.557  2748  2748 I VRI[NavigationBar0]@cb51d69: onDisplayChanged oldDisplayState=4 newDisplayState=3
03-14 00:19:46.557  2748  2748 I VRI[EdgeBackGestureHandler0]@e247b7f: onDisplayChanged oldDisplayState=4 newDisplayState=3
03-14 00:19:46.557  2748  2748 I VRI[NotificationShade]@ddcb5e0: onDisplayChanged oldDisplayState=4 newDisplayState=3
03-14 00:19:46.557  2748  2748 I VRI[StatusBar]@b5f60f8: onDisplayChanged oldDisplayState=4 newDisplayState=3
03-14 00:19:46.557  2748  2748 I VRI[SecondaryHomeHandle0]@fc3d736: onDisplayChanged oldDisplayState=4 newDisplayState=3
03-14 00:19:46.558  5329  5329 I VRI[LauncherActivity]@9ba8716: onDisplayChanged oldDisplayState=4 newDisplayState=3
03-14 00:19:46.561  1567  1567 I BufferQueueProducer: [NotificationShade$_2748#15421](this:0xb400006f877dc638,id:-1,api:0,p:-1,c:1567) queueBuffer: fps=0.20 dur=10109.39 max=10098.72 min=10.67
03-14 00:19:46.565  1501  1501 I hwcomposer: [HWCDisplay] (0 updateFps():4131), (type:1, mode:2) fps:0.296722,dur:10110.47,max:10039.51,min:8.98  
03-14 00:19:46.635  1501  1884 I hwcomposer: [HWC] (0)fire a callback of refresh to SF[4]  
03-14 00:19:46.645  1567  1567 I BufferQueueProducer: [FramebufferSurface](this:0xb400006faf4f0370,id:-1,api:1,p:1567,c:1567) queueBuffer: fps=0.10 dur=10120.71 max=10120.71 min=10120.71
03-14 00:19:46.725  2083  2083 I Telecom : SamsungTelecomServiceImpl : isInManagedCall - callingPackage : android / callingUser : UserHandle{0} / hasCrossUserAccess : true
03-14 00:19:46.744  3238  6389 I HoneySpace.NotificationListener: onNotificationPosted com.android.systemui: -1|com.android.systemui|2131364006|charging_state|10060: 0
03-14 00:19:46.744  3238  6389 I HoneySpace.NotificationListener: invalid notification: com.android.systemui UserHandle{-1}: canShowBadge is false
03-14 00:19:46.753  2748  2748 I LockscreenNotificationIconsOnlyController: onNotificationInfoUpdated 0
03-14 00:19:46.753  2748  2748 I AODNotificationManager: updateNotification() 
03-14 00:19:46.945  2748  2748 D Bubbles : onEntryUpdated : shouldBubbleUp=true ,key=-1|com.android.systemui|2131364006|charging_state|10060
03-14 00:19:46.947  2748  2748 D InterruptionStateProvider:  no Heads up : edgelighting enabled app. -1|com.android.systemui|2131364006|charging_state|10060
03-14 00:19:46.947  2748  2748 I {OngoingActivityController}: onEntryUpdated and OA data is empty. So update latest task info
03-14 00:19:46.966  2748  2748 I LockscreenNotificationIconsOnlyController: onNotificationInfoUpdated 0
03-14 00:19:46.967  2748  2748 I AODNotificationManager: updateNotification() 
03-14 00:19:46.974  2748  3330 D LocalImageResolver: Couldn't use ImageDecoder for drawable, falling back to non-resized load.
03-14 00:19:46.976  2748  3330 D LocalImageResolver: Couldn't use ImageDecoder for drawable, falling back to non-resized load.
03-14 00:19:46.979  2748  2748 D LocalImageResolver: Couldn't use ImageDecoder for drawable, falling back to non-resized load.
03-14 00:19:46.987  2748  2748 D ExpandableNotifRow: mMaxSmallHeight different before reInflateViews mMaxSmallHeight: 189 mTempSmallHeight:0 -1|com.android.systemui|2131364006|charging_state|10060
03-14 00:19:46.987  2748  2748 D ExpandableNotifRow: mMaxSmallHeight different before reInflateViews mMaxSmallHeight: 189 mTempSmallHeight:0 -1|com.android.systemui|2131364006|charging_state|10060
03-14 00:19:46.987  2748  2748 D ExpandableNotifRow: mMaxSmallHeight different before reInflateViews mMaxSmallHeight: 189 mTempSmallHeight:0 -1|com.android.systemui|2131364006|charging_state|10060
