03-14 00:22:08.116  2748  2882 D StackScroller: onDisplayChanged for predraw skip to 3
03-14 00:22:08.122  1567  1567 I BufferQueueProducer: [NotificationShade$_2748#15421](this:0xb400006f877dc638,id:-1,api:0,p:-1,c:1567) queueBuffer: fps=0.13 dur=7657.02 max=7657.02 min=7657.02
03-14 00:22:08.127  1501  1501 I hwcomposer: [HWCDisplay] (0 updateFps():4131), (type:1, mode:2) fps:0.261127,dur:7659.11,max:7570.07,min:89.04  
03-14 00:22:08.191  1501  1884 I hwcomposer: [HWC] (0)fire a callback of refresh to SF[4]  
03-14 00:22:08.205  1567  1567 I BufferQueueProducer: [FramebufferSurface](this:0xb400006faf4f0370,id:-1,api:1,p:1567,c:1567) queueBuffer: fps=0.13 dur=7649.18 max=7649.18 min=7649.18
03-14 00:22:08.292  2083  2083 I Telecom : SamsungTelecomServiceImpl : isInManagedCall - callingPackage : android / callingUser : UserHandle{0} / hasCrossUserAccess : true
03-14 00:22:08.310  3238  6389 I HoneySpace.NotificationListener: onNotificationPosted com.android.systemui: -1|com.android.systemui|2131364006|charging_state|10060: 0
03-14 00:22:08.311  3238  6389 I HoneySpace.NotificationListener: invalid notification: com.android.systemui UserHandle{-1}: canShowBadge is false
03-14 00:22:08.322  2748  2748 I LockscreenNotificationIconsOnlyController: onNotificationInfoUpdated 0
03-14 00:22:08.322  2748  2748 I AODNotificationManager: updateNotification() 
03-14 00:22:08.507  1830  1970 I bauth_FPBAuthService: pcf : 0x1012, 0 ,1 ,0 ,0 ,0 ,0, 16.0.0.3
03-14 00:22:08.507  1830  1970 I bauth_FPBAuthService: thread id : 1, preenroll_flag : 0, nd cnt : 0, cso : 0, et : 0
03-14 00:22:08.507  1830  1970 I bauth_FPBAuthService: FPBAuthService::timerHandler complete
03-14 00:22:08.512  2748  2748 D Bubbles : onEntryUpdated : shouldBubbleUp=true ,key=-1|com.android.systemui|2131364006|charging_state|10060
03-14 00:22:08.514  2748  2748 D InterruptionStateProvider:  no Heads up : edgelighting enabled app. -1|com.android.systemui|2131364006|charging_state|10060
03-14 00:22:08.515  2748  2748 I {OngoingActivityController}: onEntryUpdated and OA data is empty. So update latest task info
03-14 00:22:08.536  2748  2748 I LockscreenNotificationIconsOnlyController: onNotificationInfoUpdated 0
03-14 00:22:08.536  2748  2748 I AODNotificationManager: updateNotification() 
03-14 00:22:08.543  2748  3330 D LocalImageResolver: Couldn't use ImageDecoder for drawable, falling back to non-resized load.
03-14 00:22:08.546  2748  3330 D LocalImageResolver: Couldn't use ImageDecoder for drawable, falling back to non-resized load.
03-14 00:22:08.552  2748  2748 D LocalImageResolver: Couldn't use ImageDecoder for drawable, falling back to non-resized load.
03-14 00:22:08.565  2748  2748 D ExpandableNotifRow: mMaxSmallHeight different before reInflateViews mMaxSmallHeight: 189 mTempSmallHeight:0 -1|com.android.systemui|2131364006|charging_state|10060
03-14 00:22:08.565  2748  2748 D ExpandableNotifRow: mMaxSmallHeight different before reInflateViews mMaxSmallHeight: 189 mTempSmallHeight:0 -1|com.android.systemui|2131364006|charging_state|10060
03-14 00:22:08.565  2748  2748 D ExpandableNotifRow: mMaxSmallHeight different before reInflateViews mMaxSmallHeight: 189 mTempSmallHeight:0 -1|com.android.systemui|2131364006|charging_state|10060
03-14 00:22:08.565  2748  2748 D ExpandableNotifRow: mMaxSmallHeight different before reInflateViews mMaxSmallHeight: 189 mTempSmallHeight:0 -1|com.android.systemui|2131364006|charging_state|10060
03-14 00:22:08.574  2748  2748 D LocalImageResolver: Couldn't use ImageDecoder for drawable, falling back to non-resized load.
03-14 00:22:08.580  2748  2748 I LockscreenNotificationIconsOnlyController: onNotificationInfoUpdated 0
03-14 00:22:08.580  2748  2748 I AODNotificationManager: updateNotification() 
03-14 00:22:08.962  2857  2857 I wpa_supplicant: Heartbeat 1406
03-14 00:22:09.262 14749  6644 I .gms.persistent: Explicit concurrent mark compact GC freed 5011KB AllocSpace bytes, 19(560KB) LOS objects, 66% free, 17MB/53MB, paused 415us,4.387ms total 135.797ms
03-14 00:22:09.493  1673  1692 E thermal_core: find_tz_idx_by_name:"Failed to find thermal zone index of ap_ntc\n"
03-14 00:22:09.493  1673  1692 E thermal_core: find_tz_idx_by_name:"Failed to find thermal zone index of mtk-master-charger\n"
03-14 00:22:09.509  1830  1970 I bauth_FPBAuthService: pcf : 0x1012, 0 ,1 ,0 ,0 ,0 ,0, 16.0.0.3
03-14 00:22:09.510  1830  1970 I bauth_FPBAuthService: thread id : 1, preenroll_flag : 0, nd cnt : 0, cso : 0, et : 0
03-14 00:22:09.510  1830  1970 I bauth_FPBAuthService: FPBAuthService::timerHandler complete
03-14 00:22:09.811   582   582 D io_stats: !@ Read_top(KB): ng.android.scpm:low(7151) 2504 ng.android.lool:low(16063) 788 ng.android.scpm:high(7151) 556
03-14 00:22:09.811   582   582 D io_stats: !@ Write_top(KB): kworker/u32:10:/(28446) 336 ng.android.scpm:low(7151) 24 vendor.samsung.:normal(1528) 12
03-14 00:22:10.454  2083  2226 I ActivityManager: Changes in 10105 10 to 10, 128 to 0
03-14 00:22:10.456  2083  2226 I ActivityManager: Changes in 5009 10 to 10, 128 to 0
03-14 00:22:10.463  1567  1987 I VSyncReactor: Current= 90, Period= 90, hwcPeriod= 90
03-14 00:22:10.468 16063 16063 W SmApplication: onTrimMemory : 40
03-14 00:22:10.470 16063 16063 I DC.AppIconCache: clear icon cache
03-14 00:22:10.488  1583  1596 D ccci_mdinit: (1):monitor_time_update_thread round:2249 ########
03-14 00:22:10.511  1830  1970 I bauth_FPBAuthService: pcf : 0x1012, 0 ,1 ,0 ,0 ,0 ,0, 16.0.0.3
03-14 00:22:10.511  1830  1970 I bauth_FPBAuthService: thread id : 1, preenroll_flag : 0, nd cnt : 0, cso : 0, et : 0
03-14 00:22:10.511  1830  1970 I bauth_FPBAuthService: FPBAuthService::timerHandler complete
03-14 00:22:11.408  2083  2125 E Watchdog: !@Sync: 1690 heap(MB): 125 / 157 FD: 1163 [2026-03-14 00:22:11.407]
03-14 00:22:11.511  1830  1970 I bauth_FPBAuthService: pcf : 0x1012, 0 ,1 ,0 ,0 ,0 ,0, 16.0.0.3
03-14 00:22:11.512  1830  1970 I bauth_FPBAuthService: thread id : 1, preenroll_flag : 0, nd cnt : 0, cso : 0, et : 0
03-14 00:22:11.512  1830  1970 I bauth_FPBAuthService: FPBAuthService::timerHandler complete
03-14 00:22:11.670  2083  2164 D MARsPolicyManager: triggerAction called!
03-14 00:22:11.671  2083  2164 I NSLocationMonitor: getGPSUsingApps() called
03-14 00:22:11.672  3549  3566 I NSLocationManager_FLP: getGPSUsingApps, No change
03-14 00:22:11.815   582   582 D io_stats: !@   8,32 r 3706636 78919708 w 2439359 31718252 d 307664 187098224 f 205154 237364 iot 1160780 0 th 0 0 0 pt 0 inp 0 0 50745.101
03-14 00:22:11.864  2083  2665 D NetdEventListenerService: CSC Feature value: true
03-14 00:22:11.865  2083  2665 D NetdEventListenerService: CSC Feature value: true
03-14 00:22:11.866  2083  2640 D NetdEventListenerService: DNS Requested by 126, 5009(com.samsung.android.scloud,...), 255(TIMEOUT), isBlocked=false, 6016ms
03-14 00:22:11.880  7151  7170 E FirebaseMessaging: Failed to get FIS auth token
03-14 00:22:11.880  7151  7170 E FirebaseMessaging: java.util.concurrent.ExecutionException: com.google.firebase.installations.FirebaseInstallationsException: Firebase Installations Service is unavailable. Please try again later.
03-14 00:22:11.880  7151  7170 E FirebaseMessaging: 	at z1.c.p0(Unknown Source:32)
03-14 00:22:11.880  7151  7170 E FirebaseMessaging: 	at z1.c.e(Unknown Source:63)
03-14 00:22:11.880  7151  7170 E FirebaseMessaging: 	at E1.a.e(Unknown Source:168)
03-14 00:22:11.880  7151  7170 E FirebaseMessaging: 	at E1.a.f(Unknown Source:0)
03-14 00:22:11.880  7151  7170 E FirebaseMessaging: 	at com.google.firebase.messaging.FirebaseMessaging.a(Unknown Source:111)
03-14 00:22:11.880  7151  7170 E FirebaseMessaging: 	at I0.z.b(Unknown Source:5)
03-14 00:22:11.880  7151  7170 E FirebaseMessaging: 	at I0.z.run(Unknown Source:106)
03-14 00:22:11.880  7151  7170 E FirebaseMessaging: 	at java.util.concurrent.Executors$RunnableAdapter.call(Executors.java:520)
03-14 00:22:11.880  7151  7170 E FirebaseMessaging: 	at java.util.concurrent.FutureTask.run(FutureTask.java:317)
03-14 00:22:11.880  7151  7170 E FirebaseMessaging: 	at java.util.concurrent.ScheduledThreadPoolExecutor$ScheduledFutureTask.run(ScheduledThreadPoolExecutor.java:348)
03-14 00:22:11.880  7151  7170 E FirebaseMessaging: 	at java.util.concurrent.ThreadPoolExecutor.runWorker(ThreadPoolExecutor.java:1154)
03-14 00:22:11.880  7151  7170 E FirebaseMessaging: 	at java.util.concurrent.ThreadPoolExecutor$Worker.run(ThreadPoolExecutor.java:652)
03-14 00:22:11.880  7151  7170 E FirebaseMessaging: 	at com.google.firebase.concurrent.j.run(Unknown Source:11)
03-14 00:22:11.880  7151  7170 E FirebaseMessaging: 	at java.lang.Thread.run(Thread.java:1564)
03-14 00:22:11.880  7151  7170 E FirebaseMessaging: Caused by: com.google.firebase.installations.FirebaseInstallationsException: Firebase Installations Service is unavailable. Please try again later.
03-14 00:22:11.880  7151  7170 E FirebaseMessaging: 	at com.google.firebase.installations.a.b(Unknown Source:350)
03-14 00:22:11.880  7151  7170 E FirebaseMessaging: 	at D0.c.run(Unknown Source:69)
03-14 00:22:11.880  7151  7170 E FirebaseMessaging: 	at com.google.firebase.concurrent.j.run(Unknown Source:32)
03-14 00:22:11.880  7151  7170 E FirebaseMessaging: 	at com.google.firebase.concurrent.k.a(Unknown Source:80)
03-14 00:22:11.880  7151  7170 E FirebaseMessaging: 	at com.google.firebase.concurrent.k.run(Unknown Source:0)
03-14 00:22:11.880  7151  7170 E FirebaseMessaging: 	at java.util.concurrent.ThreadPoolExecutor.runWorker(ThreadPoolExecutor.java:1154)
03-14 00:22:11.880  7151  7170 E FirebaseMessaging: 	at java.util.concurrent.ThreadPoolExecutor$Worker.run(ThreadPoolExecutor.java:652)
03-14 00:22:11.880  7151  7170 E FirebaseMessaging: 	at I0.n.run(Unknown Source:245)
03-14 00:22:11.880  7151  7170 E FirebaseMessaging: 	... 1 more
03-14 00:22:11.882  1567  1987 I VSyncReactor: Current= 90, Period= 90, hwcPeriod= 90
03-14 00:22:11.893  2083  2566 D BackgroundInstallControlService: Package event received: 0
03-14 00:22:11.896  7151  7166 W ng.android.scpm: Long monitor contention with owner TAG (7170) at java.lang.String com.google.firebase.messaging.FirebaseMessaging.a()(SourceFile:-1) waiters=0 in java.lang.String com.google.firebase.messaging.FirebaseMessaging.a() for 6.074s
03-14 00:22:12.147  2083  2640 D NetdEventListenerService: DNS Requested by 126, 10218(com.google.android.gms,...), SUCCESS, 228ms
03-14 00:22:12.462  7151  7170 E FirebaseMessaging: Topic sync or token retrieval failed on hard failure exceptions: java.util.concurrent.ExecutionException: java.io.IOException: FIS_AUTH_ERROR. Won't retry the operation.
03-14 00:22:12.474  5068  6278 I SDHMS:x : SIOP:: AP:355 BAT:329 USB:337 CHG:366 PA:349 WIFI:347 BLK:0 SUBBAT:0 SKIN:334 SKINF:327 SKINB:334 LRP2:334 LRF2:327 LRB2:334 AP2:334 CHG2:332 MEM2:334 WIFI2:334 SPK2:320 VAP05:355 AVGCUR:1101 AVGSYS:0 POWER:4756
03-14 00:22:12.496  1673  1692 E thermal_core: find_tz_idx_by_name:"Failed to find thermal zone index of ap_ntc\n"
03-14 00:22:12.497  1673  1692 E thermal_core: find_tz_idx_by_name:"Failed to find thermal zone index of mtk-master-charger\n"
03-14 00:22:12.512  1830  1970 I bauth_FPBAuthService: pcf : 0x1012, 0 ,1 ,0 ,0 ,0 ,0, 16.0.0.3
03-14 00:22:12.513  1830  1970 I bauth_FPBAuthService: thread id : 1, preenroll_flag : 0, nd cnt : 0, cso : 0, et : 0
03-14 00:22:12.513  1830  1970 I bauth_FPBAuthService: FPBAuthService::timerHandler complete
03-14 00:22:13.513  1830  1970 I bauth_FPBAuthService: pcf : 0x1012, 0 ,1 ,0 ,0 ,0 ,0, 16.0.0.3
03-14 00:22:13.513  1830  1970 I bauth_FPBAuthService: thread id : 1, preenroll_flag : 0, nd cnt : 0, cso : 0, et : 0
03-14 00:22:13.513  1830  1970 I bauth_FPBAuthService: FPBAuthService::timerHandler complete
03-14 00:22:13.595  2083  5464 D PowerManagerService: [api] release WakeLock DRAW_WAKE_LOCK                    'charging_info' ACQ=-5s507ms (uid=10060 pid=2748 displayId=0 lock=79a5834)
03-14 00:22:13.596  2083  5464 D PowerManagerService: displayReady: false groupId=0
03-14 00:22:13.597  2083  2176 D DisplayPowerController[0]: animateScreenStateChange: target=DOZE_SUSPEND, mIsEnabled=true
03-14 00:22:13.601  2083  2176 I DisplayPowerController[0]: BrightnessEvent: brt=0.16470589 (65.0%), nits= 42.077, lux=-1.0, reason=manual, strat=FallbackBrightnessStrategy, state=DOZE_SUSPEND, stateReason=UNKNOWN, policy=DOZE, flags=, initBrt=0.16470589, rcmdBrt=NaN, preBrt=NaN, preLux=0.0, wasShortTermModelActive=false, autoBrightness=false (default), unclampedBrt=0.16470589, hbmMax=1.0, hbmMode=off, thrmMax=1.0, rbcStrength=-1, powerFactor=1.0, physDisp=Yerleşik Ekran(local:4627039422300187648), logicalId=0, slowChange=false, rampSpeed=0.0
03-14 00:22:13.602  1520  1550 I mtkpower@impl: [setMode] type:9, enabled:1
03-14 00:22:13.603  2083  2637 D DisplayManagerService: !@display_state requestDisplayStateInternal: DOZE -> DOZE_SUSPEND displayId=0
03-14 00:22:13.604  1520  1550 I mtkpower@impl: [setMode] Mode::DISPLAY_INACTIVE: 1
03-14 00:22:13.604  2083  2637 D SemInputDeviceManagerService: setDisplayState[1] EARLY: DOZE(3) -> DOZE_SUSPEND(4)
03-14 00:22:13.604  2083  2116 I DisplayDeviceRepository: Display device changed state: "Yerleşik Ekran", DOZE_SUSPEND
03-14 00:22:13.605  2083  2176 D BrightnessThermalClamper: Thermal status observer already started
03-14 00:22:13.606  2083  2637 D LocalDisplayAdapter: notifyStateChangeStart: com.samsung.android.hardware.secinputdev.external.DisplayStateListenerWrapper$1@c7e080a took 3 ms
03-14 00:22:13.606  2083  2114 D WindowManager: DeferredDisplayUpdater: partially applying DisplayInfo(1080 x 2340) immediately
03-14 00:22:13.607  2083  2637 D LocalDisplayAdapter: notifyStateChangeStart: com.android.server.biometrics.SemBiometricDisplayStateMonitor@478eea8 took 0 ms
03-14 00:22:13.607  2083  2476 I SemBiometricDisplayStateMonitor: DisplayStateListener#onStart : DOZE_SUSPEND, DOZE_SUSPEND, DEFAULT_DISPLAY
03-14 00:22:13.607  2083  2558 D SemInputDevice:TSP: ActivateTask: 4,0 [03-14 00:22:13.604]
03-14 00:22:13.609  2083  2083 D SGM:GameManager: onDisplayChanged. displyId: 0, state: 4
03-14 00:22:13.610  2083  2299 D SGM:FgCheckThread: onLooperPrepared(), msg: MSG_LCD_OFF
03-14 00:22:13.611  2083  2637 W LocalDisplayAdapter: !@display_state - 2378 : DOZE -> DOZE_SUSPEND (MAIN)
03-14 00:22:13.612  1567  1567 D SurfaceFlinger: Setting power mode 2 on physical display 4627039422300187648
03-14 00:22:13.613  2083  2637 W LocalDisplayAdapter: !@display_state - 2378 : DOZE_SUSPEND (MAIN) took 2 ms
03-14 00:22:13.613  1534  1546 I sysinput:aidl: onReportInformation:93, 1, enabled@4,0:0
03-14 00:22:13.614  1567  1987 I VSyncReactor: Current= 90, Period= 90, hwcPeriod= 90
03-14 00:22:13.614  2083  2558 D SysinputHAL_AIDL: activate(TSP(1)),4,0 ret=0
03-14 00:22:13.614  1534  1546 I sysinput:Touch1: operator():133, 4,0 OK
03-14 00:22:13.615  5415  5415 I HBD     : DeX h DeX mode state change in non-main thread 
03-14 00:22:13.615  5415  5415 I HBD     : DeX h DeX mode state change: 3 
03-14 00:22:13.617  3238 26563 I HoneySpace.Memory-Monitor: current state = 4, didTrim = true
03-14 00:22:13.618 29780 29864 D AudioFlinger: setParameters: filtered dev setParameters keyvalue screen_state=off
03-14 00:22:13.619  2083  2637 D SemInputDeviceManagerService: setDisplayState[1] LATE: DOZE_SUSPEND(4) -> DOZE_SUSPEND(4)
03-14 00:22:13.619  2083  2637 D LocalDisplayAdapter: notifyStateChangeFinish: com.samsung.android.hardware.secinputdev.external.DisplayStateListenerWrapper$1@c7e080a took 1 ms
03-14 00:22:13.620 29783 29819 D AudioALSAHardware: +setParameters(): screen_state=off
03-14 00:22:13.620  2083  2476 I SemBiometricDisplayStateMonitor: DisplayStateListener#onFinish : DOZE_SUSPEND, DOZE_SUSPEND, DEFAULT_DISPLAY
03-14 00:22:13.621  5415  5415 I VRI[InputMethod]@e345dc8: onDisplayChanged oldDisplayState=3 newDisplayState=4
03-14 00:22:13.621  3238  3238 I VRI[LauncherActivity]@79a9058: onDisplayChanged oldDisplayState=3 newDisplayState=4
03-14 00:22:13.621  2083  2558 D SemInputDevice:TSP: ActivateTask: 4,1 [03-14 00:22:13.619]
03-14 00:22:13.621  2083  2637 D LocalDisplayAdapter: notifyStateChangeFinish: com.android.server.biometrics.SemBiometricDisplayStateMonitor@478eea8 took 0 ms
03-14 00:22:13.621  2083  2176 D DisplayPowerController[0]: setActualDisplayState: DOZE -> DOZE_SUSPEND
03-14 00:22:13.622  2083  2176 D DisplayPowerController[0]: animateScreenStateChange: target=DOZE_SUSPEND, mIsEnabled=true
03-14 00:22:13.622  1534  1546 I sysinput:aidl: onReportInformation:93, 1, enabled@4,1:0
03-14 00:22:13.622  1534  1546 I sysinput:Touch1: operator():133, 4,1 OK
03-14 00:22:13.622  2083  2176 D DisplayPowerController[0]: animateScreenStateChange: target=DOZE_SUSPEND, mIsEnabled=true
03-14 00:22:13.623  2083  2176 D PowerManagerService: displayReady: true groupId=0
03-14 00:22:13.623 29783 29819 D AudioALSAHardware: -setParameters(): screen_state=off
03-14 00:22:13.624  2748  2748 D DisplayLifecycle: updateDisplay id = 0
03-14 00:22:13.624  2083  2558 D SysinputHAL_AIDL: activate(TSP(1)),4,1 ret=0
03-14 00:22:13.625  2748  2748 I Keyguard.AODTouchModeManager: onDisplayChanged newDisplayState=4, currentDisplayState=3, displayId=0
03-14 00:22:13.626  3238  3238 I VRI[RecentsTransitionOverlay]@815033c: onDisplayChanged oldDisplayState=3 newDisplayState=4
03-14 00:22:13.627  3238  3238 I VRI[CocktailBarService]@b870e79: onDisplayChanged oldDisplayState=3 newDisplayState=4
03-14 00:22:13.627  3238  3238 I VRI[RecentsActivity]@a5b1272: onDisplayChanged oldDisplayState=3 newDisplayState=4
03-14 00:22:13.628  2748  2882 D StackScroller: onDisplayChanged for predraw skip to 4
03-14 00:22:13.628  2083  5414 D WifiDisplayAdapter: isFitToActiveDisplayLocked : false
03-14 00:22:13.628  2748  2802 I VRI[ShellDropTarget]@92e3be9: onDisplayChanged oldDisplayState=3 newDisplayState=4
03-14 00:22:13.629  2748  2802 I VRI[View root of ReusableWindowDecorViewHost#0]@254be1d: onDisplayChanged oldDisplayState=3 newDisplayState=4
03-14 00:22:13.629  2748  2802 I VRI[View root of ReusableWindowDecorViewHost#1]@9ccb8b6: onDisplayChanged oldDisplayState=3 newDisplayState=4
03-14 00:22:13.629  5329  5329 I VRI[LauncherActivity]@9ba8716: onDisplayChanged oldDisplayState=3 newDisplayState=4
03-14 00:22:13.629  2748  2748 I VRI[LockscreenShortcutBlur]@f4e5155: onDisplayChanged oldDisplayState=3 newDisplayState=4
03-14 00:22:13.629  2748  2748 I VRI[NavigationBar0]@cb51d69: onDisplayChanged oldDisplayState=3 newDisplayState=4
03-14 00:22:13.629  2748  2748 I VRI[EdgeBackGestureHandler0]@e247b7f: onDisplayChanged oldDisplayState=3 newDisplayState=4
03-14 00:22:13.630  2748  2748 I VRI[NotificationShade]@ddcb5e0: onDisplayChanged oldDisplayState=3 newDisplayState=4
03-14 00:22:13.630  2748  2748 I VRI[StatusBar]@b5f60f8: onDisplayChanged oldDisplayState=3 newDisplayState=4
03-14 00:22:13.630  2748  2748 I VRI[SecondaryHomeHandle0]@fc3d736: onDisplayChanged oldDisplayState=3 newDisplayState=4
03-14 00:22:13.819   582   582 D io_stats: !@   8,32 r 3706636 78919708 w 2439368 31718292 d 307664 187098224 f 205154 237364 iot 1160784 0 th 0 0 0 pt 0 inp 0 0 50747.104
03-14 00:22:13.820   582   582 D io_stats: !@ Write_top(KB): kworker/u32:12:/(28470) 60 ng.android.scpm:low(7151) 24 sait.sohservice:low(1299) 16
03-14 00:22:14.514  1830  1970 I bauth_FPBAuthService: pcf : 0x1012, 0 ,1 ,0 ,0 ,0 ,0, 16.0.0.3
03-14 00:22:14.514  1830  1970 I bauth_FPBAuthService: thread id : 1, preenroll_flag : 0, nd cnt : 0, cso : 0, et : 0
03-14 00:22:14.514  1830  1970 I bauth_FPBAuthService: FPBAuthService::timerHandler complete
03-14 00:22:15.012  1517  1556 I libPerfCtl: xgfGetFPS pid:-1 fps:0
03-14 00:22:15.012  1517  1556 I libPerfCtl: xgfGetFPS ioctl_valid:-2
03-14 00:22:15.106  1607  1607 I FPSGO   : FPSGO_SET_UNKNOWN cmd:-1
03-14 00:22:15.499  1673  1692 E thermal_core: find_tz_idx_by_name:"Failed to find thermal zone index of ap_ntc\n"
03-14 00:22:15.499  1673  1692 E thermal_core: find_tz_idx_by_name:"Failed to find thermal zone index of mtk-master-charger\n"
03-14 00:22:15.499  1673  1692 E thermal_core: find_tz_idx_by_name:"Failed to find thermal zone index of camera0\n"
03-14 00:22:15.500  1673  1692 E thermal_core: find_tz_idx_by_name:"Failed to find thermal zone index of mtk-master-charger\n"
03-14 00:22:15.500  1673  1692 E thermal_core: find_tz_idx_by_name:"Failed to find thermal zone index of nrpa_ntc\n"
03-14 00:22:15.500  1673  1692 E thermal_core: dump_thermal_log:"Error: sccanf error, ret=9\n"
03-14 00:22:15.501  1673  1692 E thermal_core: node_read:"Failed to read /sys/class/thermal/thermal_zone2/temp: No data available\n"
03-14 00:22:15.502  1673  1692 I thermal_core: "soc/nr/lte/ap_ntc/tpcb/conn/chg/cam/c_ttj/g_ttj/a_ttj=0/-274000/34473/-274000/46000/30000/-274000/-274000/85000/85000/85000\n"
03-14 00:22:15.502  1673  1692 I thermal_core: "[C(l)(c)(i)][G(l)(c)][A(l)(c)][TH][D]=[(666666/666666/666666)(500/725/0)(0x0)][(666666)(666666)][(666666666)(666666666)][0][1200]\n"
03-14 00:22:15.502  1673  1692 E thermal_core: node_read:"Failed to open /sys/kernel/helio-dvfsrc/dvfsrc_therm_info: No such file or directory\n"
03-14 00:22:15.503  1673  1692 I thermal_core: "1200"
03-14 00:22:15.516  1830  1970 I bauth_FPBAuthService: pcf : 0x1012, 0 ,1 ,0 ,0 ,0 ,0, 16.0.0.3
03-14 00:22:15.516  1830  1970 I bauth_FPBAuthService: thread id : 1, preenroll_flag : 0, nd cnt : 0, cso : 0, et : 0
03-14 00:22:15.516  1830  1970 I bauth_FPBAuthService: FPBAuthService::timerHandler complete
03-14 00:22:16.339   777  7188 I keystore2: system/security/keystore2/watchdog/src/lib.rs:377 - Watchdog thread idle -> terminating. Have a great day.
03-14 00:22:16.519  1830  1970 I bauth_FPBAuthService: pcf : 0x1012, 0 ,1 ,0 ,0 ,0 ,0, 16.0.0.3
03-14 00:22:16.519  1830  1970 I bauth_FPBAuthService: thread id : 1, preenroll_flag : 0, nd cnt : 0, cso : 0, et : 0
03-14 00:22:16.519  1830  1970 I bauth_FPBAuthService: FPBAuthService::timerHandler complete
03-14 00:22:16.700  2083  2164 D MARsPolicyManager: triggerAction called!
03-14 00:22:16.704  2083  2164 I NSLocationMonitor: getGPSUsingApps() called
03-14 00:22:16.705  3549  3566 I NSLocationManager_FLP: getGPSUsingApps, No change
03-14 00:22:17.521  1830  1970 I bauth_FPBAuthService: pcf : 0x1012, 0 ,1 ,0 ,0 ,0 ,0, 16.0.0.3
03-14 00:22:17.521  1830  1970 I bauth_FPBAuthService: thread id : 1, preenroll_flag : 0, nd cnt : 0, cso : 0, et : 0
03-14 00:22:17.521  1830  1970 I bauth_FPBAuthService: FPBAuthService::timerHandler complete
03-14 00:22:17.826   582   582 D io_stats: !@   8,32 r 3706636 78919708 w 2439473 31718752 d 307664 187098224 f 205163 237374 iot 1160796 0 th 0 0 0 pt 0 inp 0 0 50751.112
03-14 00:22:17.827   582   582 D io_stats: !@ Write_top(KB): f2fs_ckpt-254:6:/(3359) 200 kworker/5:2:/(29857) 160 kworker/4:2:/(3554) 48
03-14 00:22:18.176  1528  1554 E BatteryDump: !@new_battery_dump : 4320,1083,3000,3150,84,329,337,366,0,0,335,366,0,Charging,NO_CHARGING,Normal,Good,PDIC,0,Normal,0,0,9324,0x0,0x10000,0x0,0,0,0000,0000,00000000,0,0,0,0,486,4119,8290,980,0,
03-14 00:22:18.185  2083  5136 D [SS]BattFunctions: [sendRemainingChargingTimeChangedIntent]remainingChargingTime:1851 ,mLastRemainingChargingTime:1855
03-14 00:22:18.185  1536  1536 I seh_thermal_service: getTemperaturesWithType SehTemperatureType: 3
03-14 00:22:18.185  1528  1528 I sehhealth-service: updateLrpSysfs: write: 334
03-14 00:22:18.191  2748  2748 I AODBatteryManager: updateBatteryData: ACTION_BATTERY_CHANGED: false, isSleepModeChanged:false ,isRemainingTimeChanged: true, isUSBRestriction: false
03-14 00:22:18.191  2748  2748 I ChargingInfoManager: updateChargingInfo: newState = AOD ChargingInfo [mState=BATTERY_AND_REMAIN_TIME, mIsCharging=true, mIsPlugged=true, mIsFullyCharged=false, mIsBatteryProtectMode=false, mBetteryLevel=84, mBetteryProtectModeType3, mIsSlowChargingfalse], oldState = AOD ChargingInfo [mState=BATTERY_AND_REMAIN_TIME, mIsCharging=true, mIsPlugged=true, mIsFullyCharged=false, mIsBatteryProtectMode=false, mBetteryLevel=84, mBetteryProtectModeType3, mIsSlowChargingfalse]
03-14 00:22:18.193  2748  2748 D PowerUI : Remaining charging time : 1851
03-14 00:22:18.193  2748  2748 D PowerUI : Charging time is changed, check charging notification
03-14 00:22:18.195  2748  2748 D PowerUI.Notification: showChargingNotice - Battery Level : 84 -> 84, Charging Type : 11 -> 11, Charging Time : 1855 -> 1851, Maximum protection : false -> false, Maximum threshold : 80 -> 80
03-14 00:22:18.197  1567  3371 I VSyncReactor: Current= 90, Period= 90, hwcPeriod= 90
03-14 00:22:18.200  2748  2748 I NotificationManager: com.android.systemui: notify(2131364006, charging_state, Notification(channel=CHR shortcut=null contentView=null vibrate=null sound=null defaults=0 flags=ONGOING_EVENT|ONLY_ALERT_ONCE color=0x00000000 category=sys groupKey=CHARGING vis=PUBLIC semFlags=0x0 semPriority=0 semMissedCount=0)) as user
03-14 00:22:18.208  2083  5413 W PermissionService: getPermissionFlags: Unknown user -1
03-14 00:22:18.208  2083  5413 W PermissionService: getPermissionFlags: Unknown user -1
03-14 00:22:18.211  2748  2748 I ChargingInfoView: handleMessage: MSG_SHOW_CHARGING_INFO
03-14 00:22:18.212  2748  2748 I BottomChargingInfoView: updateContents: BATTERY_AND_REMAIN_TIME
03-14 00:22:18.212  2748  2748 I AOD_WAKELOCK@WakeLockManager: acquireIfExists: tag - charging_info, timeout - 1000, reason - Charging Info is updating, delay by 500, wakeLock = WakeLock{432cb95 held=false, refCount=0}
03-14 00:22:18.214  2083  5413 D PowerManagerService: [api] acquire WakeLock DRAW_WAKE_LOCK                    'charging_info' (uid=10060 pid=2748 displayId=0 lock=79a5834)
03-14 00:22:18.215  2083  5413 D PowerManagerService: displayReady: false groupId=0
03-14 00:22:18.215  2083  2176 D DisplayPowerController[0]: animateScreenStateChange: target=DOZE, mIsEnabled=true
03-14 00:22:18.217  2748  2748 I ChargingInfoManager: getDeviceRemainingTime: Dolmasına 31 dk
03-14 00:22:18.217  2748  2748 I AOD_WAKELOCK@WakeLockManager: acquireIfExists: tag - charging_info, timeout - 5500, reason - Charging Info is updating, delay by 5000, wakeLock = WakeLock{432cb95 held=true, refCount=1}
03-14 00:22:18.218  2083  2176 I DisplayPowerController[0]: BrightnessEvent: brt=0.16470589 (65.0%), nits= 42.077, lux=-1.0, reason=manual, strat=FallbackBrightnessStrategy, state=DOZE, stateReason=DRAW_WAKE_LOCK, policy=DOZE, flags=, initBrt=0.16470589, rcmdBrt=NaN, preBrt=NaN, preLux=0.0, wasShortTermModelActive=false, autoBrightness=false (default), unclampedBrt=0.16470589, hbmMax=1.0, hbmMode=off, thrmMax=1.0, rbcStrength=-1, powerFactor=1.0, physDisp=Yerleşik Ekran(local:4627039422300187648), logicalId=0, slowChange=false, rampSpeed=0.0
03-14 00:22:18.218  2748  2748 I AbsChargingInfoComponent: setVisibilityWithAnim: skipped true
03-14 00:22:18.219  1520  1550 I mtkpower@impl: [setMode] type:9, enabled:1
03-14 00:22:18.219  2083  2637 D DisplayManagerService: !@display_state requestDisplayStateInternal: DOZE_SUSPEND -> DOZE displayId=0
03-14 00:22:18.220  1520  1550 I mtkpower@impl: [setMode] Mode::DISPLAY_INACTIVE: 1
03-14 00:22:18.220  2083  2637 D SemInputDeviceManagerService: setDisplayState[1] EARLY: DOZE_SUSPEND(4) -> DOZE(3)
03-14 00:22:18.221  2083  2116 I DisplayDeviceRepository: Display device changed state: "Yerleşik Ekran", DOZE
03-14 00:22:18.222  2083  2637 D LocalDisplayAdapter: notifyStateChangeStart: com.samsung.android.hardware.secinputdev.external.DisplayStateListenerWrapper$1@c7e080a took 2 ms
03-14 00:22:18.222  2748  2748 I SecKeyguardClockPositionAlgorithm: prepareClockContainerHeightChanging:
03-14 00:22:18.222  2083  2558 D SemInputDevice:TSP: ActivateTask: 3,0 [03-14 00:22:18.221]
03-14 00:22:18.222  2083  2637 D LocalDisplayAdapter: notifyStateChangeStart: com.android.server.biometrics.SemBiometricDisplayStateMonitor@478eea8 took 0 ms
03-14 00:22:18.223  2083  2083 D SGM:GameManager: onDisplayChanged. displyId: 0, state: 3
03-14 00:22:18.223  2083  2637 W LocalDisplayAdapter: !@display_state - 2379 : DOZE_SUSPEND -> DOZE (MAIN)
03-14 00:22:18.223  2083  2114 D WindowManager: DeferredDisplayUpdater: partially applying DisplayInfo(1080 x 2340) immediately
03-14 00:22:18.223  2083  2176 D BrightnessThermalClamper: Thermal status observer already started
03-14 00:22:18.223  1567  1567 D SurfaceFlinger: Setting power mode 2 on physical display 4627039422300187648
03-14 00:22:18.224  2083  2476 I SemBiometricDisplayStateMonitor: DisplayStateListener#onStart : DOZE, DOZE, DEFAULT_DISPLAY
03-14 00:22:18.224  1534  1546 I sysinput:aidl: onReportInformation:93, 1, enabled@3,0:0
03-14 00:22:18.224  2083  2637 W LocalDisplayAdapter: !@display_state - 2379 : DOZE (MAIN) took 1 ms
03-14 00:22:18.225  2083  2637 D SemInputDeviceManagerService: setDisplayState[1] LATE: DOZE(3) -> DOZE(3)
03-14 00:22:18.225  2083  2299 D SGM:FgCheckThread: onLooperPrepared(), msg: MSG_LCD_OFF
03-14 00:22:18.225  1534  1546 I sysinput:Touch1: operator():133, 3,0 OK
03-14 00:22:18.225  2083  2637 D LocalDisplayAdapter: notifyStateChangeFinish: com.samsung.android.hardware.secinputdev.external.DisplayStateListenerWrapper$1@c7e080a took 1 ms
03-14 00:22:18.226  2083  2637 D LocalDisplayAdapter: notifyStateChangeFinish: com.android.server.biometrics.SemBiometricDisplayStateMonitor@478eea8 took 0 ms
03-14 00:22:18.226  2083  2476 I SemBiometricDisplayStateMonitor: DisplayStateListener#onFinish : DOZE, DOZE, DEFAULT_DISPLAY
03-14 00:22:18.226  2083  2176 D DisplayPowerController[0]: setActualDisplayState: DOZE_SUSPEND -> DOZE
03-14 00:22:18.226  2083  2176 D DisplayPowerController[0]: animateScreenStateChange: target=DOZE, mIsEnabled=true
03-14 00:22:18.227  2083  2176 D DisplayPowerController[0]: animateScreenStateChange: target=DOZE, mIsEnabled=true
03-14 00:22:18.227  2748  2748 I SecKeyguardClockPositionAlgorithm: prepareClockContainerHeightChanging:
03-14 00:22:18.229  2083  2176 D PowerManagerService: displayReady: true groupId=0
03-14 00:22:18.229  2083  2558 D SysinputHAL_AIDL: activate(TSP(1)),3,0 ret=0
03-14 00:22:18.230  2083  2558 D SemInputDevice:TSP: ActivateTask: 3,1 [03-14 00:22:18.225]
03-14 00:22:18.230 29780 29864 D AudioFlinger: setParameters: filtered dev setParameters keyvalue screen_state=off
03-14 00:22:18.230  1534  1546 I sysinput:aidl: onReportInformation:93, 1, enabled@3,1:0
03-14 00:22:18.230  3238 28282 I HoneySpace.Memory-Monitor: current state = 3, didTrim = true
03-14 00:22:18.231 29783 29819 D AudioALSAHardware: +setParameters(): screen_state=off
03-14 00:22:18.231 29783 29819 D AudioALSAHardware: -setParameters(): screen_state=off
03-14 00:22:18.232  1534  1546 I sysinput:Touch1: operator():133, 3,1 OK
03-14 00:22:18.233  2748  2802 I VRI[ShellDropTarget]@92e3be9: onDisplayChanged oldDisplayState=4 newDisplayState=3
03-14 00:22:18.233  2748  2802 I VRI[View root of ReusableWindowDecorViewHost#0]@254be1d: onDisplayChanged oldDisplayState=4 newDisplayState=3
03-14 00:22:18.233  2748  2802 I VRI[View root of ReusableWindowDecorViewHost#1]@9ccb8b6: onDisplayChanged oldDisplayState=4 newDisplayState=3
03-14 00:22:18.234  5415  5415 I HBD     : DeX h DeX mode state change in non-main thread 
03-14 00:22:18.234  5415  5415 I HBD     : DeX h DeX mode state change: 3 
03-14 00:22:18.234  3238  3238 I VRI[LauncherActivity]@79a9058: onDisplayChanged oldDisplayState=4 newDisplayState=3
03-14 00:22:18.235  3238  3238 I VRI[RecentsTransitionOverlay]@815033c: onDisplayChanged oldDisplayState=4 newDisplayState=3
03-14 00:22:18.235  3238  3238 I VRI[CocktailBarService]@b870e79: onDisplayChanged oldDisplayState=4 newDisplayState=3
03-14 00:22:18.235  3238  3238 I VRI[RecentsActivity]@a5b1272: onDisplayChanged oldDisplayState=4 newDisplayState=3
03-14 00:22:18.235  2748  2748 I MODManager: onShow ChargingInfoOnlyContainer
03-14 00:22:18.235  2748  2748 W MODManager: this device does not supports cover
03-14 00:22:18.235  2083  2558 D SysinputHAL_AIDL: activate(TSP(1)),3,1 ret=0
03-14 00:22:18.235  2748  2748 D DisplayLifecycle: updateDisplay id = 0
03-14 00:22:18.235  5415  5415 I VRI[InputMethod]@e345dc8: onDisplayChanged oldDisplayState=4 newDisplayState=3
03-14 00:22:18.238  2748  2748 I Keyguard.AODTouchModeManager: onDisplayChanged newDisplayState=3, currentDisplayState=4, displayId=0
03-14 00:22:18.240  2748  2748 I VRI[LockscreenShortcutBlur]@f4e5155: onDisplayChanged oldDisplayState=4 newDisplayState=3
03-14 00:22:18.240  5329  5329 I VRI[LauncherActivity]@9ba8716: onDisplayChanged oldDisplayState=4 newDisplayState=3
03-14 00:22:18.241  2748  2748 I VRI[NavigationBar0]@cb51d69: onDisplayChanged oldDisplayState=4 newDisplayState=3
03-14 00:22:18.241  2748  2748 I VRI[EdgeBackGestureHandler0]@e247b7f: onDisplayChanged oldDisplayState=4 newDisplayState=3
03-14 00:22:18.241  2748  2748 I VRI[NotificationShade]@ddcb5e0: onDisplayChanged oldDisplayState=4 newDisplayState=3
03-14 00:22:18.242  2083  2910 D WifiDisplayAdapter: isFitToActiveDisplayLocked : false
03-14 00:22:18.242  2748  2748 I VRI[StatusBar]@b5f60f8: onDisplayChanged oldDisplayState=4 newDisplayState=3
03-14 00:22:18.242  2748  2748 I VRI[SecondaryHomeHandle0]@fc3d736: onDisplayChanged oldDisplayState=4 newDisplayState=3
03-14 00:22:18.243  2748  2882 D StackScroller: onDisplayChanged for predraw skip to 3
03-14 00:22:18.253  1567  1567 I BufferQueueProducer: [NotificationShade$_2748#15421](this:0xb400006f877dc638,id:-1,api:0,p:-1,c:1567) queueBuffer: fps=0.10 dur=10131.18 max=10131.18 min=10131.18
03-14 00:22:18.258  1501  1501 I hwcomposer: [HWCDisplay] (0 updateFps():4131), (type:1, mode:2) fps:0.197408,dur:10131.32,max:10051.78,min:79.54  
03-14 00:22:18.327  1501  1884 I hwcomposer: [HWC] (0)fire a callback of refresh to SF[4]  
03-14 00:22:18.337  1567  1567 I BufferQueueProducer: [FramebufferSurface](this:0xb400006faf4f0370,id:-1,api:1,p:1567,c:1567) queueBuffer: fps=0.10 dur=10131.37 max=10131.37 min=10131.37
03-14 00:22:18.418  2083  2083 I Telecom : SamsungTelecomServiceImpl : isInManagedCall - callingPackage : android / callingUser : UserHandle{0} / hasCrossUserAccess : true
03-14 00:22:18.435  3238  6389 I HoneySpace.NotificationListener: onNotificationPosted com.android.systemui: -1|com.android.systemui|2131364006|charging_state|10060: 0
03-14 00:22:18.436  3238  6389 I HoneySpace.NotificationListener: invalid notification: com.android.systemui UserHandle{-1}: canShowBadge is false
03-14 00:22:18.445  2748  2748 I LockscreenNotificationIconsOnlyController: onNotificationInfoUpdated 0
03-14 00:22:18.445  2748  2748 I AODNotificationManager: updateNotification() 
03-14 00:22:18.506  1673  1692 E thermal_core: find_tz_idx_by_name:"Failed to find thermal zone index of ap_ntc\n"
03-14 00:22:18.506  1673  1692 E thermal_core: find_tz_idx_by_name:"Failed to find thermal zone index of mtk-master-charger\n"
03-14 00:22:18.524  1830  1970 I bauth_FPBAuthService: pcf : 0x1012, 0 ,1 ,0 ,0 ,0 ,0, 16.0.0.3
03-14 00:22:18.524  1830  1970 I bauth_FPBAuthService: thread id : 1, preenroll_flag : 0, nd cnt : 0, cso : 0, et : 0
03-14 00:22:18.524  1830  1970 I bauth_FPBAuthService: FPBAuthService::timerHandler complete
03-14 00:22:18.635  2748  2748 D Bubbles : onEntryUpdated : shouldBubbleUp=true ,key=-1|com.android.systemui|2131364006|charging_state|10060
03-14 00:22:18.637  2748  2748 D InterruptionStateProvider:  no Heads up : edgelighting enabled app. -1|com.android.systemui|2131364006|charging_state|10060
03-14 00:22:18.637  2748  2748 I {OngoingActivityController}: onEntryUpdated and OA data is empty. So update latest task info
03-14 00:22:18.645  2748  2748 I LockscreenNotificationIconsOnlyController: onNotificationInfoUpdated 0
03-14 00:22:18.645  2748  2748 I AODNotificationManager: updateNotification() 
03-14 00:22:18.652  2748  3330 D LocalImageResolver: Couldn't use ImageDecoder for drawable, falling back to non-resized load.
03-14 00:22:18.656  2748  3330 D LocalImageResolver: Couldn't use ImageDecoder for drawable, falling back to non-resized load.
03-14 00:22:18.659  2748  2748 D LocalImageResolver: Couldn't use ImageDecoder for drawable, falling back to non-resized load.
03-14 00:22:18.667  2748  2748 D ExpandableNotifRow: mMaxSmallHeight different before reInflateViews mMaxSmallHeight: 189 mTempSmallHeight:0 -1|com.android.systemui|2131364006|charging_state|10060
03-14 00:22:18.667  2748  2748 D ExpandableNotifRow: mMaxSmallHeight different before reInflateViews mMaxSmallHeight: 189 mTempSmallHeight:0 -1|com.android.systemui|2131364006|charging_state|10060
03-14 00:22:18.667  2748  2748 D ExpandableNotifRow: mMaxSmallHeight different before reInflateViews mMaxSmallHeight: 189 mTempSmallHeight:0 -1|com.android.systemui|2131364006|charging_state|10060
03-14 00:22:18.667  2748  2748 D ExpandableNotifRow: mMaxSmallHeight different before reInflateViews mMaxSmallHeight: 189 mTempSmallHeight:0 -1|com.android.systemui|2131364006|charging_state|10060
03-14 00:22:18.674  2748  2748 D LocalImageResolver: Couldn't use ImageDecoder for drawable, falling back to non-resized load.
03-14 00:22:18.678  2748  2748 I LockscreenNotificationIconsOnlyController: onNotificationInfoUpdated 0
03-14 00:22:18.678  2748  2748 I AODNotificationManager: updateNotification() 
03-14 00:22:18.973  2857  2857 I wpa_supplicant: Heartbeat 1407
03-14 00:22:19.526  1830  1970 I bauth_FPBAuthService: pcf : 0x1012, 0 ,1 ,0 ,0 ,0 ,0, 16.0.0.3
03-14 00:22:19.526  1830  1970 I bauth_FPBAuthService: thread id : 1, preenroll_flag : 0, nd cnt : 0, cso : 0, et : 0
03-14 00:22:19.526  1830  1970 I bauth_FPBAuthService: FPBAuthService::timerHandler complete
03-14 00:22:19.831   582   582 D io_stats: !@   8,32 r 3706636 78919708 w 2439475 31718760 d 307664 187098224 f 205163 237374 iot 1160800 0 th 0 0 0 pt 0 inp 0 0 50753.116
03-14 00:22:20.503  2083  2246 D ActivityManager: freezing 20529 com.android.settings
03-14 00:22:20.508  2083  2246 D ActivityManager: freezing 16063 com.samsung.android.lool
03-14 00:22:20.511  2083  2246 D ActivityManager: freezing 31829 com.samsung.android.dqagent
03-14 00:22:20.512  2083  2246 D ActivityManager: freezing 29487 com.samsung.android.provider.filterprovider
03-14 00:22:20.515  2083  2246 D ActivityManager: freezing 29454 com.android.keychain
03-14 00:22:20.517  2083  2246 D ActivityManager: freezing 30808 com.samsung.android.smartface
03-14 00:22:20.523  2083  2246 I UMR     : B|Compact com.samsung.android.lool(16063)
03-14 00:22:20.527  1830  1970 I bauth_FPBAuthService: pcf : 0x1012, 0 ,1 ,0 ,0 ,0 ,0, 16.0.0.3
03-14 00:22:20.527  1830  1970 I bauth_FPBAuthService: thread id : 1, preenroll_flag : 0, nd cnt : 0, cso : 0, et : 0
03-14 00:22:20.527  1830  1970 I bauth_FPBAuthService: FPBAuthService::timerHandler complete
03-14 00:22:21.008  2083  2246 I UMR     : E|Compact d_rss=-9472KB
03-14 00:22:21.508  1673  1692 E thermal_core: find_tz_idx_by_name:"Failed to find thermal zone index of ap_ntc\n"
03-14 00:22:21.509  1673  1692 E thermal_core: find_tz_idx_by_name:"Failed to find thermal zone index of mtk-master-charger\n"
03-14 00:22:21.527  1830  1970 I bauth_FPBAuthService: pcf : 0x1012, 0 ,1 ,0 ,0 ,0 ,0, 16.0.0.3
03-14 00:22:21.527  1830  1970 I bauth_FPBAuthService: thread id : 1, preenroll_flag : 0, nd cnt : 0, cso : 0, et : 0
03-14 00:22:21.527  1830  1970 I bauth_FPBAuthService: FPBAuthService::timerHandler complete
03-14 00:22:21.730  2083  2164 D MARsPolicyManager: triggerAction called!
03-14 00:22:21.730  2083  2164 I NSLocationMonitor: getGPSUsingApps() called
03-14 00:22:21.731  3549  3566 I NSLocationManager_FLP: getGPSUsingApps, No change
03-14 00:22:21.833   582   582 D io_stats: !@ Write_top(KB): vendor.samsung.:normal(1528) 8
03-14 00:22:22.480  5068  6278 I SDHMS:x : SIOP:: AP:354 BAT:328 USB:337 CHG:365 PA:348 WIFI:347 BLK:0 SUBBAT:0 SKIN:334 SKINF:327 SKINB:334 LRP2:334 LRF2:327 LRB2:334 AP2:334 CHG2:331 MEM2:334 WIFI2:334 SPK2:319 VAP05:355 AVGCUR:1087 AVGSYS:0 POWER:4695
03-14 00:22:22.527  1830  1970 I bauth_FPBAuthService: pcf : 0x1012, 0 ,1 ,0 ,0 ,0 ,0, 16.0.0.3
03-14 00:22:22.527  1830  1970 I bauth_FPBAuthService: thread id : 1, preenroll_flag : 0, nd cnt : 0, cso : 0, et : 0
03-14 00:22:22.527  1830  1970 I bauth_FPBAuthService: FPBAuthService::timerHandler complete
03-14 00:22:23.529  1830  1970 I bauth_FPBAuthService: pcf : 0x1012, 0 ,1 ,0 ,0 ,0 ,0, 16.0.0.3
03-14 00:22:23.530  1830  1970 I bauth_FPBAuthService: thread id : 1, preenroll_flag : 0, nd cnt : 0, cso : 0, et : 0
03-14 00:22:23.530  1830  1970 I bauth_FPBAuthService: FPBAuthService::timerHandler complete
03-14 00:22:23.720  2083  5180 D PowerManagerService: [api] release WakeLock DRAW_WAKE_LOCK                    'charging_info' ACQ=-5s504ms (uid=10060 pid=2748 displayId=0 lock=79a5834)
03-14 00:22:23.722  2083  5180 D PowerManagerService: displayReady: false groupId=0
03-14 00:22:23.722  2083  2176 D DisplayPowerController[0]: animateScreenStateChange: target=DOZE_SUSPEND, mIsEnabled=true
03-14 00:22:23.726  2083  2176 I DisplayPowerController[0]: BrightnessEvent: brt=0.16470589 (65.0%), nits= 42.077, lux=-1.0, reason=manual, strat=FallbackBrightnessStrategy, state=DOZE_SUSPEND, stateReason=UNKNOWN, policy=DOZE, flags=, initBrt=0.16470589, rcmdBrt=NaN, preBrt=NaN, preLux=0.0, wasShortTermModelActive=false, autoBrightness=false (default), unclampedBrt=0.16470589, hbmMax=1.0, hbmMode=off, thrmMax=1.0, rbcStrength=-1, powerFactor=1.0, physDisp=Yerleşik Ekran(local:4627039422300187648), logicalId=0, slowChange=false, rampSpeed=0.0
03-14 00:22:23.728  1520  1550 I mtkpower@impl: [setMode] type:9, enabled:1
03-14 00:22:23.728  1520  1550 I mtkpower@impl: [setMode] Mode::DISPLAY_INACTIVE: 1
03-14 00:22:23.728  2083  2637 D DisplayManagerService: !@display_state requestDisplayStateInternal: DOZE -> DOZE_SUSPEND displayId=0
03-14 00:22:23.729  2083  2637 D SemInputDeviceManagerService: setDisplayState[1] EARLY: DOZE(3) -> DOZE_SUSPEND(4)
03-14 00:22:23.729  2083  2116 I DisplayDeviceRepository: Display device changed state: "Yerleşik Ekran", DOZE_SUSPEND
03-14 00:22:23.730  2083  2176 D BrightnessThermalClamper: Thermal status observer already started
03-14 00:22:23.731  2083  2637 D LocalDisplayAdapter: notifyStateChangeStart: com.samsung.android.hardware.secinputdev.external.DisplayStateListenerWrapper$1@c7e080a took 2 ms
03-14 00:22:23.731  2083  2558 D SemInputDevice:TSP: ActivateTask: 4,0 [03-14 00:22:23.729]
03-14 00:22:23.732  2083  2637 D LocalDisplayAdapter: notifyStateChangeStart: com.android.server.biometrics.SemBiometricDisplayStateMonitor@478eea8 took 0 ms
03-14 00:22:23.732  2083  2637 W LocalDisplayAdapter: !@display_state - 2380 : DOZE -> DOZE_SUSPEND (MAIN)
03-14 00:22:23.732  2083  2476 I SemBiometricDisplayStateMonitor: DisplayStateListener#onStart : DOZE_SUSPEND, DOZE_SUSPEND, DEFAULT_DISPLAY
03-14 00:22:23.732  2083  2114 D WindowManager: DeferredDisplayUpdater: partially applying DisplayInfo(1080 x 2340) immediately
03-14 00:22:23.732  1567  1567 D SurfaceFlinger: Setting power mode 2 on physical display 4627039422300187648
03-14 00:22:23.733  1534  1546 I sysinput:aidl: onReportInformation:93, 1, enabled@4,0:0
03-14 00:22:23.734  1534  1546 I sysinput:Touch1: operator():133, 4,0 OK
03-14 00:22:23.735  2083  2083 D SGM:GameManager: onDisplayChanged. displyId: 0, state: 4
03-14 00:22:23.735  2083  2558 D SysinputHAL_AIDL: activate(TSP(1)),4,0 ret=0
03-14 00:22:23.735  2083  2637 W LocalDisplayAdapter: !@display_state - 2380 : DOZE_SUSPEND (MAIN) took 3 ms
03-14 00:22:23.736  2083  2299 D SGM:FgCheckThread: onLooperPrepared(), msg: MSG_LCD_OFF
03-14 00:22:23.738  2748  2748 D DisplayLifecycle: updateDisplay id = 0
03-14 00:22:23.740  2083  2637 D SemInputDeviceManagerService: setDisplayState[1] LATE: DOZE_SUSPEND(4) -> DOZE_SUSPEND(4)
03-14 00:22:23.741  2083  2637 D LocalDisplayAdapter: notifyStateChangeFinish: com.samsung.android.hardware.secinputdev.external.DisplayStateListenerWrapper$1@c7e080a took 1 ms
03-14 00:22:23.742  2083  2637 D LocalDisplayAdapter: notifyStateChangeFinish: com.android.server.biometrics.SemBiometricDisplayStateMonitor@478eea8 took 1 ms
03-14 00:22:23.742  2083  2176 D DisplayPowerController[0]: setActualDisplayState: DOZE -> DOZE_SUSPEND
03-14 00:22:23.743  5415  5415 I HBD     : DeX h DeX mode state change in non-main thread 
03-14 00:22:23.743  5415  5415 I HBD     : DeX h DeX mode state change: 3 
03-14 00:22:23.743  3238  3238 I VRI[LauncherActivity]@79a9058: onDisplayChanged oldDisplayState=3 newDisplayState=4
03-14 00:22:23.743  3238 27254 I HoneySpace.Memory-Monitor: current state = 4, didTrim = true
03-14 00:22:23.743  3238  3238 I VRI[RecentsTransitionOverlay]@815033c: onDisplayChanged oldDisplayState=3 newDisplayState=4
03-14 00:22:23.743  2083  2476 I SemBiometricDisplayStateMonitor: DisplayStateListener#onFinish : DOZE_SUSPEND, DOZE_SUSPEND, DEFAULT_DISPLAY
03-14 00:22:23.743  2083  2558 D SemInputDevice:TSP: ActivateTask: 4,1 [03-14 00:22:23.740]
03-14 00:22:23.743  3238  3238 I VRI[CocktailBarService]@b870e79: onDisplayChanged oldDisplayState=3 newDisplayState=4
03-14 00:22:23.743  2083  2176 D DisplayPowerController[0]: animateScreenStateChange: target=DOZE_SUSPEND, mIsEnabled=true
03-14 00:22:23.743  3238  3238 I VRI[RecentsActivity]@a5b1272: onDisplayChanged oldDisplayState=3 newDisplayState=4
03-14 00:22:23.744  1534  1546 I sysinput:aidl: onReportInformation:93, 1, enabled@4,1:0
03-14 00:22:23.745  1567  3371 I VSyncReactor: Current= 90, Period= 90, hwcPeriod= 90
03-14 00:22:23.745  5415  5415 I VRI[InputMethod]@e345dc8: onDisplayChanged oldDisplayState=3 newDisplayState=4
03-14 00:22:23.745  2748  2802 I VRI[ShellDropTarget]@92e3be9: onDisplayChanged oldDisplayState=3 newDisplayState=4
03-14 00:22:23.746  2748  2802 I VRI[View root of ReusableWindowDecorViewHost#0]@254be1d: onDisplayChanged oldDisplayState=3 newDisplayState=4
03-14 00:22:23.746  1534  1546 I sysinput:Touch1: operator():133, 4,1 OK
03-14 00:22:23.746 29780 29864 D AudioFlinger: setParameters: filtered dev setParameters keyvalue screen_state=off
03-14 00:22:23.747  2083  2176 D DisplayPowerController[0]: animateScreenStateChange: target=DOZE_SUSPEND, mIsEnabled=true
03-14 00:22:23.747  2083  2176 D PowerManagerService: displayReady: true groupId=0
03-14 00:22:23.747 29783 29791 D AudioALSAHardware: +setParameters(): screen_state=off
03-14 00:22:23.748 29783 29791 D AudioALSAHardware: -setParameters(): screen_state=off
03-14 00:22:23.748  2083  2558 D SysinputHAL_AIDL: activate(TSP(1)),4,1 ret=0
03-14 00:22:23.750  2748  2802 I VRI[View root of ReusableWindowDecorViewHost#1]@9ccb8b6: onDisplayChanged oldDisplayState=3 newDisplayState=4
03-14 00:22:23.752  2748  2882 D StackScroller: onDisplayChanged for predraw skip to 4
03-14 00:22:23.753  5329  5329 I VRI[LauncherActivity]@9ba8716: onDisplayChanged oldDisplayState=3 newDisplayState=4
03-14 00:22:23.754  2083  5464 D WifiDisplayAdapter: isFitToActiveDisplayLocked : false
03-14 00:22:23.754  2748  2748 I Keyguard.AODTouchModeManager: onDisplayChanged newDisplayState=4, currentDisplayState=3, displayId=0
03-14 00:22:23.755  2748  2748 I VRI[LockscreenShortcutBlur]@f4e5155: onDisplayChanged oldDisplayState=3 newDisplayState=4
03-14 00:22:23.756  2748  2748 I VRI[NavigationBar0]@cb51d69: onDisplayChanged oldDisplayState=3 newDisplayState=4
03-14 00:22:23.758  2748  2748 I VRI[EdgeBackGestureHandler0]@e247b7f: onDisplayChanged oldDisplayState=3 newDisplayState=4
03-14 00:22:23.758  2748  2748 I VRI[NotificationShade]@ddcb5e0: onDisplayChanged oldDisplayState=3 newDisplayState=4
03-14 00:22:23.758  2748  2748 I VRI[StatusBar]@b5f60f8: onDisplayChanged oldDisplayState=3 newDisplayState=4
03-14 00:22:23.758  2748  2748 I VRI[SecondaryHomeHandle0]@fc3d736: onDisplayChanged oldDisplayState=3 newDisplayState=4
03-14 00:22:23.835   582   582 D io_stats: !@   8,32 r 3706636 78919708 w 2439480 31718832 d 307664 187098224 f 205163 237374 iot 1160804 0 th 0 0 0 pt 0 inp 0 0 50757.120
03-14 00:22:24.510  1673  1692 E thermal_core: find_tz_idx_by_name:"Failed to find thermal zone index of ap_ntc\n"
03-14 00:22:24.511  1673  1692 E thermal_core: find_tz_idx_by_name:"Failed to find thermal zone index of mtk-master-charger\n"
03-14 00:22:24.530  1830  1970 I bauth_FPBAuthService: pcf : 0x1012, 0 ,1 ,0 ,0 ,0 ,0, 16.0.0.3
03-14 00:22:24.530  1830  1970 I bauth_FPBAuthService: thread id : 1, preenroll_flag : 0, nd cnt : 0, cso : 0, et : 0
03-14 00:22:24.531  1830  1970 I bauth_FPBAuthService: FPBAuthService::timerHandler complete
03-14 00:22:25.531  1830  1970 I bauth_FPBAuthService: pcf : 0x1012, 0 ,1 ,0 ,0 ,0 ,0, 16.0.0.3
03-14 00:22:25.531  1830  1970 I bauth_FPBAuthService: thread id : 1, preenroll_flag : 0, nd cnt : 0, cso : 0, et : 0
03-14 00:22:25.531  1830  1970 I bauth_FPBAuthService: FPBAuthService::timerHandler complete
03-14 00:22:25.836   582   582 D io_stats: !@ Write_top(KB): kworker/u32:5:/(28442) 68 sait.sohservice:low(1299) 4
03-14 00:22:26.534  1830  1970 I bauth_FPBAuthService: pcf : 0x1012, 0 ,1 ,0 ,0 ,0 ,0, 16.0.0.3
03-14 00:22:26.534  1830  1970 I bauth_FPBAuthService: thread id : 1, preenroll_flag : 0, nd cnt : 0, cso : 0, et : 0
03-14 00:22:26.534  1830  1970 I bauth_FPBAuthService: FPBAuthService::timerHandler complete
03-14 00:22:26.755  2083  2164 D MARsPolicyManager: triggerAction called!
03-14 00:22:26.755  2083  2164 I NSLocationMonitor: getGPSUsingApps() called
03-14 00:22:26.757  3549  3566 I NSLocationManager_FLP: getGPSUsingApps, No change
03-14 00:22:27.421  7151  7155 W ng.android.scpm: userfaultfd: MOVE ioctl seems unsupported: Connection timed out
03-14 00:22:27.511  1673  1692 E thermal_core: find_tz_idx_by_name:"Failed to find thermal zone index of ap_ntc\n"
03-14 00:22:27.511  1673  1692 E thermal_core: find_tz_idx_by_name:"Failed to find thermal zone index of mtk-master-charger\n"
03-14 00:22:27.511  1673  1692 E thermal_core: find_tz_idx_by_name:"Failed to find thermal zone index of camera0\n"
03-14 00:22:27.511  1673  1692 E thermal_core: find_tz_idx_by_name:"Failed to find thermal zone index of mtk-master-charger\n"
