03-14 00:20:55.387  1830  1970 I bauth_FPBAuthService: FPBAuthService::timerHandler complete
03-14 00:20:55.705   582   582 D io_stats: !@   8,32 r 3706056 78901924 w 2438791 31714872 d 307656 187094324 f 205123 237314 iot 1160480 0 th 0 0 0 pt 0 inp 0 0 50668.990
03-14 00:20:56.266  2083  2164 D MARsPolicyManager: triggerAction called!
03-14 00:20:56.266  2083  2164 I NSLocationMonitor: getGPSUsingApps() called
03-14 00:20:56.267  3549  3566 I NSLocationManager_FLP: getGPSUsingApps, No change
03-14 00:20:56.389  1830  1970 I bauth_FPBAuthService: pcf : 0x1012, 0 ,1 ,0 ,0 ,0 ,0, 16.0.0.3
03-14 00:20:56.389  1830  1970 I bauth_FPBAuthService: thread id : 1, preenroll_flag : 0, nd cnt : 0, cso : 0, et : 0
03-14 00:20:56.390  1830  1970 I bauth_FPBAuthService: FPBAuthService::timerHandler complete
03-14 00:20:57.284  1528  1554 E BatteryDump: !@new_battery_dump : 4320,1142,3000,3150,83,331,339,369,0,0,338,369,0,Charging,NO_CHARGING,Normal,Good,PDIC,0,Normal,0,0,9399,0x0,0x10000,0x0,0,0,0000,0000,00000000,0,0,0,0,486,4112,8210,980,0,
03-14 00:20:57.292  2083  2846 D [SS]BattFunctions: [sendRemainingChargingTimeChangedIntent]remainingChargingTime:1898 ,mLastRemainingChargingTime:1902
03-14 00:20:57.292  1536  1536 I seh_thermal_service: getTemperaturesWithType SehTemperatureType: 3
03-14 00:20:57.293  1528  1528 I sehhealth-service: updateLrpSysfs: write: 337
03-14 00:20:57.298  2748  2748 I AODBatteryManager: updateBatteryData: ACTION_BATTERY_CHANGED: false, isSleepModeChanged:false ,isRemainingTimeChanged: true, isUSBRestriction: false
03-14 00:20:57.299  2748  2748 I ChargingInfoManager: updateChargingInfo: newState = AOD ChargingInfo [mState=BATTERY_AND_REMAIN_TIME, mIsCharging=true, mIsPlugged=true, mIsFullyCharged=false, mIsBatteryProtectMode=false, mBetteryLevel=83, mBetteryProtectModeType3, mIsSlowChargingfalse], oldState = AOD ChargingInfo [mState=BATTERY_AND_REMAIN_TIME, mIsCharging=true, mIsPlugged=true, mIsFullyCharged=false, mIsBatteryProtectMode=false, mBetteryLevel=83, mBetteryProtectModeType3, mIsSlowChargingfalse]
03-14 00:20:57.301  2748  2748 D PowerUI : Remaining charging time : 1898
03-14 00:20:57.301  2748  2748 D PowerUI : Charging time is changed, check charging notification
03-14 00:20:57.303  2748  2748 D PowerUI.Notification: showChargingNotice - Battery Level : 83 -> 83, Charging Type : 11 -> 11, Charging Time : 1902 -> 1898, Maximum protection : false -> false, Maximum threshold : 80 -> 80
03-14 00:20:57.308  2748  2748 I NotificationManager: com.android.systemui: notify(2131364006, charging_state, Notification(channel=CHR shortcut=null contentView=null vibrate=null sound=null defaults=0 flags=ONGOING_EVENT|ONLY_ALERT_ONCE color=0x00000000 category=sys groupKey=CHARGING vis=PUBLIC semFlags=0x0 semPriority=0 semMissedCount=0)) as user
03-14 00:20:57.313  1567  1987 I VSyncReactor: Current= 90, Period= 90, hwcPeriod= 90
03-14 00:20:57.314  2083  2846 W PermissionService: getPermissionFlags: Unknown user -1
03-14 00:20:57.314  2083  2846 W PermissionService: getPermissionFlags: Unknown user -1
03-14 00:20:57.316  2748  2748 I ChargingInfoView: handleMessage: MSG_SHOW_CHARGING_INFO
03-14 00:20:57.316  2748  2748 I BottomChargingInfoView: updateContents: BATTERY_AND_REMAIN_TIME
03-14 00:20:57.316  2748  2748 I AOD_WAKELOCK@WakeLockManager: acquireIfExists: tag - charging_info, timeout - 1000, reason - Charging Info is updating, delay by 500, wakeLock = WakeLock{432cb95 held=false, refCount=0}
03-14 00:20:57.318  2083  2846 D PowerManagerService: [api] acquire WakeLock DRAW_WAKE_LOCK                    'charging_info' (uid=10060 pid=2748 displayId=0 lock=79a5834)
03-14 00:20:57.319  2083  2846 D PowerManagerService: displayReady: false groupId=0
03-14 00:20:57.319  2083  2176 D DisplayPowerController[0]: animateScreenStateChange: target=DOZE, mIsEnabled=true
03-14 00:20:57.319  2748  2748 I ChargingInfoManager: getDeviceRemainingTime: Dolmasına 32 dk
03-14 00:20:57.320  2748  2748 I AOD_WAKELOCK@WakeLockManager: acquireIfExists: tag - charging_info, timeout - 5500, reason - Charging Info is updating, delay by 5000, wakeLock = WakeLock{432cb95 held=true, refCount=1}
03-14 00:20:57.321  2748  2748 I AbsChargingInfoComponent: setVisibilityWithAnim: skipped true
03-14 00:20:57.321  2083  2176 I DisplayPowerController[0]: BrightnessEvent: brt=0.16470589 (65.0%), nits= 42.077, lux=-1.0, reason=manual, strat=FallbackBrightnessStrategy, state=DOZE, stateReason=DRAW_WAKE_LOCK, policy=DOZE, flags=, initBrt=0.16470589, rcmdBrt=NaN, preBrt=NaN, preLux=0.0, wasShortTermModelActive=false, autoBrightness=false (default), unclampedBrt=0.16470589, hbmMax=1.0, hbmMode=off, thrmMax=1.0, rbcStrength=-1, powerFactor=1.0, physDisp=Yerleşik Ekran(local:4627039422300187648), logicalId=0, slowChange=false, rampSpeed=0.0
03-14 00:20:57.322  2083  2637 D DisplayManagerService: !@display_state requestDisplayStateInternal: DOZE_SUSPEND -> DOZE displayId=0
03-14 00:20:57.322  1520  1550 I mtkpower@impl: [setMode] type:9, enabled:1
03-14 00:20:57.322  1520  1550 I mtkpower@impl: [setMode] Mode::DISPLAY_INACTIVE: 1
03-14 00:20:57.323  2083  2637 D SemInputDeviceManagerService: setDisplayState[1] EARLY: DOZE_SUSPEND(4) -> DOZE(3)
03-14 00:20:57.323  2083  2637 D LocalDisplayAdapter: notifyStateChangeStart: com.samsung.android.hardware.secinputdev.external.DisplayStateListenerWrapper$1@c7e080a took 1 ms
03-14 00:20:57.323  2748  2748 I SecKeyguardClockPositionAlgorithm: prepareClockContainerHeightChanging:
03-14 00:20:57.323  2083  2116 I DisplayDeviceRepository: Display device changed state: "Yerleşik Ekran", DOZE
03-14 00:20:57.324  2083  2637 D LocalDisplayAdapter: notifyStateChangeStart: com.android.server.biometrics.SemBiometricDisplayStateMonitor@478eea8 took 1 ms
03-14 00:20:57.324  2083  2637 W LocalDisplayAdapter: !@display_state - 2363 : DOZE_SUSPEND -> DOZE (MAIN)
03-14 00:20:57.324  2083  2476 I SemBiometricDisplayStateMonitor: DisplayStateListener#onStart : DOZE, DOZE, DEFAULT_DISPLAY
03-14 00:20:57.324  2083  2176 D BrightnessThermalClamper: Thermal status observer already started
03-14 00:20:57.324  1567  1567 D SurfaceFlinger: Setting power mode 2 on physical display 4627039422300187648
03-14 00:20:57.325  2083  2114 D WindowManager: DeferredDisplayUpdater: partially applying DisplayInfo(1080 x 2340) immediately
03-14 00:20:57.325  2083  2558 D SemInputDevice:TSP: ActivateTask: 3,0 [03-14 00:20:57.323]
03-14 00:20:57.325  2083  2637 W LocalDisplayAdapter: !@display_state - 2363 : DOZE (MAIN) took 1 ms
03-14 00:20:57.325  2083  2637 D SemInputDeviceManagerService: setDisplayState[1] LATE: DOZE(3) -> DOZE(3)
03-14 00:20:57.326  2083  2637 D LocalDisplayAdapter: notifyStateChangeFinish: com.samsung.android.hardware.secinputdev.external.DisplayStateListenerWrapper$1@c7e080a took 1 ms
03-14 00:20:57.326  2083  2637 D LocalDisplayAdapter: notifyStateChangeFinish: com.android.server.biometrics.SemBiometricDisplayStateMonitor@478eea8 took 0 ms
03-14 00:20:57.326  2083  2176 D DisplayPowerController[0]: setActualDisplayState: DOZE_SUSPEND -> DOZE
03-14 00:20:57.327  2083  2176 D DisplayPowerController[0]: animateScreenStateChange: target=DOZE, mIsEnabled=true
03-14 00:20:57.327  2083  2476 I SemBiometricDisplayStateMonitor: DisplayStateListener#onFinish : DOZE, DOZE, DEFAULT_DISPLAY
03-14 00:20:57.327  1534  1546 I sysinput:aidl: onReportInformation:93, 1, enabled@3,0:0
03-14 00:20:57.327  2083  2083 D SGM:GameManager: onDisplayChanged. displyId: 0, state: 3
03-14 00:20:57.328  2748  2748 I SecKeyguardClockPositionAlgorithm: prepareClockContainerHeightChanging:
03-14 00:20:57.328 29780 29864 D AudioFlinger: setParameters: filtered dev setParameters keyvalue screen_state=off
03-14 00:20:57.329  3238 28282 I HoneySpace.Memory-Monitor: current state = 3, didTrim = true
03-14 00:20:57.330 29783 29819 D AudioALSAHardware: +setParameters(): screen_state=off
03-14 00:20:57.330 29783 29819 D AudioALSAHardware: -setParameters(): screen_state=off
03-14 00:20:57.330  2083  2299 D SGM:FgCheckThread: onLooperPrepared(), msg: MSG_LCD_OFF
03-14 00:20:57.330  1534  1546 I sysinput:Touch1: operator():133, 3,0 OK
03-14 00:20:57.331  2083  2558 D SysinputHAL_AIDL: activate(TSP(1)),3,0 ret=0
03-14 00:20:57.331  2083  2558 D SemInputDevice:TSP: ActivateTask: 3,1 [03-14 00:20:57.325]
03-14 00:20:57.332  1534  1546 I sysinput:aidl: onReportInformation:93, 1, enabled@3,1:0
03-14 00:20:57.333  1534  1546 I sysinput:Touch1: operator():133, 3,1 OK
03-14 00:20:57.333  2083  2176 D DisplayPowerController[0]: animateScreenStateChange: target=DOZE, mIsEnabled=true
03-14 00:20:57.334  2083  2176 D PowerManagerService: displayReady: true groupId=0
03-14 00:20:57.334  2083  2558 D SysinputHAL_AIDL: activate(TSP(1)),3,1 ret=0
03-14 00:20:57.334  2748  2748 I MODManager: onShow ChargingInfoOnlyContainer
03-14 00:20:57.334  2748  2748 W MODManager: this device does not supports cover
03-14 00:20:57.335  2748  2748 D DisplayLifecycle: updateDisplay id = 0
03-14 00:20:57.335  3238  3238 I VRI[LauncherActivity]@79a9058: onDisplayChanged oldDisplayState=4 newDisplayState=3
03-14 00:20:57.335  5415  5415 I HBD     : DeX h DeX mode state change in non-main thread 
03-14 00:20:57.336  5415  5415 I HBD     : DeX h DeX mode state change: 3 
03-14 00:20:57.336  3238  3238 I VRI[RecentsTransitionOverlay]@815033c: onDisplayChanged oldDisplayState=4 newDisplayState=3
03-14 00:20:57.336  3238  3238 I VRI[CocktailBarService]@b870e79: onDisplayChanged oldDisplayState=4 newDisplayState=3
03-14 00:20:57.336  3238  3238 I VRI[RecentsActivity]@a5b1272: onDisplayChanged oldDisplayState=4 newDisplayState=3
03-14 00:20:57.337  2083  5463 D WifiDisplayAdapter: isFitToActiveDisplayLocked : false
03-14 00:20:57.337  5415  5415 I VRI[InputMethod]@e345dc8: onDisplayChanged oldDisplayState=4 newDisplayState=3
03-14 00:20:57.338  2748  2802 I VRI[ShellDropTarget]@92e3be9: onDisplayChanged oldDisplayState=4 newDisplayState=3
03-14 00:20:57.338  2748  2802 I VRI[View root of ReusableWindowDecorViewHost#0]@254be1d: onDisplayChanged oldDisplayState=4 newDisplayState=3
03-14 00:20:57.338  2748  2882 D StackScroller: onDisplayChanged for predraw skip to 3
03-14 00:20:57.338  2748  2802 I VRI[View root of ReusableWindowDecorViewHost#1]@9ccb8b6: onDisplayChanged oldDisplayState=4 newDisplayState=3
03-14 00:20:57.339  2748  2748 I Keyguard.AODTouchModeManager: onDisplayChanged newDisplayState=3, currentDisplayState=4, displayId=0
03-14 00:20:57.339  5329  5329 I VRI[LauncherActivity]@9ba8716: onDisplayChanged oldDisplayState=4 newDisplayState=3
03-14 00:20:57.340  2748  2748 I VRI[LockscreenShortcutBlur]@f4e5155: onDisplayChanged oldDisplayState=4 newDisplayState=3
03-14 00:20:57.340  2748  2748 I VRI[NavigationBar0]@cb51d69: onDisplayChanged oldDisplayState=4 newDisplayState=3
03-14 00:20:57.341  2748  2748 I VRI[EdgeBackGestureHandler0]@e247b7f: onDisplayChanged oldDisplayState=4 newDisplayState=3
03-14 00:20:57.341  2748  2748 I VRI[NotificationShade]@ddcb5e0: onDisplayChanged oldDisplayState=4 newDisplayState=3
03-14 00:20:57.341  2748  2748 I VRI[StatusBar]@b5f60f8: onDisplayChanged oldDisplayState=4 newDisplayState=3
03-14 00:20:57.341  2748  2748 I VRI[SecondaryHomeHandle0]@fc3d736: onDisplayChanged oldDisplayState=4 newDisplayState=3
03-14 00:20:57.346  1567  1567 I BufferQueueProducer: [NotificationShade$_2748#15421](this:0xb400006f877dc638,id:-1,api:0,p:-1,c:1567) queueBuffer: fps=0.05 dur=20229.46 max=20229.46 min=20229.46
03-14 00:20:57.350  1501  1501 I hwcomposer: [HWCDisplay] (0 updateFps():4131), (type:1, mode:2) fps:0.098863,dur:20230.06,max:20136.82,min:93.25  
03-14 00:20:57.390  1830  1970 I bauth_FPBAuthService: pcf : 0x1012, 0 ,1 ,0 ,0 ,0 ,0, 16.0.0.3
03-14 00:20:57.390  1830  1970 I bauth_FPBAuthService: thread id : 1, preenroll_flag : 0, nd cnt : 0, cso : 0, et : 0
03-14 00:20:57.391  1830  1970 I bauth_FPBAuthService: FPBAuthService::timerHandler complete
03-14 00:20:57.423  1501  1884 I hwcomposer: [HWC] (0)fire a callback of refresh to SF[4]  
03-14 00:20:57.425  1673  1692 E thermal_core: find_tz_idx_by_name:"Failed to find thermal zone index of ap_ntc\n"
03-14 00:20:57.425  1673  1692 E thermal_core: find_tz_idx_by_name:"Failed to find thermal zone index of mtk-master-charger\n"
03-14 00:20:57.442  1567  1567 I BufferQueueProducer: [FramebufferSurface](this:0xb400006faf4f0370,id:-1,api:1,p:1567,c:1567) queueBuffer: fps=0.05 dur=20229.40 max=20229.40 min=20229.40
03-14 00:20:57.520  2083  2083 I Telecom : SamsungTelecomServiceImpl : isInManagedCall - callingPackage : android / callingUser : UserHandle{0} / hasCrossUserAccess : true
03-14 00:20:57.537  3238  6389 I HoneySpace.NotificationListener: onNotificationPosted com.android.systemui: -1|com.android.systemui|2131364006|charging_state|10060: 0
03-14 00:20:57.537  3238  6389 I HoneySpace.NotificationListener: invalid notification: com.android.systemui UserHandle{-1}: canShowBadge is false
03-14 00:20:57.550  2748  2748 I LockscreenNotificationIconsOnlyController: onNotificationInfoUpdated 0
03-14 00:20:57.550  2748  2748 I AODNotificationManager: updateNotification() 
03-14 00:20:57.708   582   582 D io_stats: !@ Write_top(KB): kworker/u32:3:/(31888) 36 vendor.samsung.:normal(1528) 8
03-14 00:20:57.739  2748  2748 D Bubbles : onEntryUpdated : shouldBubbleUp=true ,key=-1|com.android.systemui|2131364006|charging_state|10060
03-14 00:20:57.741  2748  2748 D InterruptionStateProvider:  no Heads up : edgelighting enabled app. -1|com.android.systemui|2131364006|charging_state|10060
03-14 00:20:57.741  2748  2748 I {OngoingActivityController}: onEntryUpdated and OA data is empty. So update latest task info
03-14 00:20:57.762  2748  2748 I LockscreenNotificationIconsOnlyController: onNotificationInfoUpdated 0
03-14 00:20:57.762  2748  2748 I AODNotificationManager: updateNotification() 
03-14 00:20:57.770  2748  3330 D LocalImageResolver: Couldn't use ImageDecoder for drawable, falling back to non-resized load.
03-14 00:20:57.773  2748  3330 D LocalImageResolver: Couldn't use ImageDecoder for drawable, falling back to non-resized load.
03-14 00:20:57.778  2748  2748 D LocalImageResolver: Couldn't use ImageDecoder for drawable, falling back to non-resized load.
03-14 00:20:57.791  2748  2748 D ExpandableNotifRow: mMaxSmallHeight different before reInflateViews mMaxSmallHeight: 189 mTempSmallHeight:0 -1|com.android.systemui|2131364006|charging_state|10060
03-14 00:20:57.791  2748  2748 D ExpandableNotifRow: mMaxSmallHeight different before reInflateViews mMaxSmallHeight: 189 mTempSmallHeight:0 -1|com.android.systemui|2131364006|charging_state|10060
03-14 00:20:57.791  2748  2748 D ExpandableNotifRow: mMaxSmallHeight different before reInflateViews mMaxSmallHeight: 189 mTempSmallHeight:0 -1|com.android.systemui|2131364006|charging_state|10060
03-14 00:20:57.791  2748  2748 D ExpandableNotifRow: mMaxSmallHeight different before reInflateViews mMaxSmallHeight: 189 mTempSmallHeight:0 -1|com.android.systemui|2131364006|charging_state|10060
03-14 00:20:57.799  2748  2748 D LocalImageResolver: Couldn't use ImageDecoder for drawable, falling back to non-resized load.
03-14 00:20:57.807  2748  2748 I LockscreenNotificationIconsOnlyController: onNotificationInfoUpdated 0
03-14 00:20:57.808  2748  2748 I AODNotificationManager: updateNotification() 
03-14 00:20:58.391  1830  1970 I bauth_FPBAuthService: pcf : 0x1012, 0 ,1 ,0 ,0 ,0 ,0, 16.0.0.3
03-14 00:20:58.392  1830  1970 I bauth_FPBAuthService: thread id : 1, preenroll_flag : 0, nd cnt : 0, cso : 0, et : 0
03-14 00:20:58.392  1830  1970 I bauth_FPBAuthService: FPBAuthService::timerHandler complete
03-14 00:20:58.888  2857  2857 I wpa_supplicant: Heartbeat 1399
03-14 00:20:59.394  1830  1970 I bauth_FPBAuthService: pcf : 0x1012, 0 ,1 ,0 ,0 ,0 ,0, 16.0.0.3
03-14 00:20:59.394  1830  1970 I bauth_FPBAuthService: thread id : 1, preenroll_flag : 0, nd cnt : 0, cso : 0, et : 0
03-14 00:20:59.394  1830  1970 I bauth_FPBAuthService: FPBAuthService::timerHandler complete
03-14 00:21:00.395  1830  1970 I bauth_FPBAuthService: pcf : 0x1012, 0 ,1 ,0 ,0 ,0 ,0, 16.0.0.3
03-14 00:21:00.395  1830  1970 I bauth_FPBAuthService: thread id : 1, preenroll_flag : 0, nd cnt : 0, cso : 0, et : 0
03-14 00:21:00.395  1830  1970 I bauth_FPBAuthService: FPBAuthService::timerHandler complete
03-14 00:21:00.409  2748  2748 I ChargingInfoOnlyContainer: onTimerExpired: 
03-14 00:21:00.409  2748  2748 I AODAlarmTimer_AOD_CHARGING_INFO_TICK: onAlarm: 
03-14 00:21:00.410  2083  2083 I EyeComfortSolutionService: action  :  android.intent.action.TIME_TICK
03-14 00:21:00.409  2748  2748 I AODAlarmTimer_AOD_CHARGING_INFO_TICK: setAlarm: expiration = 03/14/2026 00:22
03-14 00:21:00.415  2748  3322 I DateTimeView: updateAll - getTimeFormat
03-14 00:21:00.416  2748  2748 D ClockFaceEvents: onTimeTick. callers : com.android.keyguard.ClockEventController$keyguardUpdateMonitorCallback$1.refreshTime:19
03-14 00:21:00.416  2748  2748 D ClockFaceEvents: com.android.keyguard.ClockEventController$keyguardUpdateMonitorCallback$1.onTimeChanged:1
03-14 00:21:00.416  2748  2748 D ClockFaceEvents: com.android.keyguard.KeyguardUpdateMonitor$16.handleMessage:732
03-14 00:21:00.417  2748  3322 D QSClockBellTower: onReceive(android.intent.action.TIME_TICK) mTimeZoneString:Europe/Istanbul
03-14 00:21:00.417  2748  2748 D ClockFaceEvents: onTimeTick. callers : com.android.keyguard.ClockEventController$keyguardUpdateMonitorCallback$1.refreshTime:38
03-14 00:21:00.417  2748  2748 D ClockFaceEvents: com.android.keyguard.ClockEventController$keyguardUpdateMonitorCallback$1.onTimeChanged:1
03-14 00:21:00.417  2748  2748 D ClockFaceEvents: com.android.keyguard.KeyguardUpdateMonitor$16.handleMessage:732
03-14 00:21:00.417  2748  2748 D FaceWidgetPagesController: onTimeChanged()
03-14 00:21:00.418  2748  2748 D FaceWidgetPagesController: refreshViews() reason = ON_TIME_TICK, force = false
03-14 00:21:00.420  2748  2748 D QSClockBellTower: He is ready to ring the bell. (((QSClockBellSound - TimeText:00:21, TimeContentDescription:00:21, DateText:14 Mart Cmt, ShortDateText:14 Mar Cmt, Demo:false)))
03-14 00:21:00.421  2748  2748 D QSClock : StatusBar clock=00:21 notifyTimeChanged(QSClockBellSound - TimeText:00:21, TimeContentDescription:00:21, DateText:14 Mart Cmt, ShortDateText:14 Mar Cmt, Demo:false) clockVisibleByPolicy=true, clockVisibleByUser=true, visible=false, parent=android.widget.LinearLayout{31c7954 V.E...... ........ 0,0-0,72 #7f0a069b app:id/left_clock_container} caller=com.android.systemui.statusbar.phone.fragment.CollapsedStatusBarFragment.animateHiddenState:96 com.android.systemui.statusbar.phone.fragment.CollapsedStatusBarFragment.updateStatusBarVisibilitiesInner:260 com.android.systemui.statusbar.phone.fragment.CollapsedStatusBarFragment$$ExternalSyntheticLambda1.run:6 com.android.systemui.statusbar.phone.fragment.CollapsedStatusBarFragmentExt.onKeyguardShowingChanged:10 com.android.systemui.statusbar.policy.KeyguardStateControllerImpl$$ExternalSyntheticLambda0.accept:24  
03-14 00:21:00.422  2748  2748 D QSClockBellTower: Everyone heard the bell. run(currentTime:1773436860419, getTime():Sat Mar 14 00:21:00 GMT+03:00 2026, getTimeZone():libcore.util.ZoneInfo[mDstSavings=0,mUseDst=false,mDelegate=[id="Europe/Istanbul",mRawOffset=10800000,mEarliestRawOffset=6952000,transitions=115]])
03-14 00:21:00.426  1673  1692 E thermal_core: find_tz_idx_by_name:"Failed to find thermal zone index of ap_ntc\n"
03-14 00:21:00.426  1673  1692 E thermal_core: find_tz_idx_by_name:"Failed to find thermal zone index of mtk-master-charger\n"
03-14 00:21:00.431  2748  2748 I SecKeyguardClockPositionAlgorithm: prepareClockContainerHeightChanging:
03-14 00:21:00.431  1567  1987 I VSyncReactor: Current= 90, Period= 90, hwcPeriod= 90
03-14 00:21:00.435  2748  2748 I SecKeyguardClockPositionAlgorithm: prepareClockContainerHeightChanging:
03-14 00:21:00.454  1567  1567 I BufferQueueProducer: [NotificationShade$_2748#15421](this:0xb400006f877dc638,id:-1,api:0,p:-1,c:1567) queueBuffer: fps=0.32 dur=3107.89 max=3107.89 min=3107.89
03-14 00:21:00.461  1501  1501 I hwcomposer: [HWCDisplay] (0 updateFps():4131), (type:1, mode:2) fps:0.642983,dur:3110.50,max:3017.91,min:92.59  
03-14 00:21:00.910  1501  1884 I hwcomposer: [HWC] (0)fire a callback of refresh to SF[4]  
03-14 00:21:00.931  1567  1567 I BufferQueueProducer: [FramebufferSurface](this:0xb400006faf4f0370,id:-1,api:1,p:1567,c:1567) queueBuffer: fps=0.29 dur=3489.43 max=3489.43 min=3489.43
03-14 00:21:01.290  2083  2164 D MARsPolicyManager: triggerAction called!
03-14 00:21:01.291  2083  2164 I NSLocationMonitor: getGPSUsingApps() called
03-14 00:21:01.292  3549  3566 I NSLocationManager_FLP: getGPSUsingApps, No change
03-14 00:21:01.396  1830  1970 I bauth_FPBAuthService: pcf : 0x1012, 0 ,1 ,0 ,0 ,0 ,0, 16.0.0.3
03-14 00:21:01.396  1830  1970 I bauth_FPBAuthService: thread id : 1, preenroll_flag : 0, nd cnt : 0, cso : 0, et : 0
03-14 00:21:01.396  1830  1970 I bauth_FPBAuthService: FPBAuthService::timerHandler complete
03-14 00:21:01.713   582   582 D io_stats: !@   8,32 r 3706056 78901924 w 2439065 31716112 d 307656 187094324 f 205132 237342 iot 1160508 0 th 0 0 0 pt 0 inp 0 0 50674.999
03-14 00:21:01.714   582   582 D io_stats: !@ Write_top(KB): f2fs_ckpt-254:6:/(3359) 600 kworker/4:2:/(3554) 520 kworker/u32:5:/(28442) 56
03-14 00:21:02.397  1830  1970 I bauth_FPBAuthService: pcf : 0x1012, 0 ,1 ,0 ,0 ,0 ,0, 16.0.0.3
03-14 00:21:02.397  1830  1970 I bauth_FPBAuthService: thread id : 1, preenroll_flag : 0, nd cnt : 0, cso : 0, et : 0
03-14 00:21:02.397  1830  1970 I bauth_FPBAuthService: FPBAuthService::timerHandler complete
03-14 00:21:02.432  5068  6278 I SDHMS:x : SIOP:: AP:357 BAT:331 USB:339 CHG:369 PA:351 WIFI:350 BLK:0 SUBBAT:0 SKIN:337 SKINF:329 SKINB:337 LRP2:337 LRF2:329 LRB2:337 AP2:337 CHG2:334 MEM2:337 WIFI2:337 SPK2:320 VAP05:357 AVGCUR:1155 AVGSYS:0 POWER:4989
03-14 00:21:02.447  5068  5169 E SDHMS:i : e = /sys/class/rtc/rtc0/date: open failed: EACCES (Permission denied)
03-14 00:21:02.448  5068  5169 E SDHMS:i : e = /sys/class/rtc/rtc0/time: open failed: EACCES (Permission denied)
03-14 00:21:02.449  5068  5169 E SDHMS:i : e = /sys/class/rtc/rtc0/since_epoch: open failed: EACCES (Permission denied)
03-14 00:21:02.826  2083  3122 D PowerManagerService: [api] release WakeLock DRAW_WAKE_LOCK                    'charging_info' ACQ=-5s506ms (uid=10060 pid=2748 displayId=0 lock=79a5834)
03-14 00:21:02.827  2083  3122 D PowerManagerService: displayReady: false groupId=0
03-14 00:21:02.828  2083  2176 D DisplayPowerController[0]: animateScreenStateChange: target=DOZE_SUSPEND, mIsEnabled=true
03-14 00:21:02.832  2083  2176 I DisplayPowerController[0]: BrightnessEvent: brt=0.16470589 (65.0%), nits= 42.077, lux=-1.0, reason=manual, strat=FallbackBrightnessStrategy, state=DOZE_SUSPEND, stateReason=UNKNOWN, policy=DOZE, flags=, initBrt=0.16470589, rcmdBrt=NaN, preBrt=NaN, preLux=0.0, wasShortTermModelActive=false, autoBrightness=false (default), unclampedBrt=0.16470589, hbmMax=1.0, hbmMode=off, thrmMax=1.0, rbcStrength=-1, powerFactor=1.0, physDisp=Yerleşik Ekran(local:4627039422300187648), logicalId=0, slowChange=false, rampSpeed=0.0
03-14 00:21:02.834  1520  1550 I mtkpower@impl: [setMode] type:9, enabled:1
03-14 00:21:02.834  1520  1550 I mtkpower@impl: [setMode] Mode::DISPLAY_INACTIVE: 1
03-14 00:21:02.834  2083  2637 D DisplayManagerService: !@display_state requestDisplayStateInternal: DOZE -> DOZE_SUSPEND displayId=0
03-14 00:21:02.835  2083  2637 D SemInputDeviceManagerService: setDisplayState[1] EARLY: DOZE(3) -> DOZE_SUSPEND(4)
03-14 00:21:02.836  2083  2116 I DisplayDeviceRepository: Display device changed state: "Yerleşik Ekran", DOZE_SUSPEND
03-14 00:21:02.836  2083  2558 D SemInputDevice:TSP: ActivateTask: 4,0 [03-14 00:21:02.835]
03-14 00:21:02.836  2083  2637 D LocalDisplayAdapter: notifyStateChangeStart: com.samsung.android.hardware.secinputdev.external.DisplayStateListenerWrapper$1@c7e080a took 2 ms
03-14 00:21:02.837  2083  2637 D LocalDisplayAdapter: notifyStateChangeStart: com.android.server.biometrics.SemBiometricDisplayStateMonitor@478eea8 took 1 ms
03-14 00:21:02.837  2083  2637 W LocalDisplayAdapter: !@display_state - 2364 : DOZE -> DOZE_SUSPEND (MAIN)
03-14 00:21:02.837  1534  1546 I sysinput:aidl: onReportInformation:93, 1, enabled@4,0:0
03-14 00:21:02.838  1567  1567 D SurfaceFlinger: Setting power mode 2 on physical display 4627039422300187648
03-14 00:21:02.838  2083  2176 D BrightnessThermalClamper: Thermal status observer already started
03-14 00:21:02.838  2083  2114 D WindowManager: DeferredDisplayUpdater: partially applying DisplayInfo(1080 x 2340) immediately
03-14 00:21:02.838  2083  2637 W LocalDisplayAdapter: !@display_state - 2364 : DOZE_SUSPEND (MAIN) took 1 ms
03-14 00:21:02.839  2083  2637 D SemInputDeviceManagerService: setDisplayState[1] LATE: DOZE_SUSPEND(4) -> DOZE_SUSPEND(4)
03-14 00:21:02.839  1534  1546 I sysinput:Touch1: operator():133, 4,0 OK
03-14 00:21:02.839  2083  2476 I SemBiometricDisplayStateMonitor: DisplayStateListener#onStart : DOZE_SUSPEND, DOZE_SUSPEND, DEFAULT_DISPLAY
03-14 00:21:02.839 29780 29864 D AudioFlinger: setParameters: filtered dev setParameters keyvalue screen_state=off
03-14 00:21:02.839  2083  2637 D LocalDisplayAdapter: notifyStateChangeFinish: com.samsung.android.hardware.secinputdev.external.DisplayStateListenerWrapper$1@c7e080a took 0 ms
03-14 00:21:02.839  2083  2637 D LocalDisplayAdapter: notifyStateChangeFinish: com.android.server.biometrics.SemBiometricDisplayStateMonitor@478eea8 took 0 ms
03-14 00:21:02.840  2083  2083 D SGM:GameManager: onDisplayChanged. displyId: 0, state: 4
03-14 00:21:02.840  2083  2176 D DisplayPowerController[0]: setActualDisplayState: DOZE -> DOZE_SUSPEND
03-14 00:21:02.840  2083  2176 D DisplayPowerController[0]: animateScreenStateChange: target=DOZE_SUSPEND, mIsEnabled=true
03-14 00:21:02.840 29783 29791 D AudioALSAHardware: +setParameters(): screen_state=off
03-14 00:21:02.840 29783 29791 D AudioALSAHardware: -setParameters(): screen_state=off
03-14 00:21:02.840  2083  2476 I SemBiometricDisplayStateMonitor: DisplayStateListener#onFinish : DOZE_SUSPEND, DOZE_SUSPEND, DEFAULT_DISPLAY
03-14 00:21:02.841  2083  2176 D DisplayPowerController[0]: animateScreenStateChange: target=DOZE_SUSPEND, mIsEnabled=true
03-14 00:21:02.841  2083  2558 D SysinputHAL_AIDL: activate(TSP(1)),4,0 ret=0
03-14 00:21:02.841  2083  2558 D SemInputDevice:TSP: ActivateTask: 4,1 [03-14 00:21:02.839]
03-14 00:21:02.843  2083  2299 D SGM:FgCheckThread: onLooperPrepared(), msg: MSG_LCD_OFF
03-14 00:21:02.846  2083  2176 D PowerManagerService: displayReady: true groupId=0
03-14 00:21:02.847  5415  5415 I HBD     : DeX h DeX mode state change in non-main thread 
03-14 00:21:02.848  5415  5415 I HBD     : DeX h DeX mode state change: 3 
03-14 00:21:02.848  1534  1546 I sysinput:aidl: onReportInformation:93, 1, enabled@4,1:0
03-14 00:21:02.847  3238 27254 I HoneySpace.Memory-Monitor: current state = 4, didTrim = true
03-14 00:21:02.849  3238  3238 I VRI[LauncherActivity]@79a9058: onDisplayChanged oldDisplayState=3 newDisplayState=4
03-14 00:21:02.850  3238  3238 I VRI[RecentsTransitionOverlay]@815033c: onDisplayChanged oldDisplayState=3 newDisplayState=4
03-14 00:21:02.850  1567  1613 I VSyncReactor: Current= 90, Period= 90, hwcPeriod= 90
03-14 00:21:02.850  5415  5415 I VRI[InputMethod]@e345dc8: onDisplayChanged oldDisplayState=3 newDisplayState=4
03-14 00:21:02.851  1534  1546 I sysinput:Touch1: operator():133, 4,1 OK
03-14 00:21:02.851  3238  3238 I VRI[CocktailBarService]@b870e79: onDisplayChanged oldDisplayState=3 newDisplayState=4
03-14 00:21:02.851  3238  3238 I VRI[RecentsActivity]@a5b1272: onDisplayChanged oldDisplayState=3 newDisplayState=4
03-14 00:21:02.852  2748  2802 I VRI[ShellDropTarget]@92e3be9: onDisplayChanged oldDisplayState=3 newDisplayState=4
03-14 00:21:02.852  2748  2802 I VRI[View root of ReusableWindowDecorViewHost#0]@254be1d: onDisplayChanged oldDisplayState=3 newDisplayState=4
03-14 00:21:02.852  2748  2802 I VRI[View root of ReusableWindowDecorViewHost#1]@9ccb8b6: onDisplayChanged oldDisplayState=3 newDisplayState=4
03-14 00:21:02.853  2748  2748 D DisplayLifecycle: updateDisplay id = 0
03-14 00:21:02.853  2083  2558 D SysinputHAL_AIDL: activate(TSP(1)),4,1 ret=0
03-14 00:21:02.855  5329  5329 I VRI[LauncherActivity]@9ba8716: onDisplayChanged oldDisplayState=3 newDisplayState=4
03-14 00:21:02.857  2083  2665 D WifiDisplayAdapter: isFitToActiveDisplayLocked : false
03-14 00:21:02.858  2748  2882 D StackScroller: onDisplayChanged for predraw skip to 4
03-14 00:21:02.858  2748  2748 I Keyguard.AODTouchModeManager: onDisplayChanged newDisplayState=4, currentDisplayState=3, displayId=0
03-14 00:21:02.859  2748  2748 I VRI[LockscreenShortcutBlur]@f4e5155: onDisplayChanged oldDisplayState=3 newDisplayState=4
03-14 00:21:02.859  2748  2748 I VRI[NavigationBar0]@cb51d69: onDisplayChanged oldDisplayState=3 newDisplayState=4
03-14 00:21:02.859  2748  2748 I VRI[EdgeBackGestureHandler0]@e247b7f: onDisplayChanged oldDisplayState=3 newDisplayState=4
03-14 00:21:02.859  2748  2748 I VRI[NotificationShade]@ddcb5e0: onDisplayChanged oldDisplayState=3 newDisplayState=4
03-14 00:21:02.859  2748  2748 I VRI[StatusBar]@b5f60f8: onDisplayChanged oldDisplayState=3 newDisplayState=4
03-14 00:21:02.860  2748  2748 I VRI[SecondaryHomeHandle0]@fc3d736: onDisplayChanged oldDisplayState=3 newDisplayState=4
03-14 00:21:03.397  1830  1970 I bauth_FPBAuthService: pcf : 0x1012, 0 ,1 ,0 ,0 ,0 ,0, 16.0.0.3
03-14 00:21:03.397  1830  1970 I bauth_FPBAuthService: thread id : 1, preenroll_flag : 0, nd cnt : 0, cso : 0, et : 0
03-14 00:21:03.397  1830  1970 I bauth_FPBAuthService: FPBAuthService::timerHandler complete
03-14 00:21:03.429  1673  1692 E thermal_core: find_tz_idx_by_name:"Failed to find thermal zone index of ap_ntc\n"
03-14 00:21:03.429  1673  1692 E thermal_core: find_tz_idx_by_name:"Failed to find thermal zone index of mtk-master-charger\n"
03-14 00:21:03.429  1673  1692 E thermal_core: find_tz_idx_by_name:"Failed to find thermal zone index of camera0\n"
03-14 00:21:03.429  1673  1692 E thermal_core: find_tz_idx_by_name:"Failed to find thermal zone index of mtk-master-charger\n"
03-14 00:21:03.429  1673  1692 E thermal_core: find_tz_idx_by_name:"Failed to find thermal zone index of nrpa_ntc\n"
03-14 00:21:03.430  1673  1692 E thermal_core: dump_thermal_log:"Error: sccanf error, ret=9\n"
03-14 00:21:03.431  1673  1692 E thermal_core: node_read:"Failed to read /sys/class/thermal/thermal_zone2/temp: No data available\n"
03-14 00:21:03.431  1673  1692 I thermal_core: "soc/nr/lte/ap_ntc/tpcb/conn/chg/cam/c_ttj/g_ttj/a_ttj=0/-274000/34736/-274000/46000/30000/-274000/-274000/85000/85000/85000\n"
03-14 00:21:03.432  1673  1692 I thermal_core: "[C(l)(c)(i)][G(l)(c)][A(l)(c)][TH][D]=[(666666/666666/666666)(500/725/0)(0x0)][(666666)(666666)][(666666666)(666666666)][0][1600]\n"
03-14 00:21:03.432  1673  1692 E thermal_core: node_read:"Failed to open /sys/kernel/helio-dvfsrc/dvfsrc_therm_info: No such file or directory\n"
03-14 00:21:03.432  1673  1692 I thermal_core: "1600"
03-14 00:21:03.718   582   582 D io_stats: !@   8,32 r 3706056 78901924 w 2439068 31716136 d 307664 187098224 f 205132 237342 iot 1160512 0 th 0 0 0 pt 0 inp 0 0 50677.003
03-14 00:21:03.814  4113  5098 V CpEventLog(u0): [P] cp_state: [                 contacts = {contacts=50, raw_contacts=116, data=402, account={secphone(1)=27, google(2)=16, sim(3)=10, sim2(4)=0, agg(5)=0, google(6)=0, google(7)=0, samsung(8)=0, mobileservice(9)=0, coreapp(10)=4, com.samsung.android.email(11)=0, com.samsung.android.email(12)=0, com.samsung.android.email(13)=0, com.samsung.android.email(14)=0, google(18)=1, whatsapp(65)=45, google(79)=0, www.instagram.com(80)=0, google(81)=0, google(83)=0, google(84)=0, google(85)=0, google(86)=0, google(87)=0, google(88)=0, google(89)=0}, trash=0, trash_acc={}, trash_sync=13, database=contacts2.db} ]
03-14 00:21:03.814  4113  5098 V CpEventLog(u0): [P] cp_state: [               aggregated = {[1,10]=1, [1,65,3]=3, [1,65]=21, [1]=2, [2,65,10]=3, [2,65,3]=1, [2,65]=11, [2]=1, [3]=1, [65,18]=1, [65,3]=5} ]
03-14 00:21:03.814  4113  5098 V CpEventLog(u0): [P] cp_state: [                  request = {} ]
03-14 00:21:03.814  4113  5098 V CpEventLog(u0): [P] cp_state: [                    calls = {types={[100]=217, [300]=285, [500]=1, [1000]=1781, [1150]=1}, database=calllog.db} ]
03-14 00:21:03.814  4113  5098 V CpEventLog(u0): [P] cp_state: [                  profile = {contacts=0, raw_contacts=0, data=0, account={secphone(1)=0, google(2)=0, sim(3)=0, sim2(4)=0, agg(5)=0, google(6)=0, google(7)=0, samsung(8)=0, mobileservice(9)=0, coreapp(10)=0, com.samsung.android.email(11)=0, com.samsung.android.email(12)=0, com.samsung.android.email(13)=0, com.samsung.android.email(14)=0, google(18)=0, whatsapp(50)=0, google(64)=0, www.instagram.com(65)=0, google(66)=0, google(68)=0, google(69)=0, google(70)=0, google(71)=0, google(72)=0, google(73)=0, google(74)=0}, trash=0, trash_acc={}, trash_sync=0, database=profile.db} ]
03-14 00:21:03.814  4113  5098 V CpEventLog(u0): [P] cp_state: [               sa_profile = {contacts=1, raw_contacts=1, data=1, account={secphone(1)=1, google(2)=0, sim(3)=0, sim2(4)=0, agg(5)=0, google(6)=0, google(7)=0, samsung(8)=0, mobileservice(9)=0, coreapp(10)=0, com.samsung.android.email(11)=0, com.samsung.android.email(12)=0, com.samsung.android.email(13)=0, com.samsung.android.email(14)=0, google(18)=0, whatsapp(50)=0, google(64)=0, www.instagram.com(65)=0, google(66)=0, google(68)=0, google(69)=0, google(70)=0, google(71)=0, google(72)=0, google(73)=0, google(74)=0}, trash=0, trash_acc={}, trash_sync=0, database=profile_sa.db} ]
03-14 00:21:03.814  4113  5098 V CpEventLog(u0): [P] cp_state: [                      etc = {binders=0, country_iso=TR, version=15.6.28, db_version=2000, db_size=0, db_wal_size=1, csc=/, sec_enabled=false, is_roaming=false} ]
03-14 00:21:03.814  4113  5098 V CpEventLog(u0): [P] cp_state: ------------------------------------------------------------------------------
03-14 00:21:04.400  1830  1970 I bauth_FPBAuthService: pcf : 0x1012, 0 ,1 ,0 ,0 ,0 ,0, 16.0.0.3
03-14 00:21:04.400  1830  1970 I bauth_FPBAuthService: thread id : 1, preenroll_flag : 0, nd cnt : 0, cso : 0, et : 0
03-14 00:21:04.400  1830  1970 I bauth_FPBAuthService: FPBAuthService::timerHandler complete
03-14 00:21:05.400  1830  1970 I bauth_FPBAuthService: pcf : 0x1012, 0 ,1 ,0 ,0 ,0 ,0, 16.0.0.3
03-14 00:21:05.400  1830  1970 I bauth_FPBAuthService: thread id : 1, preenroll_flag : 0, nd cnt : 0, cso : 0, et : 0
03-14 00:21:05.401  1830  1970 I bauth_FPBAuthService: FPBAuthService::timerHandler complete
03-14 00:21:05.719   582   582 D io_stats: !@   8,32 r 3706056 78901924 w 2439078 31716260 d 307664 187098224 f 205132 237342 iot 1160516 0 th 0 0 0 pt 0 inp 0 0 50679.005
03-14 00:21:05.720   582   582 D io_stats: !@ Write_top(KB): kworker/u32:10:/(28446) 124 sait.sohservice:low(1299) 24
03-14 00:21:06.314  2083  2164 D MARsPolicyManager: triggerAction called!
03-14 00:21:06.315  2083  2164 I NSLocationMonitor: getGPSUsingApps() called
03-14 00:21:06.316  3549  3566 I NSLocationManager_FLP: getGPSUsingApps, No change
03-14 00:21:06.403  1830  1970 I bauth_FPBAuthService: pcf : 0x1012, 0 ,1 ,0 ,0 ,0 ,0, 16.0.0.3
03-14 00:21:06.403  1830  1970 I bauth_FPBAuthService: thread id : 1, preenroll_flag : 0, nd cnt : 0, cso : 0, et : 0
03-14 00:21:06.403  1830  1970 I bauth_FPBAuthService: FPBAuthService::timerHandler complete
03-14 00:21:06.435  1673  1692 E thermal_core: find_tz_idx_by_name:"Failed to find thermal zone index of ap_ntc\n"
03-14 00:21:06.435  1673  1692 E thermal_core: find_tz_idx_by_name:"Failed to find thermal zone index of mtk-master-charger\n"
03-14 00:21:07.280  1520  1551 D power@timer: [mtkPowerTimer] visRead:0
03-14 00:21:07.403  1830  1970 I bauth_FPBAuthService: pcf : 0x1012, 0 ,1 ,0 ,0 ,0 ,0, 16.0.0.3
03-14 00:21:07.403  1830  1970 I bauth_FPBAuthService: thread id : 1, preenroll_flag : 0, nd cnt : 0, cso : 0, et : 0
03-14 00:21:07.403  1830  1970 I bauth_FPBAuthService: FPBAuthService::timerHandler complete
03-14 00:21:07.414  1528  1554 E BatteryDump: !@new_battery_dump : 4319,1146,3000,3150,83,330,339,369,0,0,337,369,0,Charging,NO_CHARGING,Normal,Good,PDIC,0,Normal,0,0,9399,0x0,0x10000,0x0,0,0,0000,0000,00000000,0,0,0,0,486,4113,8220,980,0,
03-14 00:21:07.422  2083  5463 D [SS]BattFunctions: [sendRemainingChargingTimeChangedIntent]remainingChargingTime:1891 ,mLastRemainingChargingTime:1898
03-14 00:21:07.422  1536  1536 I seh_thermal_service: getTemperaturesWithType SehTemperatureType: 3
03-14 00:21:07.423  1528  1528 I sehhealth-service: updateLrpSysfs: write: 337
03-14 00:21:07.427  2748  2748 D PowerUI : Remaining charging time : 1891
03-14 00:21:07.427  2748  2748 D PowerUI : Charging time is changed, check charging notification
03-14 00:21:07.430  2748  2748 D PowerUI.Notification: showChargingNotice - Battery Level : 83 -> 83, Charging Type : 11 -> 11, Charging Time : 1898 -> 1891, Maximum protection : false -> false, Maximum threshold : 80 -> 80
03-14 00:21:07.436  2748  2748 I NotificationManager: com.android.systemui: notify(2131364006, charging_state, Notification(channel=CHR shortcut=null contentView=null vibrate=null sound=null defaults=0 flags=ONGOING_EVENT|ONLY_ALERT_ONCE color=0x00000000 category=sys groupKey=CHARGING vis=PUBLIC semFlags=0x0 semPriority=0 semMissedCount=0)) as user
03-14 00:21:07.443  2083  5463 W PermissionService: getPermissionFlags: Unknown user -1
03-14 00:21:07.443  2083  5463 W PermissionService: getPermissionFlags: Unknown user -1
03-14 00:21:07.445  2748  2748 I AODBatteryManager: updateBatteryData: ACTION_BATTERY_CHANGED: false, isSleepModeChanged:false ,isRemainingTimeChanged: true, isUSBRestriction: false
03-14 00:21:07.446  2748  2748 I ChargingInfoManager: updateChargingInfo: newState = AOD ChargingInfo [mState=BATTERY_AND_REMAIN_TIME, mIsCharging=true, mIsPlugged=true, mIsFullyCharged=false, mIsBatteryProtectMode=false, mBetteryLevel=83, mBetteryProtectModeType3, mIsSlowChargingfalse], oldState = AOD ChargingInfo [mState=BATTERY_AND_REMAIN_TIME, mIsCharging=true, mIsPlugged=true, mIsFullyCharged=false, mIsBatteryProtectMode=false, mBetteryLevel=83, mBetteryProtectModeType3, mIsSlowChargingfalse]
03-14 00:21:07.448  2748  2748 I ChargingInfoView: handleMessage: MSG_SHOW_CHARGING_INFO
03-14 00:21:07.448  2748  2748 I BottomChargingInfoView: updateContents: BATTERY_AND_REMAIN_TIME
03-14 00:21:07.448  2748  2748 I AOD_WAKELOCK@WakeLockManager: acquireIfExists: tag - charging_info, timeout - 1000, reason - Charging Info is updating, delay by 500, wakeLock = WakeLock{432cb95 held=false, refCount=0}
03-14 00:21:07.450  2083  5463 D PowerManagerService: [api] acquire WakeLock DRAW_WAKE_LOCK                    'charging_info' (uid=10060 pid=2748 displayId=0 lock=79a5834)
03-14 00:21:07.451  2083  5463 D PowerManagerService: displayReady: false groupId=0
03-14 00:21:07.451  2083  2176 D DisplayPowerController[0]: animateScreenStateChange: target=DOZE, mIsEnabled=true
03-14 00:21:07.452  2748  2748 I ChargingInfoManager: getDeviceRemainingTime: Dolmasına 32 dk
03-14 00:21:07.453  2748  2748 I AOD_WAKELOCK@WakeLockManager: acquireIfExists: tag - charging_info, timeout - 5500, reason - Charging Info is updating, delay by 5000, wakeLock = WakeLock{432cb95 held=true, refCount=1}
03-14 00:21:07.454  2748  2748 I AbsChargingInfoComponent: setVisibilityWithAnim: skipped true
03-14 00:21:07.455  2083  2176 I DisplayPowerController[0]: BrightnessEvent: brt=0.16470589 (65.0%), nits= 42.077, lux=-1.0, reason=manual, strat=FallbackBrightnessStrategy, state=DOZE, stateReason=DRAW_WAKE_LOCK, policy=DOZE, flags=, initBrt=0.16470589, rcmdBrt=NaN, preBrt=NaN, preLux=0.0, wasShortTermModelActive=false, autoBrightness=false (default), unclampedBrt=0.16470589, hbmMax=1.0, hbmMode=off, thrmMax=1.0, rbcStrength=-1, powerFactor=1.0, physDisp=Yerleşik Ekran(local:4627039422300187648), logicalId=0, slowChange=false, rampSpeed=0.0
03-14 00:21:07.455  1567  1613 I VSyncReactor: Current= 90, Period= 90, hwcPeriod= 90
03-14 00:21:07.456  1520  1550 I mtkpower@impl: [setMode] type:9, enabled:1
03-14 00:21:07.456  2083  2637 D DisplayManagerService: !@display_state requestDisplayStateInternal: DOZE_SUSPEND -> DOZE displayId=0
03-14 00:21:07.456  1520  1550 I mtkpower@impl: [setMode] Mode::DISPLAY_INACTIVE: 1
03-14 00:21:07.456  2748  2748 I SecKeyguardClockPositionAlgorithm: prepareClockContainerHeightChanging:
03-14 00:21:07.456  2083  2637 D SemInputDeviceManagerService: setDisplayState[1] EARLY: DOZE_SUSPEND(4) -> DOZE(3)
03-14 00:21:07.457  2083  2116 I DisplayDeviceRepository: Display device changed state: "Yerleşik Ekran", DOZE
03-14 00:21:07.457  2083  2176 D BrightnessThermalClamper: Thermal status observer already started
03-14 00:21:07.457  2083  2114 D WindowManager: DeferredDisplayUpdater: partially applying DisplayInfo(1080 x 2340) immediately
03-14 00:21:07.458  2083  2558 D SemInputDevice:TSP: ActivateTask: 3,0 [03-14 00:21:07.456]
03-14 00:21:07.458  2748  2748 I SecKeyguardClockPositionAlgorithm: prepareClockContainerHeightChanging:
03-14 00:21:07.459  1534  1546 I sysinput:aidl: onReportInformation:93, 1, enabled@3,0:0
03-14 00:21:07.459  1534  1546 I sysinput:Touch1: operator():133, 3,0 OK
03-14 00:21:07.459  2083  2558 D SysinputHAL_AIDL: activate(TSP(1)),3,0 ret=0
03-14 00:21:07.459  2083  2083 D SGM:GameManager: onDisplayChanged. displyId: 0, state: 3
03-14 00:21:07.462  3238 28401 I HoneySpace.Memory-Monitor: current state = 3, didTrim = true
03-14 00:21:07.462 29780 29864 D AudioFlinger: setParameters: filtered dev setParameters keyvalue screen_state=off
03-14 00:21:07.463 29783 29791 D AudioALSAHardware: +setParameters(): screen_state=off
03-14 00:21:07.463 29783 29791 D AudioALSAHardware: -setParameters(): screen_state=off
03-14 00:21:07.463  5415  5415 I HBD     : DeX h DeX mode state change in non-main thread 
03-14 00:21:07.463  5415  5415 I HBD     : DeX h DeX mode state change: 3 
03-14 00:21:07.463  3238  3238 I VRI[LauncherActivity]@79a9058: onDisplayChanged oldDisplayState=4 newDisplayState=3
03-14 00:21:07.464  3238  3238 I VRI[RecentsTransitionOverlay]@815033c: onDisplayChanged oldDisplayState=4 newDisplayState=3
03-14 00:21:07.464  3238  3238 I VRI[CocktailBarService]@b870e79: onDisplayChanged oldDisplayState=4 newDisplayState=3
03-14 00:21:07.464  5415  5415 I VRI[InputMethod]@e345dc8: onDisplayChanged oldDisplayState=4 newDisplayState=3
03-14 00:21:07.464  3238  3238 I VRI[RecentsActivity]@a5b1272: onDisplayChanged oldDisplayState=4 newDisplayState=3
03-14 00:21:07.465  2748  2748 I MODManager: onShow ChargingInfoOnlyContainer
03-14 00:21:07.465  2748  2748 W MODManager: this device does not supports cover
03-14 00:21:07.465  2083  2299 D SGM:FgCheckThread: onLooperPrepared(), msg: MSG_LCD_OFF
03-14 00:21:07.467  5329  5329 I VRI[LauncherActivity]@9ba8716: onDisplayChanged oldDisplayState=4 newDisplayState=3
03-14 00:21:07.467  2083  2637 D LocalDisplayAdapter: notifyStateChangeStart: com.samsung.android.hardware.secinputdev.external.DisplayStateListenerWrapper$1@c7e080a took 11 ms
03-14 00:21:07.467  2083  2476 I SemBiometricDisplayStateMonitor: DisplayStateListener#onStart : DOZE, DOZE, DEFAULT_DISPLAY
03-14 00:21:07.468  2748  2802 I VRI[ShellDropTarget]@92e3be9: onDisplayChanged oldDisplayState=4 newDisplayState=3
03-14 00:21:07.468  2748  2802 I VRI[View root of ReusableWindowDecorViewHost#0]@254be1d: onDisplayChanged oldDisplayState=4 newDisplayState=3
03-14 00:21:07.468  2748  2802 I VRI[View root of ReusableWindowDecorViewHost#1]@9ccb8b6: onDisplayChanged oldDisplayState=4 newDisplayState=3
03-14 00:21:07.470  2748  2748 D DisplayLifecycle: updateDisplay id = 0
03-14 00:21:07.470  2748  2748 I Keyguard.AODTouchModeManager: onDisplayChanged newDisplayState=3, currentDisplayState=4, displayId=0
03-14 00:21:07.471  2083  2637 D LocalDisplayAdapter: notifyStateChangeStart: com.android.server.biometrics.SemBiometricDisplayStateMonitor@478eea8 took 4 ms
03-14 00:21:07.471  2083  2637 W LocalDisplayAdapter: !@display_state - 2365 : DOZE_SUSPEND -> DOZE (MAIN)
03-14 00:21:07.472  1567  1567 D SurfaceFlinger: Setting power mode 2 on physical display 4627039422300187648
03-14 00:21:07.472  2083  2637 W LocalDisplayAdapter: !@display_state - 2365 : DOZE (MAIN) took 1 ms
03-14 00:21:07.473  2083  2637 D SemInputDeviceManagerService: setDisplayState[1] LATE: DOZE(3) -> DOZE(3)
03-14 00:21:07.474  2083  2558 D SemInputDevice:TSP: ActivateTask: 3,1 [03-14 00:21:07.473]
03-14 00:21:07.475  2083  2637 D LocalDisplayAdapter: notifyStateChangeFinish: com.samsung.android.hardware.secinputdev.external.DisplayStateListenerWrapper$1@c7e080a took 1 ms
03-14 00:21:07.475  2083  2637 D LocalDisplayAdapter: notifyStateChangeFinish: com.android.server.biometrics.SemBiometricDisplayStateMonitor@478eea8 took 0 ms
03-14 00:21:07.475  2083  2476 I SemBiometricDisplayStateMonitor: DisplayStateListener#onFinish : DOZE, DOZE, DEFAULT_DISPLAY
03-14 00:21:07.475  1534  1546 I sysinput:aidl: onReportInformation:93, 1, enabled@3,1:0
03-14 00:21:07.475  2083  2176 D DisplayPowerController[0]: setActualDisplayState: DOZE_SUSPEND -> DOZE
03-14 00:21:07.476  2083  2176 D DisplayPowerController[0]: animateScreenStateChange: target=DOZE, mIsEnabled=true
03-14 00:21:07.476  2083  2558 D SysinputHAL_AIDL: activate(TSP(1)),3,1 ret=0
03-14 00:21:07.476  1534  1546 I sysinput:Touch1: operator():133, 3,1 OK
03-14 00:21:07.476  2083  2176 D DisplayPowerController[0]: animateScreenStateChange: target=DOZE, mIsEnabled=true
03-14 00:21:07.477  2083  2176 D PowerManagerService: displayReady: true groupId=0
03-14 00:21:07.478  1567  1567 I BufferQueueProducer: [NotificationShade$_2748#15421](this:0xb400006f877dc638,id:-1,api:0,p:-1,c:1567) queueBuffer: fps=0.14 dur=7023.56 max=7023.56 min=7023.56
03-14 00:21:07.478  2083  2665 D WifiDisplayAdapter: isFitToActiveDisplayLocked : false
03-14 00:21:07.480  2748  2882 D StackScroller: onDisplayChanged for predraw skip to 3
03-14 00:21:07.481  1501  1501 I hwcomposer: [HWCDisplay] (0 updateFps():4131), (type:1, mode:2) fps:0.284903,dur:7019.92,max:6548.42,min:471.50  
03-14 00:21:07.482  2748  2748 I VRI[LockscreenShortcutBlur]@f4e5155: onDisplayChanged oldDisplayState=4 newDisplayState=3
03-14 00:21:07.482  2748  2748 I VRI[NavigationBar0]@cb51d69: onDisplayChanged oldDisplayState=4 newDisplayState=3
03-14 00:21:07.483  2748  2748 I VRI[EdgeBackGestureHandler0]@e247b7f: onDisplayChanged oldDisplayState=4 newDisplayState=3
03-14 00:21:07.483  2748  2748 I VRI[NotificationShade]@ddcb5e0: onDisplayChanged oldDisplayState=4 newDisplayState=3
03-14 00:21:07.483  2748  2748 I VRI[StatusBar]@b5f60f8: onDisplayChanged oldDisplayState=4 newDisplayState=3
03-14 00:21:07.483  2748  2748 I VRI[SecondaryHomeHandle0]@fc3d736: onDisplayChanged oldDisplayState=4 newDisplayState=3
03-14 00:21:07.570  1501  1884 I hwcomposer: [HWC] (0)fire a callback of refresh to SF[4]  
03-14 00:21:07.585  1567  1567 I BufferQueueProducer: [FramebufferSurface](this:0xb400006faf4f0370,id:-1,api:1,p:1567,c:1567) queueBuffer: fps=0.15 dur=6653.35 max=6653.35 min=6653.35
03-14 00:21:07.652  2083  2083 I Telecom : SamsungTelecomServiceImpl : isInManagedCall - callingPackage : android / callingUser : UserHandle{0} / hasCrossUserAccess : true
03-14 00:21:07.670  3238  6389 I HoneySpace.NotificationListener: onNotificationPosted com.android.systemui: -1|com.android.systemui|2131364006|charging_state|10060: 0
03-14 00:21:07.670  3238  6389 I HoneySpace.NotificationListener: invalid notification: com.android.systemui UserHandle{-1}: canShowBadge is false
03-14 00:21:07.680  2748  2748 I LockscreenNotificationIconsOnlyController: onNotificationInfoUpdated 0
03-14 00:21:07.681  2748  2748 I AODNotificationManager: updateNotification() 
03-14 00:21:07.869  2748  2748 D Bubbles : onEntryUpdated : shouldBubbleUp=true ,key=-1|com.android.systemui|2131364006|charging_state|10060
03-14 00:21:07.871  2748  2748 D InterruptionStateProvider:  no Heads up : edgelighting enabled app. -1|com.android.systemui|2131364006|charging_state|10060
03-14 00:21:07.871  2748  2748 I {OngoingActivityController}: onEntryUpdated and OA data is empty. So update latest task info
03-14 00:21:07.883  2748  2748 I LockscreenNotificationIconsOnlyController: onNotificationInfoUpdated 0
03-14 00:21:07.883  2748  2748 I AODNotificationManager: updateNotification() 
03-14 00:21:07.890  2748  3330 D LocalImageResolver: Couldn't use ImageDecoder for drawable, falling back to non-resized load.
03-14 00:21:07.893  2748  3330 D LocalImageResolver: Couldn't use ImageDecoder for drawable, falling back to non-resized load.
03-14 00:21:07.898  2748  2748 D LocalImageResolver: Couldn't use ImageDecoder for drawable, falling back to non-resized load.
03-14 00:21:07.912  2748  2748 D ExpandableNotifRow: mMaxSmallHeight different before reInflateViews mMaxSmallHeight: 189 mTempSmallHeight:0 -1|com.android.systemui|2131364006|charging_state|10060
03-14 00:21:07.912  2748  2748 D ExpandableNotifRow: mMaxSmallHeight different before reInflateViews mMaxSmallHeight: 189 mTempSmallHeight:0 -1|com.android.systemui|2131364006|charging_state|10060
03-14 00:21:07.912  2748  2748 D ExpandableNotifRow: mMaxSmallHeight different before reInflateViews mMaxSmallHeight: 189 mTempSmallHeight:0 -1|com.android.systemui|2131364006|charging_state|10060
03-14 00:21:07.912  2748  2748 D ExpandableNotifRow: mMaxSmallHeight different before reInflateViews mMaxSmallHeight: 189 mTempSmallHeight:0 -1|com.android.systemui|2131364006|charging_state|10060
03-14 00:21:07.921  2748  2748 D LocalImageResolver: Couldn't use ImageDecoder for drawable, falling back to non-resized load.
03-14 00:21:07.927  2748  2748 I LockscreenNotificationIconsOnlyController: onNotificationInfoUpdated 0
