03-14 00:19:46.987  2748  2748 D ExpandableNotifRow: mMaxSmallHeight different before reInflateViews mMaxSmallHeight: 189 mTempSmallHeight:0 -1|com.android.systemui|2131364006|charging_state|10060
03-14 00:19:46.993  2748  2748 D LocalImageResolver: Couldn't use ImageDecoder for drawable, falling back to non-resized load.
03-14 00:19:46.997  2748  2748 I LockscreenNotificationIconsOnlyController: onNotificationInfoUpdated 0
03-14 00:19:46.997  2748  2748 I AODNotificationManager: updateNotification() 
03-14 00:19:47.254  1830  1970 I bauth_FPBAuthService: pcf : 0x1012, 0 ,1 ,0 ,0 ,0 ,0, 16.0.0.3
03-14 00:19:47.254  1830  1970 I bauth_FPBAuthService: thread id : 1, preenroll_flag : 0, nd cnt : 0, cso : 0, et : 0
03-14 00:19:47.254  1830  1970 I bauth_FPBAuthService: FPBAuthService::timerHandler complete
03-14 00:19:47.613   582   582 D io_stats: !@   8,32 r 3706036 78901620 w 2438609 31712760 d 307656 187094324 f 205122 237312 iot 1160372 0 th 0 0 0 pt 0 inp 0 0 50600.899
03-14 00:19:48.255  1830  1970 I bauth_FPBAuthService: pcf : 0x1012, 0 ,1 ,0 ,0 ,0 ,0, 16.0.0.3
03-14 00:19:48.255  1830  1970 I bauth_FPBAuthService: thread id : 1, preenroll_flag : 0, nd cnt : 0, cso : 0, et : 0
03-14 00:19:48.255  1830  1970 I bauth_FPBAuthService: FPBAuthService::timerHandler complete
03-14 00:19:48.359  1673  1692 E thermal_core: find_tz_idx_by_name:"Failed to find thermal zone index of ap_ntc\n"
03-14 00:19:48.360  1673  1692 E thermal_core: find_tz_idx_by_name:"Failed to find thermal zone index of mtk-master-charger\n"
03-14 00:19:48.811  2857  2857 I wpa_supplicant: Heartbeat 1392
03-14 00:19:49.255  1830  1970 I bauth_FPBAuthService: pcf : 0x1012, 0 ,1 ,0 ,0 ,0 ,0, 16.0.0.3
03-14 00:19:49.255  1830  1970 I bauth_FPBAuthService: thread id : 1, preenroll_flag : 0, nd cnt : 0, cso : 0, et : 0
03-14 00:19:49.255  1830  1970 I bauth_FPBAuthService: FPBAuthService::timerHandler complete
03-14 00:19:49.615   582   582 D io_stats: !@ Write_top(KB): kworker/u32:10:/(28446) 52 vendor.samsung.:normal(1528) 8
03-14 00:19:50.256  1830  1970 I bauth_FPBAuthService: pcf : 0x1012, 0 ,1 ,0 ,0 ,0 ,0, 16.0.0.3
03-14 00:19:50.256  1830  1970 I bauth_FPBAuthService: thread id : 1, preenroll_flag : 0, nd cnt : 0, cso : 0, et : 0
03-14 00:19:50.256  1830  1970 I bauth_FPBAuthService: FPBAuthService::timerHandler complete
03-14 00:19:50.938  2083  2164 D MARsPolicyManager: triggerAction called!
03-14 00:19:50.939  2083  2164 I NSLocationMonitor: getGPSUsingApps() called
03-14 00:19:50.940  3549  3566 I NSLocationManager_FLP: getGPSUsingApps, No change
03-14 00:19:51.258  1830  1970 I bauth_FPBAuthService: pcf : 0x1012, 0 ,1 ,0 ,0 ,0 ,0, 16.0.0.3
03-14 00:19:51.259  1830  1970 I bauth_FPBAuthService: thread id : 1, preenroll_flag : 0, nd cnt : 0, cso : 0, et : 0
03-14 00:19:51.259  1830  1970 I bauth_FPBAuthService: FPBAuthService::timerHandler complete
03-14 00:19:51.362  1673  1692 E thermal_core: find_tz_idx_by_name:"Failed to find thermal zone index of ap_ntc\n"
03-14 00:19:51.362  1673  1692 E thermal_core: find_tz_idx_by_name:"Failed to find thermal zone index of mtk-master-charger\n"
03-14 00:19:51.362  1673  1692 E thermal_core: find_tz_idx_by_name:"Failed to find thermal zone index of camera0\n"
03-14 00:19:51.362  1673  1692 E thermal_core: find_tz_idx_by_name:"Failed to find thermal zone index of mtk-master-charger\n"
03-14 00:19:51.362  1673  1692 E thermal_core: find_tz_idx_by_name:"Failed to find thermal zone index of nrpa_ntc\n"
03-14 00:19:51.363  1673  1692 E thermal_core: dump_thermal_log:"Error: sccanf error, ret=9\n"
03-14 00:19:51.364  1673  1692 E thermal_core: node_read:"Failed to read /sys/class/thermal/thermal_zone2/temp: No data available\n"
03-14 00:19:51.364  1673  1692 I thermal_core: "soc/nr/lte/ap_ntc/tpcb/conn/chg/cam/c_ttj/g_ttj/a_ttj=0/-274000/35105/-274000/46000/32000/-274000/-274000/85000/85000/85000\n"
03-14 00:19:51.364  1673  1692 I thermal_core: "[C(l)(c)(i)][G(l)(c)][A(l)(c)][TH][D]=[(666666/666666/666666)(500/725/0)(0x0)][(666666)(666666)][(666666666)(666666666)][0][1600]\n"
03-14 00:19:51.364  1673  1692 E thermal_core: node_read:"Failed to open /sys/kernel/helio-dvfsrc/dvfsrc_therm_info: No such file or directory\n"
03-14 00:19:51.364  1673  1692 I thermal_core: "1600"
03-14 00:19:51.790  2083  2509 D ConnectivityService: reportNetworkActive, notify 2 listeners
03-14 00:19:51.870  2083  2512 I MdnsReplySender: Sending {MdnsReplyInfo: /[fe80::c871:f4ff:fe64:855%wlan0]:5353 to /[ff02::fb]:5353, answers: 1, additionalAnswers: 7, knownAnswers: 0, sendDelayMs 74}
03-14 00:19:51.895  2083  2512 I MdnsReplySender: Sending {MdnsReplyInfo: /192.168.1.102:5353 to /224.0.0.251:5353, answers: 1, additionalAnswers: 7, knownAnswers: 0, sendDelayMs 109}
03-14 00:19:52.028  2083  2895 D PowerManagerService: [api] release WakeLock DRAW_WAKE_LOCK                    'charging_info' ACQ=-5s503ms (uid=10060 pid=2748 displayId=0 lock=79a5834)
03-14 00:19:52.030  2083  2895 D PowerManagerService: displayReady: false groupId=0
03-14 00:19:52.031  2083  2176 D DisplayPowerController[0]: animateScreenStateChange: target=DOZE_SUSPEND, mIsEnabled=true
03-14 00:19:52.034  2083  2176 I DisplayPowerController[0]: BrightnessEvent: brt=0.16470589 (65.0%), nits= 42.077, lux=-1.0, reason=manual, strat=FallbackBrightnessStrategy, state=DOZE_SUSPEND, stateReason=UNKNOWN, policy=DOZE, flags=, initBrt=0.16470589, rcmdBrt=NaN, preBrt=NaN, preLux=0.0, wasShortTermModelActive=false, autoBrightness=false (default), unclampedBrt=0.16470589, hbmMax=1.0, hbmMode=off, thrmMax=1.0, rbcStrength=-1, powerFactor=1.0, physDisp=Yerleşik Ekran(local:4627039422300187648), logicalId=0, slowChange=false, rampSpeed=0.0
03-14 00:19:52.036  1520  1550 I mtkpower@impl: [setMode] type:9, enabled:1
03-14 00:19:52.036  1520  1550 I mtkpower@impl: [setMode] Mode::DISPLAY_INACTIVE: 1
03-14 00:19:52.036  2083  2637 D DisplayManagerService: !@display_state requestDisplayStateInternal: DOZE -> DOZE_SUSPEND displayId=0
03-14 00:19:52.037  2083  2637 D SemInputDeviceManagerService: setDisplayState[1] EARLY: DOZE(3) -> DOZE_SUSPEND(4)
03-14 00:19:52.038  2083  2116 I DisplayDeviceRepository: Display device changed state: "Yerleşik Ekran", DOZE_SUSPEND
03-14 00:19:52.038  2083  2637 D LocalDisplayAdapter: notifyStateChangeStart: com.samsung.android.hardware.secinputdev.external.DisplayStateListenerWrapper$1@c7e080a took 2 ms
03-14 00:19:52.039  2083  2558 D SemInputDevice:TSP: ActivateTask: 4,0 [03-14 00:19:52.037]
03-14 00:19:52.039  2083  2637 D LocalDisplayAdapter: notifyStateChangeStart: com.android.server.biometrics.SemBiometricDisplayStateMonitor@478eea8 took 1 ms
03-14 00:19:52.039  2083  2637 W LocalDisplayAdapter: !@display_state - 2352 : DOZE -> DOZE_SUSPEND (MAIN)
03-14 00:19:52.039  2083  2176 D BrightnessThermalClamper: Thermal status observer already started
03-14 00:19:52.040  2083  2114 D WindowManager: DeferredDisplayUpdater: partially applying DisplayInfo(1080 x 2340) immediately
03-14 00:19:52.040  1567  1567 D SurfaceFlinger: Setting power mode 2 on physical display 4627039422300187648
03-14 00:19:52.040  1534  1546 I sysinput:aidl: onReportInformation:93, 1, enabled@4,0:0
03-14 00:19:52.040  2083  2637 W LocalDisplayAdapter: !@display_state - 2352 : DOZE_SUSPEND (MAIN) took 1 ms
03-14 00:19:52.041  2083  2637 D SemInputDeviceManagerService: setDisplayState[1] LATE: DOZE_SUSPEND(4) -> DOZE_SUSPEND(4)
03-14 00:19:52.041  2083  2558 D SysinputHAL_AIDL: activate(TSP(1)),4,0 ret=0
03-14 00:19:52.041  1534  1546 I sysinput:Touch1: operator():133, 4,0 OK
03-14 00:19:52.041  2083  2637 D LocalDisplayAdapter: notifyStateChangeFinish: com.samsung.android.hardware.secinputdev.external.DisplayStateListenerWrapper$1@c7e080a took 0 ms
03-14 00:19:52.041  2083  2558 D SemInputDevice:TSP: ActivateTask: 4,1 [03-14 00:19:52.041]
03-14 00:19:52.042  2083  2637 D LocalDisplayAdapter: notifyStateChangeFinish: com.android.server.biometrics.SemBiometricDisplayStateMonitor@478eea8 took 0 ms
03-14 00:19:52.042 29780 29864 D AudioFlinger: setParameters: filtered dev setParameters keyvalue screen_state=off
03-14 00:19:52.043  2083  2083 D SGM:GameManager: onDisplayChanged. displyId: 0, state: 4
03-14 00:19:52.043  2083  2176 D DisplayPowerController[0]: setActualDisplayState: DOZE -> DOZE_SUSPEND
03-14 00:19:52.044  2083  2176 D DisplayPowerController[0]: animateScreenStateChange: target=DOZE_SUSPEND, mIsEnabled=true
03-14 00:19:52.044 29783 29819 D AudioALSAHardware: +setParameters(): screen_state=off
03-14 00:19:52.044  2083  2476 I SemBiometricDisplayStateMonitor: DisplayStateListener#onStart : DOZE_SUSPEND, DOZE_SUSPEND, DEFAULT_DISPLAY
03-14 00:19:52.044 29783 29819 D AudioALSAHardware: -setParameters(): screen_state=off
03-14 00:19:52.044  2083  2476 I SemBiometricDisplayStateMonitor: DisplayStateListener#onFinish : DOZE_SUSPEND, DOZE_SUSPEND, DEFAULT_DISPLAY
03-14 00:19:52.045  2083  2299 D SGM:FgCheckThread: onLooperPrepared(), msg: MSG_LCD_OFF
03-14 00:19:52.047  1534  1546 I sysinput:aidl: onReportInformation:93, 1, enabled@4,1:0
03-14 00:19:52.048  2083  2176 D DisplayPowerController[0]: animateScreenStateChange: target=DOZE_SUSPEND, mIsEnabled=true
03-14 00:19:52.048  2083  2558 D SysinputHAL_AIDL: activate(TSP(1)),4,1 ret=0
03-14 00:19:52.048  1534  1546 I sysinput:Touch1: operator():133, 4,1 OK
03-14 00:19:52.049  5415  5415 I HBD     : DeX h DeX mode state change in non-main thread 
03-14 00:19:52.049  5415  5415 I HBD     : DeX h DeX mode state change: 3 
03-14 00:19:52.050  5415  5415 I VRI[InputMethod]@e345dc8: onDisplayChanged oldDisplayState=3 newDisplayState=4
03-14 00:19:52.050  2748  2748 D DisplayLifecycle: updateDisplay id = 0
03-14 00:19:52.050  3238  3238 I VRI[LauncherActivity]@79a9058: onDisplayChanged oldDisplayState=3 newDisplayState=4
03-14 00:19:52.051  2748  2802 I VRI[ShellDropTarget]@92e3be9: onDisplayChanged oldDisplayState=3 newDisplayState=4
03-14 00:19:52.051  3238  3238 I VRI[RecentsTransitionOverlay]@815033c: onDisplayChanged oldDisplayState=3 newDisplayState=4
03-14 00:19:52.051  2748  2802 I VRI[View root of ReusableWindowDecorViewHost#0]@254be1d: onDisplayChanged oldDisplayState=3 newDisplayState=4
03-14 00:19:52.052  2083  2176 D PowerManagerService: displayReady: true groupId=0
03-14 00:19:52.053  3238 28404 I HoneySpace.Memory-Monitor: current state = 4, didTrim = true
03-14 00:19:52.053  1567  1613 I VSyncReactor: Current= 90, Period= 90, hwcPeriod= 90
03-14 00:19:52.054  3238  3238 I VRI[CocktailBarService]@b870e79: onDisplayChanged oldDisplayState=3 newDisplayState=4
03-14 00:19:52.054  3238  3238 I VRI[RecentsActivity]@a5b1272: onDisplayChanged oldDisplayState=3 newDisplayState=4
03-14 00:19:52.054  2748  2802 I VRI[View root of ReusableWindowDecorViewHost#1]@9ccb8b6: onDisplayChanged oldDisplayState=3 newDisplayState=4
03-14 00:19:52.055  2083  5503 D WifiDisplayAdapter: isFitToActiveDisplayLocked : false
03-14 00:19:52.057  5329  5329 I VRI[LauncherActivity]@9ba8716: onDisplayChanged oldDisplayState=3 newDisplayState=4
03-14 00:19:52.057  2748  2882 D StackScroller: onDisplayChanged for predraw skip to 4
03-14 00:19:52.058  2748  2748 I Keyguard.AODTouchModeManager: onDisplayChanged newDisplayState=4, currentDisplayState=3, displayId=0
03-14 00:19:52.058  2748  2748 I VRI[LockscreenShortcutBlur]@f4e5155: onDisplayChanged oldDisplayState=3 newDisplayState=4
03-14 00:19:52.059  2748  2748 I VRI[NavigationBar0]@cb51d69: onDisplayChanged oldDisplayState=3 newDisplayState=4
03-14 00:19:52.059  2748  2748 I VRI[EdgeBackGestureHandler0]@e247b7f: onDisplayChanged oldDisplayState=3 newDisplayState=4
03-14 00:19:52.059  2748  2748 I VRI[NotificationShade]@ddcb5e0: onDisplayChanged oldDisplayState=3 newDisplayState=4
03-14 00:19:52.059  2748  2748 I VRI[StatusBar]@b5f60f8: onDisplayChanged oldDisplayState=3 newDisplayState=4
03-14 00:19:52.059  2748  2748 I VRI[SecondaryHomeHandle0]@fc3d736: onDisplayChanged oldDisplayState=3 newDisplayState=4
03-14 00:19:52.092  2083  2519 W DeviceStorageMonitorService: updateBroadcasts(/data) oldLevel:0, newLevel:0, seq:1
03-14 00:19:52.095  2083  2519 D DeviceStorageMonitorService: Available File Node Number is [12580619]
03-14 00:19:52.095  2083  2519 W DeviceStorageMonitorService: updateBroadcasts_filenode(/data) fn_oldLevel:0, fn_newLevel:0, seq:1
03-14 00:19:52.261  1830  1970 I bauth_FPBAuthService: pcf : 0x1012, 0 ,1 ,0 ,0 ,0 ,0, 16.0.0.3
03-14 00:19:52.262  1830  1970 I bauth_FPBAuthService: thread id : 1, preenroll_flag : 0, nd cnt : 0, cso : 0, et : 0
03-14 00:19:52.262  1830  1970 I bauth_FPBAuthService: FPBAuthService::timerHandler complete
03-14 00:19:52.397  5068  6278 I SDHMS:x : SIOP:: AP:361 BAT:333 USB:341 CHG:374 PA:355 WIFI:354 BLK:0 SUBBAT:0 SKIN:340 SKINF:332 SKINB:340 LRP2:340 LRF2:332 LRB2:340 AP2:340 CHG2:338 MEM2:340 WIFI2:340 SPK2:320 VAP05:361 AVGCUR:1217 AVGSYS:0 POWER:5257
03-14 00:19:53.264  1830  1970 I bauth_FPBAuthService: pcf : 0x1012, 0 ,1 ,0 ,0 ,0 ,0, 16.0.0.3
03-14 00:19:53.264  1830  1970 I bauth_FPBAuthService: thread id : 1, preenroll_flag : 0, nd cnt : 0, cso : 0, et : 0
03-14 00:19:53.264  1830  1970 I bauth_FPBAuthService: FPBAuthService::timerHandler complete
03-14 00:19:53.618   582   582 D io_stats: !@ Write_top(KB): sait.sohservice:low(1299) 40 kworker/u32:3:/(31888) 20
03-14 00:19:54.266  1830  1970 I bauth_FPBAuthService: pcf : 0x1012, 0 ,1 ,0 ,0 ,0 ,0, 16.0.0.3
03-14 00:19:54.267  1830  1970 I bauth_FPBAuthService: thread id : 1, preenroll_flag : 0, nd cnt : 0, cso : 0, et : 0
03-14 00:19:54.267  1830  1970 I bauth_FPBAuthService: FPBAuthService::timerHandler complete
03-14 00:19:54.367  1673  1692 E thermal_core: find_tz_idx_by_name:"Failed to find thermal zone index of ap_ntc\n"
03-14 00:19:54.367  1673  1692 E thermal_core: find_tz_idx_by_name:"Failed to find thermal zone index of mtk-master-charger\n"
03-14 00:19:55.269  1830  1970 I bauth_FPBAuthService: pcf : 0x1012, 0 ,1 ,0 ,0 ,0 ,0, 16.0.0.3
03-14 00:19:55.269  1830  1970 I bauth_FPBAuthService: thread id : 1, preenroll_flag : 0, nd cnt : 0, cso : 0, et : 0
03-14 00:19:55.269  1830  1970 I bauth_FPBAuthService: FPBAuthService::timerHandler complete
03-14 00:19:55.965  2083  2164 D MARsPolicyManager: triggerAction called!
03-14 00:19:55.965  2083  2164 I NSLocationMonitor: getGPSUsingApps() called
03-14 00:19:55.966  3549  3566 I NSLocationManager_FLP: getGPSUsingApps, No change
03-14 00:19:56.271  1830  1970 I bauth_FPBAuthService: pcf : 0x1012, 0 ,1 ,0 ,0 ,0 ,0, 16.0.0.3
03-14 00:19:56.272  1830  1970 I bauth_FPBAuthService: thread id : 1, preenroll_flag : 0, nd cnt : 0, cso : 0, et : 0
03-14 00:19:56.272  1830  1970 I bauth_FPBAuthService: FPBAuthService::timerHandler complete
03-14 00:19:56.610  1528  1554 E BatteryDump: !@new_battery_dump : 4320,1204,3000,3150,83,333,341,373,0,0,341,373,0,Charging,NO_CHARGING,Normal,Good,PDIC,0,Normal,0,0,9449,0x0,0x10000,0x0,0,0,0000,0000,00000000,0,0,0,0,486,4106,8160,980,0,
03-14 00:19:56.618  2083  2910 D [SS]BattFunctions: [sendRemainingChargingTimeChangedIntent]remainingChargingTime:1927 ,mLastRemainingChargingTime:1934
03-14 00:19:56.618  1536  1536 I seh_thermal_service: getTemperaturesWithType SehTemperatureType: 3
03-14 00:19:56.619  1528  1528 I sehhealth-service: updateLrpSysfs: write: 340
03-14 00:19:56.623  2748  2748 I AODBatteryManager: updateBatteryData: ACTION_BATTERY_CHANGED: false, isSleepModeChanged:false ,isRemainingTimeChanged: true, isUSBRestriction: false
03-14 00:19:56.623  2748  2748 I ChargingInfoManager: updateChargingInfo: newState = AOD ChargingInfo [mState=BATTERY_AND_REMAIN_TIME, mIsCharging=true, mIsPlugged=true, mIsFullyCharged=false, mIsBatteryProtectMode=false, mBetteryLevel=83, mBetteryProtectModeType3, mIsSlowChargingfalse], oldState = AOD ChargingInfo [mState=BATTERY_AND_REMAIN_TIME, mIsCharging=true, mIsPlugged=true, mIsFullyCharged=false, mIsBatteryProtectMode=false, mBetteryLevel=83, mBetteryProtectModeType3, mIsSlowChargingfalse]
03-14 00:19:56.625  2748  2748 D PowerUI : Remaining charging time : 1927
03-14 00:19:56.625  2748  2748 D PowerUI : Charging time is changed, check charging notification
03-14 00:19:56.628  2748  2748 D PowerUI.Notification: showChargingNotice - Battery Level : 83 -> 83, Charging Type : 11 -> 11, Charging Time : 1934 -> 1927, Maximum protection : false -> false, Maximum threshold : 80 -> 80
03-14 00:19:56.632  2748  2748 I NotificationManager: com.android.systemui: notify(2131364006, charging_state, Notification(channel=CHR shortcut=null contentView=null vibrate=null sound=null defaults=0 flags=ONGOING_EVENT|ONLY_ALERT_ONCE color=0x00000000 category=sys groupKey=CHARGING vis=PUBLIC semFlags=0x0 semPriority=0 semMissedCount=0)) as user
03-14 00:19:56.637  1567  1613 I VSyncReactor: Current= 90, Period= 90, hwcPeriod= 90
03-14 00:19:56.639  2083  2910 W PermissionService: getPermissionFlags: Unknown user -1
03-14 00:19:56.639  2083  2910 W PermissionService: getPermissionFlags: Unknown user -1
03-14 00:19:56.642  2748  2748 I ChargingInfoView: handleMessage: MSG_SHOW_CHARGING_INFO
03-14 00:19:56.642  2748  2748 I BottomChargingInfoView: updateContents: BATTERY_AND_REMAIN_TIME
03-14 00:19:56.642  2748  2748 I AOD_WAKELOCK@WakeLockManager: acquireIfExists: tag - charging_info, timeout - 1000, reason - Charging Info is updating, delay by 500, wakeLock = WakeLock{432cb95 held=false, refCount=0}
03-14 00:19:56.644  2083  2910 D PowerManagerService: [api] acquire WakeLock DRAW_WAKE_LOCK                    'charging_info' (uid=10060 pid=2748 displayId=0 lock=79a5834)
03-14 00:19:56.645  2083  2910 D PowerManagerService: displayReady: false groupId=0
03-14 00:19:56.645  2083  2176 D DisplayPowerController[0]: animateScreenStateChange: target=DOZE, mIsEnabled=true
03-14 00:19:56.646  2748  2748 I ChargingInfoManager: getDeviceRemainingTime: Dolmasına 32 dk
03-14 00:19:56.647  2748  2748 I AOD_WAKELOCK@WakeLockManager: acquireIfExists: tag - charging_info, timeout - 5500, reason - Charging Info is updating, delay by 5000, wakeLock = WakeLock{432cb95 held=true, refCount=1}
03-14 00:19:56.647  2748  2748 I AbsChargingInfoComponent: setVisibilityWithAnim: skipped true
03-14 00:19:56.649  2083  2176 I DisplayPowerController[0]: BrightnessEvent: brt=0.16470589 (65.0%), nits= 42.077, lux=-1.0, reason=manual, strat=FallbackBrightnessStrategy, state=DOZE, stateReason=DRAW_WAKE_LOCK, policy=DOZE, flags=, initBrt=0.16470589, rcmdBrt=NaN, preBrt=NaN, preLux=0.0, wasShortTermModelActive=false, autoBrightness=false (default), unclampedBrt=0.16470589, hbmMax=1.0, hbmMode=off, thrmMax=1.0, rbcStrength=-1, powerFactor=1.0, physDisp=Yerleşik Ekran(local:4627039422300187648), logicalId=0, slowChange=false, rampSpeed=0.0
03-14 00:19:56.650  2083  2637 D DisplayManagerService: !@display_state requestDisplayStateInternal: DOZE_SUSPEND -> DOZE displayId=0
03-14 00:19:56.650  1520  1550 I mtkpower@impl: [setMode] type:9, enabled:1
03-14 00:19:56.650  1520  1550 I mtkpower@impl: [setMode] Mode::DISPLAY_INACTIVE: 1
03-14 00:19:56.650  2748  2748 I SecKeyguardClockPositionAlgorithm: prepareClockContainerHeightChanging:
03-14 00:19:56.650  2083  2637 D SemInputDeviceManagerService: setDisplayState[1] EARLY: DOZE_SUSPEND(4) -> DOZE(3)
03-14 00:19:56.651  2083  2637 D LocalDisplayAdapter: notifyStateChangeStart: com.samsung.android.hardware.secinputdev.external.DisplayStateListenerWrapper$1@c7e080a took 1 ms
03-14 00:19:56.651  2083  2116 I DisplayDeviceRepository: Display device changed state: "Yerleşik Ekran", DOZE
03-14 00:19:56.651  2083  2637 D LocalDisplayAdapter: notifyStateChangeStart: com.android.server.biometrics.SemBiometricDisplayStateMonitor@478eea8 took 0 ms
03-14 00:19:56.651  2083  2637 W LocalDisplayAdapter: !@display_state - 2353 : DOZE_SUSPEND -> DOZE (MAIN)
03-14 00:19:56.651  2083  2558 D SemInputDevice:TSP: ActivateTask: 3,0 [03-14 00:19:56.650]
03-14 00:19:56.652  2083  2476 I SemBiometricDisplayStateMonitor: DisplayStateListener#onStart : DOZE, DOZE, DEFAULT_DISPLAY
03-14 00:19:56.652  1567  1567 D SurfaceFlinger: Setting power mode 2 on physical display 4627039422300187648
03-14 00:19:56.652  1534  1546 I sysinput:aidl: onReportInformation:93, 1, enabled@3,0:0
03-14 00:19:56.652  2083  2114 D WindowManager: DeferredDisplayUpdater: partially applying DisplayInfo(1080 x 2340) immediately
03-14 00:19:56.653  2083  2176 D BrightnessThermalClamper: Thermal status observer already started
03-14 00:19:56.653  2083  2083 D SGM:GameManager: onDisplayChanged. displyId: 0, state: 3
03-14 00:19:56.653  2083  2637 W LocalDisplayAdapter: !@display_state - 2353 : DOZE (MAIN) took 2 ms
03-14 00:19:56.653  2083  2637 D SemInputDeviceManagerService: setDisplayState[1] LATE: DOZE(3) -> DOZE(3)
03-14 00:19:56.653  1534  1546 I sysinput:Touch1: operator():133, 3,0 OK
03-14 00:19:56.653  2083  2558 D SysinputHAL_AIDL: activate(TSP(1)),3,0 ret=0
03-14 00:19:56.654  2083  2558 D SemInputDevice:TSP: ActivateTask: 3,1 [03-14 00:19:56.653]
03-14 00:19:56.654  2083  2637 D LocalDisplayAdapter: notifyStateChangeFinish: com.samsung.android.hardware.secinputdev.external.DisplayStateListenerWrapper$1@c7e080a took 0 ms
03-14 00:19:56.654  2748  2748 I SecKeyguardClockPositionAlgorithm: prepareClockContainerHeightChanging:
03-14 00:19:56.654  2083  2476 I SemBiometricDisplayStateMonitor: DisplayStateListener#onFinish : DOZE, DOZE, DEFAULT_DISPLAY
03-14 00:19:56.655  1534  1546 I sysinput:aidl: onReportInformation:93, 1, enabled@3,1:0
03-14 00:19:56.655 29780 29864 D AudioFlinger: setParameters: filtered dev setParameters keyvalue screen_state=off
03-14 00:19:56.656  1534  1546 I sysinput:Touch1: operator():133, 3,1 OK
03-14 00:19:56.656  2083  2558 D SysinputHAL_AIDL: activate(TSP(1)),3,1 ret=0
03-14 00:19:56.656 29783 29791 D AudioALSAHardware: +setParameters(): screen_state=off
03-14 00:19:56.656  2083  2637 D LocalDisplayAdapter: notifyStateChangeFinish: com.android.server.biometrics.SemBiometricDisplayStateMonitor@478eea8 took 2 ms
03-14 00:19:56.656 29783 29791 D AudioALSAHardware: -setParameters(): screen_state=off
03-14 00:19:56.656  2083  2176 D DisplayPowerController[0]: setActualDisplayState: DOZE_SUSPEND -> DOZE
03-14 00:19:56.657  2083  2176 D DisplayPowerController[0]: animateScreenStateChange: target=DOZE, mIsEnabled=true
03-14 00:19:56.659  2748  2748 I MODManager: onShow ChargingInfoOnlyContainer
03-14 00:19:56.660  2748  2748 W MODManager: this device does not supports cover
03-14 00:19:56.658  2083  2176 D DisplayPowerController[0]: animateScreenStateChange: target=DOZE, mIsEnabled=true
03-14 00:19:56.660  5415  5415 I HBD     : DeX h DeX mode state change in non-main thread 
03-14 00:19:56.660  2083  2299 D SGM:FgCheckThread: onLooperPrepared(), msg: MSG_LCD_OFF
03-14 00:19:56.660  5415  5415 I HBD     : DeX h DeX mode state change: 3 
03-14 00:19:56.660  2083  2176 D PowerManagerService: displayReady: true groupId=0
03-14 00:19:56.661  5415  5415 I VRI[InputMethod]@e345dc8: onDisplayChanged oldDisplayState=4 newDisplayState=3
03-14 00:19:56.662  2748  2748 D DisplayLifecycle: updateDisplay id = 0
03-14 00:19:56.667  5329  5329 I VRI[LauncherActivity]@9ba8716: onDisplayChanged oldDisplayState=4 newDisplayState=3
03-14 00:19:56.668  3238 28404 I HoneySpace.Memory-Monitor: current state = 3, didTrim = true
03-14 00:19:56.668  2748  2802 I VRI[ShellDropTarget]@92e3be9: onDisplayChanged oldDisplayState=4 newDisplayState=3
03-14 00:19:56.668  3238  3238 I VRI[LauncherActivity]@79a9058: onDisplayChanged oldDisplayState=4 newDisplayState=3
03-14 00:19:56.668  2748  2802 I VRI[View root of ReusableWindowDecorViewHost#0]@254be1d: onDisplayChanged oldDisplayState=4 newDisplayState=3
03-14 00:19:56.668  3238  3238 I VRI[RecentsTransitionOverlay]@815033c: onDisplayChanged oldDisplayState=4 newDisplayState=3
03-14 00:19:56.668  2748  2802 I VRI[View root of ReusableWindowDecorViewHost#1]@9ccb8b6: onDisplayChanged oldDisplayState=4 newDisplayState=3
03-14 00:19:56.669  2748  2748 I Keyguard.AODTouchModeManager: onDisplayChanged newDisplayState=3, currentDisplayState=4, displayId=0
03-14 00:19:56.670  3238  3238 I VRI[CocktailBarService]@b870e79: onDisplayChanged oldDisplayState=4 newDisplayState=3
03-14 00:19:56.670  3238  3238 I VRI[RecentsActivity]@a5b1272: onDisplayChanged oldDisplayState=4 newDisplayState=3
03-14 00:19:56.670  1567  1567 I BufferQueueProducer: [NotificationShade$_2748#15421](this:0xb400006f877dc638,id:-1,api:0,p:-1,c:1567) queueBuffer: fps=0.10 dur=10109.44 max=10109.44 min=10109.44
03-14 00:19:56.671  2748  2748 I VRI[LockscreenShortcutBlur]@f4e5155: onDisplayChanged oldDisplayState=4 newDisplayState=3
03-14 00:19:56.671  2748  2748 I VRI[NavigationBar0]@cb51d69: onDisplayChanged oldDisplayState=4 newDisplayState=3
03-14 00:19:56.671  2748  2748 I VRI[EdgeBackGestureHandler0]@e247b7f: onDisplayChanged oldDisplayState=4 newDisplayState=3
03-14 00:19:56.671  2083  5503 D WifiDisplayAdapter: isFitToActiveDisplayLocked : false
03-14 00:19:56.671  2748  2748 I VRI[NotificationShade]@ddcb5e0: onDisplayChanged oldDisplayState=4 newDisplayState=3
03-14 00:19:56.672  2748  2748 I VRI[StatusBar]@b5f60f8: onDisplayChanged oldDisplayState=4 newDisplayState=3
03-14 00:19:56.672  2748  2748 I VRI[SecondaryHomeHandle0]@fc3d736: onDisplayChanged oldDisplayState=4 newDisplayState=3
03-14 00:19:56.674  1501  1501 I hwcomposer: [HWCDisplay] (0 updateFps():4131), (type:1, mode:2) fps:0.197843,dur:10109.01,max:10027.77,min:81.24  
03-14 00:19:56.674  2748  2882 D StackScroller: onDisplayChanged for predraw skip to 3
03-14 00:19:56.747  1501  1884 I hwcomposer: [HWC] (0)fire a callback of refresh to SF[4]  
03-14 00:19:56.755  1567  1567 I BufferQueueProducer: [FramebufferSurface](this:0xb400006faf4f0370,id:-1,api:1,p:1567,c:1567) queueBuffer: fps=0.10 dur=10110.71 max=10110.71 min=10110.71
03-14 00:19:56.846  2083  2083 I Telecom : SamsungTelecomServiceImpl : isInManagedCall - callingPackage : android / callingUser : UserHandle{0} / hasCrossUserAccess : true
03-14 00:19:56.865  3238  6389 I HoneySpace.NotificationListener: onNotificationPosted com.android.systemui: -1|com.android.systemui|2131364006|charging_state|10060: 0
03-14 00:19:56.865  3238  6389 I HoneySpace.NotificationListener: invalid notification: com.android.systemui UserHandle{-1}: canShowBadge is false
03-14 00:19:56.876  2748  2748 I LockscreenNotificationIconsOnlyController: onNotificationInfoUpdated 0
03-14 00:19:56.877  2748  2748 I AODNotificationManager: updateNotification() 
03-14 00:19:57.067  2748  2748 D Bubbles : onEntryUpdated : shouldBubbleUp=true ,key=-1|com.android.systemui|2131364006|charging_state|10060
03-14 00:19:57.069  2748  2748 D InterruptionStateProvider:  no Heads up : edgelighting enabled app. -1|com.android.systemui|2131364006|charging_state|10060
03-14 00:19:57.069  2748  2748 I {OngoingActivityController}: onEntryUpdated and OA data is empty. So update latest task info
03-14 00:19:57.083  2748  2748 I LockscreenNotificationIconsOnlyController: onNotificationInfoUpdated 0
03-14 00:19:57.083  2748  2748 I AODNotificationManager: updateNotification() 
03-14 00:19:57.090  2748  3330 D LocalImageResolver: Couldn't use ImageDecoder for drawable, falling back to non-resized load.
03-14 00:19:57.092  2748  3330 D LocalImageResolver: Couldn't use ImageDecoder for drawable, falling back to non-resized load.
03-14 00:19:57.099  2748  2748 D LocalImageResolver: Couldn't use ImageDecoder for drawable, falling back to non-resized load.
03-14 00:19:57.110  2748  2748 D ExpandableNotifRow: mMaxSmallHeight different before reInflateViews mMaxSmallHeight: 189 mTempSmallHeight:0 -1|com.android.systemui|2131364006|charging_state|10060
03-14 00:19:57.110  2748  2748 D ExpandableNotifRow: mMaxSmallHeight different before reInflateViews mMaxSmallHeight: 189 mTempSmallHeight:0 -1|com.android.systemui|2131364006|charging_state|10060
03-14 00:19:57.110  2748  2748 D ExpandableNotifRow: mMaxSmallHeight different before reInflateViews mMaxSmallHeight: 189 mTempSmallHeight:0 -1|com.android.systemui|2131364006|charging_state|10060
03-14 00:19:57.110  2748  2748 D ExpandableNotifRow: mMaxSmallHeight different before reInflateViews mMaxSmallHeight: 189 mTempSmallHeight:0 -1|com.android.systemui|2131364006|charging_state|10060
03-14 00:19:57.117  2748  2748 D LocalImageResolver: Couldn't use ImageDecoder for drawable, falling back to non-resized load.
03-14 00:19:57.126  2748  2748 I LockscreenNotificationIconsOnlyController: onNotificationInfoUpdated 0
03-14 00:19:57.126  2748  2748 I AODNotificationManager: updateNotification() 
03-14 00:19:57.270  1503  1564 I SensorsHub: context 9 0 8 1,1,55,0,4,3,0,0,0, 106083288838702
03-14 00:19:57.270  1503  1564 I SensorsHub: context 106 0 55 1,1,55,0,101,5,3,40,0,0,0,1,4,143,25,88,3,11,0,0,0,1,4,143,33,40,7,2,0,0,0,23,4,143,52,176,3,40,0,0,0,1,4,143,150,88,3,11,0,0,0,1,4,143,162,16, 106083289426702
03-14 00:19:57.271  1503  1564 I SensorsHub: context 106 56 105 3,40,0,0,0,1,4,144,46,176,3,11,0,0,0,1,4,144,74,8,3,40,0,0,0,1,4,144,109,48,3,11,0,0,0,1,4,144,167,200,1,6,0,0,0,10,4,147,192,192, 106083289426702
03-14 00:19:57.272  1830  1970 I bauth_FPBAuthService: pcf : 0x1012, 0 ,1 ,0 ,0 ,0 ,0, 16.0.0.3
03-14 00:19:57.272  2083  2483 D SensorHubManager: mHubDataMap size : 1, buffer count : 56, timestamp : 106083289426702
03-14 00:19:57.272  1830  1970 I bauth_FPBAuthService: thread id : 1, preenroll_flag : 0, nd cnt : 0, cso : 0, et : 0
03-14 00:19:57.272  1830  1970 I bauth_FPBAuthService: FPBAuthService::timerHandler complete
03-14 00:19:57.274  2083  2486 D SensorService: setSContextDataLocked ints length 3 , byte length 5
03-14 00:19:57.275  2083  2486 D SensorService: setSContextDataLocked 13150ec1
03-14 00:19:57.276  1503  1503 I SensorsHub: SContextSensor::injecet_sensor_data
03-14 00:19:57.276  1503  1503 D SensorsHub: c1 0e 15 13 39  
03-14 00:19:57.276  1503  1503 D SensorsHub: inject_scontext_data: New ssp_data_injection_fd(25)
03-14 00:19:57.277  1503  1503 D SensorsHub: SContext Data Injection return 5
03-14 00:19:57.278  2083  2484 D CAE     : onGetSensorHubData(SensorHubParserProvider.java:92) - onGetSensorHubData Event [event buffer len :9], AP_SLEEP
03-14 00:19:57.279  2083  2484 I CAE     : parse(SensorHubParserProvider.java:188) - buffer size = 9
03-14 00:19:57.279  2083  2484 I CAE     : parse(SensorHubParserProvider.java:199) - 1, 1, 55, 0, 4, 3, 0, 0, 0,
03-14 00:19:57.279  2083  2484 I CAE     : parse(SLocationRunner.java:88) - SLocationRunner parse start : 3
03-14 00:19:57.280  2083  2484 D CAE     : display(ContextProvider.java:375) - ================= SLOCATION_RUNNER =================
03-14 00:19:57.280  2083  2484 I CAE     : display(ContextProvider.java:391) - ExtraDataArray=[1, 1, 55, 0, 4, 3, 0, 0, 0]
03-14 00:19:57.281  2083  2484 I CAE     : parse(SLocationRunner.java:96) - SLocationRunner parse end:9
03-14 00:19:57.283  2083  2481 D SemContextService: Service.updateContext() : service = SLocation Core
03-14 00:19:57.283  2083  2486 D SensorService: setSContextDataLocked ints length 3 , byte length 5
03-14 00:19:57.283  2083  2486 D SensorService: setSContextDataLocked 13150ec1
03-14 00:19:57.284  2083  2083 D SemContextManager: onSemContextChanged() : event = SLocation Core
03-14 00:19:57.284  2083  2083 D SLocation: SensorHubWrapper - SemContextChanged type = 47, packet received
03-14 00:19:57.284  1503  1503 I SensorsHub: SContextSensor::injecet_sensor_data
03-14 00:19:57.284  1503  1503 D SensorsHub: c1 0e 15 13 39  
03-14 00:19:57.284  1503  1503 D SensorsHub: inject_scontext_data: New ssp_data_injection_fd(25)
03-14 00:19:57.285  1503  1503 D SensorsHub: SContext Data Injection return 5
03-14 00:19:57.285  2083  2974 D SLocation: GeofenceCoreManager - received Extra Data from core, len : 4
03-14 00:19:57.285  2083  2974 D SLocation: GeopointLastLocation - last location time exceed threshold 310942 / 30000
03-14 00:19:57.285  2083  2974 D SLocation: GeopointGeofenceManger - getLastLocation is abnormal!
03-14 00:19:57.286  2083  2974 D SLocation: LocationProviderStatus - try to update provider status (GPS/NLP)
03-14 00:19:57.286  2083  2974 D SLocation: LocationProviderStatus - set isGpsOn : true, isNlpOn : true
03-14 00:19:57.286  2083  2974 D SLocation: LocationProviderStatus - gps & nlp status not changed
03-14 00:19:57.286  2083  2484 D CAE     : onGetSensorHubData(SensorHubParserProvider.java:92) - onGetSensorHubData Event [event buffer len :106], AP_SLEEP
03-14 00:19:57.287  2083  2974 D SLocation: PositionManager - requestLocationUpdates(SGEOFENCE) : NETWORK_PROVIDER
03-14 00:19:57.287  2083  2484 I CAE     : parse(SensorHubParserProvider.java:188) - buffer size = 106
03-14 00:19:57.287  2083  2974 D SLocation: network_Manager - requestUpdate
03-14 00:19:57.288  2083  2484 I CAE     : parse(SensorHubParserProvider.java:199) - 1, 1, 55, 0, 101, 5, 3, 40, 0, 0, 0, 1, 4, -113, 25, 88, 3, 11, 0, 0, 0, 1, 4, -113, 33, 40, 7, 2, 0, 0, 0, 23, 4, -113, 52, -80, 3, 40, 0, 0, 0, 1, 4, -113, -106, 88, 3, 11, 0, 0, 0, 1, 4, -113, -94, 16, 3, 40, 0, 0, 0, 1, 4, -112, 46, -80, 3, 11, 0, 0, 0, 1, 4, -112, 74, 8, 3, 40, 0, 0, 0, 1, 4, -112, 109, 48, 3, 11, 0, 0, 0, 1, 4, -112, -89, -56, 1, 6, 0, 0, 0, 10, 4, -109, -64, -64,
03-14 00:19:57.288  2083  2484 I CAE     : parse(SLocationRunner.java:88) - SLocationRunner parse start : 3
03-14 00:19:57.289  2083  2484 D CAE     : display(ContextProvider.java:375) - ================= SLOCATION_RUNNER =================
03-14 00:19:57.290  2083  2484 I CAE     : display(ContextProvider.java:391) - ExtraDataArray=[1, 1, 55, 0, 101, 5, 3, 40, 0, 0, 0, 1, 4, -113, 25, 88, 3, 11, 0, 0, 0, 1, 4, -113, 33, 40, 7, 2, 0, 0, 0, 23, 4, -113, 52, -80, 3, 40, 0, 0, 0, 1, 4, -113, -106, 88, 3, 11, 0, 0, 0, 1, 4, -113, -94, 16, 3, 40, 0, 0, 0, 1, 4, -112, 46, -80, 3, 11, 0, 0, 0, 1, 4, -112, 74, 8, 3, 40, 0, 0, 0, 1, 4, -112, 109, 48, 3, 11, 0, 0, 0, 1, 4, -112, -89, -56, 1, 6, 0, 0, 0, 10, 4, -109, -64, -64]
03-14 00:19:57.291  2083  2484 I CAE     : parse(SLocationRunner.java:96) - SLocationRunner parse end:106
03-14 00:19:57.291  2083  2481 D SemContextService: Service.updateContext() : service = SLocation Core
03-14 00:19:57.293  2083  2083 D SemContextManager: onSemContextChanged() : event = SLocation Core
03-14 00:19:57.293  2083  2083 D SLocation: SensorHubWrapper - SemContextChanged type = 47, packet received
03-14 00:19:57.299  2083  2974 D LocationManagerService: network provider added registration from 1000/android[SLocationService]/B2A7B3C0 -> Request[@0 BALANCED, WorkSource{1000 android}]
03-14 00:19:57.300  2083  2974 I NSLocationProviderHelper: updateRequestInfo, uid=1000
03-14 00:19:57.304  3549  3622 I RequestManager_FLP: request from system, change packageName by tag from system to system(SLocationService)
03-14 00:19:57.305  3549  3622 E RequestManager_FLP: [LocationManager] Location request B2A7B3C0(Listener) network interval=0ms (min=0ms) from system(SLocationService) (1000_FINE_unknown_false_foreground)
03-14 00:19:57.307  2083  2974 D LocationManagerService: network provider request changed to ProviderRequest[@0, WorkSource{1000 android}]
03-14 00:19:57.312  2083  2974 D SLocation: LocationProviderStatus - try to update provider status (GPS/NLP)
03-14 00:19:57.312  2083  2974 D SLocation: LocationProviderStatus - set isGpsOn : true, isNlpOn : true
03-14 00:19:57.312  2083  2974 D SLocation: LocationProviderStatus - gps & nlp status not changed
03-14 00:19:57.312  2083  2974 D SLocation: PositionManager - requestLocationUpdates(SGEOFENCE) : FUSED_PROVIDER
03-14 00:19:57.312  2083  2974 D SLocation: fused_Manager - requestUpdate
03-14 00:19:57.315  2083  2974 D LocationManagerService: fused provider added registration from 1000/android[SLocationService]/D5BB6289 -> Request[@0 BALANCED, WorkSource{1000 android}]
03-14 00:19:57.315  2083  2974 I NSLocationProviderHelper: updateRequestInfo, uid=1000
03-14 00:19:57.316  2083  2974 D LocationManagerService: fused provider request changed to ProviderRequest[@0, WorkSource{1000 android}]
03-14 00:19:57.318  2083  2974 D SLocation: CommonCoreManager - received Extra Data from core, len : 4
03-14 00:19:57.318  2083  2974 D SLocation: GeofenceCoreManager - received Extra Data from core, len : 101
03-14 00:19:57.318  2083  2974 D SLocation: CommonCoreManager - received Extra Data from core, len : 101
03-14 00:19:57.320  3549  3622 I RequestManager_FLP: request from system, change packageName by tag from system to system(SLocationService)
03-14 00:19:57.321  3549  3622 E RequestManager_FLP: [LocationManager] Location request D5BB6289(Listener) fused interval=0ms (min=0ms) from system(SLocationService) (1000_FINE_unknown_false_foreground)
03-14 00:19:57.332  2083  2974 D SLocation: PositionManager - Active handleLocationChanged [N, A : 100.00, T : 1773436797321, ET : 106083341, h : 22/20]
03-14 00:19:57.332  2083  2974 D SLocation: network_Manager - removeUpdates
03-14 00:19:57.341 24610 24728 I Rubin   : [158] B5.e.onLocationChanged(Unknown Source) : Passive location updated
03-14 00:19:57.342 24610 24807 I Rubin   : [167] com.samsung.android.rubin.inferenceengine.contextanalytics.engine.loggers.LocationLogger.flush(Unknown Source) : flush
03-14 00:19:57.342  1753  1753 E vendor.samsung.hardware.gnss-service: gpsinf_inject_best_location: flags:51, speed:0.000000, bearing:0.000000, h_accuracy:100.000000, v_accuracy:100.000000, s_accuracy:0.000000, b_accuracy:0.000000, timestamp:-384695927 
03-14 00:19:57.342  1699  1743 E mnl2hal : hal2mnl_hdlr: HAL2MNL_GPS_INJECT_BEST_LOCATION h_accuracy:100.000000, timestamp:-384695927 
03-14 00:19:57.342  2083  2974 I NSLocationProviderHelper: updateRemoveInfo, uid=1000
03-14 00:19:57.343  2083  2974 D LocationManagerService: network provider removed registration from 1000/android[SLocationService]/B2A7B3C0
03-14 00:19:57.343  2083  2974 D LocationManagerService: network provider request changed to ProviderRequest[@+6h0m0s0ms, LOW_POWER, WorkSource{10211 com.google.android.as}]
03-14 00:19:57.343  1699  1743 D MNLD    : mnld_nfw_mnl2agps_location_sync: mnl2agps_location_sync success, ret = 51
03-14 00:19:57.343  2083  2974 D SLocation: fused_Manager - removeUpdates
03-14 00:19:57.343  1747  1762 D agps    : [agps][n][AGPS] [MNL] mnl2agps [153]
03-14 00:19:57.344  1747  1762 D agps    : Xed[V_8;|(7C0x)+x\HWcp=;h[Zi=R7&%D`L;2$5=8=-2LG1C`L-5q0+&!*("%$pL:5d/)%(*&&(uA$&`.! pA-@q-xx~~     yiSBDG5(b.yO5AFp-pN:<m.qS83ABAo-yiUI7"3=62b%x|lpyiSI5(7CH8$-CBj%x|lpy
03-14 00:19:57.344  2083  2974 I NSLocationProviderHelper: updateRemoveInfo, uid=1000
03-14 00:19:57.344  2083  2974 D LocationManagerService: fused provider removed registration from 1000/android[SLocationService]/D5BB6289
03-14 00:19:57.344  2083  2974 D LocationManagerService: fused provider request changed to ProviderRequest[OFF]
03-14 00:19:57.344  3549  3622 E RequestManager_FLP: [LocationManager] Location remove B2A7B3C0 from system
03-14 00:19:57.345  3549  3622 I LocationRequestData_FLP: Remove in requestInfoList, B2A7B3C0 / ListSize[network]=1
03-14 00:19:57.345  2083  2974 D SLocation: PositionManager - Passive handleLocationChanged [N, A : 100.00, T : 1773436797321, ET : 106083341, h : 22/20]
03-14 00:19:57.345  3549  3622 E RequestManager_FLP: [LocationManager] Location remove D5BB6289 from system
03-14 00:19:57.345  3549  3622 I LocationRequestData_FLP: Remove in requestInfoList, D5BB6289 / ListSize[fused]=0
03-14 00:19:57.346  2083  2974 W SLocation: GeopointGeofenceManger - refresh wifi to receive loc
03-14 00:19:57.346  2083  2974 D SLocation: GeopointGeofenceManger - Location reported : fix method = 2 / 100.0
03-14 00:19:57.347  2083  2974 D SLocation: SLocationCoreSem - send to coreSem, packet length : 23 / [2, 22, 222, 248, 169, 16, 50, 82, 100, 0, 0, 0, 100, 2, 0, 0, 1, 156, 233, 18, 1, 137, 0]
03-14 00:19:57.347  2083  2974 D SemContextLocationCoreAttribute: setAttribute() mode : 0 action : 23
03-14 00:19:57.347  2083  2974 D SemContextService: lock : changeParameters
03-14 00:19:57.348  2083  2974 D SemContext.CaeProvider.LocationCoreImpl: setAttribute() mode : 0 action : 23
03-14 00:19:57.348  2083  2974 W CAE     : setCAProperty(ContextAwareService.java:509) - [setProperty 01] Mutex is locked for SLOCATION_RUNNER
03-14 00:19:57.348  2083  2974 I CAE     : setPropertyValue(SLocationRunner.java:116) - SLocationRunner setProperty header : 2, len : 23
03-14 00:19:57.349  2083  2486 D SensorService: setSContextDataLocked ints length 8 , byte length 26
03-14 00:19:57.349  2083  2486 D SensorService: setSContextDataLocked 23717c1
03-14 00:19:57.350  1503  1503 I SensorsHub: SContextSensor::injecet_sensor_data
03-14 00:19:57.350  1503  1503 D SensorsHub: c1 17 37 02 16 de f8 a9 10 32 52 64 00 00 00 64  
03-14 00:19:57.350  1503  1503 D SensorsHub: 02 00 00 01 9c e9 12 01 89 00  
03-14 00:19:57.350  1503  1503 D SensorsHub: inject_scontext_data: New ssp_data_injection_fd(25)
03-14 00:19:57.351  1503  1503 D SensorsHub: SContext Data Injection return 26
03-14 00:19:57.351  1503  1564 I SensorsHub: context 10 0 9 1,1,55,0,5,2,2,0,0,0, 106083371036163
03-14 00:19:57.352 14749  5757 I FusedLocation: (REDACTED) stationary throttling engaged @%s
03-14 00:19:57.353  2083  2974 W CAE     : setCAProperty(ContextAwareService.java:515) - [setProperty 02] Mutex is unlocked for SLOCATION_RUNNER
03-14 00:19:57.353  2083  2974 D SemContextService: unlock : changeParameters
03-14 00:19:57.353  2083  2974 D SemContextManager:   .changeParameters : listener = Z.i@6612771, service=SLocation Core
03-14 00:19:57.353  2083  2974 D SLocation: DuplicateLocationChecker_GeofenceLocationFilter - network is duplicated last network location
03-14 00:19:57.353  2083  2486 D SensorService: setSContextDataLocked ints length 3 , byte length 5
03-14 00:19:57.353  2083  2486 D SensorService: setSContextDataLocked 13150ec1
03-14 00:19:57.353  2083  2974 D SLocation: ReceiverPair - ignore direction of location due to wifi, id = 16, reason = 400
03-14 00:19:57.353  1503  1503 I SensorsHub: SContextSensor::injecet_sensor_data
03-14 00:19:57.353  1503  1503 D SensorsHub: c1 0e 15 13 39  
03-14 00:19:57.353  1503  1503 D SensorsHub: inject_scontext_data: New ssp_data_injection_fd(25)
03-14 00:19:57.354  1503  1503 D SensorsHub: SContext Data Injection return 5
03-14 00:19:57.355  2083  2974 D SLocation: GeopointReceiver - cancel delay & hold gf id : 28
03-14 00:19:57.355  2083  2484 D CAE     : onGetSensorHubData(SensorHubParserProvider.java:92) - onGetSensorHubData Event [event buffer len :10], AP_SLEEP
03-14 00:19:57.355  2083  2484 I CAE     : parse(SensorHubParserProvider.java:188) - buffer size = 10
03-14 00:19:57.355  2083  2974 D SLocation: GeopointReceiver - cancel delay & hold gf id : 33
03-14 00:19:57.355  2083  2974 D SLocation: ReceiverPair - ignore direction of location due to wifi, id = 40, reason = 400
03-14 00:19:57.355  2083  2484 I CAE     : parse(SensorHubParserProvider.java:199) - 1, 1, 55, 0, 5, 2, 2, 0, 0, 0,
03-14 00:19:57.356  2083  2484 I CAE     : parse(SLocationRunner.java:88) - SLocationRunner parse start : 3
03-14 00:19:57.356  2083  2484 D CAE     : display(ContextProvider.java:375) - ================= SLOCATION_RUNNER =================
03-14 00:19:57.356  2083  2484 I CAE     : display(ContextProvider.java:391) - ExtraDataArray=[1, 1, 55, 0, 5, 2, 2, 0, 0, 0]
03-14 00:19:57.356  2083  2484 I CAE     : parse(SLocationRunner.java:96) - SLocationRunner parse end:10
03-14 00:19:57.356  2083  2974 D SLocation: AlarmManagerWrapper - next alarm time : 109683366 (WK)
03-14 00:19:57.358  2083  2481 D SemContextService: Service.updateContext() : service = SLocation Core
03-14 00:19:57.359  2083  2083 D SemContextManager: onSemContextChanged() : event = SLocation Core
03-14 00:19:57.359  2083  2083 D SLocation: SensorHubWrapper - SemContextChanged type = 47, packet received
03-14 00:19:57.360  2083  2974 D SLocation: GeofenceCoreManager - received Extra Data from core, len : 5
03-14 00:19:57.360  2083  2974 D SLocation: GeofenceCoreManager - handleCommandCallback - UNKNOWN_CALLBACK 2 SUCCESS
03-14 00:19:57.360  2083  2974 D SLocation: CommonCoreManager - received Extra Data from core, len : 5
03-14 00:19:57.360  2083  2974 D SLocation: CommonCoreManager - handleCommandCallback - FUNC_TYPE : SET_LOCATION  ERROR_CODE : ERROR_NONE
03-14 00:19:57.363 14749  5757 I FusedLocation: (REDACTED) stationary throttling engaged @%s
03-14 00:19:57.367  1673  1692 E thermal_core: find_tz_idx_by_name:"Failed to find thermal zone index of ap_ntc\n"
03-14 00:19:57.368  1673  1692 E thermal_core: find_tz_idx_by_name:"Failed to find thermal zone index of mtk-master-charger\n"
03-14 00:19:57.371  1503  1564 I SensorsHub: context 36 0 35 1,1,55,0,31,5,7,2,0,0,0,0,4,147,212,72,11,0,0,0,0,0,4,147,212,72,5,5,0,0,0,100,4,147,212,72, 106083390198933
03-14 00:19:57.372  2083  2486 D SensorService: setSContextDataLocked ints length 3 , byte length 5
03-14 00:19:57.372  2083  2486 D SensorService: setSContextDataLocked 13150ec1
03-14 00:19:57.373  1503  1503 I SensorsHub: SContextSensor::injecet_sensor_data
03-14 00:19:57.373  1503  1503 D SensorsHub: c1 0e 15 13 39  
03-14 00:19:57.373  1503  1503 D SensorsHub: inject_scontext_data: New ssp_data_injection_fd(25)
03-14 00:19:57.373  1503  1503 D SensorsHub: SContext Data Injection return 5
03-14 00:19:57.374  2083  2484 D CAE     : onGetSensorHubData(SensorHubParserProvider.java:92) - onGetSensorHubData Event [event buffer len :36], AP_SLEEP
03-14 00:19:57.374  2083  2484 I CAE     : parse(SensorHubParserProvider.java:188) - buffer size = 36
03-14 00:19:57.374  2083  2484 I CAE     : parse(SensorHubParserProvider.java:199) - 1, 1, 55, 0, 31, 5, 7, 2, 0, 0, 0, 0, 4, -109, -44, 72, 11, 0, 0, 0, 0, 0, 4, -109, -44, 72, 5, 5, 0, 0, 0, 100, 4, -109, -44, 72,
03-14 00:19:57.374  2083  2484 I CAE     : parse(SLocationRunner.java:88) - SLocationRunner parse start : 3
03-14 00:19:57.375  2083  2484 D CAE     : display(ContextProvider.java:375) - ================= SLOCATION_RUNNER =================
03-14 00:19:57.375  2083  2484 I CAE     : display(ContextProvider.java:391) - ExtraDataArray=[1, 1, 55, 0, 31, 5, 7, 2, 0, 0, 0, 0, 4, -109, -44, 72, 11, 0, 0, 0, 0, 0, 4, -109, -44, 72, 5, 5, 0, 0, 0, 100, 4, -109, -44, 72]
03-14 00:19:57.375  2083  2481 D SemContextService: Service.updateContext() : service = SLocation Core
03-14 00:19:57.375  2083  2083 D SemContextManager: onSemContextChanged() : event = SLocation Core
03-14 00:19:57.375  2083  2083 D SLocation: SensorHubWrapper - SemContextChanged type = 47, packet received
03-14 00:19:57.376  2083  2484 I CAE     : parse(SLocationRunner.java:96) - SLocationRunner parse end:36
03-14 00:19:57.376  2083  2974 D SLocation: GeofenceCoreManager - received Extra Data from core, len : 31
03-14 00:19:57.376  2083  2974 D SLocation: CommonCoreManager - received Extra Data from core, len : 31
03-14 00:19:57.621   582   582 D io_stats: !@   8,32 r 3706036 78901620 w 2438631 31713096 d 307656 187094324 f 205123 237314 iot 1160376 0 th 0 0 0 pt 0 inp 0 0 50610.906
03-14 00:19:57.621   582   582 D io_stats: !@ Write_top(KB): system_server:high(2083) 192 droid.rubin.app:low(24610) 20 vendor.samsung.:normal(1528) 8
03-14 00:19:57.849  2083  2974 D SLocation: WifiBssidMonitor - requestRefresh
03-14 00:19:57.850  2083  2974 W SLocation: WifiBssidMonitor - connected wifi : (a8:6e:84:**:**:a7/865)
03-14 00:19:58.275  1830  1970 I bauth_FPBAuthService: pcf : 0x1012, 0 ,1 ,0 ,0 ,0 ,0, 16.0.0.3
03-14 00:19:58.275  1830  1970 I bauth_FPBAuthService: thread id : 1, preenroll_flag : 0, nd cnt : 0, cso : 0, et : 0
03-14 00:19:58.275  1830  1970 I bauth_FPBAuthService: FPBAuthService::timerHandler complete
03-14 00:19:58.823  2857  2857 I wpa_supplicant: Heartbeat 1393
03-14 00:19:59.275  1830  1970 I bauth_FPBAuthService: pcf : 0x1012, 0 ,1 ,0 ,0 ,0 ,0, 16.0.0.3
03-14 00:19:59.275  1830  1970 I bauth_FPBAuthService: thread id : 1, preenroll_flag : 0, nd cnt : 0, cso : 0, et : 0
03-14 00:19:59.275  1830  1970 I bauth_FPBAuthService: FPBAuthService::timerHandler complete
03-14 00:19:59.623   582   582 D io_stats: !@   8,32 r 3706036 78901620 w 2438635 31713160 d 307656 187094324 f 205123 237314 iot 1160380 0 th 0 0 0 pt 0 inp 0 0 50612.908
03-14 00:20:00.278  1830  1970 I bauth_FPBAuthService: pcf : 0x1012, 0 ,1 ,0 ,0 ,0 ,0, 16.0.0.3
03-14 00:20:00.278  1830  1970 I bauth_FPBAuthService: thread id : 1, preenroll_flag : 0, nd cnt : 0, cso : 0, et : 0
03-14 00:20:00.278  1830  1970 I bauth_FPBAuthService: FPBAuthService::timerHandler complete
03-14 00:20:00.370  1673  1692 E thermal_core: find_tz_idx_by_name:"Failed to find thermal zone index of ap_ntc\n"
03-14 00:20:00.371  1673  1692 E thermal_core: find_tz_idx_by_name:"Failed to find thermal zone index of mtk-master-charger\n"
03-14 00:20:00.404  2748  2748 I ChargingInfoOnlyContainer: onTimerExpired: 
03-14 00:20:00.404  2748  2748 I AODAlarmTimer_AOD_CHARGING_INFO_TICK: onAlarm: 
03-14 00:20:00.405  2748  2748 I AODAlarmTimer_AOD_CHARGING_INFO_TICK: setAlarm: expiration = 03/14/2026 00:21
03-14 00:20:00.405  2748  3322 I DateTimeView: updateAll - getTimeFormat
03-14 00:20:00.407  2083  2083 I EyeComfortSolutionService: action  :  android.intent.action.TIME_TICK
03-14 00:20:00.407  2748  3322 D QSClockBellTower: onReceive(android.intent.action.TIME_TICK) mTimeZoneString:Europe/Istanbul
03-14 00:20:00.412  2748  2748 D QSClockBellTower: He is ready to ring the bell. (((QSClockBellSound - TimeText:00:20, TimeContentDescription:00:20, DateText:14 Mart Cmt, ShortDateText:14 Mar Cmt, Demo:false)))
