03-14 00:20:00.413  2748  2748 D QSClock : StatusBar clock=00:20 notifyTimeChanged(QSClockBellSound - TimeText:00:20, TimeContentDescription:00:20, DateText:14 Mart Cmt, ShortDateText:14 Mar Cmt, Demo:false) clockVisibleByPolicy=true, clockVisibleByUser=true, visible=false, parent=android.widget.LinearLayout{31c7954 V.E...... ........ 0,0-0,72 #7f0a069b app:id/left_clock_container} caller=com.android.systemui.statusbar.phone.fragment.CollapsedStatusBarFragment.animateHiddenState:96 com.android.systemui.statusbar.phone.fragment.CollapsedStatusBarFragment.updateStatusBarVisibilitiesInner:260 com.android.systemui.statusbar.phone.fragment.CollapsedStatusBarFragment$$ExternalSyntheticLambda1.run:6 com.android.systemui.statusbar.phone.fragment.CollapsedStatusBarFragmentExt.onKeyguardShowingChanged:10 com.android.systemui.statusbar.policy.KeyguardStateControllerImpl$$ExternalSyntheticLambda0.accept:24  
03-14 00:20:00.415  2748  2748 D QSClockBellTower: Everyone heard the bell. run(currentTime:1773436800411, getTime():Sat Mar 14 00:20:00 GMT+03:00 2026, getTimeZone():libcore.util.ZoneInfo[mDstSavings=0,mUseDst=false,mDelegate=[id="Europe/Istanbul",mRawOffset=10800000,mEarliestRawOffset=6952000,transitions=115]])
03-14 00:20:00.417  2748  2748 D ClockFaceEvents: onTimeTick. callers : com.android.keyguard.ClockEventController$keyguardUpdateMonitorCallback$1.refreshTime:19
03-14 00:20:00.417  2748  2748 D ClockFaceEvents: com.android.keyguard.ClockEventController$keyguardUpdateMonitorCallback$1.onTimeChanged:1
03-14 00:20:00.417  2748  2748 D ClockFaceEvents: com.android.keyguard.KeyguardUpdateMonitor$16.handleMessage:732
03-14 00:20:00.418  2748  2748 D ClockFaceEvents: onTimeTick. callers : com.android.keyguard.ClockEventController$keyguardUpdateMonitorCallback$1.refreshTime:38
03-14 00:20:00.418  2748  2748 D ClockFaceEvents: com.android.keyguard.ClockEventController$keyguardUpdateMonitorCallback$1.onTimeChanged:1
03-14 00:20:00.418  2748  2748 D ClockFaceEvents: com.android.keyguard.KeyguardUpdateMonitor$16.handleMessage:732
03-14 00:20:00.419  2748  2748 D FaceWidgetPagesController: onTimeChanged()
03-14 00:20:00.420  2748  2748 D FaceWidgetPagesController: refreshViews() reason = ON_TIME_TICK, force = false
03-14 00:20:00.420  1567  3371 I VSyncReactor: Current= 90, Period= 90, hwcPeriod= 90
03-14 00:20:00.434  2748  2748 I SecKeyguardClockPositionAlgorithm: prepareClockContainerHeightChanging:
03-14 00:20:00.439  2748  2748 I SecKeyguardClockPositionAlgorithm: prepareClockContainerHeightChanging:
03-14 00:20:00.454  1567  1567 I BufferQueueProducer: [NotificationShade$_2748#15421](this:0xb400006f877dc638,id:-1,api:0,p:-1,c:1567) queueBuffer: fps=0.26 dur=3783.98 max=3783.98 min=3783.98
03-14 00:20:00.458  1501  1501 I hwcomposer: [HWCDisplay] (0 updateFps():4131), (type:1, mode:2) fps:0.528479,dur:3784.45,max:3701.66,min:82.79  
03-14 00:20:00.860  1501  1884 I hwcomposer: [HWC] (0)fire a callback of refresh to SF[4]  
03-14 00:20:00.879  1567  1567 I BufferQueueProducer: [FramebufferSurface](this:0xb400006faf4f0370,id:-1,api:1,p:1567,c:1567) queueBuffer: fps=0.24 dur=4123.64 max=4123.64 min=4123.64
03-14 00:20:00.990  2083  2164 D MARsPolicyManager: triggerAction called!
03-14 00:20:00.990  2083  2164 I NSLocationMonitor: getGPSUsingApps() called
03-14 00:20:00.991  3549  3566 I NSLocationManager_FLP: getGPSUsingApps, No change
03-14 00:20:01.278  1830  1970 I bauth_FPBAuthService: pcf : 0x1012, 0 ,1 ,0 ,0 ,0 ,0, 16.0.0.3
03-14 00:20:01.278  1830  1970 I bauth_FPBAuthService: thread id : 1, preenroll_flag : 0, nd cnt : 0, cso : 0, et : 0
03-14 00:20:01.279  1830  1970 I bauth_FPBAuthService: FPBAuthService::timerHandler complete
03-14 00:20:01.625   582   582 D io_stats: !@ Write_top(KB): kworker/u32:3:/(31888) 64
03-14 00:20:02.151  2083  2665 D PowerManagerService: [api] release WakeLock DRAW_WAKE_LOCK                    'charging_info' ACQ=-5s505ms (uid=10060 pid=2748 displayId=0 lock=79a5834)
03-14 00:20:02.152  2083  2665 D PowerManagerService: displayReady: false groupId=0
03-14 00:20:02.152  2083  2176 D DisplayPowerController[0]: animateScreenStateChange: target=DOZE_SUSPEND, mIsEnabled=true
03-14 00:20:02.156  2083  2176 I DisplayPowerController[0]: BrightnessEvent: brt=0.16470589 (65.0%), nits= 42.077, lux=-1.0, reason=manual, strat=FallbackBrightnessStrategy, state=DOZE_SUSPEND, stateReason=UNKNOWN, policy=DOZE, flags=, initBrt=0.16470589, rcmdBrt=NaN, preBrt=NaN, preLux=0.0, wasShortTermModelActive=false, autoBrightness=false (default), unclampedBrt=0.16470589, hbmMax=1.0, hbmMode=off, thrmMax=1.0, rbcStrength=-1, powerFactor=1.0, physDisp=Yerleşik Ekran(local:4627039422300187648), logicalId=0, slowChange=false, rampSpeed=0.0
03-14 00:20:02.159  1520  1550 I mtkpower@impl: [setMode] type:9, enabled:1
03-14 00:20:02.159  2083  2637 D DisplayManagerService: !@display_state requestDisplayStateInternal: DOZE -> DOZE_SUSPEND displayId=0
03-14 00:20:02.159  1520  1550 I mtkpower@impl: [setMode] Mode::DISPLAY_INACTIVE: 1
03-14 00:20:02.160  2083  2637 D SemInputDeviceManagerService: setDisplayState[1] EARLY: DOZE(3) -> DOZE_SUSPEND(4)
03-14 00:20:02.161  2083  2116 I DisplayDeviceRepository: Display device changed state: "Yerleşik Ekran", DOZE_SUSPEND
03-14 00:20:02.162  2083  2637 D LocalDisplayAdapter: notifyStateChangeStart: com.samsung.android.hardware.secinputdev.external.DisplayStateListenerWrapper$1@c7e080a took 2 ms
03-14 00:20:02.162  2083  2558 D SemInputDevice:TSP: ActivateTask: 4,0 [03-14 00:20:02.160]
03-14 00:20:02.162  2083  2637 D LocalDisplayAdapter: notifyStateChangeStart: com.android.server.biometrics.SemBiometricDisplayStateMonitor@478eea8 took 0 ms
03-14 00:20:02.163  2083  2637 W LocalDisplayAdapter: !@display_state - 2354 : DOZE -> DOZE_SUSPEND (MAIN)
03-14 00:20:02.163  2083  2176 D BrightnessThermalClamper: Thermal status observer already started
03-14 00:20:02.163  2083  2476 I SemBiometricDisplayStateMonitor: DisplayStateListener#onStart : DOZE_SUSPEND, DOZE_SUSPEND, DEFAULT_DISPLAY
03-14 00:20:02.164  1534  1546 I sysinput:aidl: onReportInformation:93, 1, enabled@4,0:0
03-14 00:20:02.164  1567  1567 D SurfaceFlinger: Setting power mode 2 on physical display 4627039422300187648
03-14 00:20:02.165  2083  2637 W LocalDisplayAdapter: !@display_state - 2354 : DOZE_SUSPEND (MAIN) took 2 ms
03-14 00:20:02.165  1534  1546 I sysinput:Touch1: operator():133, 4,0 OK
03-14 00:20:02.165  2083  2114 D WindowManager: DeferredDisplayUpdater: partially applying DisplayInfo(1080 x 2340) immediately
03-14 00:20:02.165  2083  2083 D SGM:GameManager: onDisplayChanged. displyId: 0, state: 4
03-14 00:20:02.166  2083  2637 D SemInputDeviceManagerService: setDisplayState[1] LATE: DOZE_SUSPEND(4) -> DOZE_SUSPEND(4)
03-14 00:20:02.168  2083  2558 D SysinputHAL_AIDL: activate(TSP(1)),4,0 ret=0
03-14 00:20:02.168 29780 29864 D AudioFlinger: setParameters: filtered dev setParameters keyvalue screen_state=off
03-14 00:20:02.169 29783 29819 D AudioALSAHardware: +setParameters(): screen_state=off
03-14 00:20:02.170 29783 29819 D AudioALSAHardware: -setParameters(): screen_state=off
03-14 00:20:02.171  2083  2299 D SGM:FgCheckThread: onLooperPrepared(), msg: MSG_LCD_OFF
03-14 00:20:02.171  3238 28404 I HoneySpace.Memory-Monitor: current state = 4, didTrim = true
03-14 00:20:02.172  5415  5415 I HBD     : DeX h DeX mode state change in non-main thread 
03-14 00:20:02.173  2083  2637 D LocalDisplayAdapter: notifyStateChangeFinish: com.samsung.android.hardware.secinputdev.external.DisplayStateListenerWrapper$1@c7e080a took 8 ms
03-14 00:20:02.173  5415  5415 I HBD     : DeX h DeX mode state change: 3 
03-14 00:20:02.173  2083  2637 D LocalDisplayAdapter: notifyStateChangeFinish: com.android.server.biometrics.SemBiometricDisplayStateMonitor@478eea8 took 0 ms
03-14 00:20:02.174  2083  2176 D DisplayPowerController[0]: setActualDisplayState: DOZE -> DOZE_SUSPEND
03-14 00:20:02.174  2083  2176 D DisplayPowerController[0]: animateScreenStateChange: target=DOZE_SUSPEND, mIsEnabled=true
03-14 00:20:02.174  2083  2476 I SemBiometricDisplayStateMonitor: DisplayStateListener#onFinish : DOZE_SUSPEND, DOZE_SUSPEND, DEFAULT_DISPLAY
03-14 00:20:02.174  2083  2176 D DisplayPowerController[0]: animateScreenStateChange: target=DOZE_SUSPEND, mIsEnabled=true
03-14 00:20:02.175  2083  2558 D SemInputDevice:TSP: ActivateTask: 4,1 [03-14 00:20:02.167]
03-14 00:20:02.176  1534  1546 I sysinput:aidl: onReportInformation:93, 1, enabled@4,1:0
03-14 00:20:02.177  2748  2748 D DisplayLifecycle: updateDisplay id = 0
03-14 00:20:02.177  2748  2748 I Keyguard.AODTouchModeManager: onDisplayChanged newDisplayState=4, currentDisplayState=3, displayId=0
03-14 00:20:02.177  3238  3238 I VRI[LauncherActivity]@79a9058: onDisplayChanged oldDisplayState=3 newDisplayState=4
03-14 00:20:02.177  3238  3238 I VRI[RecentsTransitionOverlay]@815033c: onDisplayChanged oldDisplayState=3 newDisplayState=4
03-14 00:20:02.178  1534  1546 I sysinput:Touch1: operator():133, 4,1 OK
03-14 00:20:02.178  3238  3238 I VRI[CocktailBarService]@b870e79: onDisplayChanged oldDisplayState=3 newDisplayState=4
03-14 00:20:02.178  3238  3238 I VRI[RecentsActivity]@a5b1272: onDisplayChanged oldDisplayState=3 newDisplayState=4
03-14 00:20:02.178  5415  5415 I VRI[InputMethod]@e345dc8: onDisplayChanged oldDisplayState=3 newDisplayState=4
03-14 00:20:02.179  2083  2558 D SysinputHAL_AIDL: activate(TSP(1)),4,1 ret=0
03-14 00:20:02.180  2083  2176 D PowerManagerService: displayReady: true groupId=0
03-14 00:20:02.183  5329  5329 I VRI[LauncherActivity]@9ba8716: onDisplayChanged oldDisplayState=3 newDisplayState=4
03-14 00:20:02.183  2748  2802 I VRI[ShellDropTarget]@92e3be9: onDisplayChanged oldDisplayState=3 newDisplayState=4
03-14 00:20:02.183  2748  2802 I VRI[View root of ReusableWindowDecorViewHost#0]@254be1d: onDisplayChanged oldDisplayState=3 newDisplayState=4
03-14 00:20:02.183  2748  2802 I VRI[View root of ReusableWindowDecorViewHost#1]@9ccb8b6: onDisplayChanged oldDisplayState=3 newDisplayState=4
03-14 00:20:02.183  2083  5136 D WifiDisplayAdapter: isFitToActiveDisplayLocked : false
03-14 00:20:02.184  2748  2748 I VRI[LockscreenShortcutBlur]@f4e5155: onDisplayChanged oldDisplayState=3 newDisplayState=4
03-14 00:20:02.184  2748  2882 D StackScroller: onDisplayChanged for predraw skip to 4
03-14 00:20:02.184  1567  1612 I VSyncReactor: Current= 90, Period= 90, hwcPeriod= 90
03-14 00:20:02.184  2748  2748 I VRI[NavigationBar0]@cb51d69: onDisplayChanged oldDisplayState=3 newDisplayState=4
03-14 00:20:02.184  2748  2748 I VRI[EdgeBackGestureHandler0]@e247b7f: onDisplayChanged oldDisplayState=3 newDisplayState=4
03-14 00:20:02.185  2748  2748 I VRI[NotificationShade]@ddcb5e0: onDisplayChanged oldDisplayState=3 newDisplayState=4
03-14 00:20:02.185  2748  2748 I VRI[StatusBar]@b5f60f8: onDisplayChanged oldDisplayState=3 newDisplayState=4
03-14 00:20:02.185  2748  2748 I VRI[SecondaryHomeHandle0]@fc3d736: onDisplayChanged oldDisplayState=3 newDisplayState=4
03-14 00:20:02.281  1830  1970 I bauth_FPBAuthService: pcf : 0x1012, 0 ,1 ,0 ,0 ,0 ,0, 16.0.0.3
03-14 00:20:02.281  1830  1970 I bauth_FPBAuthService: thread id : 1, preenroll_flag : 0, nd cnt : 0, cso : 0, et : 0
03-14 00:20:02.281  1830  1970 I bauth_FPBAuthService: FPBAuthService::timerHandler complete
03-14 00:20:02.402  5068  6278 I SDHMS:x : SIOP:: AP:361 BAT:332 USB:341 CHG:373 PA:354 WIFI:353 BLK:0 SUBBAT:0 SKIN:340 SKINF:332 SKINB:340 LRP2:340 LRF2:332 LRB2:340 AP2:339 CHG2:337 MEM2:340 WIFI2:339 SPK2:320 VAP05:361 AVGCUR:1205 AVGSYS:0 POWER:5205
03-14 00:20:03.284  1830  1970 I bauth_FPBAuthService: pcf : 0x1012, 0 ,1 ,0 ,0 ,0 ,0, 16.0.0.3
03-14 00:20:03.284  1830  1970 I bauth_FPBAuthService: thread id : 1, preenroll_flag : 0, nd cnt : 0, cso : 0, et : 0
03-14 00:20:03.284  1830  1970 I bauth_FPBAuthService: FPBAuthService::timerHandler complete
03-14 00:20:03.373  1673  1692 E thermal_core: find_tz_idx_by_name:"Failed to find thermal zone index of ap_ntc\n"
03-14 00:20:03.373  1673  1692 E thermal_core: find_tz_idx_by_name:"Failed to find thermal zone index of mtk-master-charger\n"
03-14 00:20:03.373  1673  1692 E thermal_core: find_tz_idx_by_name:"Failed to find thermal zone index of camera0\n"
03-14 00:20:03.373  1673  1692 E thermal_core: find_tz_idx_by_name:"Failed to find thermal zone index of mtk-master-charger\n"
03-14 00:20:03.373  1673  1692 E thermal_core: find_tz_idx_by_name:"Failed to find thermal zone index of nrpa_ntc\n"
03-14 00:20:03.374  1673  1692 E thermal_core: dump_thermal_log:"Error: sccanf error, ret=9\n"
03-14 00:20:03.375  1673  1692 E thermal_core: node_read:"Failed to read /sys/class/thermal/thermal_zone2/temp: No data available\n"
03-14 00:20:03.376  1673  1692 I thermal_core: "soc/nr/lte/ap_ntc/tpcb/conn/chg/cam/c_ttj/g_ttj/a_ttj=0/-274000/35000/-274000/46000/32000/-274000/-274000/85000/85000/85000\n"
03-14 00:20:03.376  1673  1692 I thermal_core: "[C(l)(c)(i)][G(l)(c)][A(l)(c)][TH][D]=[(666666/666666/666666)(500/725/0)(0x0)][(666666)(666666)][(666666666)(666666666)][0][1600]\n"
03-14 00:20:03.376  1673  1692 E thermal_core: node_read:"Failed to open /sys/kernel/helio-dvfsrc/dvfsrc_therm_info: No such file or directory\n"
03-14 00:20:03.376  1673  1692 I thermal_core: "1600"
03-14 00:20:03.626   582   582 D io_stats: !@   8,32 r 3706036 78901620 w 2438640 31713192 d 307656 187094324 f 205123 237314 iot 1160384 0 th 0 0 0 pt 0 inp 0 0 50616.912
03-14 00:20:03.811  4113  5103 V CpEventLog(u0): [P] cp_state: [                 contacts = {contacts=50, raw_contacts=116, data=402, account={secphone(1)=27, google(2)=16, sim(3)=10, sim2(4)=0, agg(5)=0, google(6)=0, google(7)=0, samsung(8)=0, mobileservice(9)=0, coreapp(10)=4, com.samsung.android.email(11)=0, com.samsung.android.email(12)=0, com.samsung.android.email(13)=0, com.samsung.android.email(14)=0, google(18)=1, whatsapp(65)=45, google(79)=0, www.instagram.com(80)=0, google(81)=0, google(83)=0, google(84)=0, google(85)=0, google(86)=0, google(87)=0, google(88)=0, google(89)=0}, trash=0, trash_acc={}, trash_sync=13, database=contacts2.db} ]
03-14 00:20:03.811  4113  5103 V CpEventLog(u0): [P] cp_state: [               aggregated = {[1,10]=1, [1,65,3]=3, [1,65]=21, [1]=2, [2,65,10]=3, [2,65,3]=1, [2,65]=11, [2]=1, [3]=1, [65,18]=1, [65,3]=5} ]
03-14 00:20:03.811  4113  5103 V CpEventLog(u0): [P] cp_state: [                  request = {} ]
03-14 00:20:03.811  4113  5103 V CpEventLog(u0): [P] cp_state: [                    calls = {types={[100]=217, [300]=285, [500]=1, [1000]=1781, [1150]=1}, database=calllog.db} ]
03-14 00:20:03.811  4113  5103 V CpEventLog(u0): [P] cp_state: [                  profile = {contacts=0, raw_contacts=0, data=0, account={secphone(1)=0, google(2)=0, sim(3)=0, sim2(4)=0, agg(5)=0, google(6)=0, google(7)=0, samsung(8)=0, mobileservice(9)=0, coreapp(10)=0, com.samsung.android.email(11)=0, com.samsung.android.email(12)=0, com.samsung.android.email(13)=0, com.samsung.android.email(14)=0, google(18)=0, whatsapp(50)=0, google(64)=0, www.instagram.com(65)=0, google(66)=0, google(68)=0, google(69)=0, google(70)=0, google(71)=0, google(72)=0, google(73)=0, google(74)=0}, trash=0, trash_acc={}, trash_sync=0, database=profile.db} ]
03-14 00:20:03.811  4113  5103 V CpEventLog(u0): [P] cp_state: [               sa_profile = {contacts=1, raw_contacts=1, data=1, account={secphone(1)=1, google(2)=0, sim(3)=0, sim2(4)=0, agg(5)=0, google(6)=0, google(7)=0, samsung(8)=0, mobileservice(9)=0, coreapp(10)=0, com.samsung.android.email(11)=0, com.samsung.android.email(12)=0, com.samsung.android.email(13)=0, com.samsung.android.email(14)=0, google(18)=0, whatsapp(50)=0, google(64)=0, www.instagram.com(65)=0, google(66)=0, google(68)=0, google(69)=0, google(70)=0, google(71)=0, google(72)=0, google(73)=0, google(74)=0}, trash=0, trash_acc={}, trash_sync=0, database=profile_sa.db} ]
03-14 00:20:03.811  4113  5103 V CpEventLog(u0): [P] cp_state: [                      etc = {binders=0, country_iso=TR, version=15.6.28, db_version=2000, db_size=0, db_wal_size=1, csc=/, sec_enabled=false, is_roaming=false} ]
03-14 00:20:03.811  4113  5103 V CpEventLog(u0): [P] cp_state: ------------------------------------------------------------------------------
03-14 00:20:04.285  1830  1970 I bauth_FPBAuthService: pcf : 0x1012, 0 ,1 ,0 ,0 ,0 ,0, 16.0.0.3
03-14 00:20:04.285  1830  1970 I bauth_FPBAuthService: thread id : 1, preenroll_flag : 0, nd cnt : 0, cso : 0, et : 0
03-14 00:20:04.285  1830  1970 I bauth_FPBAuthService: FPBAuthService::timerHandler complete
03-14 00:20:05.287  1830  1970 I bauth_FPBAuthService: pcf : 0x1012, 0 ,1 ,0 ,0 ,0 ,0, 16.0.0.3
03-14 00:20:05.287  1830  1970 I bauth_FPBAuthService: thread id : 1, preenroll_flag : 0, nd cnt : 0, cso : 0, et : 0
03-14 00:20:05.287  1830  1970 I bauth_FPBAuthService: FPBAuthService::timerHandler complete
03-14 00:20:05.630   582   582 D io_stats: !@   8,32 r 3706036 78901620 w 2438650 31713260 d 307656 187094324 f 205123 237314 iot 1160388 0 th 0 0 0 pt 0 inp 0 0 50618.915
03-14 00:20:05.631   582   582 D io_stats: !@ Write_top(KB): kworker/u32:3:/(31888) 68 sait.sohservice:low(1299) 32
03-14 00:20:06.016  2083  2164 D MARsPolicyManager: triggerAction called!
03-14 00:20:06.016  2083  2164 I NSLocationMonitor: getGPSUsingApps() called
03-14 00:20:06.017  3549  3566 I NSLocationManager_FLP: getGPSUsingApps, No change
03-14 00:20:06.288  1830  1970 I bauth_FPBAuthService: pcf : 0x1012, 0 ,1 ,0 ,0 ,0 ,0, 16.0.0.3
03-14 00:20:06.288  1830  1970 I bauth_FPBAuthService: thread id : 1, preenroll_flag : 0, nd cnt : 0, cso : 0, et : 0
03-14 00:20:06.288  1830  1970 I bauth_FPBAuthService: FPBAuthService::timerHandler complete
03-14 00:20:06.379  1673  1692 E thermal_core: find_tz_idx_by_name:"Failed to find thermal zone index of ap_ntc\n"
03-14 00:20:06.380  1673  1692 E thermal_core: find_tz_idx_by_name:"Failed to find thermal zone index of mtk-master-charger\n"
03-14 00:20:06.710  1528  1554 E BatteryDump: !@new_battery_dump : 4320,1208,3000,3150,83,332,341,373,0,0,340,373,0,Charging,NO_CHARGING,Normal,Good,PDIC,0,Normal,0,0,9449,0x0,0x10000,0x0,0,0,0000,0000,00000000,0,0,0,0,486,4107,8170,980,0,
03-14 00:20:06.712  2083  5136 D [SS]BattFunctions: [sendRemainingChargingTimeChangedIntent]remainingChargingTime:1920 ,mLastRemainingChargingTime:1927
03-14 00:20:06.712  1536  1536 I seh_thermal_service: getTemperaturesWithType SehTemperatureType: 3
03-14 00:20:06.712  1528  1528 I sehhealth-service: updateLrpSysfs: write: 340
03-14 00:20:06.714  2748  2748 D PowerUI : Remaining charging time : 1920
03-14 00:20:06.714  2748  2748 D PowerUI : Charging time is changed, check charging notification
03-14 00:20:06.716  2748  2748 D PowerUI.Notification: showChargingNotice - Battery Level : 83 -> 83, Charging Type : 11 -> 11, Charging Time : 1927 -> 1920, Maximum protection : false -> false, Maximum threshold : 80 -> 80
03-14 00:20:06.718  2748  2748 I NotificationManager: com.android.systemui: notify(2131364006, charging_state, Notification(channel=CHR shortcut=null contentView=null vibrate=null sound=null defaults=0 flags=ONGOING_EVENT|ONLY_ALERT_ONCE color=0x00000000 category=sys groupKey=CHARGING vis=PUBLIC semFlags=0x0 semPriority=0 semMissedCount=0)) as user
03-14 00:20:06.723  2083  5136 W PermissionService: getPermissionFlags: Unknown user -1
03-14 00:20:06.723  2083  5136 W PermissionService: getPermissionFlags: Unknown user -1
03-14 00:20:06.726  2748  2748 I AODBatteryManager: updateBatteryData: ACTION_BATTERY_CHANGED: false, isSleepModeChanged:false ,isRemainingTimeChanged: true, isUSBRestriction: false
03-14 00:20:06.726  2748  2748 I ChargingInfoManager: updateChargingInfo: newState = AOD ChargingInfo [mState=BATTERY_AND_REMAIN_TIME, mIsCharging=true, mIsPlugged=true, mIsFullyCharged=false, mIsBatteryProtectMode=false, mBetteryLevel=83, mBetteryProtectModeType3, mIsSlowChargingfalse], oldState = AOD ChargingInfo [mState=BATTERY_AND_REMAIN_TIME, mIsCharging=true, mIsPlugged=true, mIsFullyCharged=false, mIsBatteryProtectMode=false, mBetteryLevel=83, mBetteryProtectModeType3, mIsSlowChargingfalse]
03-14 00:20:06.728  2748  2748 I ChargingInfoView: handleMessage: MSG_SHOW_CHARGING_INFO
03-14 00:20:06.728  2748  2748 I BottomChargingInfoView: updateContents: BATTERY_AND_REMAIN_TIME
03-14 00:20:06.729  2748  2748 I AOD_WAKELOCK@WakeLockManager: acquireIfExists: tag - charging_info, timeout - 1000, reason - Charging Info is updating, delay by 500, wakeLock = WakeLock{432cb95 held=false, refCount=0}
03-14 00:20:06.731  2083  5136 D PowerManagerService: [api] acquire WakeLock DRAW_WAKE_LOCK                    'charging_info' (uid=10060 pid=2748 displayId=0 lock=79a5834)
03-14 00:20:06.732  2083  5136 D PowerManagerService: displayReady: false groupId=0
03-14 00:20:06.732  2083  2176 D DisplayPowerController[0]: animateScreenStateChange: target=DOZE, mIsEnabled=true
03-14 00:20:06.733  2748  2748 I ChargingInfoManager: getDeviceRemainingTime: Dolmasına 32 dk
03-14 00:20:06.734  2748  2748 I AOD_WAKELOCK@WakeLockManager: acquireIfExists: tag - charging_info, timeout - 5500, reason - Charging Info is updating, delay by 5000, wakeLock = WakeLock{432cb95 held=true, refCount=1}
03-14 00:20:06.734  1567  1613 I VSyncReactor: Current= 90, Period= 90, hwcPeriod= 90
03-14 00:20:06.735  2748  2748 I AbsChargingInfoComponent: setVisibilityWithAnim: skipped true
03-14 00:20:06.735  2083  2176 I DisplayPowerController[0]: BrightnessEvent: brt=0.16470589 (65.0%), nits= 42.077, lux=-1.0, reason=manual, strat=FallbackBrightnessStrategy, state=DOZE, stateReason=DRAW_WAKE_LOCK, policy=DOZE, flags=, initBrt=0.16470589, rcmdBrt=NaN, preBrt=NaN, preLux=0.0, wasShortTermModelActive=false, autoBrightness=false (default), unclampedBrt=0.16470589, hbmMax=1.0, hbmMode=off, thrmMax=1.0, rbcStrength=-1, powerFactor=1.0, physDisp=Yerleşik Ekran(local:4627039422300187648), logicalId=0, slowChange=false, rampSpeed=0.0
03-14 00:20:06.736  1520  1550 I mtkpower@impl: [setMode] type:9, enabled:1
03-14 00:20:06.736  1520  1550 I mtkpower@impl: [setMode] Mode::DISPLAY_INACTIVE: 1
03-14 00:20:06.736  2083  2637 D DisplayManagerService: !@display_state requestDisplayStateInternal: DOZE_SUSPEND -> DOZE displayId=0
03-14 00:20:06.736  2083  2637 D SemInputDeviceManagerService: setDisplayState[1] EARLY: DOZE_SUSPEND(4) -> DOZE(3)
03-14 00:20:06.737  2083  2116 I DisplayDeviceRepository: Display device changed state: "Yerleşik Ekran", DOZE
03-14 00:20:06.737  2083  2637 D LocalDisplayAdapter: notifyStateChangeStart: com.samsung.android.hardware.secinputdev.external.DisplayStateListenerWrapper$1@c7e080a took 1 ms
03-14 00:20:06.737  2083  2637 D LocalDisplayAdapter: notifyStateChangeStart: com.android.server.biometrics.SemBiometricDisplayStateMonitor@478eea8 took 0 ms
03-14 00:20:06.737  2083  2637 W LocalDisplayAdapter: !@display_state - 2355 : DOZE_SUSPEND -> DOZE (MAIN)
03-14 00:20:06.737  2748  2748 I SecKeyguardClockPositionAlgorithm: prepareClockContainerHeightChanging:
03-14 00:20:06.737  2083  2476 I SemBiometricDisplayStateMonitor: DisplayStateListener#onStart : DOZE, DOZE, DEFAULT_DISPLAY
03-14 00:20:06.738  1567  1567 D SurfaceFlinger: Setting power mode 2 on physical display 4627039422300187648
03-14 00:20:06.738  2083  2176 D BrightnessThermalClamper: Thermal status observer already started
03-14 00:20:06.738  2083  2114 D WindowManager: DeferredDisplayUpdater: partially applying DisplayInfo(1080 x 2340) immediately
03-14 00:20:06.738  2083  2083 D SGM:GameManager: onDisplayChanged. displyId: 0, state: 3
03-14 00:20:06.739  2083  2299 D SGM:FgCheckThread: onLooperPrepared(), msg: MSG_LCD_OFF
03-14 00:20:06.739  2083  2558 D SemInputDevice:TSP: ActivateTask: 3,0 [03-14 00:20:06.736]
03-14 00:20:06.740  1534  1546 I sysinput:aidl: onReportInformation:93, 1, enabled@3,0:0
03-14 00:20:06.740 29780 29864 D AudioFlinger: setParameters: filtered dev setParameters keyvalue screen_state=off
03-14 00:20:06.741  1534  1546 I sysinput:Touch1: operator():133, 3,0 OK
03-14 00:20:06.741  2083  2558 D SysinputHAL_AIDL: activate(TSP(1)),3,0 ret=0
03-14 00:20:06.741  2748  2748 I SecKeyguardClockPositionAlgorithm: prepareClockContainerHeightChanging:
03-14 00:20:06.741 29783 29791 D AudioALSAHardware: +setParameters(): screen_state=off
03-14 00:20:06.741 29783 29791 D AudioALSAHardware: -setParameters(): screen_state=off
03-14 00:20:06.742  2083  2637 W LocalDisplayAdapter: !@display_state - 2355 : DOZE (MAIN) took 5 ms
03-14 00:20:06.743  2083  2637 D SemInputDeviceManagerService: setDisplayState[1] LATE: DOZE(3) -> DOZE(3)
03-14 00:20:06.745  2748  2748 I MODManager: onShow ChargingInfoOnlyContainer
03-14 00:20:06.745  2748  2748 W MODManager: this device does not supports cover
03-14 00:20:06.746  2083  2637 D LocalDisplayAdapter: notifyStateChangeFinish: com.samsung.android.hardware.secinputdev.external.DisplayStateListenerWrapper$1@c7e080a took 3 ms
03-14 00:20:06.746  2083  2637 D LocalDisplayAdapter: notifyStateChangeFinish: com.android.server.biometrics.SemBiometricDisplayStateMonitor@478eea8 took 0 ms
03-14 00:20:06.747  5415  5415 I HBD     : DeX h DeX mode state change in non-main thread 
03-14 00:20:06.747  5415  5415 I HBD     : DeX h DeX mode state change: 3 
03-14 00:20:06.746  2083  2176 D DisplayPowerController[0]: setActualDisplayState: DOZE_SUSPEND -> DOZE
03-14 00:20:06.748  2083  2476 I SemBiometricDisplayStateMonitor: DisplayStateListener#onFinish : DOZE, DOZE, DEFAULT_DISPLAY
03-14 00:20:06.748  2748  2748 D DisplayLifecycle: updateDisplay id = 0
03-14 00:20:06.749  2083  2176 D DisplayPowerController[0]: animateScreenStateChange: target=DOZE, mIsEnabled=true
03-14 00:20:06.749  2748  2748 I Keyguard.AODTouchModeManager: onDisplayChanged newDisplayState=3, currentDisplayState=4, displayId=0
03-14 00:20:06.749  2083  2558 D SemInputDevice:TSP: ActivateTask: 3,1 [03-14 00:20:06.743]
03-14 00:20:06.749  2083  2176 D DisplayPowerController[0]: animateScreenStateChange: target=DOZE, mIsEnabled=true
03-14 00:20:06.749  3238 28404 I HoneySpace.Memory-Monitor: current state = 3, didTrim = true
03-14 00:20:06.750  1534  1546 I sysinput:aidl: onReportInformation:93, 1, enabled@3,1:0
03-14 00:20:06.751  1534  1546 I sysinput:Touch1: operator():133, 3,1 OK
03-14 00:20:06.751  2083  2176 D PowerManagerService: displayReady: true groupId=0
03-14 00:20:06.752  2083  5503 D WifiDisplayAdapter: isFitToActiveDisplayLocked : false
03-14 00:20:06.752  2083  2558 D SysinputHAL_AIDL: activate(TSP(1)),3,1 ret=0
03-14 00:20:06.754  5329  5329 I VRI[LauncherActivity]@9ba8716: onDisplayChanged oldDisplayState=4 newDisplayState=3
03-14 00:20:06.754  5415  5415 I VRI[InputMethod]@e345dc8: onDisplayChanged oldDisplayState=4 newDisplayState=3
03-14 00:20:06.755  3238  3238 I VRI[LauncherActivity]@79a9058: onDisplayChanged oldDisplayState=4 newDisplayState=3
03-14 00:20:06.756  3238  3238 I VRI[RecentsTransitionOverlay]@815033c: onDisplayChanged oldDisplayState=4 newDisplayState=3
03-14 00:20:06.756  3238  3238 I VRI[CocktailBarService]@b870e79: onDisplayChanged oldDisplayState=4 newDisplayState=3
03-14 00:20:06.757  3238  3238 I VRI[RecentsActivity]@a5b1272: onDisplayChanged oldDisplayState=4 newDisplayState=3
03-14 00:20:06.757  1567  1567 I BufferQueueProducer: [NotificationShade$_2748#15421](this:0xb400006f877dc638,id:-1,api:0,p:-1,c:1567) queueBuffer: fps=0.16 dur=6302.63 max=6302.63 min=6302.63
03-14 00:20:06.760  2748  2802 I VRI[ShellDropTarget]@92e3be9: onDisplayChanged oldDisplayState=4 newDisplayState=3
03-14 00:20:06.760  2748  2802 I VRI[View root of ReusableWindowDecorViewHost#0]@254be1d: onDisplayChanged oldDisplayState=4 newDisplayState=3
03-14 00:20:06.760  2748  2802 I VRI[View root of ReusableWindowDecorViewHost#1]@9ccb8b6: onDisplayChanged oldDisplayState=4 newDisplayState=3
03-14 00:20:06.761  1501  1501 I hwcomposer: [HWCDisplay] (0 updateFps():4131), (type:1, mode:2) fps:0.317338,dur:6302.42,max:5880.51,min:421.91  
03-14 00:20:06.761  2748  2882 D StackScroller: onDisplayChanged for predraw skip to 3
03-14 00:20:06.763  2748  2748 I VRI[LockscreenShortcutBlur]@f4e5155: onDisplayChanged oldDisplayState=4 newDisplayState=3
03-14 00:20:06.763  2748  2748 I VRI[NavigationBar0]@cb51d69: onDisplayChanged oldDisplayState=4 newDisplayState=3
03-14 00:20:06.763  2748  2748 I VRI[EdgeBackGestureHandler0]@e247b7f: onDisplayChanged oldDisplayState=4 newDisplayState=3
03-14 00:20:06.763  2748  2748 I VRI[NotificationShade]@ddcb5e0: onDisplayChanged oldDisplayState=4 newDisplayState=3
03-14 00:20:06.763  2748  2748 I VRI[StatusBar]@b5f60f8: onDisplayChanged oldDisplayState=4 newDisplayState=3
03-14 00:20:06.763  2748  2748 I VRI[SecondaryHomeHandle0]@fc3d736: onDisplayChanged oldDisplayState=4 newDisplayState=3
03-14 00:20:06.850  1501  1884 I hwcomposer: [HWC] (0)fire a callback of refresh to SF[4]  
03-14 00:20:06.865  1567  1567 I BufferQueueProducer: [FramebufferSurface](this:0xb400006faf4f0370,id:-1,api:1,p:1567,c:1567) queueBuffer: fps=0.17 dur=5986.19 max=5986.19 min=5986.19
03-14 00:20:06.929  2083  2083 I Telecom : SamsungTelecomServiceImpl : isInManagedCall - callingPackage : android / callingUser : UserHandle{0} / hasCrossUserAccess : true
03-14 00:20:06.947  3238  6389 I HoneySpace.NotificationListener: onNotificationPosted com.android.systemui: -1|com.android.systemui|2131364006|charging_state|10060: 0
03-14 00:20:06.947  3238  6389 I HoneySpace.NotificationListener: invalid notification: com.android.systemui UserHandle{-1}: canShowBadge is false
03-14 00:20:06.952  2748  2748 I LockscreenNotificationIconsOnlyController: onNotificationInfoUpdated 0
03-14 00:20:06.952  2748  2748 I AODNotificationManager: updateNotification() 
03-14 00:20:07.149  2748  2748 D Bubbles : onEntryUpdated : shouldBubbleUp=true ,key=-1|com.android.systemui|2131364006|charging_state|10060
03-14 00:20:07.151  2748  2748 D InterruptionStateProvider:  no Heads up : edgelighting enabled app. -1|com.android.systemui|2131364006|charging_state|10060
03-14 00:20:07.152  2748  2748 I {OngoingActivityController}: onEntryUpdated and OA data is empty. So update latest task info
03-14 00:20:07.170  2748  2748 I LockscreenNotificationIconsOnlyController: onNotificationInfoUpdated 0
03-14 00:20:07.171  2748  2748 I AODNotificationManager: updateNotification() 
03-14 00:20:07.179  2748  3330 D LocalImageResolver: Couldn't use ImageDecoder for drawable, falling back to non-resized load.
03-14 00:20:07.181  2748  3330 D LocalImageResolver: Couldn't use ImageDecoder for drawable, falling back to non-resized load.
03-14 00:20:07.186  2748  2748 D LocalImageResolver: Couldn't use ImageDecoder for drawable, falling back to non-resized load.
03-14 00:20:07.199  2748  2748 D ExpandableNotifRow: mMaxSmallHeight different before reInflateViews mMaxSmallHeight: 189 mTempSmallHeight:0 -1|com.android.systemui|2131364006|charging_state|10060
03-14 00:20:07.199  2748  2748 D ExpandableNotifRow: mMaxSmallHeight different before reInflateViews mMaxSmallHeight: 189 mTempSmallHeight:0 -1|com.android.systemui|2131364006|charging_state|10060
03-14 00:20:07.199  2748  2748 D ExpandableNotifRow: mMaxSmallHeight different before reInflateViews mMaxSmallHeight: 189 mTempSmallHeight:0 -1|com.android.systemui|2131364006|charging_state|10060
03-14 00:20:07.199  2748  2748 D ExpandableNotifRow: mMaxSmallHeight different before reInflateViews mMaxSmallHeight: 189 mTempSmallHeight:0 -1|com.android.systemui|2131364006|charging_state|10060
03-14 00:20:07.206  2748  2748 D LocalImageResolver: Couldn't use ImageDecoder for drawable, falling back to non-resized load.
03-14 00:20:07.213  2748  2748 I LockscreenNotificationIconsOnlyController: onNotificationInfoUpdated 0
03-14 00:20:07.213  2748  2748 I AODNotificationManager: updateNotification() 
03-14 00:20:07.250  1520  1551 D power@timer: [mtkPowerTimer] visRead:0
03-14 00:20:07.290  1830  1970 I bauth_FPBAuthService: pcf : 0x1012, 0 ,1 ,0 ,0 ,0 ,0, 16.0.0.3
03-14 00:20:07.290  1830  1970 I bauth_FPBAuthService: thread id : 1, preenroll_flag : 0, nd cnt : 0, cso : 0, et : 0
03-14 00:20:07.290  1830  1970 I bauth_FPBAuthService: FPBAuthService::timerHandler complete
03-14 00:20:08.293  1830  1970 I bauth_FPBAuthService: pcf : 0x1012, 0 ,1 ,0 ,0 ,0 ,0, 16.0.0.3
03-14 00:20:08.293  1830  1970 I bauth_FPBAuthService: thread id : 1, preenroll_flag : 0, nd cnt : 0, cso : 0, et : 0
03-14 00:20:08.293  1830  1970 I bauth_FPBAuthService: FPBAuthService::timerHandler complete
03-14 00:20:08.834  2857  2857 I wpa_supplicant: Heartbeat 1394
03-14 00:20:09.295  1830  1970 I bauth_FPBAuthService: pcf : 0x1012, 0 ,1 ,0 ,0 ,0 ,0, 16.0.0.3
03-14 00:20:09.295  1830  1970 I bauth_FPBAuthService: thread id : 1, preenroll_flag : 0, nd cnt : 0, cso : 0, et : 0
03-14 00:20:09.295  1830  1970 I bauth_FPBAuthService: FPBAuthService::timerHandler complete
03-14 00:20:09.382  1673  1692 E thermal_core: find_tz_idx_by_name:"Failed to find thermal zone index of ap_ntc\n"
03-14 00:20:09.382  1673  1692 E thermal_core: find_tz_idx_by_name:"Failed to find thermal zone index of mtk-master-charger\n"
03-14 00:20:09.637   582   582 D io_stats: !@ Write_top(KB): kworker/u32:3:/(31888) 68 vendor.samsung.:normal(1528) 8
03-14 00:20:10.267  2083  2509 D ConnectivityService: reportNetworkActive, notify 2 listeners
03-14 00:20:10.296  1830  1970 I bauth_FPBAuthService: pcf : 0x1012, 0 ,1 ,0 ,0 ,0 ,0, 16.0.0.3
03-14 00:20:10.296  1830  1970 I bauth_FPBAuthService: thread id : 1, preenroll_flag : 0, nd cnt : 0, cso : 0, et : 0
03-14 00:20:10.296  1830  1970 I bauth_FPBAuthService: FPBAuthService::timerHandler complete
03-14 00:20:10.365  1583  1596 D ccci_mdinit: (1):monitor_time_update_thread round:2245 ########
03-14 00:20:11.038  2083  2164 D MARsPolicyManager: triggerAction called!
03-14 00:20:11.039  2083  2164 I NSLocationMonitor: getGPSUsingApps() called
03-14 00:20:11.042  3549  3566 I NSLocationManager_FLP: getGPSUsingApps, No change
03-14 00:20:11.298  1830  1970 I bauth_FPBAuthService: pcf : 0x1012, 0 ,1 ,0 ,0 ,0 ,0, 16.0.0.3
03-14 00:20:11.299  1830  1970 I bauth_FPBAuthService: thread id : 1, preenroll_flag : 0, nd cnt : 0, cso : 0, et : 0
03-14 00:20:11.299  1830  1970 I bauth_FPBAuthService: FPBAuthService::timerHandler complete
03-14 00:20:11.366  2083  2125 E Watchdog: !@Sync: 1686 heap(MB): 133 / 156 FD: 1163 [2026-03-14 00:20:11.366]
03-14 00:20:12.239  2083  5414 D PowerManagerService: [api] release WakeLock DRAW_WAKE_LOCK                    'charging_info' ACQ=-5s507ms (uid=10060 pid=2748 displayId=0 lock=79a5834)
03-14 00:20:12.241  2083  5414 D PowerManagerService: displayReady: false groupId=0
03-14 00:20:12.241  2083  2176 D DisplayPowerController[0]: animateScreenStateChange: target=DOZE_SUSPEND, mIsEnabled=true
03-14 00:20:12.247  2083  2176 I DisplayPowerController[0]: BrightnessEvent: brt=0.16470589 (65.0%), nits= 42.077, lux=-1.0, reason=manual, strat=FallbackBrightnessStrategy, state=DOZE_SUSPEND, stateReason=UNKNOWN, policy=DOZE, flags=, initBrt=0.16470589, rcmdBrt=NaN, preBrt=NaN, preLux=0.0, wasShortTermModelActive=false, autoBrightness=false (default), unclampedBrt=0.16470589, hbmMax=1.0, hbmMode=off, thrmMax=1.0, rbcStrength=-1, powerFactor=1.0, physDisp=Yerleşik Ekran(local:4627039422300187648), logicalId=0, slowChange=false, rampSpeed=0.0
03-14 00:20:12.250  2083  2637 D DisplayManagerService: !@display_state requestDisplayStateInternal: DOZE -> DOZE_SUSPEND displayId=0
03-14 00:20:12.249  1520  1550 I mtkpower@impl: [setMode] type:9, enabled:1
03-14 00:20:12.250  1520  1550 I mtkpower@impl: [setMode] Mode::DISPLAY_INACTIVE: 1
03-14 00:20:12.251  2083  2637 D SemInputDeviceManagerService: setDisplayState[1] EARLY: DOZE(3) -> DOZE_SUSPEND(4)
03-14 00:20:12.252  2083  2116 I DisplayDeviceRepository: Display device changed state: "Yerleşik Ekran", DOZE_SUSPEND
03-14 00:20:12.253  2083  2558 D SemInputDevice:TSP: ActivateTask: 4,0 [03-14 00:20:12.251]
03-14 00:20:12.253  2083  2637 D LocalDisplayAdapter: notifyStateChangeStart: com.samsung.android.hardware.secinputdev.external.DisplayStateListenerWrapper$1@c7e080a took 2 ms
03-14 00:20:12.253  2083  2637 D LocalDisplayAdapter: notifyStateChangeStart: com.android.server.biometrics.SemBiometricDisplayStateMonitor@478eea8 took 0 ms
03-14 00:20:12.253  2083  2637 W LocalDisplayAdapter: !@display_state - 2356 : DOZE -> DOZE_SUSPEND (MAIN)
03-14 00:20:12.254  2083  2476 I SemBiometricDisplayStateMonitor: DisplayStateListener#onStart : DOZE_SUSPEND, DOZE_SUSPEND, DEFAULT_DISPLAY
03-14 00:20:12.254  1534  1546 I sysinput:aidl: onReportInformation:93, 1, enabled@4,0:0
03-14 00:20:12.255  2083  2176 D BrightnessThermalClamper: Thermal status observer already started
03-14 00:20:12.255  2083  2114 D WindowManager: DeferredDisplayUpdater: partially applying DisplayInfo(1080 x 2340) immediately
03-14 00:20:12.256  2083  2083 D SGM:GameManager: onDisplayChanged. displyId: 0, state: 4
03-14 00:20:12.257  1534  1546 I sysinput:Touch1: operator():133, 4,0 OK
03-14 00:20:12.257  1567  1567 D SurfaceFlinger: Setting power mode 2 on physical display 4627039422300187648
03-14 00:20:12.257  2083  2558 D SysinputHAL_AIDL: activate(TSP(1)),4,0 ret=0
03-14 00:20:12.258  2083  2299 D SGM:FgCheckThread: onLooperPrepared(), msg: MSG_LCD_OFF
03-14 00:20:12.260 29780 29864 D AudioFlinger: setParameters: filtered dev setParameters keyvalue screen_state=off
03-14 00:20:12.262  2083  2637 W LocalDisplayAdapter: !@display_state - 2356 : DOZE_SUSPEND (MAIN) took 4 ms
03-14 00:20:12.262 29783 29791 D AudioALSAHardware: +setParameters(): screen_state=off
03-14 00:20:12.263  2083  2637 D SemInputDeviceManagerService: setDisplayState[1] LATE: DOZE_SUSPEND(4) -> DOZE_SUSPEND(4)
03-14 00:20:12.263 29783 29791 D AudioALSAHardware: -setParameters(): screen_state=off
03-14 00:20:12.264  3238 28280 I HoneySpace.Memory-Monitor: current state = 4, didTrim = true
03-14 00:20:12.268  2083  2637 D LocalDisplayAdapter: notifyStateChangeFinish: com.samsung.android.hardware.secinputdev.external.DisplayStateListenerWrapper$1@c7e080a took 5 ms
03-14 00:20:12.269  2083  2476 I SemBiometricDisplayStateMonitor: DisplayStateListener#onFinish : DOZE_SUSPEND, DOZE_SUSPEND, DEFAULT_DISPLAY
03-14 00:20:12.269  2748  2748 D DisplayLifecycle: updateDisplay id = 0
03-14 00:20:12.269  2748  2748 I Keyguard.AODTouchModeManager: onDisplayChanged newDisplayState=4, currentDisplayState=3, displayId=0
03-14 00:20:12.269  5415  5415 I HBD     : DeX h DeX mode state change in non-main thread 
03-14 00:20:12.269  5415  5415 I HBD     : DeX h DeX mode state change: 3 
03-14 00:20:12.270  3238  3238 I VRI[LauncherActivity]@79a9058: onDisplayChanged oldDisplayState=3 newDisplayState=4
03-14 00:20:12.270  2083  2637 D LocalDisplayAdapter: notifyStateChangeFinish: com.android.server.biometrics.SemBiometricDisplayStateMonitor@478eea8 took 2 ms
03-14 00:20:12.270  5415  5415 I VRI[InputMethod]@e345dc8: onDisplayChanged oldDisplayState=3 newDisplayState=4
03-14 00:20:12.272  1567  1612 I VSyncReactor: Current= 90, Period= 90, hwcPeriod= 90
03-14 00:20:12.272  2083  2176 D DisplayPowerController[0]: setActualDisplayState: DOZE -> DOZE_SUSPEND
03-14 00:20:12.272  2083  2176 D DisplayPowerController[0]: animateScreenStateChange: target=DOZE_SUSPEND, mIsEnabled=true
03-14 00:20:12.272  2083  2176 D DisplayPowerController[0]: animateScreenStateChange: target=DOZE_SUSPEND, mIsEnabled=true
03-14 00:20:12.273  2083  2558 D SemInputDevice:TSP: ActivateTask: 4,1 [03-14 00:20:12.263]
03-14 00:20:12.273  3238  3238 I VRI[RecentsTransitionOverlay]@815033c: onDisplayChanged oldDisplayState=3 newDisplayState=4
03-14 00:20:12.273  3238  3238 I VRI[CocktailBarService]@b870e79: onDisplayChanged oldDisplayState=3 newDisplayState=4
03-14 00:20:12.273  3238  3238 I VRI[RecentsActivity]@a5b1272: onDisplayChanged oldDisplayState=3 newDisplayState=4
03-14 00:20:12.273  1534  1546 I sysinput:aidl: onReportInformation:93, 1, enabled@4,1:0
03-14 00:20:12.274  1534  1546 I sysinput:Touch1: operator():133, 4,1 OK
03-14 00:20:12.275  2748  2802 I VRI[ShellDropTarget]@92e3be9: onDisplayChanged oldDisplayState=3 newDisplayState=4
03-14 00:20:12.275  2083  2558 D SysinputHAL_AIDL: activate(TSP(1)),4,1 ret=0
03-14 00:20:12.275  2748  2802 I VRI[View root of ReusableWindowDecorViewHost#0]@254be1d: onDisplayChanged oldDisplayState=3 newDisplayState=4
03-14 00:20:12.275  2748  2802 I VRI[View root of ReusableWindowDecorViewHost#1]@9ccb8b6: onDisplayChanged oldDisplayState=3 newDisplayState=4
03-14 00:20:12.278  2748  2882 D StackScroller: onDisplayChanged for predraw skip to 4
03-14 00:20:12.278  2083  2665 D WifiDisplayAdapter: isFitToActiveDisplayLocked : false
03-14 00:20:12.279  5329  5329 I VRI[LauncherActivity]@9ba8716: onDisplayChanged oldDisplayState=3 newDisplayState=4
03-14 00:20:12.280  2083  2176 D PowerManagerService: displayReady: true groupId=0
03-14 00:20:12.283  2748  2748 I VRI[LockscreenShortcutBlur]@f4e5155: onDisplayChanged oldDisplayState=3 newDisplayState=4
03-14 00:20:12.283  2748  2748 I VRI[NavigationBar0]@cb51d69: onDisplayChanged oldDisplayState=3 newDisplayState=4
03-14 00:20:12.283  2748  2748 I VRI[EdgeBackGestureHandler0]@e247b7f: onDisplayChanged oldDisplayState=3 newDisplayState=4
03-14 00:20:12.283  2748  2748 I VRI[NotificationShade]@ddcb5e0: onDisplayChanged oldDisplayState=3 newDisplayState=4
03-14 00:20:12.283  2748  2748 I VRI[StatusBar]@b5f60f8: onDisplayChanged oldDisplayState=3 newDisplayState=4
03-14 00:20:12.283  2748  2748 I VRI[SecondaryHomeHandle0]@fc3d736: onDisplayChanged oldDisplayState=3 newDisplayState=4
03-14 00:20:12.299  1830  1970 I bauth_FPBAuthService: pcf : 0x1012, 0 ,1 ,0 ,0 ,0 ,0, 16.0.0.3
03-14 00:20:12.299  1830  1970 I bauth_FPBAuthService: thread id : 1, preenroll_flag : 0, nd cnt : 0, cso : 0, et : 0
03-14 00:20:12.299  1830  1970 I bauth_FPBAuthService: FPBAuthService::timerHandler complete
03-14 00:20:12.385  1673  1692 E thermal_core: find_tz_idx_by_name:"Failed to find thermal zone index of ap_ntc\n"
03-14 00:20:12.386  1673  1692 E thermal_core: find_tz_idx_by_name:"Failed to find thermal zone index of mtk-master-charger\n"
03-14 00:20:12.407  5068  6278 I SDHMS:x : SIOP:: AP:359 BAT:332 USB:340 CHG:373 PA:354 WIFI:352 BLK:0 SUBBAT:0 SKIN:339 SKINF:332 SKINB:339 LRP2:339 LRF2:332 LRB2:339 AP2:339 CHG2:337 MEM2:339 WIFI2:339 SPK2:319 VAP05:360 AVGCUR:1192 AVGSYS:0 POWER:5149
03-14 00:20:12.424  2083  2083 D SemWifiP2pGoPowerSave: GopsReceiver : received : com.samsung.intent.action.CHECK_SIOP_LEVEL
03-14 00:20:12.424  2083  2083 I SemWifiP2pGoPowerSave: siop_level = -2
03-14 00:20:13.301  1830  1970 I bauth_FPBAuthService: pcf : 0x1012, 0 ,1 ,0 ,0 ,0 ,0, 16.0.0.3
03-14 00:20:13.302  1830  1970 I bauth_FPBAuthService: thread id : 1, preenroll_flag : 0, nd cnt : 0, cso : 0, et : 0
03-14 00:20:13.302  1830  1970 I bauth_FPBAuthService: FPBAuthService::timerHandler complete
03-14 00:20:13.446  2083  2895 D NetdEventListenerService: CSC Feature value: true
03-14 00:20:13.446  2083  2895 D NetdEventListenerService: CSC Feature value: true
03-14 00:20:13.644   582   582 D io_stats: !@   8,32 r 3706039 78901668 w 2438663 31713368 d 307656 187094324 f 205123 237314 iot 1160392 0 th 0 0 0 pt 0 inp 0 0 50626.930
03-14 00:20:13.645   582   582 D io_stats: !@ Read_top(KB): .gms.persistent:high(14749) 48
03-14 00:20:13.645   582   582 D io_stats: !@ Write_top(KB): sait.sohservice:low(1299) 32
03-14 00:20:14.304  1830  1970 I bauth_FPBAuthService: pcf : 0x1012, 0 ,1 ,0 ,0 ,0 ,0, 16.0.0.3
03-14 00:20:14.304  1830  1970 I bauth_FPBAuthService: thread id : 1, preenroll_flag : 0, nd cnt : 0, cso : 0, et : 0
03-14 00:20:14.304  1830  1970 I bauth_FPBAuthService: FPBAuthService::timerHandler complete
03-14 00:20:15.006  1517  1556 I libPerfCtl: xgfGetFPS pid:-1 fps:0
03-14 00:20:15.007  1517  1556 I libPerfCtl: xgfGetFPS ioctl_valid:-2
03-14 00:20:15.101  1607  1607 I FPSGO   : FPSGO_SET_UNKNOWN cmd:-1
03-14 00:20:15.260 24620 24711 I DGW     : I[notifyPingFailure:2144] StreamGroupTransport[notifgateway] kill connection on ping timeout
03-14 00:20:15.261 24620 24711 W DGW     : W[closeNetworkConnection:61] DGW Closing MNS connection based on throttling rate 5000ms
03-14 00:20:15.261 24620 24711 I DGW     : I[notifyStreamGroupError:1806] StreamGroupTransport[notifgateway] notify StreamGroup error: StreamGroupNetworkRequest failed - ping timeout error
03-14 00:20:15.306  1830  1970 I bauth_FPBAuthService: pcf : 0x1012, 0 ,1 ,0 ,0 ,0 ,0, 16.0.0.3
03-14 00:20:15.306  1830  1970 I bauth_FPBAuthService: thread id : 1, preenroll_flag : 0, nd cnt : 0, cso : 0, et : 0
03-14 00:20:15.306  1830  1970 I bauth_FPBAuthService: FPBAuthService::timerHandler complete
03-14 00:20:15.388  1673  1692 E thermal_core: find_tz_idx_by_name:"Failed to find thermal zone index of ap_ntc\n"
03-14 00:20:15.388  1673  1692 E thermal_core: find_tz_idx_by_name:"Failed to find thermal zone index of mtk-master-charger\n"
03-14 00:20:15.388  1673  1692 E thermal_core: find_tz_idx_by_name:"Failed to find thermal zone index of camera0\n"
03-14 00:20:15.388  1673  1692 E thermal_core: find_tz_idx_by_name:"Failed to find thermal zone index of mtk-master-charger\n"
03-14 00:20:15.388  1673  1692 E thermal_core: find_tz_idx_by_name:"Failed to find thermal zone index of nrpa_ntc\n"
03-14 00:20:15.389  1673  1692 E thermal_core: dump_thermal_log:"Error: sccanf error, ret=9\n"
03-14 00:20:15.391  1673  1692 E thermal_core: node_read:"Failed to read /sys/class/thermal/thermal_zone2/temp: No data available\n"
03-14 00:20:15.391  1673  1692 I thermal_core: "soc/nr/lte/ap_ntc/tpcb/conn/chg/cam/c_ttj/g_ttj/a_ttj=0/-274000/35000/-274000/46000/32000/-274000/-274000/85000/85000/85000\n"
03-14 00:20:15.391  1673  1692 I thermal_core: "[C(l)(c)(i)][G(l)(c)][A(l)(c)][TH][D]=[(666666/666666/666666)(500/725/0)(0x0)][(666666)(666666)][(666666666)(666666666)][0][1200]\n"
03-14 00:20:15.391  1673  1692 E thermal_core: node_read:"Failed to open /sys/kernel/helio-dvfsrc/dvfsrc_therm_info: No such file or directory\n"
03-14 00:20:15.391  1673  1692 I thermal_core: "1200"
03-14 00:20:15.647   582   582 D io_stats: !@   8,32 r 3706039 78901668 w 2438668 31713404 d 307656 187094324 f 205123 237314 iot 1160396 0 th 0 0 0 pt 0 inp 0 0 50628.932
03-14 00:20:16.070  2083  2164 D MARsPolicyManager: triggerAction called!
03-14 00:20:16.071  2083  2164 I NSLocationMonitor: getGPSUsingApps() called
03-14 00:20:16.072  3549  3566 I NSLocationManager_FLP: getGPSUsingApps, No change
03-14 00:20:16.309  1830  1970 I bauth_FPBAuthService: pcf : 0x1012, 0 ,1 ,0 ,0 ,0 ,0, 16.0.0.3
03-14 00:20:16.309  1830  1970 I bauth_FPBAuthService: thread id : 1, preenroll_flag : 0, nd cnt : 0, cso : 0, et : 0
03-14 00:20:16.309  1830  1970 I bauth_FPBAuthService: FPBAuthService::timerHandler complete
03-14 00:20:16.766 24620 24711 I DGW     : I[sendRequest:90] StreamGroupConnectivityAwareNetworkLayer[notifgateway] processing request with connection state: 1
03-14 00:20:16.767 24620 24711 I DGW     : I[sendRequest:109] StreamGroupMNSNetworkLayer[notifgateway] DGW Connecting to https://z-m-gateway.facebook.com/notifgateway
03-14 00:20:16.769 24620 24711 W fbservices-stub:NotificationDeliveryStorePreferences: [AI] Failed to deserialize notification item
03-14 00:20:16.769 24620 24711 W fbservices-stub:NotificationDeliveryStorePreferences: [AI] Failed to deserialize notification item
03-14 00:20:16.837  1528  1554 E BatteryDump: !@new_battery_dump : 4320,1181,3000,3150,83,332,340,372,0,0,340,372,0,Charging,NO_CHARGING,Normal,Good,PDIC,0,Normal,0,0,9425,0x0,0x10000,0x0,0,0,0000,0000,00000000,0,0,0,0,486,4108,8180,980,0,
03-14 00:20:16.842  2083  2895 D [SS]BattFunctions: [sendRemainingChargingTimeChangedIntent]remainingChargingTime:1916 ,mLastRemainingChargingTime:1920
03-14 00:20:16.842  1536  1536 I seh_thermal_service: getTemperaturesWithType SehTemperatureType: 3
03-14 00:20:16.843  1528  1528 I sehhealth-service: updateLrpSysfs: write: 339
03-14 00:20:16.847  2748  2748 I AODBatteryManager: updateBatteryData: ACTION_BATTERY_CHANGED: false, isSleepModeChanged:false ,isRemainingTimeChanged: true, isUSBRestriction: false
03-14 00:20:16.848  2748  2748 I ChargingInfoManager: updateChargingInfo: newState = AOD ChargingInfo [mState=BATTERY_AND_REMAIN_TIME, mIsCharging=true, mIsPlugged=true, mIsFullyCharged=false, mIsBatteryProtectMode=false, mBetteryLevel=83, mBetteryProtectModeType3, mIsSlowChargingfalse], oldState = AOD ChargingInfo [mState=BATTERY_AND_REMAIN_TIME, mIsCharging=true, mIsPlugged=true, mIsFullyCharged=false, mIsBatteryProtectMode=false, mBetteryLevel=83, mBetteryProtectModeType3, mIsSlowChargingfalse]
03-14 00:20:16.852  2748  2748 D PowerUI : Remaining charging time : 1916
03-14 00:20:16.852  2748  2748 D PowerUI : Charging time is changed, check charging notification
03-14 00:20:16.854  1567  1613 I VSyncReactor: Current= 90, Period= 90, hwcPeriod= 90
03-14 00:20:16.855  2748  2748 D PowerUI.Notification: showChargingNotice - Battery Level : 83 -> 83, Charging Type : 11 -> 11, Charging Time : 1920 -> 1916, Maximum protection : false -> false, Maximum threshold : 80 -> 80
03-14 00:20:16.860  2748  2748 I NotificationManager: com.android.systemui: notify(2131364006, charging_state, Notification(channel=CHR shortcut=null contentView=null vibrate=null sound=null defaults=0 flags=ONGOING_EVENT|ONLY_ALERT_ONCE color=0x00000000 category=sys groupKey=CHARGING vis=PUBLIC semFlags=0x0 semPriority=0 semMissedCount=0)) as user
03-14 00:20:16.867  2083  5136 W PermissionService: getPermissionFlags: Unknown user -1
03-14 00:20:16.867  2083  5136 W PermissionService: getPermissionFlags: Unknown user -1
03-14 00:20:16.870  2748  2748 I ChargingInfoView: handleMessage: MSG_SHOW_CHARGING_INFO
03-14 00:20:16.871  2748  2748 I BottomChargingInfoView: updateContents: BATTERY_AND_REMAIN_TIME
03-14 00:20:16.871  2748  2748 I AOD_WAKELOCK@WakeLockManager: acquireIfExists: tag - charging_info, timeout - 1000, reason - Charging Info is updating, delay by 500, wakeLock = WakeLock{432cb95 held=false, refCount=0}
