03-14 00:20:27.406  2748  3330 D LocalImageResolver: Couldn't use ImageDecoder for drawable, falling back to non-resized load.
03-14 00:20:27.407  2748  3330 D LocalImageResolver: Couldn't use ImageDecoder for drawable, falling back to non-resized load.
03-14 00:20:27.410  2748  2748 D LocalImageResolver: Couldn't use ImageDecoder for drawable, falling back to non-resized load.
03-14 00:20:27.418  2748  2748 D ExpandableNotifRow: mMaxSmallHeight different before reInflateViews mMaxSmallHeight: 189 mTempSmallHeight:0 -1|com.android.systemui|2131364006|charging_state|10060
03-14 00:20:27.418  2748  2748 D ExpandableNotifRow: mMaxSmallHeight different before reInflateViews mMaxSmallHeight: 189 mTempSmallHeight:0 -1|com.android.systemui|2131364006|charging_state|10060
03-14 00:20:27.418  2748  2748 D ExpandableNotifRow: mMaxSmallHeight different before reInflateViews mMaxSmallHeight: 189 mTempSmallHeight:0 -1|com.android.systemui|2131364006|charging_state|10060
03-14 00:20:27.418  2748  2748 D ExpandableNotifRow: mMaxSmallHeight different before reInflateViews mMaxSmallHeight: 189 mTempSmallHeight:0 -1|com.android.systemui|2131364006|charging_state|10060
03-14 00:20:27.425  2748  2748 D LocalImageResolver: Couldn't use ImageDecoder for drawable, falling back to non-resized load.
03-14 00:20:27.431  2748  2748 I LockscreenNotificationIconsOnlyController: onNotificationInfoUpdated 0
03-14 00:20:27.432  2748  2748 I AODNotificationManager: updateNotification() 
03-14 00:20:27.558   777  7119 I keystore2: system/security/keystore2/watchdog/src/lib.rs:377 - Watchdog thread idle -> terminating. Have a great day.
03-14 00:20:27.667   582   582 D io_stats: !@   8,32 r 3706056 78901924 w 2438707 31713744 d 307656 187094324 f 205123 237314 iot 1160448 0 th 0 0 0 pt 0 inp 0 0 50640.953
03-14 00:20:28.330  1830  1970 I bauth_FPBAuthService: pcf : 0x1012, 0 ,1 ,0 ,0 ,0 ,0, 16.0.0.3
03-14 00:20:28.330  1830  1970 I bauth_FPBAuthService: thread id : 1, preenroll_flag : 0, nd cnt : 0, cso : 0, et : 0
03-14 00:20:28.330  1830  1970 I bauth_FPBAuthService: FPBAuthService::timerHandler complete
03-14 00:20:28.856  2857  2857 I wpa_supplicant: Heartbeat 1396
03-14 00:20:29.331  1830  1970 I bauth_FPBAuthService: pcf : 0x1012, 0 ,1 ,0 ,0 ,0 ,0, 16.0.0.3
03-14 00:20:29.331  1830  1970 I bauth_FPBAuthService: thread id : 1, preenroll_flag : 0, nd cnt : 0, cso : 0, et : 0
03-14 00:20:29.331  1830  1970 I bauth_FPBAuthService: FPBAuthService::timerHandler complete
03-14 00:20:29.671   582   582 D io_stats: !@ Write_top(KB): kworker/u32:3:/(31888) 544 vendor.samsung.:normal(1528) 8
03-14 00:20:30.331  1830  1970 I bauth_FPBAuthService: pcf : 0x1012, 0 ,1 ,0 ,0 ,0 ,0, 16.0.0.3
03-14 00:20:30.332  1830  1970 I bauth_FPBAuthService: thread id : 1, preenroll_flag : 0, nd cnt : 0, cso : 0, et : 0
03-14 00:20:30.332  1830  1970 I bauth_FPBAuthService: FPBAuthService::timerHandler complete
03-14 00:20:30.401  1673  1692 E thermal_core: find_tz_idx_by_name:"Failed to find thermal zone index of ap_ntc\n"
03-14 00:20:30.402  1673  1692 E thermal_core: find_tz_idx_by_name:"Failed to find thermal zone index of mtk-master-charger\n"
03-14 00:20:31.145  2083  2164 D MARsPolicyManager: triggerAction called!
03-14 00:20:31.145  2083  2164 I NSLocationMonitor: getGPSUsingApps() called
03-14 00:20:31.147  3549  3566 I NSLocationManager_FLP: getGPSUsingApps, No change
03-14 00:20:31.332  1830  1970 I bauth_FPBAuthService: pcf : 0x1012, 0 ,1 ,0 ,0 ,0 ,0, 16.0.0.3
03-14 00:20:31.333  1830  1970 I bauth_FPBAuthService: thread id : 1, preenroll_flag : 0, nd cnt : 0, cso : 0, et : 0
03-14 00:20:31.333  1830  1970 I bauth_FPBAuthService: FPBAuthService::timerHandler complete
03-14 00:20:32.335  1830  1970 I bauth_FPBAuthService: pcf : 0x1012, 0 ,1 ,0 ,0 ,0 ,0, 16.0.0.3
03-14 00:20:32.335  1830  1970 I bauth_FPBAuthService: thread id : 1, preenroll_flag : 0, nd cnt : 0, cso : 0, et : 0
03-14 00:20:32.335  1830  1970 I bauth_FPBAuthService: FPBAuthService::timerHandler complete
03-14 00:20:32.416  5068  6278 I SDHMS:x : SIOP:: AP:359 BAT:331 USB:340 CHG:371 PA:353 WIFI:352 BLK:0 SUBBAT:0 SKIN:338 SKINF:330 SKINB:338 LRP2:338 LRF2:330 LRB2:338 AP2:338 CHG2:335 MEM2:338 WIFI2:338 SPK2:320 VAP05:359 AVGCUR:1176 AVGSYS:0 POWER:5080
03-14 00:20:32.472  2083  2846 D PowerManagerService: [api] release WakeLock DRAW_WAKE_LOCK                    'charging_info' ACQ=-5s505ms (uid=10060 pid=2748 displayId=0 lock=79a5834)
03-14 00:20:32.473  2083  2846 D PowerManagerService: displayReady: false groupId=0
03-14 00:20:32.474  2083  2176 D DisplayPowerController[0]: animateScreenStateChange: target=DOZE_SUSPEND, mIsEnabled=true
03-14 00:20:32.478  2083  2176 I DisplayPowerController[0]: BrightnessEvent: brt=0.16470589 (65.0%), nits= 42.077, lux=-1.0, reason=manual, strat=FallbackBrightnessStrategy, state=DOZE_SUSPEND, stateReason=UNKNOWN, policy=DOZE, flags=, initBrt=0.16470589, rcmdBrt=NaN, preBrt=NaN, preLux=0.0, wasShortTermModelActive=false, autoBrightness=false (default), unclampedBrt=0.16470589, hbmMax=1.0, hbmMode=off, thrmMax=1.0, rbcStrength=-1, powerFactor=1.0, physDisp=Yerleşik Ekran(local:4627039422300187648), logicalId=0, slowChange=false, rampSpeed=0.0
03-14 00:20:32.480  1520  1550 I mtkpower@impl: [setMode] type:9, enabled:1
03-14 00:20:32.480  2083  2637 D DisplayManagerService: !@display_state requestDisplayStateInternal: DOZE -> DOZE_SUSPEND displayId=0
03-14 00:20:32.480  1520  1550 I mtkpower@impl: [setMode] Mode::DISPLAY_INACTIVE: 1
03-14 00:20:32.481  2083  2637 D SemInputDeviceManagerService: setDisplayState[1] EARLY: DOZE(3) -> DOZE_SUSPEND(4)
03-14 00:20:32.481  2083  2116 I DisplayDeviceRepository: Display device changed state: "Yerleşik Ekran", DOZE_SUSPEND
03-14 00:20:32.482  2083  2176 D BrightnessThermalClamper: Thermal status observer already started
03-14 00:20:32.483  2083  2637 D LocalDisplayAdapter: notifyStateChangeStart: com.samsung.android.hardware.secinputdev.external.DisplayStateListenerWrapper$1@c7e080a took 3 ms
03-14 00:20:32.483  2083  2114 D WindowManager: DeferredDisplayUpdater: partially applying DisplayInfo(1080 x 2340) immediately
03-14 00:20:32.483  2083  2637 D LocalDisplayAdapter: notifyStateChangeStart: com.android.server.biometrics.SemBiometricDisplayStateMonitor@478eea8 took 0 ms
03-14 00:20:32.483  2083  2637 W LocalDisplayAdapter: !@display_state - 2360 : DOZE -> DOZE_SUSPEND (MAIN)
03-14 00:20:32.484  2083  2476 I SemBiometricDisplayStateMonitor: DisplayStateListener#onStart : DOZE_SUSPEND, DOZE_SUSPEND, DEFAULT_DISPLAY
03-14 00:20:32.484  2083  2083 D SGM:GameManager: onDisplayChanged. displyId: 0, state: 4
03-14 00:20:32.484  1567  1567 D SurfaceFlinger: Setting power mode 2 on physical display 4627039422300187648
03-14 00:20:32.484  2083  2558 D SemInputDevice:TSP: ActivateTask: 4,0 [03-14 00:20:32.481]
03-14 00:20:32.485 29780 29864 D AudioFlinger: setParameters: filtered dev setParameters keyvalue screen_state=off
03-14 00:20:32.486  2083  2637 W LocalDisplayAdapter: !@display_state - 2360 : DOZE_SUSPEND (MAIN) took 2 ms
03-14 00:20:32.486 29783 29819 D AudioALSAHardware: +setParameters(): screen_state=off
03-14 00:20:32.487  2083  2637 D SemInputDeviceManagerService: setDisplayState[1] LATE: DOZE_SUSPEND(4) -> DOZE_SUSPEND(4)
03-14 00:20:32.487 29783 29819 D AudioALSAHardware: -setParameters(): screen_state=off
03-14 00:20:32.487  1534  1546 I sysinput:aidl: onReportInformation:93, 1, enabled@4,0:0
03-14 00:20:32.489  2083  2558 D SysinputHAL_AIDL: activate(TSP(1)),4,0 ret=0
03-14 00:20:32.489  2083  2558 D SemInputDevice:TSP: ActivateTask: 4,1 [03-14 00:20:32.487]
03-14 00:20:32.489  1534  1546 I sysinput:Touch1: operator():133, 4,0 OK
03-14 00:20:32.489  2083  2637 D LocalDisplayAdapter: notifyStateChangeFinish: com.samsung.android.hardware.secinputdev.external.DisplayStateListenerWrapper$1@c7e080a took 2 ms
03-14 00:20:32.489  2083  2637 D LocalDisplayAdapter: notifyStateChangeFinish: com.android.server.biometrics.SemBiometricDisplayStateMonitor@478eea8 took 0 ms
03-14 00:20:32.489  2083  2176 D DisplayPowerController[0]: setActualDisplayState: DOZE -> DOZE_SUSPEND
03-14 00:20:32.489  2083  2176 D DisplayPowerController[0]: animateScreenStateChange: target=DOZE_SUSPEND, mIsEnabled=true
03-14 00:20:32.490  1567  1613 I VSyncReactor: Current= 90, Period= 90, hwcPeriod= 90
03-14 00:20:32.490  1534  1546 I sysinput:aidl: onReportInformation:93, 1, enabled@4,1:0
03-14 00:20:32.490  2083  2176 D DisplayPowerController[0]: animateScreenStateChange: target=DOZE_SUSPEND, mIsEnabled=true
03-14 00:20:32.491  2083  2299 D SGM:FgCheckThread: onLooperPrepared(), msg: MSG_LCD_OFF
03-14 00:20:32.491  5415  5415 I HBD     : DeX h DeX mode state change in non-main thread 
03-14 00:20:32.491  5415  5415 I HBD     : DeX h DeX mode state change: 3 
03-14 00:20:32.491  2083  2176 D PowerManagerService: displayReady: true groupId=0
03-14 00:20:32.492  1534  1546 I sysinput:Touch1: operator():133, 4,1 OK
03-14 00:20:32.492  2083  2476 I SemBiometricDisplayStateMonitor: DisplayStateListener#onFinish : DOZE_SUSPEND, DOZE_SUSPEND, DEFAULT_DISPLAY
03-14 00:20:32.493  2083  2558 D SysinputHAL_AIDL: activate(TSP(1)),4,1 ret=0
03-14 00:20:32.493  5415  5415 I VRI[InputMethod]@e345dc8: onDisplayChanged oldDisplayState=3 newDisplayState=4
03-14 00:20:32.494  3238 28280 I HoneySpace.Memory-Monitor: current state = 4, didTrim = true
03-14 00:20:32.494  2748  2748 D DisplayLifecycle: updateDisplay id = 0
03-14 00:20:32.495  3238  3238 I VRI[LauncherActivity]@79a9058: onDisplayChanged oldDisplayState=3 newDisplayState=4
03-14 00:20:32.496  3238  3238 I VRI[RecentsTransitionOverlay]@815033c: onDisplayChanged oldDisplayState=3 newDisplayState=4
03-14 00:20:32.496  3238  3238 I VRI[CocktailBarService]@b870e79: onDisplayChanged oldDisplayState=3 newDisplayState=4
03-14 00:20:32.496  3238  3238 I VRI[RecentsActivity]@a5b1272: onDisplayChanged oldDisplayState=3 newDisplayState=4
03-14 00:20:32.498  2748  2748 I Keyguard.AODTouchModeManager: onDisplayChanged newDisplayState=4, currentDisplayState=3, displayId=0
03-14 00:20:32.499  2748  2802 I VRI[ShellDropTarget]@92e3be9: onDisplayChanged oldDisplayState=3 newDisplayState=4
03-14 00:20:32.501  2748  2802 I VRI[View root of ReusableWindowDecorViewHost#0]@254be1d: onDisplayChanged oldDisplayState=3 newDisplayState=4
03-14 00:20:32.501  2748  2802 I VRI[View root of ReusableWindowDecorViewHost#1]@9ccb8b6: onDisplayChanged oldDisplayState=3 newDisplayState=4
03-14 00:20:32.502  5329  5329 I VRI[LauncherActivity]@9ba8716: onDisplayChanged oldDisplayState=3 newDisplayState=4
03-14 00:20:32.503  2083  5180 D WifiDisplayAdapter: isFitToActiveDisplayLocked : false
03-14 00:20:32.503  2748  2882 D StackScroller: onDisplayChanged for predraw skip to 4
03-14 00:20:32.504  2748  2748 I VRI[LockscreenShortcutBlur]@f4e5155: onDisplayChanged oldDisplayState=3 newDisplayState=4
03-14 00:20:32.504  2748  2748 I VRI[NavigationBar0]@cb51d69: onDisplayChanged oldDisplayState=3 newDisplayState=4
03-14 00:20:32.504  2748  2748 I VRI[EdgeBackGestureHandler0]@e247b7f: onDisplayChanged oldDisplayState=3 newDisplayState=4
03-14 00:20:32.504  2748  2748 I VRI[NotificationShade]@ddcb5e0: onDisplayChanged oldDisplayState=3 newDisplayState=4
03-14 00:20:32.505  2748  2748 I VRI[StatusBar]@b5f60f8: onDisplayChanged oldDisplayState=3 newDisplayState=4
03-14 00:20:32.505  2748  2748 I VRI[SecondaryHomeHandle0]@fc3d736: onDisplayChanged oldDisplayState=3 newDisplayState=4
03-14 00:20:33.336  1830  1970 I bauth_FPBAuthService: pcf : 0x1012, 0 ,1 ,0 ,0 ,0 ,0, 16.0.0.3
03-14 00:20:33.336  1830  1970 I bauth_FPBAuthService: thread id : 1, preenroll_flag : 0, nd cnt : 0, cso : 0, et : 0
03-14 00:20:33.336  1830  1970 I bauth_FPBAuthService: FPBAuthService::timerHandler complete
03-14 00:20:33.404  1673  1692 E thermal_core: find_tz_idx_by_name:"Failed to find thermal zone index of ap_ntc\n"
03-14 00:20:33.404  1673  1692 E thermal_core: find_tz_idx_by_name:"Failed to find thermal zone index of mtk-master-charger\n"
03-14 00:20:33.674   582   582 D io_stats: !@   8,32 r 3706056 78901924 w 2438723 31714328 d 307656 187094324 f 205123 237314 iot 1160452 0 th 0 0 0 pt 0 inp 0 0 50646.960
03-14 00:20:33.675   582   582 D io_stats: !@ Write_top(KB): sait.sohservice:low(1299) 32 c.android.sdhms:high(5068) 8
03-14 00:20:33.867  2083  2543 D UsbStatsMonitor: 0 0 0 0 0 0 0 0 0 0 0 0 7 0 0 0 0 0 0 0 0 0 0 0 0 0 0 0 0 0 0 0 0 0 0 0 0 0 0 0 0 0 0 10 0 0 0 0 0 0 0 0 0 0 0
03-14 00:20:34.339  1830  1970 I bauth_FPBAuthService: pcf : 0x1012, 0 ,1 ,0 ,0 ,0 ,0, 16.0.0.3
03-14 00:20:34.339  1830  1970 I bauth_FPBAuthService: thread id : 1, preenroll_flag : 0, nd cnt : 0, cso : 0, et : 0
03-14 00:20:34.339  1830  1970 I bauth_FPBAuthService: FPBAuthService::timerHandler complete
03-14 00:20:35.341  1830  1970 I bauth_FPBAuthService: pcf : 0x1012, 0 ,1 ,0 ,0 ,0 ,0, 16.0.0.3
03-14 00:20:35.341  1830  1970 I bauth_FPBAuthService: thread id : 1, preenroll_flag : 0, nd cnt : 0, cso : 0, et : 0
03-14 00:20:35.342  1830  1970 I bauth_FPBAuthService: FPBAuthService::timerHandler complete
03-14 00:20:35.676   582   582 D io_stats: !@   8,32 r 3706056 78901924 w 2438732 31714424 d 307656 187094324 f 205123 237314 iot 1160456 0 th 0 0 0 pt 0 inp 0 0 50648.962
03-14 00:20:36.167  2083  2164 D MARsPolicyManager: triggerAction called!
03-14 00:20:36.168  2083  2164 I NSLocationMonitor: getGPSUsingApps() called
03-14 00:20:36.169  3549  3566 I NSLocationManager_FLP: getGPSUsingApps, No change
03-14 00:20:36.344  1830  1970 I bauth_FPBAuthService: pcf : 0x1012, 0 ,1 ,0 ,0 ,0 ,0, 16.0.0.3
03-14 00:20:36.344  1830  1970 I bauth_FPBAuthService: thread id : 1, preenroll_flag : 0, nd cnt : 0, cso : 0, et : 0
03-14 00:20:36.344  1830  1970 I bauth_FPBAuthService: FPBAuthService::timerHandler complete
03-14 00:20:36.405  1673  1692 E thermal_core: find_tz_idx_by_name:"Failed to find thermal zone index of ap_ntc\n"
03-14 00:20:36.405  1673  1692 E thermal_core: find_tz_idx_by_name:"Failed to find thermal zone index of mtk-master-charger\n"
03-14 00:20:37.056  1528  1554 E BatteryDump: !@new_battery_dump : 4319,1172,3000,3150,83,331,340,371,0,0,339,371,0,Charging,NO_CHARGING,Normal,Good,PDIC,0,Normal,0,0,9425,0x0,0x10000,0x0,0,0,0000,0000,00000000,0,0,0,0,486,4110,8200,980,0,
03-14 00:20:37.065  2083  5180 D [SS]BattFunctions: [sendRemainingChargingTimeChangedIntent]remainingChargingTime:1902 ,mLastRemainingChargingTime:1909
03-14 00:20:37.065  1536  1536 I seh_thermal_service: getTemperaturesWithType SehTemperatureType: 3
03-14 00:20:37.065  1528  1528 I sehhealth-service: updateLrpSysfs: write: 338
03-14 00:20:37.070  2748  2748 I AODBatteryManager: updateBatteryData: ACTION_BATTERY_CHANGED: false, isSleepModeChanged:false ,isRemainingTimeChanged: true, isUSBRestriction: false
03-14 00:20:37.071  2748  2748 I ChargingInfoManager: updateChargingInfo: newState = AOD ChargingInfo [mState=BATTERY_AND_REMAIN_TIME, mIsCharging=true, mIsPlugged=true, mIsFullyCharged=false, mIsBatteryProtectMode=false, mBetteryLevel=83, mBetteryProtectModeType3, mIsSlowChargingfalse], oldState = AOD ChargingInfo [mState=BATTERY_AND_REMAIN_TIME, mIsCharging=true, mIsPlugged=true, mIsFullyCharged=false, mIsBatteryProtectMode=false, mBetteryLevel=83, mBetteryProtectModeType3, mIsSlowChargingfalse]
03-14 00:20:37.073  2748  2748 D PowerUI : Remaining charging time : 1902
03-14 00:20:37.073  2748  2748 D PowerUI : Charging time is changed, check charging notification
03-14 00:20:37.075  2748  2748 D PowerUI.Notification: showChargingNotice - Battery Level : 83 -> 83, Charging Type : 11 -> 11, Charging Time : 1909 -> 1902, Maximum protection : false -> false, Maximum threshold : 80 -> 80
03-14 00:20:37.079  2748  2748 I NotificationManager: com.android.systemui: notify(2131364006, charging_state, Notification(channel=CHR shortcut=null contentView=null vibrate=null sound=null defaults=0 flags=ONGOING_EVENT|ONLY_ALERT_ONCE color=0x00000000 category=sys groupKey=CHARGING vis=PUBLIC semFlags=0x0 semPriority=0 semMissedCount=0)) as user
03-14 00:20:37.083  1567  3371 I VSyncReactor: Current= 90, Period= 90, hwcPeriod= 90
03-14 00:20:37.085  2083  5180 W PermissionService: getPermissionFlags: Unknown user -1
03-14 00:20:37.085  2083  5180 W PermissionService: getPermissionFlags: Unknown user -1
03-14 00:20:37.088  2748  2748 I ChargingInfoView: handleMessage: MSG_SHOW_CHARGING_INFO
03-14 00:20:37.088  2748  2748 I BottomChargingInfoView: updateContents: BATTERY_AND_REMAIN_TIME
03-14 00:20:37.088  2748  2748 I AOD_WAKELOCK@WakeLockManager: acquireIfExists: tag - charging_info, timeout - 1000, reason - Charging Info is updating, delay by 500, wakeLock = WakeLock{432cb95 held=false, refCount=0}
03-14 00:20:37.090  2083  5180 D PowerManagerService: [api] acquire WakeLock DRAW_WAKE_LOCK                    'charging_info' (uid=10060 pid=2748 displayId=0 lock=79a5834)
03-14 00:20:37.090  2083  5180 D PowerManagerService: displayReady: false groupId=0
03-14 00:20:37.091  2083  2176 D DisplayPowerController[0]: animateScreenStateChange: target=DOZE, mIsEnabled=true
03-14 00:20:37.092  2748  2748 I ChargingInfoManager: getDeviceRemainingTime: Dolmasına 32 dk
03-14 00:20:37.092  2748  2748 I AOD_WAKELOCK@WakeLockManager: acquireIfExists: tag - charging_info, timeout - 5500, reason - Charging Info is updating, delay by 5000, wakeLock = WakeLock{432cb95 held=true, refCount=1}
03-14 00:20:37.093  2748  2748 I AbsChargingInfoComponent: setVisibilityWithAnim: skipped true
03-14 00:20:37.096  2083  2176 I DisplayPowerController[0]: BrightnessEvent: brt=0.16470589 (65.0%), nits= 42.077, lux=-1.0, reason=manual, strat=FallbackBrightnessStrategy, state=DOZE, stateReason=DRAW_WAKE_LOCK, policy=DOZE, flags=, initBrt=0.16470589, rcmdBrt=NaN, preBrt=NaN, preLux=0.0, wasShortTermModelActive=false, autoBrightness=false (default), unclampedBrt=0.16470589, hbmMax=1.0, hbmMode=off, thrmMax=1.0, rbcStrength=-1, powerFactor=1.0, physDisp=Yerleşik Ekran(local:4627039422300187648), logicalId=0, slowChange=false, rampSpeed=0.0
03-14 00:20:37.096  2748  2748 I SecKeyguardClockPositionAlgorithm: prepareClockContainerHeightChanging:
03-14 00:20:37.098  1520  1550 I mtkpower@impl: [setMode] type:9, enabled:1
03-14 00:20:37.098  1520  1550 I mtkpower@impl: [setMode] Mode::DISPLAY_INACTIVE: 1
03-14 00:20:37.098  2083  2637 D DisplayManagerService: !@display_state requestDisplayStateInternal: DOZE_SUSPEND -> DOZE displayId=0
03-14 00:20:37.098  2083  2637 D SemInputDeviceManagerService: setDisplayState[1] EARLY: DOZE_SUSPEND(4) -> DOZE(3)
03-14 00:20:37.099  2748  2748 I SecKeyguardClockPositionAlgorithm: prepareClockContainerHeightChanging:
03-14 00:20:37.099  2083  2637 D LocalDisplayAdapter: notifyStateChangeStart: com.samsung.android.hardware.secinputdev.external.DisplayStateListenerWrapper$1@c7e080a took 1 ms
03-14 00:20:37.099  2083  2116 I DisplayDeviceRepository: Display device changed state: "Yerleşik Ekran", DOZE
03-14 00:20:37.099  2083  2558 D SemInputDevice:TSP: ActivateTask: 3,0 [03-14 00:20:37.098]
03-14 00:20:37.100  2083  2476 I SemBiometricDisplayStateMonitor: DisplayStateListener#onStart : DOZE, DOZE, DEFAULT_DISPLAY
03-14 00:20:37.100  2083  2176 D BrightnessThermalClamper: Thermal status observer already started
03-14 00:20:37.101  2083  2114 D WindowManager: DeferredDisplayUpdater: partially applying DisplayInfo(1080 x 2340) immediately
03-14 00:20:37.101  1534  1546 I sysinput:aidl: onReportInformation:93, 1, enabled@3,0:0
03-14 00:20:37.101  1534  1546 I sysinput:Touch1: operator():133, 3,0 OK
03-14 00:20:37.101  2083  2637 D LocalDisplayAdapter: notifyStateChangeStart: com.android.server.biometrics.SemBiometricDisplayStateMonitor@478eea8 took 2 ms
03-14 00:20:37.102  2083  2637 W LocalDisplayAdapter: !@display_state - 2361 : DOZE_SUSPEND -> DOZE (MAIN)
03-14 00:20:37.104  2748  2748 I MODManager: onShow ChargingInfoOnlyContainer
03-14 00:20:37.104  2748  2748 W MODManager: this device does not supports cover
03-14 00:20:37.104  2083  2558 D SysinputHAL_AIDL: activate(TSP(1)),3,0 ret=0
03-14 00:20:37.106  2083  2083 D SGM:GameManager: onDisplayChanged. displyId: 0, state: 3
03-14 00:20:37.107  2083  2299 D SGM:FgCheckThread: onLooperPrepared(), msg: MSG_LCD_OFF
03-14 00:20:37.107  1567  1567 D SurfaceFlinger: Setting power mode 2 on physical display 4627039422300187648
03-14 00:20:37.108  2748  2748 D DisplayLifecycle: updateDisplay id = 0
03-14 00:20:37.108  3238 28280 I HoneySpace.Memory-Monitor: current state = 3, didTrim = true
03-14 00:20:37.108  2748  2748 I Keyguard.AODTouchModeManager: onDisplayChanged newDisplayState=3, currentDisplayState=4, displayId=0
03-14 00:20:37.108  2083  2637 W LocalDisplayAdapter: !@display_state - 2361 : DOZE (MAIN) took 6 ms
03-14 00:20:37.108  2083  2637 D SemInputDeviceManagerService: setDisplayState[1] LATE: DOZE(3) -> DOZE(3)
03-14 00:20:37.108 29780 29864 D AudioFlinger: setParameters: filtered dev setParameters keyvalue screen_state=off
03-14 00:20:37.109  2083  2637 D LocalDisplayAdapter: notifyStateChangeFinish: com.samsung.android.hardware.secinputdev.external.DisplayStateListenerWrapper$1@c7e080a took 1 ms
03-14 00:20:37.109  2083  2637 D LocalDisplayAdapter: notifyStateChangeFinish: com.android.server.biometrics.SemBiometricDisplayStateMonitor@478eea8 took 0 ms
03-14 00:20:37.109  2083  2476 I SemBiometricDisplayStateMonitor: DisplayStateListener#onFinish : DOZE, DOZE, DEFAULT_DISPLAY
03-14 00:20:37.109 29783 29819 D AudioALSAHardware: +setParameters(): screen_state=off
03-14 00:20:37.109 29783 29819 D AudioALSAHardware: -setParameters(): screen_state=off
03-14 00:20:37.109  3238  3238 I VRI[LauncherActivity]@79a9058: onDisplayChanged oldDisplayState=4 newDisplayState=3
03-14 00:20:37.109  5415  5415 I HBD     : DeX h DeX mode state change in non-main thread 
03-14 00:20:37.109  5415  5415 I HBD     : DeX h DeX mode state change: 3 
03-14 00:20:37.110  3238  3238 I VRI[RecentsTransitionOverlay]@815033c: onDisplayChanged oldDisplayState=4 newDisplayState=3
03-14 00:20:37.110  3238  3238 I VRI[CocktailBarService]@b870e79: onDisplayChanged oldDisplayState=4 newDisplayState=3
03-14 00:20:37.110  5415  5415 I VRI[InputMethod]@e345dc8: onDisplayChanged oldDisplayState=4 newDisplayState=3
03-14 00:20:37.110  3238  3238 I VRI[RecentsActivity]@a5b1272: onDisplayChanged oldDisplayState=4 newDisplayState=3
03-14 00:20:37.112  2083  2176 D DisplayPowerController[0]: setActualDisplayState: DOZE_SUSPEND -> DOZE
03-14 00:20:37.112  2083  2176 D DisplayPowerController[0]: animateScreenStateChange: target=DOZE, mIsEnabled=true
03-14 00:20:37.112  2083  2176 D DisplayPowerController[0]: animateScreenStateChange: target=DOZE, mIsEnabled=true
03-14 00:20:37.112  2083  2176 D PowerManagerService: displayReady: true groupId=0
03-14 00:20:37.112  2083  2558 D SemInputDevice:TSP: ActivateTask: 3,1 [03-14 00:20:37.108]
03-14 00:20:37.113  1534  1546 I sysinput:aidl: onReportInformation:93, 1, enabled@3,1:0
03-14 00:20:37.114  1534  1546 I sysinput:Touch1: operator():133, 3,1 OK
03-14 00:20:37.116  2083  2558 D SysinputHAL_AIDL: activate(TSP(1)),3,1 ret=0
03-14 00:20:37.117  1567  1567 I BufferQueueProducer: [NotificationShade$_2748#15421](this:0xb400006f877dc638,id:-1,api:0,p:-1,c:1567) queueBuffer: fps=0.10 dur=10119.71 max=10119.71 min=10119.71
03-14 00:20:37.117  2748  2802 I VRI[ShellDropTarget]@92e3be9: onDisplayChanged oldDisplayState=4 newDisplayState=3
03-14 00:20:37.117  5329  5329 I VRI[LauncherActivity]@9ba8716: onDisplayChanged oldDisplayState=4 newDisplayState=3
03-14 00:20:37.118  2748  2802 I VRI[View root of ReusableWindowDecorViewHost#0]@254be1d: onDisplayChanged oldDisplayState=4 newDisplayState=3
03-14 00:20:37.119  2748  2748 I VRI[LockscreenShortcutBlur]@f4e5155: onDisplayChanged oldDisplayState=4 newDisplayState=3
03-14 00:20:37.119  2748  2882 D StackScroller: onDisplayChanged for predraw skip to 3
03-14 00:20:37.119  2748  2748 I VRI[NavigationBar0]@cb51d69: onDisplayChanged oldDisplayState=4 newDisplayState=3
03-14 00:20:37.119  2748  2802 I VRI[View root of ReusableWindowDecorViewHost#1]@9ccb8b6: onDisplayChanged oldDisplayState=4 newDisplayState=3
03-14 00:20:37.119  2748  2748 I VRI[EdgeBackGestureHandler0]@e247b7f: onDisplayChanged oldDisplayState=4 newDisplayState=3
03-14 00:20:37.119  2748  2748 I VRI[NotificationShade]@ddcb5e0: onDisplayChanged oldDisplayState=4 newDisplayState=3
03-14 00:20:37.119  2748  2748 I VRI[StatusBar]@b5f60f8: onDisplayChanged oldDisplayState=4 newDisplayState=3
03-14 00:20:37.119  2748  2748 I VRI[SecondaryHomeHandle0]@fc3d736: onDisplayChanged oldDisplayState=4 newDisplayState=3
03-14 00:20:37.119  2083  5464 D WifiDisplayAdapter: isFitToActiveDisplayLocked : false
03-14 00:20:37.120  1501  1501 I hwcomposer: [HWCDisplay] (0 updateFps():4131), (type:1, mode:2) fps:0.197669,dur:10117.91,max:10038.03,min:79.88  
03-14 00:20:37.198  1501  1884 I hwcomposer: [HWC] (0)fire a callback of refresh to SF[4]  
03-14 00:20:37.212  1567  1567 I BufferQueueProducer: [FramebufferSurface](this:0xb400006faf4f0370,id:-1,api:1,p:1567,c:1567) queueBuffer: fps=0.10 dur=10131.50 max=10131.50 min=10131.50
03-14 00:20:37.293  2083  2083 I Telecom : SamsungTelecomServiceImpl : isInManagedCall - callingPackage : android / callingUser : UserHandle{0} / hasCrossUserAccess : true
03-14 00:20:37.311  3238  6389 I HoneySpace.NotificationListener: onNotificationPosted com.android.systemui: -1|com.android.systemui|2131364006|charging_state|10060: 0
03-14 00:20:37.311  3238  6389 I HoneySpace.NotificationListener: invalid notification: com.android.systemui UserHandle{-1}: canShowBadge is false
03-14 00:20:37.319  2748  2748 I LockscreenNotificationIconsOnlyController: onNotificationInfoUpdated 0
03-14 00:20:37.319  2748  2748 I AODNotificationManager: updateNotification() 
03-14 00:20:37.346  1830  1970 I bauth_FPBAuthService: pcf : 0x1012, 0 ,1 ,0 ,0 ,0 ,0, 16.0.0.3
03-14 00:20:37.346  1830  1970 I bauth_FPBAuthService: thread id : 1, preenroll_flag : 0, nd cnt : 0, cso : 0, et : 0
03-14 00:20:37.346  1830  1970 I bauth_FPBAuthService: FPBAuthService::timerHandler complete
03-14 00:20:37.513  2748  2748 D Bubbles : onEntryUpdated : shouldBubbleUp=true ,key=-1|com.android.systemui|2131364006|charging_state|10060
03-14 00:20:37.516  2748  2748 D InterruptionStateProvider:  no Heads up : edgelighting enabled app. -1|com.android.systemui|2131364006|charging_state|10060
03-14 00:20:37.516  2748  2748 I {OngoingActivityController}: onEntryUpdated and OA data is empty. So update latest task info
03-14 00:20:37.532  2748  2748 I LockscreenNotificationIconsOnlyController: onNotificationInfoUpdated 0
03-14 00:20:37.532  2748  2748 I AODNotificationManager: updateNotification() 
03-14 00:20:37.538  2748  3330 D LocalImageResolver: Couldn't use ImageDecoder for drawable, falling back to non-resized load.
03-14 00:20:37.541  2748  3330 D LocalImageResolver: Couldn't use ImageDecoder for drawable, falling back to non-resized load.
03-14 00:20:37.546  2748  2748 D LocalImageResolver: Couldn't use ImageDecoder for drawable, falling back to non-resized load.
03-14 00:20:37.557  2748  2748 D ExpandableNotifRow: mMaxSmallHeight different before reInflateViews mMaxSmallHeight: 189 mTempSmallHeight:0 -1|com.android.systemui|2131364006|charging_state|10060
03-14 00:20:37.557  2748  2748 D ExpandableNotifRow: mMaxSmallHeight different before reInflateViews mMaxSmallHeight: 189 mTempSmallHeight:0 -1|com.android.systemui|2131364006|charging_state|10060
03-14 00:20:37.557  2748  2748 D ExpandableNotifRow: mMaxSmallHeight different before reInflateViews mMaxSmallHeight: 189 mTempSmallHeight:0 -1|com.android.systemui|2131364006|charging_state|10060
03-14 00:20:37.557  2748  2748 D ExpandableNotifRow: mMaxSmallHeight different before reInflateViews mMaxSmallHeight: 189 mTempSmallHeight:0 -1|com.android.systemui|2131364006|charging_state|10060
03-14 00:20:37.565  2748  2748 D LocalImageResolver: Couldn't use ImageDecoder for drawable, falling back to non-resized load.
03-14 00:20:37.574  2748  2748 I LockscreenNotificationIconsOnlyController: onNotificationInfoUpdated 0
03-14 00:20:37.574  2748  2748 I AODNotificationManager: updateNotification() 
03-14 00:20:37.678   582   582 D io_stats: !@ Write_top(KB): kworker/u32:3:/(31888) 96 vendor.samsung.:normal(1528) 8
03-14 00:20:38.349  1830  1970 I bauth_FPBAuthService: pcf : 0x1012, 0 ,1 ,0 ,0 ,0 ,0, 16.0.0.3
03-14 00:20:38.349  1830  1970 I bauth_FPBAuthService: thread id : 1, preenroll_flag : 0, nd cnt : 0, cso : 0, et : 0
03-14 00:20:38.349  1830  1970 I bauth_FPBAuthService: FPBAuthService::timerHandler complete
03-14 00:20:38.865  2857  2857 I wpa_supplicant: Heartbeat 1397
03-14 00:20:39.351  1830  1970 I bauth_FPBAuthService: pcf : 0x1012, 0 ,1 ,0 ,0 ,0 ,0, 16.0.0.3
03-14 00:20:39.351  1830  1970 I bauth_FPBAuthService: thread id : 1, preenroll_flag : 0, nd cnt : 0, cso : 0, et : 0
03-14 00:20:39.351  1830  1970 I bauth_FPBAuthService: FPBAuthService::timerHandler complete
03-14 00:20:39.408  1673  1692 E thermal_core: find_tz_idx_by_name:"Failed to find thermal zone index of ap_ntc\n"
03-14 00:20:39.408  1673  1692 E thermal_core: find_tz_idx_by_name:"Failed to find thermal zone index of mtk-master-charger\n"
03-14 00:20:39.408  1673  1692 E thermal_core: find_tz_idx_by_name:"Failed to find thermal zone index of camera0\n"
03-14 00:20:39.408  1673  1692 E thermal_core: find_tz_idx_by_name:"Failed to find thermal zone index of mtk-master-charger\n"
03-14 00:20:39.408  1673  1692 E thermal_core: find_tz_idx_by_name:"Failed to find thermal zone index of nrpa_ntc\n"
03-14 00:20:39.408  1673  1692 E thermal_core: dump_thermal_log:"Error: sccanf error, ret=9\n"
03-14 00:20:39.410  1673  1692 E thermal_core: node_read:"Failed to read /sys/class/thermal/thermal_zone2/temp: No data available\n"
03-14 00:20:39.410  1673  1692 I thermal_core: "soc/nr/lte/ap_ntc/tpcb/conn/chg/cam/c_ttj/g_ttj/a_ttj=0/-274000/34842/-274000/46000/30000/-274000/-274000/85000/85000/85000\n"
03-14 00:20:39.410  1673  1692 I thermal_core: "[C(l)(c)(i)][G(l)(c)][A(l)(c)][TH][D]=[(666666/666666/666666)(500/725/0)(0x0)][(666666)(666666)][(666666666)(666666666)][0][1200]\n"
03-14 00:20:39.410  1673  1692 E thermal_core: node_read:"Failed to open /sys/kernel/helio-dvfsrc/dvfsrc_therm_info: No such file or directory\n"
03-14 00:20:39.410  1673  1692 I thermal_core: "1200"
03-14 00:20:40.353  1830  1970 I bauth_FPBAuthService: pcf : 0x1012, 0 ,1 ,0 ,0 ,0 ,0, 16.0.0.3
03-14 00:20:40.353  1830  1970 I bauth_FPBAuthService: thread id : 1, preenroll_flag : 0, nd cnt : 0, cso : 0, et : 0
03-14 00:20:40.353  1830  1970 I bauth_FPBAuthService: FPBAuthService::timerHandler complete
03-14 00:20:40.394  1583  1596 D ccci_mdinit: (1):monitor_time_update_thread round:2246 ########
03-14 00:20:41.191  2083  2164 D MARsPolicyManager: triggerAction called!
03-14 00:20:41.191  2083  2164 I NSLocationMonitor: getGPSUsingApps() called
03-14 00:20:41.192  3549  3566 I NSLocationManager_FLP: getGPSUsingApps, No change
03-14 00:20:41.354  1830  1970 I bauth_FPBAuthService: pcf : 0x1012, 0 ,1 ,0 ,0 ,0 ,0, 16.0.0.3
03-14 00:20:41.354  1830  1970 I bauth_FPBAuthService: thread id : 1, preenroll_flag : 0, nd cnt : 0, cso : 0, et : 0
03-14 00:20:41.354  1830  1970 I bauth_FPBAuthService: FPBAuthService::timerHandler complete
03-14 00:20:41.376  2083  2125 E Watchdog: !@Sync: 1687 heap(MB): 135 / 156 FD: 1162 [2026-03-14 00:20:41.375]
03-14 00:20:41.681   582   582 D io_stats: !@ Write_top(KB): kworker/u32:3:/(31888) 100
03-14 00:20:42.356  1830  1970 I bauth_FPBAuthService: pcf : 0x1012, 0 ,1 ,0 ,0 ,0 ,0, 16.0.0.3
03-14 00:20:42.357  1830  1970 I bauth_FPBAuthService: thread id : 1, preenroll_flag : 0, nd cnt : 0, cso : 0, et : 0
03-14 00:20:42.357  1830  1970 I bauth_FPBAuthService: FPBAuthService::timerHandler complete
03-14 00:20:42.413  1673  1692 E thermal_core: find_tz_idx_by_name:"Failed to find thermal zone index of ap_ntc\n"
03-14 00:20:42.413  1673  1692 E thermal_core: find_tz_idx_by_name:"Failed to find thermal zone index of mtk-master-charger\n"
03-14 00:20:42.421  5068  6278 I SDHMS:x : SIOP:: AP:358 BAT:331 USB:339 CHG:370 PA:352 WIFI:351 BLK:0 SUBBAT:0 SKIN:338 SKINF:330 SKINB:338 LRP2:338 LRF2:330 LRB2:338 AP2:338 CHG2:335 MEM2:338 WIFI2:338 SPK2:320 VAP05:359 AVGCUR:1170 AVGSYS:0 POWER:5054
03-14 00:20:42.597  2083  5464 D PowerManagerService: [api] release WakeLock DRAW_WAKE_LOCK                    'charging_info' ACQ=-5s505ms (uid=10060 pid=2748 displayId=0 lock=79a5834)
03-14 00:20:42.598  2083  5464 D PowerManagerService: displayReady: false groupId=0
03-14 00:20:42.599  2083  2176 D DisplayPowerController[0]: animateScreenStateChange: target=DOZE_SUSPEND, mIsEnabled=true
03-14 00:20:42.603  2083  2176 I DisplayPowerController[0]: BrightnessEvent: brt=0.16470589 (65.0%), nits= 42.077, lux=-1.0, reason=manual, strat=FallbackBrightnessStrategy, state=DOZE_SUSPEND, stateReason=UNKNOWN, policy=DOZE, flags=, initBrt=0.16470589, rcmdBrt=NaN, preBrt=NaN, preLux=0.0, wasShortTermModelActive=false, autoBrightness=false (default), unclampedBrt=0.16470589, hbmMax=1.0, hbmMode=off, thrmMax=1.0, rbcStrength=-1, powerFactor=1.0, physDisp=Yerleşik Ekran(local:4627039422300187648), logicalId=0, slowChange=false, rampSpeed=0.0
03-14 00:20:42.604  1520  1550 I mtkpower@impl: [setMode] type:9, enabled:1
03-14 00:20:42.605  2083  2637 D DisplayManagerService: !@display_state requestDisplayStateInternal: DOZE -> DOZE_SUSPEND displayId=0
03-14 00:20:42.605  1520  1550 I mtkpower@impl: [setMode] Mode::DISPLAY_INACTIVE: 1
03-14 00:20:42.605  2083  2637 D SemInputDeviceManagerService: setDisplayState[1] EARLY: DOZE(3) -> DOZE_SUSPEND(4)
03-14 00:20:42.606  2083  2116 I DisplayDeviceRepository: Display device changed state: "Yerleşik Ekran", DOZE_SUSPEND
03-14 00:20:42.607  2083  2176 D BrightnessThermalClamper: Thermal status observer already started
03-14 00:20:42.607  2083  2558 D SemInputDevice:TSP: ActivateTask: 4,0 [03-14 00:20:42.606]
03-14 00:20:42.607  2083  2637 D LocalDisplayAdapter: notifyStateChangeStart: com.samsung.android.hardware.secinputdev.external.DisplayStateListenerWrapper$1@c7e080a took 2 ms
03-14 00:20:42.608  2083  2114 D WindowManager: DeferredDisplayUpdater: partially applying DisplayInfo(1080 x 2340) immediately
03-14 00:20:42.608  2083  2637 D LocalDisplayAdapter: notifyStateChangeStart: com.android.server.biometrics.SemBiometricDisplayStateMonitor@478eea8 took 0 ms
03-14 00:20:42.608  2083  2637 W LocalDisplayAdapter: !@display_state - 2362 : DOZE -> DOZE_SUSPEND (MAIN)
03-14 00:20:42.609  1534  1546 I sysinput:aidl: onReportInformation:93, 1, enabled@4,0:0
03-14 00:20:42.609  1567  1567 D SurfaceFlinger: Setting power mode 2 on physical display 4627039422300187648
03-14 00:20:42.609  2083  2476 I SemBiometricDisplayStateMonitor: DisplayStateListener#onStart : DOZE_SUSPEND, DOZE_SUSPEND, DEFAULT_DISPLAY
03-14 00:20:42.609 29780 29864 D AudioFlinger: setParameters: filtered dev setParameters keyvalue screen_state=off
03-14 00:20:42.610  2083  2637 W LocalDisplayAdapter: !@display_state - 2362 : DOZE_SUSPEND (MAIN) took 1 ms
03-14 00:20:42.611 29783 29819 D AudioALSAHardware: +setParameters(): screen_state=off
03-14 00:20:42.611 29783 29819 D AudioALSAHardware: -setParameters(): screen_state=off
03-14 00:20:42.611  1534  1546 I sysinput:Touch1: operator():133, 4,0 OK
03-14 00:20:42.612  5415  5415 I HBD     : DeX h DeX mode state change in non-main thread 
03-14 00:20:42.612  5415  5415 I HBD     : DeX h DeX mode state change: 3 
03-14 00:20:42.612  2083  2083 D SGM:GameManager: onDisplayChanged. displyId: 0, state: 4
03-14 00:20:42.613  2083  2299 D SGM:FgCheckThread: onLooperPrepared(), msg: MSG_LCD_OFF
03-14 00:20:42.613  5415  5415 I VRI[InputMethod]@e345dc8: onDisplayChanged oldDisplayState=3 newDisplayState=4
03-14 00:20:42.614  2083  2637 D SemInputDeviceManagerService: setDisplayState[1] LATE: DOZE_SUSPEND(4) -> DOZE_SUSPEND(4)
03-14 00:20:42.614  2083  2558 D SysinputHAL_AIDL: activate(TSP(1)),4,0 ret=0
03-14 00:20:42.614  2083  2637 D LocalDisplayAdapter: notifyStateChangeFinish: com.samsung.android.hardware.secinputdev.external.DisplayStateListenerWrapper$1@c7e080a took 0 ms
03-14 00:20:42.615  2083  2558 D SemInputDevice:TSP: ActivateTask: 4,1 [03-14 00:20:42.614]
03-14 00:20:42.616  2748  2748 D DisplayLifecycle: updateDisplay id = 0
03-14 00:20:42.617  2083  2637 D LocalDisplayAdapter: notifyStateChangeFinish: com.android.server.biometrics.SemBiometricDisplayStateMonitor@478eea8 took 0 ms
03-14 00:20:42.617  1534  1546 I sysinput:aidl: onReportInformation:93, 1, enabled@4,1:0
03-14 00:20:42.617  2748  2748 I Keyguard.AODTouchModeManager: onDisplayChanged newDisplayState=4, currentDisplayState=3, displayId=0
03-14 00:20:42.617  2083  2476 I SemBiometricDisplayStateMonitor: DisplayStateListener#onFinish : DOZE_SUSPEND, DOZE_SUSPEND, DEFAULT_DISPLAY
03-14 00:20:42.617  2083  2176 D DisplayPowerController[0]: setActualDisplayState: DOZE -> DOZE_SUSPEND
03-14 00:20:42.618  2083  2176 D DisplayPowerController[0]: animateScreenStateChange: target=DOZE_SUSPEND, mIsEnabled=true
03-14 00:20:42.618  1534  1546 I sysinput:Touch1: operator():133, 4,1 OK
03-14 00:20:42.618  3238  3238 I VRI[LauncherActivity]@79a9058: onDisplayChanged oldDisplayState=3 newDisplayState=4
03-14 00:20:42.619  3238  3238 I VRI[RecentsTransitionOverlay]@815033c: onDisplayChanged oldDisplayState=3 newDisplayState=4
03-14 00:20:42.619  3238 28282 I HoneySpace.Memory-Monitor: current state = 4, didTrim = true
03-14 00:20:42.619  3238  3238 I VRI[CocktailBarService]@b870e79: onDisplayChanged oldDisplayState=3 newDisplayState=4
03-14 00:20:42.619  3238  3238 I VRI[RecentsActivity]@a5b1272: onDisplayChanged oldDisplayState=3 newDisplayState=4
03-14 00:20:42.619  2748  2802 I VRI[ShellDropTarget]@92e3be9: onDisplayChanged oldDisplayState=3 newDisplayState=4
03-14 00:20:42.620  2083  2176 D DisplayPowerController[0]: animateScreenStateChange: target=DOZE_SUSPEND, mIsEnabled=true
03-14 00:20:42.620  2748  2748 I VRI[LockscreenShortcutBlur]@f4e5155: onDisplayChanged oldDisplayState=3 newDisplayState=4
03-14 00:20:42.621  2748  2802 I VRI[View root of ReusableWindowDecorViewHost#0]@254be1d: onDisplayChanged oldDisplayState=3 newDisplayState=4
03-14 00:20:42.621  1567  1987 I VSyncReactor: Current= 90, Period= 90, hwcPeriod= 90
03-14 00:20:42.621  2083  2176 D PowerManagerService: displayReady: true groupId=0
03-14 00:20:42.621  2748  2748 I VRI[NavigationBar0]@cb51d69: onDisplayChanged oldDisplayState=3 newDisplayState=4
03-14 00:20:42.621  2083  2558 D SysinputHAL_AIDL: activate(TSP(1)),4,1 ret=0
03-14 00:20:42.621  2748  2748 I VRI[EdgeBackGestureHandler0]@e247b7f: onDisplayChanged oldDisplayState=3 newDisplayState=4
03-14 00:20:42.622  2748  2748 I VRI[NotificationShade]@ddcb5e0: onDisplayChanged oldDisplayState=3 newDisplayState=4
03-14 00:20:42.622  2748  2802 I VRI[View root of ReusableWindowDecorViewHost#1]@9ccb8b6: onDisplayChanged oldDisplayState=3 newDisplayState=4
03-14 00:20:42.622  2748  2748 I VRI[StatusBar]@b5f60f8: onDisplayChanged oldDisplayState=3 newDisplayState=4
03-14 00:20:42.623  2748  2748 I VRI[SecondaryHomeHandle0]@fc3d736: onDisplayChanged oldDisplayState=3 newDisplayState=4
03-14 00:20:42.623  2748  2882 D StackScroller: onDisplayChanged for predraw skip to 4
03-14 00:20:42.623  2083  5463 D WifiDisplayAdapter: isFitToActiveDisplayLocked : false
03-14 00:20:42.623  5329  5329 I VRI[LauncherActivity]@9ba8716: onDisplayChanged oldDisplayState=3 newDisplayState=4
03-14 00:20:43.357  1830  1970 I bauth_FPBAuthService: pcf : 0x1012, 0 ,1 ,0 ,0 ,0 ,0, 16.0.0.3
03-14 00:20:43.357  1830  1970 I bauth_FPBAuthService: thread id : 1, preenroll_flag : 0, nd cnt : 0, cso : 0, et : 0
03-14 00:20:43.357  1830  1970 I bauth_FPBAuthService: FPBAuthService::timerHandler complete
03-14 00:20:44.359  1830  1970 I bauth_FPBAuthService: pcf : 0x1012, 0 ,1 ,0 ,0 ,0 ,0, 16.0.0.3
03-14 00:20:44.360  1830  1970 I bauth_FPBAuthService: thread id : 1, preenroll_flag : 0, nd cnt : 0, cso : 0, et : 0
03-14 00:20:44.360  1830  1970 I bauth_FPBAuthService: FPBAuthService::timerHandler complete
03-14 00:20:45.362  1830  1970 I bauth_FPBAuthService: pcf : 0x1012, 0 ,1 ,0 ,0 ,0 ,0, 16.0.0.3
03-14 00:20:45.362  1830  1970 I bauth_FPBAuthService: thread id : 1, preenroll_flag : 0, nd cnt : 0, cso : 0, et : 0
03-14 00:20:45.362  1830  1970 I bauth_FPBAuthService: FPBAuthService::timerHandler complete
03-14 00:20:45.416  1673  1692 E thermal_core: find_tz_idx_by_name:"Failed to find thermal zone index of ap_ntc\n"
03-14 00:20:45.416  1673  1692 E thermal_core: find_tz_idx_by_name:"Failed to find thermal zone index of mtk-master-charger\n"
03-14 00:20:45.686   582   582 D io_stats: !@   8,32 r 3706056 78901924 w 2438760 31714672 d 307656 187094324 f 205123 237314 iot 1160460 0 th 0 0 0 pt 0 inp 0 0 50658.971
03-14 00:20:45.687   582   582 D io_stats: !@ Write_top(KB): kworker/u32:3:/(31888) 108 sait.sohservice:low(1299) 32
03-14 00:20:46.215  2083  2164 D MARsPolicyManager: triggerAction called!
03-14 00:20:46.215  2083  2164 I NSLocationMonitor: getGPSUsingApps() called
03-14 00:20:46.216  3549  3566 I NSLocationManager_FLP: getGPSUsingApps, No change
03-14 00:20:46.364  1830  1970 I bauth_FPBAuthService: pcf : 0x1012, 0 ,1 ,0 ,0 ,0 ,0, 16.0.0.3
03-14 00:20:46.365  1830  1970 I bauth_FPBAuthService: thread id : 1, preenroll_flag : 0, nd cnt : 0, cso : 0, et : 0
03-14 00:20:46.365  1830  1970 I bauth_FPBAuthService: FPBAuthService::timerHandler complete
03-14 00:20:47.184  1528  1554 E BatteryDump: !@new_battery_dump : 4320,1153,3000,3150,83,331,339,370,0,0,338,370,0,Charging,NO_CHARGING,Normal,Good,PDIC,0,Normal,0,0,9399,0x0,0x10000,0x0,0,0,0000,0000,00000000,0,0,0,0,486,4111,8200,980,0,
03-14 00:20:47.192  1536  1536 I seh_thermal_service: getTemperaturesWithType SehTemperatureType: 3
03-14 00:20:47.192  1528  1528 I sehhealth-service: updateLrpSysfs: write: 338
03-14 00:20:47.367  1830  1970 I bauth_FPBAuthService: pcf : 0x1012, 0 ,1 ,0 ,0 ,0 ,0, 16.0.0.3
03-14 00:20:47.367  1830  1970 I bauth_FPBAuthService: thread id : 1, preenroll_flag : 0, nd cnt : 0, cso : 0, et : 0
03-14 00:20:47.367  1830  1970 I bauth_FPBAuthService: FPBAuthService::timerHandler complete
03-14 00:20:47.690   582   582 D io_stats: !@   8,32 r 3706056 78901924 w 2438762 31714680 d 307656 187094324 f 205123 237314 iot 1160464 0 th 0 0 0 pt 0 inp 0 0 50660.975
03-14 00:20:48.369  1830  1970 I bauth_FPBAuthService: pcf : 0x1012, 0 ,1 ,0 ,0 ,0 ,0, 16.0.0.3
03-14 00:20:48.370  1830  1970 I bauth_FPBAuthService: thread id : 1, preenroll_flag : 0, nd cnt : 0, cso : 0, et : 0
03-14 00:20:48.370  1830  1970 I bauth_FPBAuthService: FPBAuthService::timerHandler complete
03-14 00:20:48.419  1673  1692 E thermal_core: find_tz_idx_by_name:"Failed to find thermal zone index of ap_ntc\n"
03-14 00:20:48.419  1673  1692 E thermal_core: find_tz_idx_by_name:"Failed to find thermal zone index of mtk-master-charger\n"
03-14 00:20:48.877  2857  2857 I wpa_supplicant: Heartbeat 1398
03-14 00:20:49.372  1830  1970 I bauth_FPBAuthService: pcf : 0x1012, 0 ,1 ,0 ,0 ,0 ,0, 16.0.0.3
03-14 00:20:49.372  1830  1970 I bauth_FPBAuthService: thread id : 1, preenroll_flag : 0, nd cnt : 0, cso : 0, et : 0
03-14 00:20:49.372  1830  1970 I bauth_FPBAuthService: FPBAuthService::timerHandler complete
03-14 00:20:49.694   582   582 D io_stats: !@ Write_top(KB): vendor.samsung.:normal(1528) 8
03-14 00:20:50.375  1830  1970 I bauth_FPBAuthService: pcf : 0x1012, 0 ,1 ,0 ,0 ,0 ,0, 16.0.0.3
03-14 00:20:50.375  1830  1970 I bauth_FPBAuthService: thread id : 1, preenroll_flag : 0, nd cnt : 0, cso : 0, et : 0
03-14 00:20:50.375  1830  1970 I bauth_FPBAuthService: FPBAuthService::timerHandler complete
03-14 00:20:51.240  2083  2164 D MARsPolicyManager: triggerAction called!
03-14 00:20:51.241  2083  2164 I NSLocationMonitor: getGPSUsingApps() called
03-14 00:20:51.242  3549  3566 I NSLocationManager_FLP: getGPSUsingApps, No change
03-14 00:20:51.377  1830  1970 I bauth_FPBAuthService: pcf : 0x1012, 0 ,1 ,0 ,0 ,0 ,0, 16.0.0.3
03-14 00:20:51.377  1830  1970 I bauth_FPBAuthService: thread id : 1, preenroll_flag : 0, nd cnt : 0, cso : 0, et : 0
03-14 00:20:51.377  1830  1970 I bauth_FPBAuthService: FPBAuthService::timerHandler complete
03-14 00:20:51.419  1673  1692 E thermal_core: find_tz_idx_by_name:"Failed to find thermal zone index of ap_ntc\n"
03-14 00:20:51.419  1673  1692 E thermal_core: find_tz_idx_by_name:"Failed to find thermal zone index of mtk-master-charger\n"
03-14 00:20:51.419  1673  1692 E thermal_core: find_tz_idx_by_name:"Failed to find thermal zone index of camera0\n"
03-14 00:20:51.419  1673  1692 E thermal_core: find_tz_idx_by_name:"Failed to find thermal zone index of mtk-master-charger\n"
03-14 00:20:51.419  1673  1692 E thermal_core: find_tz_idx_by_name:"Failed to find thermal zone index of nrpa_ntc\n"
03-14 00:20:51.420  1673  1692 E thermal_core: dump_thermal_log:"Error: sccanf error, ret=9\n"
03-14 00:20:51.421  1673  1692 E thermal_core: node_read:"Failed to read /sys/class/thermal/thermal_zone2/temp: No data available\n"
03-14 00:20:51.421  1673  1692 I thermal_core: "soc/nr/lte/ap_ntc/tpcb/conn/chg/cam/c_ttj/g_ttj/a_ttj=0/-274000/34736/-274000/46000/30000/-274000/-274000/85000/85000/85000\n"
03-14 00:20:51.421  1673  1692 I thermal_core: "[C(l)(c)(i)][G(l)(c)][A(l)(c)][TH][D]=[(666666/666666/666666)(500/725/0)(0x0)][(666666)(666666)][(666666666)(666666666)][0][1600]\n"
03-14 00:20:51.421  1673  1692 E thermal_core: node_read:"Failed to open /sys/kernel/helio-dvfsrc/dvfsrc_therm_info: No such file or directory\n"
03-14 00:20:51.421  1673  1692 I thermal_core: "1600"
03-14 00:20:51.698   582   582 D io_stats: !@   8,32 r 3706056 78901924 w 2438785 31714812 d 307656 187094324 f 205123 237314 iot 1160472 0 th 0 0 0 pt 0 inp 0 0 50664.983
03-14 00:20:52.152  2083  2519 W DeviceStorageMonitorService: updateBroadcasts(/data) oldLevel:0, newLevel:0, seq:1
03-14 00:20:52.153  2083  2519 D DeviceStorageMonitorService: Available File Node Number is [12580619]
03-14 00:20:52.154  2083  2519 W DeviceStorageMonitorService: updateBroadcasts_filenode(/data) fn_oldLevel:0, fn_newLevel:0, seq:1
03-14 00:20:52.379  1830  1970 I bauth_FPBAuthService: pcf : 0x1012, 0 ,1 ,0 ,0 ,0 ,0, 16.0.0.3
03-14 00:20:52.380  1830  1970 I bauth_FPBAuthService: thread id : 1, preenroll_flag : 0, nd cnt : 0, cso : 0, et : 0
03-14 00:20:52.380  1830  1970 I bauth_FPBAuthService: FPBAuthService::timerHandler complete
03-14 00:20:52.426  5068  6278 I SDHMS:x : SIOP:: AP:357 BAT:331 USB:339 CHG:370 PA:352 WIFI:350 BLK:0 SUBBAT:0 SKIN:337 SKINF:330 SKINB:337 LRP2:337 LRF2:330 LRB2:337 AP2:337 CHG2:335 MEM2:337 WIFI2:337 SPK2:320 VAP05:358 AVGCUR:1164 AVGSYS:0 POWER:5028
03-14 00:20:53.382  1830  1970 I bauth_FPBAuthService: pcf : 0x1012, 0 ,1 ,0 ,0 ,0 ,0, 16.0.0.3
03-14 00:20:53.382  1830  1970 I bauth_FPBAuthService: thread id : 1, preenroll_flag : 0, nd cnt : 0, cso : 0, et : 0
03-14 00:20:53.382  1830  1970 I bauth_FPBAuthService: FPBAuthService::timerHandler complete
03-14 00:20:53.701   582   582 D io_stats: !@   8,32 r 3706056 78901924 w 2438788 31714836 d 307656 187094324 f 205123 237314 iot 1160476 0 th 0 0 0 pt 0 inp 0 0 50666.987
03-14 00:20:53.702   582   582 D io_stats: !@ Write_top(KB): kworker/u32:5:/(28442) 132 sait.sohservice:low(1299) 24
03-14 00:20:53.774  2083  2509 D ConnectivityService: reportNetworkActive, notify 2 listeners
03-14 00:20:53.784 14749  6644 D ConnectivityManager: StackLog: [android.net.ConnectivityManager.reportNetworkConnectivity(ConnectivityManager.java:3687)] [bzmb.a(:com.google.android.gms@260931035@26.09.31 (260400-877989800):15)] [bzog.o(:com.google.android.gms@260931035@26.09.31 (260400-877989800):6)] [bznu.run(:com.google.android.gms@260931035@26.09.31 (260400-877989800):683)] [bzor.run(:com.google.android.gms@260931035@26.09.31 (260400-877989800):5)] [guky.run(:com.google.android.gms@260931035@26.09.31 (260400-877989800):19)] [bhur.c(:com.google.android.gms@260931035@26.09.31 (260400-877989800):50)] [bhur.run(:com.google.android.gms@260931035@26.09.31 (260400-877989800):73)] [java.util.concurrent.ThreadPoolExecutor.runWorker(ThreadPoolExecutor.java:1154)] [java.util.concurrent.ThreadPoolExecutor$Worker.run(ThreadPoolExecutor.java:652)] [biai.run(:com.google.android.gms@260931035@26.09.31 (260400-877989800):8)] [java.lang.Thread.run(Thread.java:1564)]
03-14 00:20:53.792 14749  6644 I AlarmManager: setExactAndAllowWhileIdle [name: GCM_HB_ALARM type: 2 triggerAtMillis: 106439811]
03-14 00:20:53.793  2083  5414 D AlarmManager: force change alarm method to setWindow() callingUid=10218, sourcePackage=com.google.android.gms, action=com.google.android.gms.gcm.HEARTBEAT_ALARM, origTriggerAtTime=106439811, triggerAtTime=106289812, windowLength=149999
03-14 00:20:53.796 14749  6644 I AlarmManager: setExactAndAllowWhileIdle [name: GCM_HB_ALARM type: 2 triggerAtMillis: 106439816]
03-14 00:20:53.797  2083  2846 D AlarmManager: force change alarm method to setWindow() callingUid=10218, sourcePackage=com.google.android.gms, action=com.google.android.gms.gcm.HEARTBEAT_ALARM, origTriggerAtTime=106439816, triggerAtTime=106289816, windowLength=150000
03-14 00:20:54.384  1830  1970 I bauth_FPBAuthService: pcf : 0x1012, 0 ,1 ,0 ,0 ,0 ,0, 16.0.0.3
03-14 00:20:54.385  1830  1970 I bauth_FPBAuthService: thread id : 1, preenroll_flag : 0, nd cnt : 0, cso : 0, et : 0
03-14 00:20:54.385  1830  1970 I bauth_FPBAuthService: FPBAuthService::timerHandler complete
03-14 00:20:54.424  1673  1692 E thermal_core: find_tz_idx_by_name:"Failed to find thermal zone index of ap_ntc\n"
03-14 00:20:54.424  1673  1692 E thermal_core: find_tz_idx_by_name:"Failed to find thermal zone index of mtk-master-charger\n"
03-14 00:20:55.387  1830  1970 I bauth_FPBAuthService: pcf : 0x1012, 0 ,1 ,0 ,0 ,0 ,0, 16.0.0.3
03-14 00:20:55.387  1830  1970 I bauth_FPBAuthService: thread id : 1, preenroll_flag : 0, nd cnt : 0, cso : 0, et : 0
