03-14 00:21:27.681  2083  2176 D DisplayPowerController[0]: animateScreenStateChange: target=DOZE, mIsEnabled=true
03-14 00:21:27.682  2748  2748 I ChargingInfoManager: getDeviceRemainingTime: Dolmasına 31 dk
03-14 00:21:27.683  2748  2748 I AOD_WAKELOCK@WakeLockManager: acquireIfExists: tag - charging_info, timeout - 5500, reason - Charging Info is updating, delay by 5000, wakeLock = WakeLock{432cb95 held=true, refCount=1}
03-14 00:21:27.683  2748  2748 I AbsChargingInfoComponent: setVisibilityWithAnim: skipped true
03-14 00:21:27.684  2083  2176 I DisplayPowerController[0]: BrightnessEvent: brt=0.16470589 (65.0%), nits= 42.077, lux=-1.0, reason=manual, strat=FallbackBrightnessStrategy, state=DOZE, stateReason=DRAW_WAKE_LOCK, policy=DOZE, flags=, initBrt=0.16470589, rcmdBrt=NaN, preBrt=NaN, preLux=0.0, wasShortTermModelActive=false, autoBrightness=false (default), unclampedBrt=0.16470589, hbmMax=1.0, hbmMode=off, thrmMax=1.0, rbcStrength=-1, powerFactor=1.0, physDisp=Yerleşik Ekran(local:4627039422300187648), logicalId=0, slowChange=false, rampSpeed=0.0
03-14 00:21:27.685  1520  1550 I mtkpower@impl: [setMode] type:9, enabled:1
03-14 00:21:27.685  2083  2637 D DisplayManagerService: !@display_state requestDisplayStateInternal: DOZE_SUSPEND -> DOZE displayId=0
03-14 00:21:27.686  1520  1550 I mtkpower@impl: [setMode] Mode::DISPLAY_INACTIVE: 1
03-14 00:21:27.687  2083  2116 I DisplayDeviceRepository: Display device changed state: "Yerleşik Ekran", DOZE
03-14 00:21:27.687  2748  2748 I SecKeyguardClockPositionAlgorithm: prepareClockContainerHeightChanging:
03-14 00:21:27.687  2083  2176 D BrightnessThermalClamper: Thermal status observer already started
03-14 00:21:27.688  2083  2637 D SemInputDeviceManagerService: setDisplayState[1] EARLY: DOZE_SUSPEND(4) -> DOZE(3)
03-14 00:21:27.688  2083  2083 D SGM:GameManager: onDisplayChanged. displyId: 0, state: 3
03-14 00:21:27.688  2083  2114 D WindowManager: DeferredDisplayUpdater: partially applying DisplayInfo(1080 x 2340) immediately
03-14 00:21:27.689  2083  2637 D LocalDisplayAdapter: notifyStateChangeStart: com.samsung.android.hardware.secinputdev.external.DisplayStateListenerWrapper$1@c7e080a took 3 ms
03-14 00:21:27.689  2083  2637 D LocalDisplayAdapter: notifyStateChangeStart: com.android.server.biometrics.SemBiometricDisplayStateMonitor@478eea8 took 0 ms
03-14 00:21:27.689  2083  2637 W LocalDisplayAdapter: !@display_state - 2369 : DOZE_SUSPEND -> DOZE (MAIN)
03-14 00:21:27.689 29780 29864 D AudioFlinger: setParameters: filtered dev setParameters keyvalue screen_state=off
03-14 00:21:27.689 29783 29791 D AudioALSAHardware: +setParameters(): screen_state=off
03-14 00:21:27.689  1567  1567 D SurfaceFlinger: Setting power mode 2 on physical display 4627039422300187648
03-14 00:21:27.690 29783 29791 D AudioALSAHardware: -setParameters(): screen_state=off
03-14 00:21:27.690  2083  2476 I SemBiometricDisplayStateMonitor: DisplayStateListener#onStart : DOZE, DOZE, DEFAULT_DISPLAY
03-14 00:21:27.690  2748  2748 I SecKeyguardClockPositionAlgorithm: prepareClockContainerHeightChanging:
03-14 00:21:27.691  3238 29084 I HoneySpace.Memory-Monitor: current state = 3, didTrim = true
03-14 00:21:27.691  2083  2299 D SGM:FgCheckThread: onLooperPrepared(), msg: MSG_LCD_OFF
03-14 00:21:27.691  5415  5415 I HBD     : DeX h DeX mode state change in non-main thread 
03-14 00:21:27.691  5415  5415 I HBD     : DeX h DeX mode state change: 3 
03-14 00:21:27.692  5415  5415 I VRI[InputMethod]@e345dc8: onDisplayChanged oldDisplayState=4 newDisplayState=3
03-14 00:21:27.692  3238  3238 I VRI[LauncherActivity]@79a9058: onDisplayChanged oldDisplayState=4 newDisplayState=3
03-14 00:21:27.692  3238  3238 I VRI[RecentsTransitionOverlay]@815033c: onDisplayChanged oldDisplayState=4 newDisplayState=3
03-14 00:21:27.693  3238  3238 I VRI[CocktailBarService]@b870e79: onDisplayChanged oldDisplayState=4 newDisplayState=3
03-14 00:21:27.693  2083  2637 W LocalDisplayAdapter: !@display_state - 2369 : DOZE (MAIN) took 4 ms
03-14 00:21:27.693  3238  3238 I VRI[RecentsActivity]@a5b1272: onDisplayChanged oldDisplayState=4 newDisplayState=3
03-14 00:21:27.693  2083  2637 D SemInputDeviceManagerService: setDisplayState[1] LATE: DOZE(3) -> DOZE(3)
03-14 00:21:27.693  2083  2558 D SemInputDevice:TSP: ActivateTask: 3,0 [03-14 00:21:27.688]
03-14 00:21:27.694  2748  2748 I AODBatteryManager: updateBatteryData: ACTION_BATTERY_CHANGED: true, isSleepModeChanged:false ,isRemainingTimeChanged: false, isUSBRestriction: false
03-14 00:21:27.694  1534  1546 I sysinput:aidl: onReportInformation:93, 1, enabled@3,0:0
03-14 00:21:27.694  2748  2748 I AODBatteryManager: saveBatteryData : AOD BatteryData [mBatteryLevel=84, mBatteryStatus=CHARGING, mBatteryPlugType=USB, mBatteryPlugged=true, mRemainingChargeTime=1880000, mBatteryChargingType=2, mBatteryChargerType=FAST, mBatteryOnline=NOT_DEFINED, mBatterySwellingMode=NONE, mBatteryProtectMode=false, mBatteryProtectModeType=3, mSleepChargingEvent=null, mSleepChargingEventFinishTime=null, mBatteryHealth=2, mIsDirectPowerMode=false, mIsUsbRestriction=false]
03-14 00:21:27.694  2748  2748 I ChargingInfoManager: updateChargingInfo: newState = AOD ChargingInfo [mState=BATTERY_AND_REMAIN_TIME, mIsCharging=true, mIsPlugged=true, mIsFullyCharged=false, mIsBatteryProtectMode=false, mBetteryLevel=84, mBetteryProtectModeType3, mIsSlowChargingfalse], oldState = AOD ChargingInfo [mState=BATTERY_AND_REMAIN_TIME, mIsCharging=true, mIsPlugged=true, mIsFullyCharged=false, mIsBatteryProtectMode=false, mBetteryLevel=83, mBetteryProtectModeType3, mIsSlowChargingfalse]
03-14 00:21:27.694  1534  1546 I sysinput:Touch1: operator():133, 3,0 OK
03-14 00:21:27.694  2748  2748 I PowerUI : mBootCompleted = true |  mFullyConnected = true
03-14 00:21:27.694  2748  2748 I PowerUI : BATTERY_HEALTH_CHECK / batteryHealth : 2 / wirelessOverheat : false
03-14 00:21:27.694  2083  2637 D LocalDisplayAdapter: notifyStateChangeFinish: com.samsung.android.hardware.secinputdev.external.DisplayStateListenerWrapper$1@c7e080a took 1 ms
03-14 00:21:27.694  2748  2748 D PowerUI : Skip charging animation - by Plug reason
03-14 00:21:27.694  2748  2748 D PowerUI : Skip charging sound & vibrate - by Plug reason
03-14 00:21:27.694  2748  2748 D PowerUI : oldMisalign : false, curMisalign : false
03-14 00:21:27.694  2083  2637 D LocalDisplayAdapter: notifyStateChangeFinish: com.android.server.biometrics.SemBiometricDisplayStateMonitor@478eea8 took 0 ms
03-14 00:21:27.695  2083  2176 D DisplayPowerController[0]: setActualDisplayState: DOZE_SUSPEND -> DOZE
03-14 00:21:27.695  2748  4019 D PowerUI.Notification: updateNotification mWarning = false mPlaySound = false
03-14 00:21:27.695  2083  2176 D DisplayPowerController[0]: animateScreenStateChange: target=DOZE, mIsEnabled=true
03-14 00:21:27.696  2083  2176 D DisplayPowerController[0]: animateScreenStateChange: target=DOZE, mIsEnabled=true
03-14 00:21:27.696  2083  2176 D PowerManagerService: displayReady: true groupId=0
03-14 00:21:27.696  2748  2748 D PowerUI.Notification: showChargingNotice - Battery Level : 83 -> 84, Charging Type : 11 -> 11, Charging Time : 1880 -> 1880, Maximum protection : false -> false, Maximum threshold : 80 -> 80
03-14 00:21:27.696  2083  2558 D SysinputHAL_AIDL: activate(TSP(1)),3,0 ret=0
03-14 00:21:27.696  2083  2476 I SemBiometricDisplayStateMonitor: DisplayStateListener#onFinish : DOZE, DOZE, DEFAULT_DISPLAY
03-14 00:21:27.698  2083  2558 D SemInputDevice:TSP: ActivateTask: 3,1 [03-14 00:21:27.693]
03-14 00:21:27.698  2748  2748 I NotificationManager: com.android.systemui: notify(2131364006, charging_state, Notification(channel=CHR shortcut=null contentView=null vibrate=null sound=null defaults=0 flags=ONGOING_EVENT|ONLY_ALERT_ONCE color=0x00000000 category=sys groupKey=CHARGING vis=PUBLIC semFlags=0x0 semPriority=0 semMissedCount=0)) as user
03-14 00:21:27.698  1534  1546 I sysinput:aidl: onReportInformation:93, 1, enabled@3,1:0
03-14 00:21:27.699  1534  1546 I sysinput:Touch1: operator():133, 3,1 OK
03-14 00:21:27.699  2083  2558 D SysinputHAL_AIDL: activate(TSP(1)),3,1 ret=0
03-14 00:21:27.699  2748  2802 I VRI[ShellDropTarget]@92e3be9: onDisplayChanged oldDisplayState=4 newDisplayState=3
03-14 00:21:27.699  2083  5413 D WifiDisplayAdapter: isFitToActiveDisplayLocked : false
03-14 00:21:27.699  5329  5329 I VRI[LauncherActivity]@9ba8716: onDisplayChanged oldDisplayState=4 newDisplayState=3
03-14 00:21:27.700  2748  2882 D StackScroller: onDisplayChanged for predraw skip to 3
03-14 00:21:27.700  2748  2802 I VRI[View root of ReusableWindowDecorViewHost#0]@254be1d: onDisplayChanged oldDisplayState=4 newDisplayState=3
03-14 00:21:27.701  2748  2802 I VRI[View root of ReusableWindowDecorViewHost#1]@9ccb8b6: onDisplayChanged oldDisplayState=4 newDisplayState=3
03-14 00:21:27.701  2083  2665 W PermissionService: getPermissionFlags: Unknown user -1
03-14 00:21:27.702  2083  2665 W PermissionService: getPermissionFlags: Unknown user -1
03-14 00:21:27.703  2083  2665 D KNOX_MDM_SettingsProvider: isChangeAllowed() : name = ltc_highsoc_exceed_time
03-14 00:21:27.703  2083  2665 D KNOX_MDM_SettingsProvider: edmUri: content://com.sec.knox.provider/RestrictionPolicy3
03-14 00:21:27.703  2083  2665 D KNOX_MDM_SettingsProvider: projectionArgs: isSettingsChangesAllowed
03-14 00:21:27.703  2083  2665 D KNOX_MDM_SettingsProvider: selectionArgs: false
03-14 00:21:27.703  2083  2665 D KNOX_MDM_SettingsProvider: selectionArgs: 10060
03-14 00:21:27.703  2083  2665 D SecContentProvider: query(), uri = 17 selection = isSettingsChangesAllowed
03-14 00:21:27.703  2083  2665 D SecContentProvider: called from android.uid.systemui:10060
03-14 00:21:27.703  2083  2665 D RestrictionPolicy: isSettingsChangesAllowedAsUser, userId 0 : true
03-14 00:21:27.703  2083  2665 D KNOX_MDM_SettingsProvider: ret = 1
03-14 00:21:27.706  2748  2748 I MODManager: onShow ChargingInfoOnlyContainer
03-14 00:21:27.706  2748  2748 W MODManager: this device does not supports cover
03-14 00:21:27.706  2748  2748 D DisplayLifecycle: updateDisplay id = 0
03-14 00:21:27.707  1567  1567 I BufferQueueProducer: [NotificationShade$_2748#15421](this:0xb400006f877dc638,id:-1,api:0,p:-1,c:1567) queueBuffer: fps=0.10 dur=10131.20 max=10131.20 min=10131.20
03-14 00:21:27.707  2748  2748 I ChargingInfoView: handleMessage: MSG_SHOW_CHARGING_INFO
03-14 00:21:27.707  2748  2748 I BottomChargingInfoView: updateContents: BATTERY_AND_REMAIN_TIME
03-14 00:21:27.707  2748  2748 I AOD_WAKELOCK@WakeLockManager: acquireIfExists: tag - charging_info, timeout - 1000, reason - Charging Info is updating, delay by 500, wakeLock = WakeLock{432cb95 held=true, refCount=2}
03-14 00:21:27.707  2748  2748 I ChargingInfoManager: getDeviceRemainingTime: Dolmasına 31 dk
03-14 00:21:27.707  2748  2748 I AOD_WAKELOCK@WakeLockManager: acquireIfExists: tag - charging_info, timeout - 5500, reason - Charging Info is updating, delay by 5000, wakeLock = WakeLock{432cb95 held=true, refCount=3}
03-14 00:21:27.708  2748  2748 I AbsChargingInfoComponent: setVisibilityWithAnim: skipped true
03-14 00:21:27.709  1501  1501 I hwcomposer: [HWCDisplay] (0 updateFps():4131), (type:1, mode:2) fps:0.197433,dur:10130.02,max:10035.38,min:94.63  
03-14 00:21:27.709  2748  2748 I SecKeyguardClockPositionAlgorithm: prepareClockContainerHeightChanging:
03-14 00:21:27.711  2748  2748 I SecKeyguardClockPositionAlgorithm: prepareClockContainerHeightChanging:
03-14 00:21:27.712  2748  2748 I Keyguard.AODTouchModeManager: onDisplayChanged newDisplayState=3, currentDisplayState=4, displayId=0
03-14 00:21:27.713  2748  2748 I VRI[LockscreenShortcutBlur]@f4e5155: onDisplayChanged oldDisplayState=4 newDisplayState=3
03-14 00:21:27.713  2748  2748 I VRI[NavigationBar0]@cb51d69: onDisplayChanged oldDisplayState=4 newDisplayState=3
03-14 00:21:27.713  2748  2748 I VRI[EdgeBackGestureHandler0]@e247b7f: onDisplayChanged oldDisplayState=4 newDisplayState=3
03-14 00:21:27.713  2748  2748 I VRI[NotificationShade]@ddcb5e0: onDisplayChanged oldDisplayState=4 newDisplayState=3
03-14 00:21:27.713  2748  2748 I VRI[StatusBar]@b5f60f8: onDisplayChanged oldDisplayState=4 newDisplayState=3
03-14 00:21:27.713  2748  2748 I VRI[SecondaryHomeHandle0]@fc3d736: onDisplayChanged oldDisplayState=4 newDisplayState=3
03-14 00:21:27.713  2748  2748 D KeyguardUpdateMonitor: handleBatteryUpdate
03-14 00:21:27.714  2748  2748 D KeyguardSecIndicationController: addTrustAgentHelp false
03-14 00:21:27.714  2748  2748 D KeyguardSecIndicationPolicy:  remove Item pos = DEFAULT, type =     TRUST_AGENT_HELP
03-14 00:21:27.714  2748  2748 D KeyguardSecIndicationController: addUsbRestriction false/isSecure=true
03-14 00:21:27.714  2748  2748 D KeyguardSecIndicationPolicy:  remove Item pos = DEFAULT, type =      USB_RESTRICTION
03-14 00:21:27.714  2748  2748 D KeyguardSecIndicationController: addBatteryAndOwnerInfoIndication() battery status = BatteryStatus{status=2,level=84,plugged=2,chargingStatus=0,maxChargingWattage=-1,remaining=1880000ultraFastCharger=1}
03-14 00:21:27.715  2748  2748 D KeyguardSecIndicationPolicy:  add T Event pos = DEFAULT, type =              BATTERY, id =  1290, text =  %84
03-14 00:21:27.715  2748  2748 D KeyguardSecIndicationPolicy: Dolmasına 31 dk, duration = 3000
03-14 00:21:27.715  2748  2748 D KeyguardSecIndicationPolicy:   update top pos = DEFAULT, item = [id=1289|ty=BATTERY_RESTING|pr=20|txt= %83
03-14 00:21:27.715  2748  2748 D KeyguardSecIndicationPolicy: Dolmasına 32 dk|ti=duration=PERSISTENT|an=false] -> [id=1290|ty=BATTERY|pr=40|txt= %84
03-14 00:21:27.715  2748  2748 D KeyguardSecIndicationPolicy: Dolmasına 31 dk|ti=duration=3000|an=false]
03-14 00:21:27.715  2748  2748 D KeyguardSecIndicationController: onIndicationChanged() return - keyguard is not visible, pos = DEFAULT, item = [id=1290|ty=BATTERY|pr=40|txt= %84
03-14 00:21:27.715  2748  2748 D KeyguardSecIndicationController: Dolmasına 31 dk|ti=duration=3000|an=false]
03-14 00:21:27.715  2748  2748 D KeyguardSecIndicationPolicy: update Event pos = DEFAULT, type =      BATTERY_RESTING, id =  1291, text =  %84
03-14 00:21:27.715  2748  2748 D KeyguardSecIndicationPolicy: Dolmasına 31 dk
03-14 00:21:27.715  2748  2748 D SamsungBatteryMeterDrawable: onBatteryLevelChanged isSomethingChanged: true
03-14 00:21:27.715  2748  2748 D SamsungBatteryMeterDrawable: onBatteryLevelChanged isSomethingChanged: true
03-14 00:21:27.715  2748  2748 D SamsungBatteryMeterDrawable: onBatteryLevelChanged isSomethingChanged: true
03-14 00:21:27.715  2748  2748 I MODManager: onShow ChargingInfoOnlyContainer
03-14 00:21:27.715  2748  2748 W MODManager: this device does not supports cover
03-14 00:21:27.719  2748  2748 I SecKeyguardClockPositionAlgorithm: prepareClockContainerHeightChanging:
03-14 00:21:27.720  2748  2748 I SecKeyguardClockPositionAlgorithm: prepareClockContainerHeightChanging:
03-14 00:21:27.721  2748  2748 W View    : requestLayout() improperly called by com.android.systemui.qs.SecQSGradationDrawableView{7a62f74 V.E...... ......I. 0,0-1080,310 #7f0a0a16 app:id/qs_gradation_view} during layout: running second layout pass
03-14 00:21:27.721  2748  2748 W View    : requestLayout() improperly called by android.widget.FrameLayout{befbc9d V.E...... ......I. 0,0-1080,2340 #3} during layout: running second layout pass
03-14 00:21:27.721  2748  2748 W View    : requestLayout() improperly called by android.widget.FrameLayout{ef95512 V.E...... ......I. 0,143-1080,2301 #7f0a0a14 app:id/qs_frame} during layout: running second layout pass
03-14 00:21:27.721  2748  2748 I SecKeyguardClockPositionAlgorithm: prepareClockContainerHeightChanging:
03-14 00:21:27.722  2748  2748 I SecKeyguardClockPositionAlgorithm: prepareClockContainerHeightChanging:
03-14 00:21:27.753   582   582 D io_stats: !@   8,32 r 3706059 78901956 w 2439121 31716588 d 307664 187098224 f 205132 237342 iot 1160540 0 th 0 0 0 pt 0 inp 0 0 50701.039
03-14 00:21:27.815  1501  1884 I hwcomposer: [HWC] (0)fire a callback of refresh to SF[4]  
03-14 00:21:27.825  1567  1567 I BufferQueueProducer: [FramebufferSurface](this:0xb400006faf4f0370,id:-1,api:1,p:1567,c:1567) queueBuffer: fps=0.10 dur=10152.49 max=10152.49 min=10152.49
03-14 00:21:27.883  2083  2083 I Telecom : SamsungTelecomServiceImpl : isInManagedCall - callingPackage : android / callingUser : UserHandle{0} / hasCrossUserAccess : true
03-14 00:21:27.896  3238  6389 I HoneySpace.NotificationListener: onNotificationPosted com.android.systemui: -1|com.android.systemui|2131364006|charging_state|10060: 0
03-14 00:21:27.896  3238  6389 I HoneySpace.NotificationListener: invalid notification: com.android.systemui UserHandle{-1}: canShowBadge is false
03-14 00:21:27.904  2083  2083 I Telecom : SamsungTelecomServiceImpl : isInManagedCall - callingPackage : android / callingUser : UserHandle{0} / hasCrossUserAccess : true
03-14 00:21:27.909  2748  2748 I LockscreenNotificationIconsOnlyController: onNotificationInfoUpdated 0
03-14 00:21:27.909  2748  2748 I AODNotificationManager: updateNotification() 
03-14 00:21:27.916  2748  2748 D Bubbles : onEntryUpdated : shouldBubbleUp=true ,key=-1|com.android.systemui|2131364006|charging_state|10060
03-14 00:21:27.916  3238  6389 I HoneySpace.NotificationListener: onNotificationPosted com.android.systemui: -1|com.android.systemui|2131364006|charging_state|10060: 0
03-14 00:21:27.916  3238  6389 I HoneySpace.NotificationListener: invalid notification: com.android.systemui UserHandle{-1}: canShowBadge is false
03-14 00:21:27.918  2748  2748 D InterruptionStateProvider:  no Heads up : edgelighting enabled app. -1|com.android.systemui|2131364006|charging_state|10060
03-14 00:21:27.918  2748  2748 I {OngoingActivityController}: onEntryUpdated and OA data is empty. So update latest task info
03-14 00:21:27.923  2748  2748 D InterruptionStateProvider:  no Heads up : edgelighting enabled app. -1|com.android.systemui|2131364006|charging_state|10060
03-14 00:21:27.932  2748  2748 I LockscreenNotificationIconsOnlyController: onNotificationInfoUpdated 0
03-14 00:21:27.933  2748  2748 I AODNotificationManager: updateNotification() 
03-14 00:21:27.938  2748  3330 D LocalImageResolver: Couldn't use ImageDecoder for drawable, falling back to non-resized load.
03-14 00:21:27.942  2748  3330 D LocalImageResolver: Couldn't use ImageDecoder for drawable, falling back to non-resized load.
03-14 00:21:27.943  2748  2748 D LocalImageResolver: Couldn't use ImageDecoder for drawable, falling back to non-resized load.
03-14 00:21:27.950  2748  2748 D ExpandableNotifRow: mMaxSmallHeight different before reInflateViews mMaxSmallHeight: 189 mTempSmallHeight:0 -1|com.android.systemui|2131364006|charging_state|10060
03-14 00:21:27.950  2748  2748 D ExpandableNotifRow: mMaxSmallHeight different before reInflateViews mMaxSmallHeight: 189 mTempSmallHeight:0 -1|com.android.systemui|2131364006|charging_state|10060
03-14 00:21:27.951  2748  2748 D ExpandableNotifRow: mMaxSmallHeight different before reInflateViews mMaxSmallHeight: 189 mTempSmallHeight:0 -1|com.android.systemui|2131364006|charging_state|10060
03-14 00:21:27.951  2748  2748 D ExpandableNotifRow: mMaxSmallHeight different before reInflateViews mMaxSmallHeight: 189 mTempSmallHeight:0 -1|com.android.systemui|2131364006|charging_state|10060
03-14 00:21:27.956  2748  2748 D LocalImageResolver: Couldn't use ImageDecoder for drawable, falling back to non-resized load.
03-14 00:21:27.963  2748  2748 I LockscreenNotificationIconsOnlyController: onNotificationInfoUpdated 0
03-14 00:21:27.963  2748  2748 I AODNotificationManager: updateNotification() 
03-14 00:21:28.041  2083  2512 I MdnsReplySender: Sending {MdnsReplyInfo: /192.168.1.102:5353 to /224.0.0.251:5353, answers: 1, additionalAnswers: 7, knownAnswers: 0, sendDelayMs 64}
03-14 00:21:28.068  2083  2512 I MdnsReplySender: Sending {MdnsReplyInfo: /[fe80::c871:f4ff:fe64:855%wlan0]:5353 to /[ff02::fb]:5353, answers: 1, additionalAnswers: 7, knownAnswers: 0, sendDelayMs 85}
03-14 00:21:28.124  2748  2748 D Bubbles : onEntryUpdated : shouldBubbleUp=true ,key=-1|com.android.systemui|2131364006|charging_state|10060
03-14 00:21:28.125  2748  2748 D InterruptionStateProvider:  no Heads up : edgelighting enabled app. -1|com.android.systemui|2131364006|charging_state|10060
03-14 00:21:28.125  2748  2748 I {OngoingActivityController}: onEntryUpdated and OA data is empty. So update latest task info
03-14 00:21:28.132  2748  2748 I LockscreenNotificationIconsOnlyController: onNotificationInfoUpdated 0
03-14 00:21:28.132  2748  2748 I AODNotificationManager: updateNotification() 
03-14 00:21:28.139  2748  3330 D LocalImageResolver: Couldn't use ImageDecoder for drawable, falling back to non-resized load.
03-14 00:21:28.141  2748  3330 D LocalImageResolver: Couldn't use ImageDecoder for drawable, falling back to non-resized load.
03-14 00:21:28.143  2748  2748 D LocalImageResolver: Couldn't use ImageDecoder for drawable, falling back to non-resized load.
03-14 00:21:28.148  2748  2748 D ExpandableNotifRow: mMaxSmallHeight different before reInflateViews mMaxSmallHeight: 189 mTempSmallHeight:0 -1|com.android.systemui|2131364006|charging_state|10060
03-14 00:21:28.148  2748  2748 D ExpandableNotifRow: mMaxSmallHeight different before reInflateViews mMaxSmallHeight: 189 mTempSmallHeight:0 -1|com.android.systemui|2131364006|charging_state|10060
03-14 00:21:28.148  2748  2748 D ExpandableNotifRow: mMaxSmallHeight different before reInflateViews mMaxSmallHeight: 189 mTempSmallHeight:0 -1|com.android.systemui|2131364006|charging_state|10060
03-14 00:21:28.148  2748  2748 D ExpandableNotifRow: mMaxSmallHeight different before reInflateViews mMaxSmallHeight: 189 mTempSmallHeight:0 -1|com.android.systemui|2131364006|charging_state|10060
03-14 00:21:28.152  2748  2748 D LocalImageResolver: Couldn't use ImageDecoder for drawable, falling back to non-resized load.
03-14 00:21:28.164  2748  2748 I LockscreenNotificationIconsOnlyController: onNotificationInfoUpdated 0
03-14 00:21:28.164  2748  2748 I AODNotificationManager: updateNotification() 
03-14 00:21:28.436  1830  1970 I bauth_FPBAuthService: pcf : 0x1012, 0 ,1 ,0 ,0 ,0 ,0, 16.0.0.3
03-14 00:21:28.437  1830  1970 I bauth_FPBAuthService: thread id : 1, preenroll_flag : 0, nd cnt : 0, cso : 0, et : 0
03-14 00:21:28.437  1830  1970 I bauth_FPBAuthService: FPBAuthService::timerHandler complete
03-14 00:21:28.921  2857  2857 I wpa_supplicant: Heartbeat 1402
03-14 00:21:29.437  1830  1970 I bauth_FPBAuthService: pcf : 0x1012, 0 ,1 ,0 ,0 ,0 ,0, 16.0.0.3
03-14 00:21:29.437  1830  1970 I bauth_FPBAuthService: thread id : 1, preenroll_flag : 0, nd cnt : 0, cso : 0, et : 0
03-14 00:21:29.437  1830  1970 I bauth_FPBAuthService: FPBAuthService::timerHandler complete
03-14 00:21:29.755   582   582 D io_stats: !@ Write_top(KB): vendor.samsung.:normal(1528) 8
03-14 00:21:30.438  1830  1970 I bauth_FPBAuthService: pcf : 0x1012, 0 ,1 ,0 ,0 ,0 ,0, 16.0.0.3
03-14 00:21:30.438  1830  1970 I bauth_FPBAuthService: thread id : 1, preenroll_flag : 0, nd cnt : 0, cso : 0, et : 0
03-14 00:21:30.438  1830  1970 I bauth_FPBAuthService: FPBAuthService::timerHandler complete
03-14 00:21:30.457  1673  1692 E thermal_core: find_tz_idx_by_name:"Failed to find thermal zone index of ap_ntc\n"
03-14 00:21:30.457  1673  1692 E thermal_core: find_tz_idx_by_name:"Failed to find thermal zone index of mtk-master-charger\n"
03-14 00:21:30.719  2748  2748 D KeyguardSecIndicationPolicy:  remove Item pos = DEFAULT                             , id =  1290, 
03-14 00:21:30.720  2748  2748 D KeyguardSecIndicationPolicy:   update top pos = DEFAULT, item = [id=1290|ty=BATTERY|pr=40|txt= %84
03-14 00:21:30.720  2748  2748 D KeyguardSecIndicationPolicy: Dolmasına 31 dk|ti=duration=3000|an=false] -> [id=1291|ty=BATTERY_RESTING|pr=20|txt= %84
03-14 00:21:30.720  2748  2748 D KeyguardSecIndicationPolicy: Dolmasına 31 dk|ti=duration=PERSISTENT|an=false]
03-14 00:21:30.720  2748  2748 D KeyguardSecIndicationController: onIndicationChanged() return - keyguard is not visible, pos = DEFAULT, item = [id=1291|ty=BATTERY_RESTING|pr=20|txt= %84
03-14 00:21:30.720  2748  2748 D KeyguardSecIndicationController: Dolmasına 31 dk|ti=duration=PERSISTENT|an=false]
03-14 00:21:31.439  1830  1970 I bauth_FPBAuthService: pcf : 0x1012, 0 ,1 ,0 ,0 ,0 ,0, 16.0.0.3
03-14 00:21:31.439  1830  1970 I bauth_FPBAuthService: thread id : 1, preenroll_flag : 0, nd cnt : 0, cso : 0, et : 0
03-14 00:21:31.439  1830  1970 I bauth_FPBAuthService: FPBAuthService::timerHandler complete
03-14 00:21:31.456  2083  2164 D MARsPolicyManager: triggerAction called!
03-14 00:21:31.457  2083  2164 I NSLocationMonitor: getGPSUsingApps() called
03-14 00:21:31.458  3549  3566 I NSLocationManager_FLP: getGPSUsingApps, No change
03-14 00:21:31.759   582   582 D io_stats: !@   8,32 r 3706059 78901956 w 2439130 31716704 d 307664 187098224 f 205132 237342 iot 1160548 0 th 0 0 0 pt 0 inp 0 0 50705.044
03-14 00:21:32.441  1830  1970 I bauth_FPBAuthService: pcf : 0x1012, 0 ,1 ,0 ,0 ,0 ,0, 16.0.0.3
03-14 00:21:32.442  1830  1970 I bauth_FPBAuthService: thread id : 1, preenroll_flag : 0, nd cnt : 0, cso : 0, et : 0
03-14 00:21:32.442  1830  1970 I bauth_FPBAuthService: FPBAuthService::timerHandler complete
03-14 00:21:32.450  5068  6278 I SDHMS:x : SIOP:: AP:356 BAT:330 USB:338 CHG:368 PA:351 WIFI:350 BLK:0 SUBBAT:0 SKIN:336 SKINF:328 SKINB:336 LRP2:336 LRF2:328 LRB2:336 AP2:336 CHG2:334 MEM2:336 WIFI2:336 SPK2:320 VAP05:356 AVGCUR:1130 AVGSYS:0 POWER:4881
03-14 00:21:33.212  2083  5414 D PowerManagerService: [api] release WakeLock DRAW_WAKE_LOCK                    'charging_info' ACQ=-5s529ms (uid=10060 pid=2748 displayId=0 lock=79a5834)
03-14 00:21:33.213  2083  5414 D PowerManagerService: displayReady: false groupId=0
03-14 00:21:33.213  2083  2176 D DisplayPowerController[0]: animateScreenStateChange: target=DOZE_SUSPEND, mIsEnabled=true
03-14 00:21:33.218  2083  2176 I DisplayPowerController[0]: BrightnessEvent: brt=0.16470589 (65.0%), nits= 42.077, lux=-1.0, reason=manual, strat=FallbackBrightnessStrategy, state=DOZE_SUSPEND, stateReason=UNKNOWN, policy=DOZE, flags=, initBrt=0.16470589, rcmdBrt=NaN, preBrt=NaN, preLux=0.0, wasShortTermModelActive=false, autoBrightness=false (default), unclampedBrt=0.16470589, hbmMax=1.0, hbmMode=off, thrmMax=1.0, rbcStrength=-1, powerFactor=1.0, physDisp=Yerleşik Ekran(local:4627039422300187648), logicalId=0, slowChange=false, rampSpeed=0.0
03-14 00:21:33.221  1520  1550 I mtkpower@impl: [setMode] type:9, enabled:1
03-14 00:21:33.221  1520  1550 I mtkpower@impl: [setMode] Mode::DISPLAY_INACTIVE: 1
03-14 00:21:33.221  2083  2637 D DisplayManagerService: !@display_state requestDisplayStateInternal: DOZE -> DOZE_SUSPEND displayId=0
03-14 00:21:33.222  2083  2637 D SemInputDeviceManagerService: setDisplayState[1] EARLY: DOZE(3) -> DOZE_SUSPEND(4)
03-14 00:21:33.223  2083  2116 I DisplayDeviceRepository: Display device changed state: "Yerleşik Ekran", DOZE_SUSPEND
03-14 00:21:33.223  2083  2637 D LocalDisplayAdapter: notifyStateChangeStart: com.samsung.android.hardware.secinputdev.external.DisplayStateListenerWrapper$1@c7e080a took 1 ms
03-14 00:21:33.224  2083  2558 D SemInputDevice:TSP: ActivateTask: 4,0 [03-14 00:21:33.222]
03-14 00:21:33.224  2083  2637 D LocalDisplayAdapter: notifyStateChangeStart: com.android.server.biometrics.SemBiometricDisplayStateMonitor@478eea8 took 0 ms
03-14 00:21:33.224  2083  2637 W LocalDisplayAdapter: !@display_state - 2370 : DOZE -> DOZE_SUSPEND (MAIN)
03-14 00:21:33.224  2083  2476 I SemBiometricDisplayStateMonitor: DisplayStateListener#onStart : DOZE_SUSPEND, DOZE_SUSPEND, DEFAULT_DISPLAY
03-14 00:21:33.224  2083  2176 D BrightnessThermalClamper: Thermal status observer already started
03-14 00:21:33.225  1567  1567 D SurfaceFlinger: Setting power mode 2 on physical display 4627039422300187648
03-14 00:21:33.225  2083  2083 D SGM:GameManager: onDisplayChanged. displyId: 0, state: 4
03-14 00:21:33.225  1534  1546 I sysinput:aidl: onReportInformation:93, 1, enabled@4,0:0
03-14 00:21:33.226  2083  2114 D WindowManager: DeferredDisplayUpdater: partially applying DisplayInfo(1080 x 2340) immediately
03-14 00:21:33.226  2083  2558 D SysinputHAL_AIDL: activate(TSP(1)),4,0 ret=0
03-14 00:21:33.226 29780 29864 D AudioFlinger: setParameters: filtered dev setParameters keyvalue screen_state=off
03-14 00:21:33.227  1534  1546 I sysinput:Touch1: operator():133, 4,0 OK
03-14 00:21:33.227  2083  2637 W LocalDisplayAdapter: !@display_state - 2370 : DOZE_SUSPEND (MAIN) took 1 ms
03-14 00:21:33.227  2083  2637 D SemInputDeviceManagerService: setDisplayState[1] LATE: DOZE_SUSPEND(4) -> DOZE_SUSPEND(4)
03-14 00:21:33.228 29783 29791 D AudioALSAHardware: +setParameters(): screen_state=off
03-14 00:21:33.228 29783 29791 D AudioALSAHardware: -setParameters(): screen_state=off
03-14 00:21:33.230  2083  2637 D LocalDisplayAdapter: notifyStateChangeFinish: com.samsung.android.hardware.secinputdev.external.DisplayStateListenerWrapper$1@c7e080a took 3 ms
03-14 00:21:33.230  2083  2637 D LocalDisplayAdapter: notifyStateChangeFinish: com.android.server.biometrics.SemBiometricDisplayStateMonitor@478eea8 took 0 ms
03-14 00:21:33.231  2083  2176 D DisplayPowerController[0]: setActualDisplayState: DOZE -> DOZE_SUSPEND
03-14 00:21:33.231  2083  2558 D SemInputDevice:TSP: ActivateTask: 4,1 [03-14 00:21:33.228]
03-14 00:21:33.232  1534  1546 I sysinput:aidl: onReportInformation:93, 1, enabled@4,1:0
03-14 00:21:33.232  2083  2476 I SemBiometricDisplayStateMonitor: DisplayStateListener#onFinish : DOZE_SUSPEND, DOZE_SUSPEND, DEFAULT_DISPLAY
03-14 00:21:33.233  2083  2176 D DisplayPowerController[0]: animateScreenStateChange: target=DOZE_SUSPEND, mIsEnabled=true
03-14 00:21:33.233  1567  3371 I VSyncReactor: Current= 90, Period= 90, hwcPeriod= 90
03-14 00:21:33.233  2083  2299 D SGM:FgCheckThread: onLooperPrepared(), msg: MSG_LCD_OFF
03-14 00:21:33.234  5415  5415 I HBD     : DeX h DeX mode state change in non-main thread 
03-14 00:21:33.234  5415  5415 I HBD     : DeX h DeX mode state change: 3 
03-14 00:21:33.234  1534  1546 I sysinput:Touch1: operator():133, 4,1 OK
03-14 00:21:33.235  2083  2558 D SysinputHAL_AIDL: activate(TSP(1)),4,1 ret=0
03-14 00:21:33.235  2083  2176 D DisplayPowerController[0]: animateScreenStateChange: target=DOZE_SUSPEND, mIsEnabled=true
03-14 00:21:33.235  2748  2748 D DisplayLifecycle: updateDisplay id = 0
03-14 00:21:33.236  2083  2176 D PowerManagerService: displayReady: true groupId=0
03-14 00:21:33.236  3238  3238 I VRI[LauncherActivity]@79a9058: onDisplayChanged oldDisplayState=3 newDisplayState=4
03-14 00:21:33.236  3238 26563 I HoneySpace.Memory-Monitor: current state = 4, didTrim = true
03-14 00:21:33.236  3238  3238 I VRI[RecentsTransitionOverlay]@815033c: onDisplayChanged oldDisplayState=3 newDisplayState=4
03-14 00:21:33.237  2748  2748 I Keyguard.AODTouchModeManager: onDisplayChanged newDisplayState=4, currentDisplayState=3, displayId=0
03-14 00:21:33.237  2748  2882 D StackScroller: onDisplayChanged for predraw skip to 4
03-14 00:21:33.238  5415  5415 I VRI[InputMethod]@e345dc8: onDisplayChanged oldDisplayState=3 newDisplayState=4
03-14 00:21:33.239  2748  2802 I VRI[ShellDropTarget]@92e3be9: onDisplayChanged oldDisplayState=3 newDisplayState=4
03-14 00:21:33.240  2748  2802 I VRI[View root of ReusableWindowDecorViewHost#0]@254be1d: onDisplayChanged oldDisplayState=3 newDisplayState=4
03-14 00:21:33.240  3238  3238 I VRI[CocktailBarService]@b870e79: onDisplayChanged oldDisplayState=3 newDisplayState=4
03-14 00:21:33.240  2748  2802 I VRI[View root of ReusableWindowDecorViewHost#1]@9ccb8b6: onDisplayChanged oldDisplayState=3 newDisplayState=4
03-14 00:21:33.240  2748  2748 I VRI[LockscreenShortcutBlur]@f4e5155: onDisplayChanged oldDisplayState=3 newDisplayState=4
03-14 00:21:33.240  2748  2748 I VRI[NavigationBar0]@cb51d69: onDisplayChanged oldDisplayState=3 newDisplayState=4
03-14 00:21:33.240  2748  2748 I VRI[EdgeBackGestureHandler0]@e247b7f: onDisplayChanged oldDisplayState=3 newDisplayState=4
03-14 00:21:33.240  2748  2748 I VRI[NotificationShade]@ddcb5e0: onDisplayChanged oldDisplayState=3 newDisplayState=4
03-14 00:21:33.241  2748  2748 I VRI[StatusBar]@b5f60f8: onDisplayChanged oldDisplayState=3 newDisplayState=4
03-14 00:21:33.241  2748  2748 I VRI[SecondaryHomeHandle0]@fc3d736: onDisplayChanged oldDisplayState=3 newDisplayState=4
03-14 00:21:33.241  3238  3238 I VRI[RecentsActivity]@a5b1272: onDisplayChanged oldDisplayState=3 newDisplayState=4
03-14 00:21:33.241  2083  5464 D WifiDisplayAdapter: isFitToActiveDisplayLocked : false
03-14 00:21:33.245  5329  5329 I VRI[LauncherActivity]@9ba8716: onDisplayChanged oldDisplayState=3 newDisplayState=4
03-14 00:21:33.444  1830  1970 I bauth_FPBAuthService: pcf : 0x1012, 0 ,1 ,0 ,0 ,0 ,0, 16.0.0.3
03-14 00:21:33.444  1830  1970 I bauth_FPBAuthService: thread id : 1, preenroll_flag : 0, nd cnt : 0, cso : 0, et : 0
03-14 00:21:33.444  1830  1970 I bauth_FPBAuthService: FPBAuthService::timerHandler complete
03-14 00:21:33.458  1673  1692 E thermal_core: find_tz_idx_by_name:"Failed to find thermal zone index of ap_ntc\n"
03-14 00:21:33.458  1673  1692 E thermal_core: find_tz_idx_by_name:"Failed to find thermal zone index of mtk-master-charger\n"
03-14 00:21:33.760   582   582 D io_stats: !@   8,32 r 3706059 78901956 w 2439135 31716728 d 307664 187098224 f 205132 237342 iot 1160552 0 th 0 0 0 pt 0 inp 0 0 50707.046
03-14 00:21:33.761   582   582 D io_stats: !@ Write_top(KB): kworker/u32:10:/(28446) 116 sait.sohservice:low(1299) 24
03-14 00:21:33.930  2083  2543 D UsbStatsMonitor: 0 0 0 0 0 0 0 0 0 0 0 0 7 0 0 0 0 0 0 0 0 0 0 0 0 0 0 0 0 0 0 0 0 0 0 0 0 0 0 0 0 0 0 10 0 0 0 0 0 0 0 0 0 0 0
03-14 00:21:34.244   777  7139 I keystore2: system/security/keystore2/watchdog/src/lib.rs:377 - Watchdog thread idle -> terminating. Have a great day.
03-14 00:21:34.446  1830  1970 I bauth_FPBAuthService: pcf : 0x1012, 0 ,1 ,0 ,0 ,0 ,0, 16.0.0.3
03-14 00:21:34.447  1830  1970 I bauth_FPBAuthService: thread id : 1, preenroll_flag : 0, nd cnt : 0, cso : 0, et : 0
03-14 00:21:34.447  1830  1970 I bauth_FPBAuthService: FPBAuthService::timerHandler complete
03-14 00:21:35.449  1830  1970 I bauth_FPBAuthService: pcf : 0x1012, 0 ,1 ,0 ,0 ,0 ,0, 16.0.0.3
03-14 00:21:35.449  1830  1970 I bauth_FPBAuthService: thread id : 1, preenroll_flag : 0, nd cnt : 0, cso : 0, et : 0
03-14 00:21:35.449  1830  1970 I bauth_FPBAuthService: FPBAuthService::timerHandler complete
03-14 00:21:36.452  1830  1970 I bauth_FPBAuthService: pcf : 0x1012, 0 ,1 ,0 ,0 ,0 ,0, 16.0.0.3
03-14 00:21:36.452  1830  1970 I bauth_FPBAuthService: thread id : 1, preenroll_flag : 0, nd cnt : 0, cso : 0, et : 0
03-14 00:21:36.452  1830  1970 I bauth_FPBAuthService: FPBAuthService::timerHandler complete
03-14 00:21:36.461  1673  1692 E thermal_core: find_tz_idx_by_name:"Failed to find thermal zone index of ap_ntc\n"
03-14 00:21:36.461  1673  1692 E thermal_core: find_tz_idx_by_name:"Failed to find thermal zone index of mtk-master-charger\n"
03-14 00:21:36.483  2083  2164 D MARsPolicyManager: triggerAction called!
03-14 00:21:36.484  2083  2164 I NSLocationMonitor: getGPSUsingApps() called
03-14 00:21:36.485  3549  3566 I NSLocationManager_FLP: getGPSUsingApps, No change
03-14 00:21:37.454  1830  1970 I bauth_FPBAuthService: pcf : 0x1012, 0 ,1 ,0 ,0 ,0 ,0, 16.0.0.3
03-14 00:21:37.455  1830  1970 I bauth_FPBAuthService: thread id : 1, preenroll_flag : 0, nd cnt : 0, cso : 0, et : 0
03-14 00:21:37.455  1830  1970 I bauth_FPBAuthService: FPBAuthService::timerHandler complete
03-14 00:21:37.752  1528  1554 E BatteryDump: !@new_battery_dump : 4320,1116,3000,3150,84,330,338,368,0,0,336,368,0,Charging,NO_CHARGING,Normal,Good,PDIC,0,Normal,0,0,9374,0x0,0x10000,0x0,0,0,0000,0000,00000000,0,0,0,0,486,4116,8250,980,0,
03-14 00:21:37.762  2083  5413 D [SS]BattFunctions: [sendRemainingChargingTimeChangedIntent]remainingChargingTime:1873 ,mLastRemainingChargingTime:1880
03-14 00:21:37.762  1536  1536 I seh_thermal_service: getTemperaturesWithType SehTemperatureType: 3
03-14 00:21:37.763  1528  1528 I sehhealth-service: updateLrpSysfs: write: 336
03-14 00:21:37.763   582   582 D io_stats: !@   8,32 r 3706059 78901956 w 2439146 31716844 d 307664 187098224 f 205132 237342 iot 1160560 0 th 0 0 0 pt 0 inp 0 0 50711.049
03-14 00:21:37.764   582   582 D io_stats: !@ Write_top(KB): kworker/u32:5:/(28442) 108 vendor.samsung.:normal(1528) 8
03-14 00:21:37.767  2748  2748 I AODBatteryManager: updateBatteryData: ACTION_BATTERY_CHANGED: false, isSleepModeChanged:false ,isRemainingTimeChanged: true, isUSBRestriction: false
03-14 00:21:37.769  2748  2748 I ChargingInfoManager: updateChargingInfo: newState = AOD ChargingInfo [mState=BATTERY_AND_REMAIN_TIME, mIsCharging=true, mIsPlugged=true, mIsFullyCharged=false, mIsBatteryProtectMode=false, mBetteryLevel=84, mBetteryProtectModeType3, mIsSlowChargingfalse], oldState = AOD ChargingInfo [mState=BATTERY_AND_REMAIN_TIME, mIsCharging=true, mIsPlugged=true, mIsFullyCharged=false, mIsBatteryProtectMode=false, mBetteryLevel=84, mBetteryProtectModeType3, mIsSlowChargingfalse]
03-14 00:21:37.771  2748  2748 D PowerUI : Remaining charging time : 1873
03-14 00:21:37.771  2748  2748 D PowerUI : Charging time is changed, check charging notification
03-14 00:21:37.776  2748  2748 D PowerUI.Notification: showChargingNotice - Battery Level : 84 -> 84, Charging Type : 11 -> 11, Charging Time : 1880 -> 1873, Maximum protection : false -> false, Maximum threshold : 80 -> 80
03-14 00:21:37.780  2748  2748 I NotificationManager: com.android.systemui: notify(2131364006, charging_state, Notification(channel=CHR shortcut=null contentView=null vibrate=null sound=null defaults=0 flags=ONGOING_EVENT|ONLY_ALERT_ONCE color=0x00000000 category=sys groupKey=CHARGING vis=PUBLIC semFlags=0x0 semPriority=0 semMissedCount=0)) as user
03-14 00:21:37.783  1567  1613 I VSyncReactor: Current= 90, Period= 90, hwcPeriod= 90
03-14 00:21:37.786  2083  5464 W PermissionService: getPermissionFlags: Unknown user -1
03-14 00:21:37.787  2083  5464 W PermissionService: getPermissionFlags: Unknown user -1
03-14 00:21:37.789  2748  2748 I ChargingInfoView: handleMessage: MSG_SHOW_CHARGING_INFO
03-14 00:21:37.789  2748  2748 I BottomChargingInfoView: updateContents: BATTERY_AND_REMAIN_TIME
03-14 00:21:37.789  2748  2748 I AOD_WAKELOCK@WakeLockManager: acquireIfExists: tag - charging_info, timeout - 1000, reason - Charging Info is updating, delay by 500, wakeLock = WakeLock{432cb95 held=false, refCount=0}
03-14 00:21:37.791  2083  5464 D PowerManagerService: [api] acquire WakeLock DRAW_WAKE_LOCK                    'charging_info' (uid=10060 pid=2748 displayId=0 lock=79a5834)
03-14 00:21:37.792  2083  5464 D PowerManagerService: displayReady: false groupId=0
03-14 00:21:37.792  2083  2176 D DisplayPowerController[0]: animateScreenStateChange: target=DOZE, mIsEnabled=true
03-14 00:21:37.793  2748  2748 I ChargingInfoManager: getDeviceRemainingTime: Dolmasına 31 dk
03-14 00:21:37.793  2748  2748 I AOD_WAKELOCK@WakeLockManager: acquireIfExists: tag - charging_info, timeout - 5500, reason - Charging Info is updating, delay by 5000, wakeLock = WakeLock{432cb95 held=true, refCount=1}
03-14 00:21:37.794  2748  2748 I AbsChargingInfoComponent: setVisibilityWithAnim: skipped true
03-14 00:21:37.795  2083  2176 I DisplayPowerController[0]: BrightnessEvent: brt=0.16470589 (65.0%), nits= 42.077, lux=-1.0, reason=manual, strat=FallbackBrightnessStrategy, state=DOZE, stateReason=DRAW_WAKE_LOCK, policy=DOZE, flags=, initBrt=0.16470589, rcmdBrt=NaN, preBrt=NaN, preLux=0.0, wasShortTermModelActive=false, autoBrightness=false (default), unclampedBrt=0.16470589, hbmMax=1.0, hbmMode=off, thrmMax=1.0, rbcStrength=-1, powerFactor=1.0, physDisp=Yerleşik Ekran(local:4627039422300187648), logicalId=0, slowChange=false, rampSpeed=0.0
03-14 00:21:37.795  2083  2637 D DisplayManagerService: !@display_state requestDisplayStateInternal: DOZE_SUSPEND -> DOZE displayId=0
03-14 00:21:37.795  1520  1550 I mtkpower@impl: [setMode] type:9, enabled:1
03-14 00:21:37.796  1520  1550 I mtkpower@impl: [setMode] Mode::DISPLAY_INACTIVE: 1
03-14 00:21:37.796  2083  2637 D SemInputDeviceManagerService: setDisplayState[1] EARLY: DOZE_SUSPEND(4) -> DOZE(3)
03-14 00:21:37.796  2083  2116 I DisplayDeviceRepository: Display device changed state: "Yerleşik Ekran", DOZE
03-14 00:21:37.797  2748  2748 I SecKeyguardClockPositionAlgorithm: prepareClockContainerHeightChanging:
03-14 00:21:37.797  2083  2558 D SemInputDevice:TSP: ActivateTask: 3,0 [03-14 00:21:37.796]
03-14 00:21:37.797  1534  1546 I sysinput:aidl: onReportInformation:93, 1, enabled@3,0:0
03-14 00:21:37.798  2083  2176 D BrightnessThermalClamper: Thermal status observer already started
03-14 00:21:37.798  2083  2114 D WindowManager: DeferredDisplayUpdater: partially applying DisplayInfo(1080 x 2340) immediately
03-14 00:21:37.798  2083  2558 D SysinputHAL_AIDL: activate(TSP(1)),3,0 ret=0
03-14 00:21:37.799  1534  1546 I sysinput:Touch1: operator():133, 3,0 OK
03-14 00:21:37.799  2083  2083 D SGM:GameManager: onDisplayChanged. displyId: 0, state: 3
03-14 00:21:37.799  2748  2748 I SecKeyguardClockPositionAlgorithm: prepareClockContainerHeightChanging:
03-14 00:21:37.799  2083  2299 D SGM:FgCheckThread: onLooperPrepared(), msg: MSG_LCD_OFF
03-14 00:21:37.799  2083  2637 D LocalDisplayAdapter: notifyStateChangeStart: com.samsung.android.hardware.secinputdev.external.DisplayStateListenerWrapper$1@c7e080a took 0 ms
03-14 00:21:37.799  2083  2476 I SemBiometricDisplayStateMonitor: DisplayStateListener#onStart : DOZE, DOZE, DEFAULT_DISPLAY
03-14 00:21:37.800 29780 29864 D AudioFlinger: setParameters: filtered dev setParameters keyvalue screen_state=off
03-14 00:21:37.801  2083  2637 D LocalDisplayAdapter: notifyStateChangeStart: com.android.server.biometrics.SemBiometricDisplayStateMonitor@478eea8 took 2 ms
03-14 00:21:37.801  2083  2637 W LocalDisplayAdapter: !@display_state - 2371 : DOZE_SUSPEND -> DOZE (MAIN)
03-14 00:21:37.802 29783 29791 D AudioALSAHardware: +setParameters(): screen_state=off
03-14 00:21:37.802 29783 29791 D AudioALSAHardware: -setParameters(): screen_state=off
03-14 00:21:37.803  1567  1567 D SurfaceFlinger: Setting power mode 2 on physical display 4627039422300187648
03-14 00:21:37.803  3238 28401 I HoneySpace.Memory-Monitor: current state = 3, didTrim = true
03-14 00:21:37.804  2083  2637 W LocalDisplayAdapter: !@display_state - 2371 : DOZE (MAIN) took 1 ms
03-14 00:21:37.806  5415  5415 I HBD     : DeX h DeX mode state change in non-main thread 
03-14 00:21:37.806  5415  5415 I HBD     : DeX h DeX mode state change: 3 
03-14 00:21:37.807  2748  2748 I MODManager: onShow ChargingInfoOnlyContainer
03-14 00:21:37.807  2748  2748 W MODManager: this device does not supports cover
03-14 00:21:37.808  5415  5415 I VRI[InputMethod]@e345dc8: onDisplayChanged oldDisplayState=4 newDisplayState=3
03-14 00:21:37.808  5329  5329 I VRI[LauncherActivity]@9ba8716: onDisplayChanged oldDisplayState=4 newDisplayState=3
03-14 00:21:37.810  3238  3238 I VRI[LauncherActivity]@79a9058: onDisplayChanged oldDisplayState=4 newDisplayState=3
03-14 00:21:37.810  2083  2637 D SemInputDeviceManagerService: setDisplayState[1] LATE: DOZE(3) -> DOZE(3)
03-14 00:21:37.811  2083  2637 D LocalDisplayAdapter: notifyStateChangeFinish: com.samsung.android.hardware.secinputdev.external.DisplayStateListenerWrapper$1@c7e080a took 1 ms
03-14 00:21:37.811  2083  2558 D SemInputDevice:TSP: ActivateTask: 3,1 [03-14 00:21:37.810]
03-14 00:21:37.811  2083  2637 D LocalDisplayAdapter: notifyStateChangeFinish: com.android.server.biometrics.SemBiometricDisplayStateMonitor@478eea8 took 0 ms
03-14 00:21:37.812  2748  2748 D DisplayLifecycle: updateDisplay id = 0
03-14 00:21:37.812  1534  1546 I sysinput:aidl: onReportInformation:93, 1, enabled@3,1:0
03-14 00:21:37.813  2083  2476 I SemBiometricDisplayStateMonitor: DisplayStateListener#onFinish : DOZE, DOZE, DEFAULT_DISPLAY
03-14 00:21:37.813  3238  3238 I VRI[RecentsTransitionOverlay]@815033c: onDisplayChanged oldDisplayState=4 newDisplayState=3
03-14 00:21:37.813  2083  2176 D DisplayPowerController[0]: setActualDisplayState: DOZE_SUSPEND -> DOZE
03-14 00:21:37.813  1534  1546 I sysinput:Touch1: operator():133, 3,1 OK
03-14 00:21:37.813  3238  3238 I VRI[CocktailBarService]@b870e79: onDisplayChanged oldDisplayState=4 newDisplayState=3
03-14 00:21:37.813  2083  2176 D DisplayPowerController[0]: animateScreenStateChange: target=DOZE, mIsEnabled=true
03-14 00:21:37.814  3238  3238 I VRI[RecentsActivity]@a5b1272: onDisplayChanged oldDisplayState=4 newDisplayState=3
03-14 00:21:37.814  2083  2558 D SysinputHAL_AIDL: activate(TSP(1)),3,1 ret=0
03-14 00:21:37.815  2748  2802 I VRI[ShellDropTarget]@92e3be9: onDisplayChanged oldDisplayState=4 newDisplayState=3
03-14 00:21:37.815  2748  2802 I VRI[View root of ReusableWindowDecorViewHost#0]@254be1d: onDisplayChanged oldDisplayState=4 newDisplayState=3
03-14 00:21:37.815  2748  2802 I VRI[View root of ReusableWindowDecorViewHost#1]@9ccb8b6: onDisplayChanged oldDisplayState=4 newDisplayState=3
03-14 00:21:37.816  2083  2176 D DisplayPowerController[0]: animateScreenStateChange: target=DOZE, mIsEnabled=true
03-14 00:21:37.816  1567  1567 I BufferQueueProducer: [NotificationShade$_2748#15421](this:0xb400006f877dc638,id:-1,api:0,p:-1,c:1567) queueBuffer: fps=0.30 dur=10109.78 max=10076.50 min=11.13
03-14 00:21:37.817  2748  2882 D StackScroller: onDisplayChanged for predraw skip to 3
03-14 00:21:37.817  2083  2176 D PowerManagerService: displayReady: true groupId=0
03-14 00:21:37.817  2083  2665 D WifiDisplayAdapter: isFitToActiveDisplayLocked : false
03-14 00:21:37.817  2748  2748 I Keyguard.AODTouchModeManager: onDisplayChanged newDisplayState=3, currentDisplayState=4, displayId=0
03-14 00:21:37.819  2748  2748 I VRI[LockscreenShortcutBlur]@f4e5155: onDisplayChanged oldDisplayState=4 newDisplayState=3
03-14 00:21:37.819  2748  2748 I VRI[NavigationBar0]@cb51d69: onDisplayChanged oldDisplayState=4 newDisplayState=3
03-14 00:21:37.819  2748  2748 I VRI[EdgeBackGestureHandler0]@e247b7f: onDisplayChanged oldDisplayState=4 newDisplayState=3
03-14 00:21:37.819  2748  2748 I VRI[NotificationShade]@ddcb5e0: onDisplayChanged oldDisplayState=4 newDisplayState=3
03-14 00:21:37.819  2748  2748 I VRI[StatusBar]@b5f60f8: onDisplayChanged oldDisplayState=4 newDisplayState=3
03-14 00:21:37.819  2748  2748 I VRI[SecondaryHomeHandle0]@fc3d736: onDisplayChanged oldDisplayState=4 newDisplayState=3
03-14 00:21:37.821  1501  1501 I hwcomposer: [HWCDisplay] (0 updateFps():4131), (type:1, mode:2) fps:0.395578,dur:10111.79,max:9994.57,min:10.97  
03-14 00:21:37.890  1501  1884 I hwcomposer: [HWC] (0)fire a callback of refresh to SF[4]  
03-14 00:21:37.900  1567  1567 I BufferQueueProducer: [FramebufferSurface](this:0xb400006faf4f0370,id:-1,api:1,p:1567,c:1567) queueBuffer: fps=0.10 dur=10074.79 max=10074.79 min=10074.79
03-14 00:21:37.993  2083  2083 I Telecom : SamsungTelecomServiceImpl : isInManagedCall - callingPackage : android / callingUser : UserHandle{0} / hasCrossUserAccess : true
03-14 00:21:38.012  3238  6389 I HoneySpace.NotificationListener: onNotificationPosted com.android.systemui: -1|com.android.systemui|2131364006|charging_state|10060: 0
03-14 00:21:38.012  3238  6389 I HoneySpace.NotificationListener: invalid notification: com.android.systemui UserHandle{-1}: canShowBadge is false
03-14 00:21:38.017  2748  2748 I LockscreenNotificationIconsOnlyController: onNotificationInfoUpdated 0
03-14 00:21:38.017  2748  2748 I AODNotificationManager: updateNotification() 
03-14 00:21:38.213  2748  2748 D Bubbles : onEntryUpdated : shouldBubbleUp=true ,key=-1|com.android.systemui|2131364006|charging_state|10060
03-14 00:21:38.215  2748  2748 D InterruptionStateProvider:  no Heads up : edgelighting enabled app. -1|com.android.systemui|2131364006|charging_state|10060
03-14 00:21:38.215  2748  2748 I {OngoingActivityController}: onEntryUpdated and OA data is empty. So update latest task info
03-14 00:21:38.230  2748  2748 I LockscreenNotificationIconsOnlyController: onNotificationInfoUpdated 0
03-14 00:21:38.231  2748  2748 I AODNotificationManager: updateNotification() 
03-14 00:21:38.237  2748  3330 D LocalImageResolver: Couldn't use ImageDecoder for drawable, falling back to non-resized load.
03-14 00:21:38.240  2748  3330 D LocalImageResolver: Couldn't use ImageDecoder for drawable, falling back to non-resized load.
03-14 00:21:38.244  2748  2748 D LocalImageResolver: Couldn't use ImageDecoder for drawable, falling back to non-resized load.
03-14 00:21:38.255  2748  2748 D ExpandableNotifRow: mMaxSmallHeight different before reInflateViews mMaxSmallHeight: 189 mTempSmallHeight:0 -1|com.android.systemui|2131364006|charging_state|10060
03-14 00:21:38.255  2748  2748 D ExpandableNotifRow: mMaxSmallHeight different before reInflateViews mMaxSmallHeight: 189 mTempSmallHeight:0 -1|com.android.systemui|2131364006|charging_state|10060
03-14 00:21:38.255  2748  2748 D ExpandableNotifRow: mMaxSmallHeight different before reInflateViews mMaxSmallHeight: 189 mTempSmallHeight:0 -1|com.android.systemui|2131364006|charging_state|10060
03-14 00:21:38.255  2748  2748 D ExpandableNotifRow: mMaxSmallHeight different before reInflateViews mMaxSmallHeight: 189 mTempSmallHeight:0 -1|com.android.systemui|2131364006|charging_state|10060
03-14 00:21:38.262  2748  2748 D LocalImageResolver: Couldn't use ImageDecoder for drawable, falling back to non-resized load.
03-14 00:21:38.272  2748  2748 I LockscreenNotificationIconsOnlyController: onNotificationInfoUpdated 0
03-14 00:21:38.272  2748  2748 I AODNotificationManager: updateNotification() 
03-14 00:21:38.456  1830  1970 I bauth_FPBAuthService: pcf : 0x1012, 0 ,1 ,0 ,0 ,0 ,0, 16.0.0.3
03-14 00:21:38.456  1830  1970 I bauth_FPBAuthService: thread id : 1, preenroll_flag : 0, nd cnt : 0, cso : 0, et : 0
03-14 00:21:38.456  1830  1970 I bauth_FPBAuthService: FPBAuthService::timerHandler complete
